[INFO] cloning repository https://github.com/zhubingzuo/dsh-oneclick-launcher
[INFO] running `Command { std: "git" "-c" "credential.helper=" "-c" "credential.helper=/workspace/cargo-home/bin/git-credential-null" "clone" "--bare" "https://github.com/zhubingzuo/dsh-oneclick-launcher" "/workspace/cache/git-repos/https%3A%2F%2Fgithub.com%2Fzhubingzuo%2Fdsh-oneclick-launcher", kill_on_drop: false }`
[INFO] [stderr] Cloning into bare repository '/workspace/cache/git-repos/https%3A%2F%2Fgithub.com%2Fzhubingzuo%2Fdsh-oneclick-launcher'...
[INFO] running `Command { std: "git" "rev-parse" "HEAD", kill_on_drop: false }`
[INFO] [stdout] 54c613b03f51d4886d924d667c5da1982381983c
[INFO] checking zhubingzuo/dsh-oneclick-launcher against 3154cc1a3e6424e44f438a95007d043ed5ceaaf6 for pr-133502-30
[INFO] running `Command { std: "git" "clone" "/workspace/cache/git-repos/https%3A%2F%2Fgithub.com%2Fzhubingzuo%2Fdsh-oneclick-launcher" "/workspace/builds/worker-4-tc2/source", kill_on_drop: false }`
[INFO] [stderr] Cloning into '/workspace/builds/worker-4-tc2/source'...
[INFO] [stderr] done.
[INFO] started tweaking git repo https://github.com/zhubingzuo/dsh-oneclick-launcher
[INFO] finished tweaking git repo https://github.com/zhubingzuo/dsh-oneclick-launcher
[INFO] tweaked toml for git repo https://github.com/zhubingzuo/dsh-oneclick-launcher written to /workspace/builds/worker-4-tc2/source/Cargo.toml
[INFO] validating manifest of git repo https://github.com/zhubingzuo/dsh-oneclick-launcher on toolchain 3154cc1a3e6424e44f438a95007d043ed5ceaaf6
[INFO] running `Command { std: CARGO_HOME="/workspace/cargo-home" RUSTUP_HOME="/workspace/rustup-home" "/workspace/cargo-home/bin/cargo" "+3154cc1a3e6424e44f438a95007d043ed5ceaaf6" "metadata" "--manifest-path" "Cargo.toml" "--no-deps", kill_on_drop: false }`
[INFO] crate git repo https://github.com/zhubingzuo/dsh-oneclick-launcher already has a lockfile, it will not be regenerated
[INFO] running `Command { std: CARGO_HOME="/workspace/cargo-home" RUSTUP_HOME="/workspace/rustup-home" "/workspace/cargo-home/bin/cargo" "+3154cc1a3e6424e44f438a95007d043ed5ceaaf6" "fetch" "--manifest-path" "Cargo.toml", kill_on_drop: false }`
[INFO] running `Command { std: "docker" "create" "-v" "/var/lib/crater-agent-workspace/builds/worker-4-tc2/source:/opt/rustwide/workdir:ro,Z" "-v" "/var/lib/crater-agent-workspace/builds/worker-4-tc2/target:/opt/rustwide/target:rw,Z" "-v" "/var/lib/crater-agent-workspace/cargo-home:/opt/rustwide/cargo-home:ro,Z" "-v" "/var/lib/crater-agent-workspace/rustup-home:/opt/rustwide/rustup-home:ro,Z" "-m" "1610612736" "--network" "none" "ghcr.io/rust-lang/crates-build-env/linux@sha256:77db811e55d90add9212f6832c23229e3de5f1c1f9905e8cb07319ea15df73ac" "sleep" "infinity", kill_on_drop: false }`
[INFO] [stdout] 2d0a1d829020133da34db0dbe6dbc05f9c76f4fd642ff55a5684c3dce69026a4
[INFO] running `Command { std: "docker" "start" "2d0a1d829020133da34db0dbe6dbc05f9c76f4fd642ff55a5684c3dce69026a4", kill_on_drop: false }`
[INFO] running `Command { std: "docker" "inspect" "2d0a1d829020133da34db0dbe6dbc05f9c76f4fd642ff55a5684c3dce69026a4", kill_on_drop: false }`
[INFO] running `Command { std: "docker" "exec" "-e" "SOURCE_DIR=/opt/rustwide/workdir" "-e" "CARGO_HOME=/opt/rustwide/cargo-home" "-e" "RUSTUP_HOME=/opt/rustwide/rustup-home" "-e" "CARGO_TARGET_DIR=/opt/rustwide/target" "-w" "/opt/rustwide/workdir" "--user" "0:0" "2d0a1d829020133da34db0dbe6dbc05f9c76f4fd642ff55a5684c3dce69026a4" "/opt/rustwide/cargo-home/bin/cargo" "+3154cc1a3e6424e44f438a95007d043ed5ceaaf6" "metadata" "--no-deps" "--format-version=1", kill_on_drop: false }`
[INFO] running `Command { std: "docker" "inspect" "2d0a1d829020133da34db0dbe6dbc05f9c76f4fd642ff55a5684c3dce69026a4", kill_on_drop: false }`
[INFO] running `Command { std: "docker" "exec" "-e" "SOURCE_DIR=/opt/rustwide/workdir" "-e" "CARGO_HOME=/opt/rustwide/cargo-home" "-e" "RUSTUP_HOME=/opt/rustwide/rustup-home" "-e" "CARGO_TARGET_DIR=/opt/rustwide/target" "-e" "CARGO_INCREMENTAL=0" "-e" "RUST_BACKTRACE=full" "-e" "RUSTFLAGS=--cap-lints=forbid" "-e" "RUSTDOCFLAGS=--cap-lints=forbid" "-w" "/opt/rustwide/workdir" "--user" "0:0" "2d0a1d829020133da34db0dbe6dbc05f9c76f4fd642ff55a5684c3dce69026a4" "/opt/rustwide/cargo-home/bin/cargo" "+3154cc1a3e6424e44f438a95007d043ed5ceaaf6" "check" "--frozen" "--all" "--all-targets" "--message-format=json", kill_on_drop: false }`
[INFO] [stderr]    Compiling dsh-launcher v1.5.0 (/opt/rustwide/workdir)
[INFO] [stderr] warning: dsh-launcher@1.5.0: dsh-launcher: rc.exe not found; exe will have no embedded icon
[INFO] [stdout] error[E0433]: cannot find `windows` in `os`
[INFO] [stdout]   --> src/main.rs:33:14
[INFO] [stdout]    |
[INFO] [stdout] 33 | use std::os::windows::io::AsRawHandle;
[INFO] [stdout]    |              ^^^^^^^ could not find `windows` in `os`
[INFO] [stdout]    |
[INFO] [stdout] note: found an item that was configured out
[INFO] [stdout]   --> /rustc/3154cc1a3e6424e44f438a95007d043ed5ceaaf6/library/std/src/os/mod.rs:62:4
[INFO] [stdout]    |
[INFO] [stdout]    = note: the item is gated behind the `windows` feature
[INFO] [stdout] 
[INFO] [stdout] 
[INFO] [stdout] error[E0433]: cannot find `windows` in `os`
[INFO] [stdout]   --> src/main.rs:34:14
[INFO] [stdout]    |
[INFO] [stdout] 34 | use std::os::windows::process::CommandExt;
[INFO] [stdout]    |              ^^^^^^^ could not find `windows` in `os`
[INFO] [stdout]    |
[INFO] [stdout] note: found an item that was configured out
[INFO] [stdout]   --> /rustc/3154cc1a3e6424e44f438a95007d043ed5ceaaf6/library/std/src/os/mod.rs:62:4
[INFO] [stdout]    |
[INFO] [stdout]    = note: the item is gated behind the `windows` feature
[INFO] [stdout] 
[INFO] [stdout] 
[INFO] [stdout] error[E0433]: cannot find `windows` in `os`
[INFO] [stdout]   --> src/main.rs:33:14
[INFO] [stdout]    |
[INFO] [stdout] 33 | use std::os::windows::io::AsRawHandle;
[INFO] [stdout]    |              ^^^^^^^ could not find `windows` in `os`
[INFO] [stdout]    |
[INFO] [stdout] note: found an item that was configured out
[INFO] [stdout]   --> /rustc/3154cc1a3e6424e44f438a95007d043ed5ceaaf6/library/std/src/os/mod.rs:62:4
[INFO] [stdout]    |
[INFO] [stdout]    = note: the item is gated behind the `windows` feature
[INFO] [stdout] 
[INFO] [stdout] 
[INFO] [stdout] error[E0433]: cannot find `windows` in `os`
[INFO] [stdout]   --> src/main.rs:34:14
[INFO] [stdout]    |
[INFO] [stdout] 34 | use std::os::windows::process::CommandExt;
[INFO] [stdout]    |              ^^^^^^^ could not find `windows` in `os`
[INFO] [stdout]    |
[INFO] [stdout] note: found an item that was configured out
[INFO] [stdout]   --> /rustc/3154cc1a3e6424e44f438a95007d043ed5ceaaf6/library/std/src/os/mod.rs:62:4
[INFO] [stdout]    |
[INFO] [stdout]    = note: the item is gated behind the `windows` feature
[INFO] [stdout] 
[INFO] [stdout] 
[INFO] [stdout] error[E0599]: no method named `as_raw_handle` found for reference `&Child` in the current scope
[INFO] [stdout]    --> src/main.rs:643:27
[INFO] [stdout]     |
[INFO] [stdout] 643 |             let h = child.as_raw_handle();
[INFO] [stdout]     |                           ^^^^^^^^^^^^^ method not found in `&Child`
[INFO] [stdout] 
[INFO] [stdout] 
[INFO] [stdout] error[E0599]: no method named `as_raw_handle` found for reference `&Child` in the current scope
[INFO] [stdout]    --> src/main.rs:643:27
[INFO] [stdout]     |
[INFO] [stdout] 643 |             let h = child.as_raw_handle();
[INFO] [stdout]     |                           ^^^^^^^^^^^^^ method not found in `&Child`
[INFO] [stdout] 
[INFO] [stdout] 
[INFO] [stdout] error[E0599]: no method named `creation_flags` found for mutable reference `&mut Command` in the current scope
[INFO] [stdout]    --> src/main.rs:666:10
[INFO] [stdout]     |
[INFO] [stdout] 664 |     let _ = Command::new("taskkill.exe")
[INFO] [stdout] 665 |         .args(["/PID", &pid.to_string(), "/T", "/F"])
[INFO] [stdout] 666 |         .creation_flags(CREATE_NO_WINDOW)
[INFO] [stdout]     |          ^^^^^^^^^^^^^^ method not found in `&mut Command`
[INFO] [stdout] 
[INFO] [stdout] 
[INFO] [stdout] error[E0599]: no method named `creation_flags` found for mutable reference `&mut Command` in the current scope
[INFO] [stdout]    --> src/main.rs:666:10
[INFO] [stdout]     |
[INFO] [stdout] 664 |     let _ = Command::new("taskkill.exe")
[INFO] [stdout] 665 |         .args(["/PID", &pid.to_string(), "/T", "/F"])
[INFO] [stdout] 666 |         .creation_flags(CREATE_NO_WINDOW)
[INFO] [stdout]     |          ^^^^^^^^^^^^^^ method not found in `&mut Command`
[INFO] [stdout] 
[INFO] [stdout] 
[INFO] [stdout] error[E0599]: no method named `creation_flags` found for mutable reference `&mut Command` in the current scope
[INFO] [stdout]    --> src/main.rs:677:10
[INFO] [stdout]     |
[INFO] [stdout] 675 |     Command::new("cmd.exe")
[INFO] [stdout] 676 |         .args(args)
[INFO] [stdout] 677 |         .creation_flags(CREATE_NO_WINDOW)
[INFO] [stdout]     |          ^^^^^^^^^^^^^^ method not found in `&mut Command`
[INFO] [stdout] 
[INFO] [stdout] 
[INFO] [stdout] error[E0599]: no method named `creation_flags` found for mutable reference `&mut Command` in the current scope
[INFO] [stdout]    --> src/main.rs:677:10
[INFO] [stdout]     |
[INFO] [stdout] 675 |     Command::new("cmd.exe")
[INFO] [stdout] 676 |         .args(args)
[INFO] [stdout] 677 |         .creation_flags(CREATE_NO_WINDOW)
[INFO] [stdout]     |          ^^^^^^^^^^^^^^ method not found in `&mut Command`
[INFO] [stdout] 
[INFO] [stdout] 
[INFO] [stdout] error[E0599]: no method named `raw_arg` found for struct `Command` in the current scope
[INFO] [stdout]    --> src/main.rs:762:9
[INFO] [stdout]     |
[INFO] [stdout] 762 |     cmd.raw_arg("/C ").raw_arg(cmdline);
[INFO] [stdout]     |         ^^^^^^^ method not found in `Command`
[INFO] [stdout] 
[INFO] [stdout] 
[INFO] [stdout] error[E0599]: no method named `raw_arg` found for struct `Command` in the current scope
[INFO] [stdout]    --> src/main.rs:762:9
[INFO] [stdout]     |
[INFO] [stdout] 762 |     cmd.raw_arg("/C ").raw_arg(cmdline);
[INFO] [stdout]     |         ^^^^^^^ method not found in `Command`
[INFO] [stdout] 
[INFO] [stdout] 
[INFO] [stdout] error[E0599]: no method named `creation_flags` found for struct `Command` in the current scope
[INFO] [stdout]    --> src/main.rs:768:9
[INFO] [stdout]     |
[INFO] [stdout] 768 |     cmd.creation_flags(CREATE_NO_WINDOW)
[INFO] [stdout]     |         ^^^^^^^^^^^^^^ method not found in `Command`
[INFO] [stdout] 
[INFO] [stdout] 
[INFO] [stdout] error[E0599]: no method named `creation_flags` found for struct `Command` in the current scope
[INFO] [stdout]    --> src/main.rs:768:9
[INFO] [stdout]     |
[INFO] [stdout] 768 |     cmd.creation_flags(CREATE_NO_WINDOW)
[INFO] [stdout]     |         ^^^^^^^^^^^^^^ method not found in `Command`
[INFO] [stdout] 
[INFO] [stdout] 
[INFO] [stdout] Some errors have detailed explanations: E0433, E0599.
[INFO] [stdout] 
[INFO] [stdout] Some errors have detailed explanations: E0433, E0599.
[INFO] [stdout] 
[INFO] [stdout] For more information about an error, try `rustc --explain E0433`.
[INFO] [stdout] 
[INFO] [stdout] For more information about an error, try `rustc --explain E0433`.
[INFO] [stdout] 
[INFO] [stderr] warning: dsh-launcher@1.5.0: dsh-launcher: rc.exe not found; exe will have no embedded icon
[INFO] [stderr] error: could not compile `dsh-launcher` (bin "dsh-launcher") due to 7 previous errors
[INFO] [stderr] warning: build failed, waiting for other jobs to finish...
[INFO] [stderr] warning: dsh-launcher@1.5.0: dsh-launcher: rc.exe not found; exe will have no embedded icon
[INFO] [stderr] error: could not compile `dsh-launcher` (bin "dsh-launcher" test) due to 7 previous errors
[INFO] running `Command { std: "docker" "inspect" "2d0a1d829020133da34db0dbe6dbc05f9c76f4fd642ff55a5684c3dce69026a4", kill_on_drop: false }`
[INFO] running `Command { std: "docker" "rm" "-f" "2d0a1d829020133da34db0dbe6dbc05f9c76f4fd642ff55a5684c3dce69026a4", kill_on_drop: false }`
[INFO] [stdout] 2d0a1d829020133da34db0dbe6dbc05f9c76f4fd642ff55a5684c3dce69026a4
