[INFO] cloning repository https://github.com/zharinov/acadctl
[INFO] running `Command { std: "git" "-c" "credential.helper=" "-c" "credential.helper=/workspace/cargo-home/bin/git-credential-null" "clone" "--bare" "https://github.com/zharinov/acadctl" "/workspace/cache/git-repos/https%3A%2F%2Fgithub.com%2Fzharinov%2Facadctl", kill_on_drop: false }`
[INFO] [stderr] Cloning into bare repository '/workspace/cache/git-repos/https%3A%2F%2Fgithub.com%2Fzharinov%2Facadctl'...
[INFO] running `Command { std: "git" "rev-parse" "HEAD", kill_on_drop: false }`
[INFO] [stdout] d762131e62f177900978a73bdeb07f4069b33e4d
[INFO] checking zharinov/acadctl against 3154cc1a3e6424e44f438a95007d043ed5ceaaf6 for pr-133502-30
[INFO] running `Command { std: "git" "clone" "/workspace/cache/git-repos/https%3A%2F%2Fgithub.com%2Fzharinov%2Facadctl" "/workspace/builds/worker-6-tc2/source", kill_on_drop: false }`
[INFO] [stderr] Cloning into '/workspace/builds/worker-6-tc2/source'...
[INFO] [stderr] done.
[INFO] removed /workspace/builds/worker-6-tc2/source/rust-toolchain.toml
[INFO] started tweaking git repo https://github.com/zharinov/acadctl
[INFO] finished tweaking git repo https://github.com/zharinov/acadctl
[INFO] tweaked toml for git repo https://github.com/zharinov/acadctl written to /workspace/builds/worker-6-tc2/source/Cargo.toml
[INFO] validating manifest of git repo https://github.com/zharinov/acadctl on toolchain 3154cc1a3e6424e44f438a95007d043ed5ceaaf6
[INFO] running `Command { std: CARGO_HOME="/workspace/cargo-home" RUSTUP_HOME="/workspace/rustup-home" "/workspace/cargo-home/bin/cargo" "+3154cc1a3e6424e44f438a95007d043ed5ceaaf6" "metadata" "--manifest-path" "Cargo.toml" "--no-deps", kill_on_drop: false }`
[INFO] crate git repo https://github.com/zharinov/acadctl already has a lockfile, it will not be regenerated
[INFO] running `Command { std: CARGO_HOME="/workspace/cargo-home" RUSTUP_HOME="/workspace/rustup-home" "/workspace/cargo-home/bin/cargo" "+3154cc1a3e6424e44f438a95007d043ed5ceaaf6" "fetch" "--manifest-path" "Cargo.toml", kill_on_drop: false }`
[INFO] running `Command { std: "docker" "create" "-v" "/var/lib/crater-agent-workspace/builds/worker-6-tc2/source:/opt/rustwide/workdir:ro,Z" "-v" "/var/lib/crater-agent-workspace/builds/worker-6-tc2/target:/opt/rustwide/target:rw,Z" "-v" "/var/lib/crater-agent-workspace/cargo-home:/opt/rustwide/cargo-home:ro,Z" "-v" "/var/lib/crater-agent-workspace/rustup-home:/opt/rustwide/rustup-home:ro,Z" "-m" "1610612736" "--network" "none" "ghcr.io/rust-lang/crates-build-env/linux@sha256:77db811e55d90add9212f6832c23229e3de5f1c1f9905e8cb07319ea15df73ac" "sleep" "infinity", kill_on_drop: false }`
[INFO] [stdout] b89724769a5f2981ace7615b6f97fd988580e742bca2d265209f15caaa63fa24
[INFO] running `Command { std: "docker" "start" "b89724769a5f2981ace7615b6f97fd988580e742bca2d265209f15caaa63fa24", kill_on_drop: false }`
[INFO] running `Command { std: "docker" "inspect" "b89724769a5f2981ace7615b6f97fd988580e742bca2d265209f15caaa63fa24", kill_on_drop: false }`
[INFO] running `Command { std: "docker" "exec" "-e" "SOURCE_DIR=/opt/rustwide/workdir" "-e" "CARGO_HOME=/opt/rustwide/cargo-home" "-e" "RUSTUP_HOME=/opt/rustwide/rustup-home" "-e" "CARGO_TARGET_DIR=/opt/rustwide/target" "-w" "/opt/rustwide/workdir" "--user" "0:0" "b89724769a5f2981ace7615b6f97fd988580e742bca2d265209f15caaa63fa24" "/opt/rustwide/cargo-home/bin/cargo" "+3154cc1a3e6424e44f438a95007d043ed5ceaaf6" "metadata" "--no-deps" "--format-version=1", kill_on_drop: false }`
[INFO] running `Command { std: "docker" "inspect" "b89724769a5f2981ace7615b6f97fd988580e742bca2d265209f15caaa63fa24", kill_on_drop: false }`
[INFO] running `Command { std: "docker" "exec" "-e" "SOURCE_DIR=/opt/rustwide/workdir" "-e" "CARGO_HOME=/opt/rustwide/cargo-home" "-e" "RUSTUP_HOME=/opt/rustwide/rustup-home" "-e" "CARGO_TARGET_DIR=/opt/rustwide/target" "-e" "CARGO_INCREMENTAL=0" "-e" "RUST_BACKTRACE=full" "-e" "RUSTFLAGS=--cap-lints=forbid" "-e" "RUSTDOCFLAGS=--cap-lints=forbid" "-w" "/opt/rustwide/workdir" "--user" "0:0" "b89724769a5f2981ace7615b6f97fd988580e742bca2d265209f15caaa63fa24" "/opt/rustwide/cargo-home/bin/cargo" "+3154cc1a3e6424e44f438a95007d043ed5ceaaf6" "check" "--frozen" "--all" "--all-targets" "--message-format=json", kill_on_drop: false }`
[INFO] [stderr]    Compiling proc-macro2 v1.0.107
[INFO] [stderr]    Compiling libc v0.2.189
[INFO] [stderr]     Checking bytes v1.12.1
[INFO] [stderr]     Checking futures-core v0.3.34
[INFO] [stderr]    Compiling either v1.17.0
[INFO] [stderr]     Checking futures-sink v0.3.34
[INFO] [stderr]    Compiling quote v1.0.47
[INFO] [stderr]    Compiling anyhow v1.0.104
[INFO] [stderr]    Compiling bitflags v2.13.1
[INFO] [stderr]    Compiling prettyplease v0.2.37
[INFO] [stderr]     Checking futures-task v0.3.34
[INFO] [stderr]    Compiling pulldown-cmark v0.13.4
[INFO] [stderr]    Compiling getrandom v0.4.3
[INFO] [stderr]    Compiling rustix v1.1.4
[INFO] [stderr]    Compiling serde_core v1.0.229
[INFO] [stderr]    Compiling regex-syntax v0.8.11
[INFO] [stderr]    Compiling foldhash v0.1.5
[INFO] [stderr]    Compiling cfg-if v1.0.4
[INFO] [stderr]    Compiling linux-raw-sys v0.12.1
[INFO] [stderr]    Compiling itertools v0.14.0
[INFO] [stderr]     Checking futures-channel v0.3.34
[INFO] [stderr]    Compiling cc v1.4.3
[INFO] [stderr]    Compiling hashbrown v0.15.5
[INFO] [stderr]    Compiling fastrand v2.5.0
[INFO] [stderr]    Compiling once_cell v1.21.4
[INFO] [stderr]    Compiling fixedbitset v0.5.7
[INFO] [stderr]    Compiling log v0.4.33
[INFO] [stderr]    Compiling multimap v0.10.1
[INFO] [stderr]    Compiling protoc-bin-vendored-linux-ppcle_64 v3.2.0
[INFO] [stderr]     Checking matchit v0.8.4
[INFO] [stderr]    Compiling protoc-bin-vendored-linux-x86_32 v3.2.0
[INFO] [stderr]    Compiling protoc-bin-vendored-macos-aarch_64 v3.2.0
[INFO] [stderr]    Compiling protoc-bin-vendored-win32 v3.2.0
[INFO] [stderr]    Compiling protoc-bin-vendored-linux-aarch_64 v3.2.0
[INFO] [stderr]    Compiling protoc-bin-vendored-linux-s390_64 v3.2.0
[INFO] [stderr]    Compiling protoc-bin-vendored-linux-x86_64 v3.2.0
[INFO] [stderr]    Compiling protoc-bin-vendored-macos-x86_64 v3.2.0
[INFO] [stderr]    Compiling zerocopy v0.8.56
[INFO] [stderr]    Compiling camino v1.2.5
[INFO] [stderr]    Compiling protoc-bin-vendored v3.2.0
[INFO] [stderr]     Checking http v1.5.0
[INFO] [stderr]     Checking simd-adler32 v0.3.10
[INFO] [stderr]    Compiling scratch v1.0.9
[INFO] [stderr]    Compiling num-traits v0.2.19
[INFO] [stderr]    Compiling cxxbridge-flags v1.0.199
[INFO] [stderr]    Compiling termcolor v1.4.1
[INFO] [stderr]    Compiling unicode-width v0.2.2
[INFO] [stderr]    Compiling syn v3.0.3
[INFO] [stderr]    Compiling syn v2.0.119
[INFO] [stderr]     Checking miniz_oxide v0.8.9
[INFO] [stderr]    Compiling petgraph v0.8.3
[INFO] [stderr]    Compiling codespan-reporting v0.13.1
[INFO] [stderr]     Checking http-body v1.1.0
[INFO] [stderr]     Checking http-body-util v0.1.5
[INFO] [stderr]     Checking errno v0.3.14
[INFO] [stderr]     Checking socket2 v0.6.5
[INFO] [stderr]     Checking signal-hook-registry v1.4.8
[INFO] [stderr]     Checking mio v1.2.2
[INFO] [stderr]    Compiling regex-automata v0.4.18
[INFO] [stderr]    Compiling pulldown-cmark-to-cmark v22.0.1
[INFO] [stderr]     Checking axum-core v0.5.6
[INFO] [stderr]     Checking getrandom v0.3.4
[INFO] [stderr]    Compiling link-cplusplus v1.0.12
[INFO] [stderr]    Compiling cxx v1.0.199
[INFO] [stderr]     Checking flate2 v1.1.9
[INFO] [stderr]     Checking fdeflate v0.3.7
[INFO] [stderr]     Checking pxfm v0.1.30
[INFO] [stderr]    Compiling tempfile v3.27.0
[INFO] [stderr]     Checking rand_core v0.9.5
[INFO] [stderr]     Checking acadctl-lisp v0.1.0 (/opt/rustwide/workdir/crates/lisp)
[INFO] [stderr]     Checking clap_builder v4.6.6
[INFO] [stderr]     Checking png v0.18.1
[INFO] [stderr]     Checking foldhash v0.2.0
[INFO] [stderr]     Checking bytemuck v1.25.2
[INFO] [stderr]     Checking num-conv v0.2.2
[INFO] [stderr]     Checking powerfmt v0.2.0
[INFO] [stderr]     Checking deranged v0.5.8
[INFO] [stderr]     Checking time-core v0.1.9
[INFO] [stderr]     Checking serde_json v1.0.151
[INFO] [stderr]    Compiling cxx-build v1.0.199
[INFO] [stderr]     Checking time v0.3.55
[INFO] [stderr]    Compiling regex v1.13.1
[INFO] [stderr]    Compiling tokio-macros v2.7.2
[INFO] [stderr]    Compiling futures-macro v0.3.34
[INFO] [stderr]    Compiling async-trait v0.1.92
[INFO] [stderr]    Compiling clap_derive v4.6.4
[INFO] [stderr]    Compiling serde_derive v1.0.229
[INFO] [stderr]    Compiling cxxbridge-macro v1.0.199
[INFO] [stderr]     Checking futures-util v0.3.34
[INFO] [stderr]     Checking tokio v1.53.1
[INFO] [stderr]     Checking moxcms v0.8.1
[INFO] [stderr]     Checking clap v4.6.6
[INFO] [stderr]    Compiling acadctl-plugin v0.1.0 (/opt/rustwide/workdir/crates/plugin)
[INFO] [stderr]    Compiling tracing-attributes v0.1.31
[INFO] [stderr]    Compiling prost-derive v0.14.4
[INFO] [stderr]    Compiling pin-project-internal v1.1.13
[INFO] [stderr]    Compiling tonic-build v0.14.6
[INFO] [stderr]     Checking ppv-lite86 v0.2.21
[INFO] [stderr]     Checking rand_chacha v0.9.0
[INFO] [stderr]     Checking rand v0.9.5
[INFO] [stderr]     Checking pin-project v1.1.13
[INFO] [stderr]     Checking serde v1.0.229
[INFO] [stderr]     Checking tracing v0.1.44
[INFO] [stderr]    Compiling prost v0.14.4
[INFO] [stderr]     Checking nanoid v0.5.0
[INFO] [stderr]    Compiling prost-types v0.14.4
[INFO] [stderr]     Checking image v0.25.10
[INFO] [stderr]    Compiling prost-build v0.14.4
[INFO] [stderr]     Checking tokio-util v0.7.19
[INFO] [stderr]     Checking tokio-stream v0.1.19
[INFO] [stderr]     Checking h2 v0.4.16
[INFO] [stderr]     Checking tower v0.5.3
[INFO] [stderr]    Compiling tonic-prost-build v0.14.6
[INFO] [stderr]    Compiling acadctl-rpc v0.1.0 (/opt/rustwide/workdir/crates/rpc)
[INFO] [stderr]     Checking axum v0.8.9
[INFO] [stderr]     Checking hyper v1.11.0
[INFO] [stderr]     Checking hyper-util v0.1.20
[INFO] [stderr]     Checking hyper-timeout v0.5.2
[INFO] [stderr]     Checking tonic v0.14.6
[INFO] [stderr]     Checking tonic-prost v0.14.6
[INFO] [stdout] error[E0433]: cannot find module or crate `platform` in this scope
[INFO] [stdout]   --> crates/rpc/src/transport/mod.rs:21:20
[INFO] [stdout]    |
[INFO] [stdout] 21 |     let listener = platform::Listener::bind(instance_id)?;
[INFO] [stdout]    |                    ^^^^^^^^ use of unresolved module or unlinked crate `platform`
[INFO] [stdout]    |
[INFO] [stdout]    = help: if you wanted to use a crate named `platform`, use `cargo add platform` to add it to your `Cargo.toml`
[INFO] [stdout] 
[INFO] [stdout] 
[INFO] [stdout] error[E0433]: cannot find module or crate `platform` in this scope
[INFO] [stdout]   --> crates/rpc/src/transport/mod.rs:21:20
[INFO] [stdout]    |
[INFO] [stdout] 21 |     let listener = platform::Listener::bind(instance_id)?;
[INFO] [stdout]    |                    ^^^^^^^^ use of unresolved module or unlinked crate `platform`
[INFO] [stdout]    |
[INFO] [stdout]    = help: if you wanted to use a crate named `platform`, use `cargo add platform` to add it to your `Cargo.toml`
[INFO] [stdout] 
[INFO] [stdout] 
[INFO] [stdout] error[E0433]: cannot find module or crate `platform` in this scope
[INFO] [stdout]   --> crates/rpc/src/transport/mod.rs:17:5
[INFO] [stdout]    |
[INFO] [stdout] 17 |     platform::connect(instance_id).await
[INFO] [stdout]    |     ^^^^^^^^ use of unresolved module or unlinked crate `platform`
[INFO] [stdout]    |
[INFO] [stdout]    = help: if you wanted to use a crate named `platform`, use `cargo add platform` to add it to your `Cargo.toml`
[INFO] [stdout] 
[INFO] [stdout] 
[INFO] [stdout] error[E0433]: cannot find module or crate `platform` in this scope
[INFO] [stdout]   --> crates/rpc/src/transport/mod.rs:17:5
[INFO] [stdout]    |
[INFO] [stdout] 17 |     platform::connect(instance_id).await
[INFO] [stdout]    |     ^^^^^^^^ use of unresolved module or unlinked crate `platform`
[INFO] [stdout]    |
[INFO] [stdout]    = help: if you wanted to use a crate named `platform`, use `cargo add platform` to add it to your `Cargo.toml`
[INFO] [stdout] 
[INFO] [stdout] 
[INFO] [stdout] error[E0433]: cannot find module or crate `platform` in this scope
[INFO] [stdout]   --> crates/rpc/src/transport/mod.rs:13:25
[INFO] [stdout]    |
[INFO] [stdout] 13 | pub type ClientStream = platform::ClientStream;
[INFO] [stdout]    |                         ^^^^^^^^ use of unresolved module or unlinked crate `platform`
[INFO] [stdout]    |
[INFO] [stdout]    = help: if you wanted to use a crate named `platform`, use `cargo add platform` to add it to your `Cargo.toml`
[INFO] [stdout] 
[INFO] [stdout] 
[INFO] [stdout] error[E0433]: cannot find module or crate `platform` in this scope
[INFO] [stdout]   --> crates/rpc/src/transport/mod.rs:46:12
[INFO] [stdout]    |
[INFO] [stdout] 46 |     inner: platform::ServerStream,
[INFO] [stdout]    |            ^^^^^^^^ use of unresolved module or unlinked crate `platform`
[INFO] [stdout]    |
[INFO] [stdout]    = help: if you wanted to use a crate named `platform`, use `cargo add platform` to add it to your `Cargo.toml`
[INFO] [stdout] 
[INFO] [stdout] 
[INFO] [stdout] For more information about this error, try `rustc --explain E0433`.
[INFO] [stdout] 
[INFO] [stderr] error: could not compile `acadctl-rpc` (lib) due to 4 previous errors
[INFO] [stderr] warning: build failed, waiting for other jobs to finish...
[INFO] [stdout] error[E0433]: cannot find module or crate `platform` in this scope
[INFO] [stdout]   --> crates/rpc/src/transport/mod.rs:13:25
[INFO] [stdout]    |
[INFO] [stdout] 13 | pub type ClientStream = platform::ClientStream;
[INFO] [stdout]    |                         ^^^^^^^^ use of unresolved module or unlinked crate `platform`
[INFO] [stdout]    |
[INFO] [stdout]    = help: if you wanted to use a crate named `platform`, use `cargo add platform` to add it to your `Cargo.toml`
[INFO] [stdout] 
[INFO] [stdout] 
[INFO] [stdout] error[E0433]: cannot find module or crate `platform` in this scope
[INFO] [stdout]   --> crates/rpc/src/transport/mod.rs:46:12
[INFO] [stdout]    |
[INFO] [stdout] 46 |     inner: platform::ServerStream,
[INFO] [stdout]    |            ^^^^^^^^ use of unresolved module or unlinked crate `platform`
[INFO] [stdout]    |
[INFO] [stdout]    = help: if you wanted to use a crate named `platform`, use `cargo add platform` to add it to your `Cargo.toml`
[INFO] [stdout] 
[INFO] [stdout] 
[INFO] [stdout] For more information about this error, try `rustc --explain E0433`.
[INFO] [stdout] 
[INFO] [stderr] error: could not compile `acadctl-rpc` (lib test) due to 4 previous errors
[INFO] running `Command { std: "docker" "inspect" "b89724769a5f2981ace7615b6f97fd988580e742bca2d265209f15caaa63fa24", kill_on_drop: false }`
[INFO] running `Command { std: "docker" "rm" "-f" "b89724769a5f2981ace7615b6f97fd988580e742bca2d265209f15caaa63fa24", kill_on_drop: false }`
[INFO] [stdout] b89724769a5f2981ace7615b6f97fd988580e742bca2d265209f15caaa63fa24
