[INFO] cloning repository https://github.com/zh2673-git/react-agent
[INFO] running `Command { std: "git" "-c" "credential.helper=" "-c" "credential.helper=/workspace/cargo-home/bin/git-credential-null" "clone" "--bare" "https://github.com/zh2673-git/react-agent" "/workspace/cache/git-repos/https%3A%2F%2Fgithub.com%2Fzh2673-git%2Freact-agent", kill_on_drop: false }`
[INFO] [stderr] Cloning into bare repository '/workspace/cache/git-repos/https%3A%2F%2Fgithub.com%2Fzh2673-git%2Freact-agent'...
[INFO] running `Command { std: "git" "rev-parse" "HEAD", kill_on_drop: false }`
[INFO] [stdout] 695d3992691301ddd1dd511138c4a45647352509
[INFO] checking zh2673-git/react-agent against 3154cc1a3e6424e44f438a95007d043ed5ceaaf6 for pr-133502-30
[INFO] running `Command { std: "git" "clone" "/workspace/cache/git-repos/https%3A%2F%2Fgithub.com%2Fzh2673-git%2Freact-agent" "/workspace/builds/worker-0-tc2/source", kill_on_drop: false }`
[INFO] [stderr] Cloning into '/workspace/builds/worker-0-tc2/source'...
[INFO] [stderr] done.
[INFO] started tweaking git repo https://github.com/zh2673-git/react-agent
[INFO] finished tweaking git repo https://github.com/zh2673-git/react-agent
[INFO] tweaked toml for git repo https://github.com/zh2673-git/react-agent written to /workspace/builds/worker-0-tc2/source/Cargo.toml
[INFO] validating manifest of git repo https://github.com/zh2673-git/react-agent on toolchain 3154cc1a3e6424e44f438a95007d043ed5ceaaf6
[INFO] running `Command { std: CARGO_HOME="/workspace/cargo-home" RUSTUP_HOME="/workspace/rustup-home" "/workspace/cargo-home/bin/cargo" "+3154cc1a3e6424e44f438a95007d043ed5ceaaf6" "metadata" "--manifest-path" "Cargo.toml" "--no-deps", kill_on_drop: false }`
[INFO] crate git repo https://github.com/zh2673-git/react-agent already has a lockfile, it will not be regenerated
[INFO] running `Command { std: CARGO_HOME="/workspace/cargo-home" RUSTUP_HOME="/workspace/rustup-home" "/workspace/cargo-home/bin/cargo" "+3154cc1a3e6424e44f438a95007d043ed5ceaaf6" "fetch" "--manifest-path" "Cargo.toml", kill_on_drop: false }`
[INFO] running `Command { std: "docker" "create" "-v" "/var/lib/crater-agent-workspace/builds/worker-0-tc2/source:/opt/rustwide/workdir:ro,Z" "-v" "/var/lib/crater-agent-workspace/builds/worker-0-tc2/target:/opt/rustwide/target:rw,Z" "-v" "/var/lib/crater-agent-workspace/cargo-home:/opt/rustwide/cargo-home:ro,Z" "-v" "/var/lib/crater-agent-workspace/rustup-home:/opt/rustwide/rustup-home:ro,Z" "-m" "1610612736" "--network" "none" "ghcr.io/rust-lang/crates-build-env/linux@sha256:77db811e55d90add9212f6832c23229e3de5f1c1f9905e8cb07319ea15df73ac" "sleep" "infinity", kill_on_drop: false }`
[INFO] [stdout] 636bb54735aee723d4996c36c5aaf0b20caa6c59a5ea498ce7aaa59dae121d9a
[INFO] running `Command { std: "docker" "start" "636bb54735aee723d4996c36c5aaf0b20caa6c59a5ea498ce7aaa59dae121d9a", kill_on_drop: false }`
[INFO] running `Command { std: "docker" "inspect" "636bb54735aee723d4996c36c5aaf0b20caa6c59a5ea498ce7aaa59dae121d9a", kill_on_drop: false }`
[INFO] running `Command { std: "docker" "exec" "-e" "SOURCE_DIR=/opt/rustwide/workdir" "-e" "CARGO_HOME=/opt/rustwide/cargo-home" "-e" "RUSTUP_HOME=/opt/rustwide/rustup-home" "-e" "CARGO_TARGET_DIR=/opt/rustwide/target" "-w" "/opt/rustwide/workdir" "--user" "0:0" "636bb54735aee723d4996c36c5aaf0b20caa6c59a5ea498ce7aaa59dae121d9a" "/opt/rustwide/cargo-home/bin/cargo" "+3154cc1a3e6424e44f438a95007d043ed5ceaaf6" "metadata" "--no-deps" "--format-version=1", kill_on_drop: false }`
[INFO] running `Command { std: "docker" "inspect" "636bb54735aee723d4996c36c5aaf0b20caa6c59a5ea498ce7aaa59dae121d9a", kill_on_drop: false }`
[INFO] running `Command { std: "docker" "exec" "-e" "SOURCE_DIR=/opt/rustwide/workdir" "-e" "CARGO_HOME=/opt/rustwide/cargo-home" "-e" "RUSTUP_HOME=/opt/rustwide/rustup-home" "-e" "CARGO_TARGET_DIR=/opt/rustwide/target" "-e" "CARGO_INCREMENTAL=0" "-e" "RUST_BACKTRACE=full" "-e" "RUSTFLAGS=--cap-lints=forbid" "-e" "RUSTDOCFLAGS=--cap-lints=forbid" "-w" "/opt/rustwide/workdir" "--user" "0:0" "636bb54735aee723d4996c36c5aaf0b20caa6c59a5ea498ce7aaa59dae121d9a" "/opt/rustwide/cargo-home/bin/cargo" "+3154cc1a3e6424e44f438a95007d043ed5ceaaf6" "check" "--frozen" "--all" "--all-targets" "--message-format=json", kill_on_drop: false }`
[INFO] [stderr]     Checking smallvec v1.16.0
[INFO] [stderr]    Compiling serde_core v1.0.229
[INFO] [stderr]    Compiling syn v3.0.4
[INFO] [stderr]    Compiling tracing-attributes v0.1.31
[INFO] [stderr]     Checking indexmap v2.14.1
[INFO] [stderr]    Compiling itertools v0.14.0
[INFO] [stderr]    Compiling libc v0.2.189
[INFO] [stderr]    Compiling regex-syntax v0.8.11
[INFO] [stderr]     Checking parking_lot_core v0.9.12
[INFO] [stderr]     Checking parking_lot v0.12.5
[INFO] [stderr]    Compiling prettyplease v0.2.37
[INFO] [stderr]    Compiling getrandom v0.4.3
[INFO] [stderr]     Checking tracing v0.1.44
[INFO] [stderr]    Compiling petgraph v0.8.3
[INFO] [stderr]    Compiling tempfile v3.27.0
[INFO] [stderr]    Compiling pulldown-cmark-to-cmark v22.0.1
[INFO] [stderr]    Compiling regex-automata v0.4.18
[INFO] [stderr]    Compiling thiserror-impl v1.0.69
[INFO] [stderr]     Checking axum-core v0.5.6
[INFO] [stderr]    Compiling prost-derive v0.14.4
[INFO] [stderr]    Compiling tonic-build v0.14.6
[INFO] [stderr]     Checking thiserror v1.0.69
[INFO] [stderr]     Checking serde_json v1.0.151
[INFO] [stderr]     Checking uuid v1.26.0
[INFO] [stderr]    Compiling pin-project-internal v1.1.13
[INFO] [stderr]    Compiling prost v0.14.4
[INFO] [stderr]    Compiling regex v1.13.1
[INFO] [stderr]     Checking fixedbitset v0.4.2
[INFO] [stderr]    Compiling prost-types v0.14.4
[INFO] [stderr]     Checking petgraph v0.6.5
[INFO] [stderr]     Checking arc-swap v1.9.2
[INFO] [stderr]     Checking pin-project v1.1.13
[INFO] [stderr]    Compiling tokio-macros v2.7.2
[INFO] [stderr]    Compiling futures-macro v0.3.34
[INFO] [stderr]    Compiling serde_derive v1.0.229
[INFO] [stderr]    Compiling async-trait v0.1.92
[INFO] [stderr]     Checking tokio v1.53.1
[INFO] [stderr]     Checking futures-util v0.3.34
[INFO] [stderr]    Compiling prost-build v0.14.4
[INFO] [stderr]    Compiling tonic-prost-build v0.14.6
[INFO] [stderr]     Checking matchers v0.2.0
[INFO] [stderr]     Checking tracing-subscriber v0.3.23
[INFO] [stderr]    Compiling agent-kernel-process v0.1.7 (https://github.com/zh2673-git/agent-kernel?tag=v0.1.7#b5fdb7fc)
[INFO] [stderr]     Checking serde v1.0.229
[INFO] [stderr]     Checking agent-kernel-core v0.1.7 (https://github.com/zh2673-git/agent-kernel?tag=v0.1.7#b5fdb7fc)
[INFO] [stderr]     Checking toml_datetime v0.6.11
[INFO] [stderr]     Checking serde_spanned v0.6.9
[INFO] [stderr]     Checking futures-executor v0.3.34
[INFO] [stderr]     Checking futures v0.3.34
[INFO] [stderr]     Checking toml_edit v0.22.27
[INFO] [stderr]     Checking toml v0.8.23
[INFO] [stderr]     Checking tokio-util v0.7.19
[INFO] [stderr]     Checking tokio-stream v0.1.19
[INFO] [stderr]     Checking agent-kernel-sdk v0.1.7 (https://github.com/zh2673-git/agent-kernel?tag=v0.1.7#b5fdb7fc)
[INFO] [stderr]     Checking react-agent-agent-loop v0.1.21 (/opt/rustwide/workdir/crates/agent-loop)
[INFO] [stderr]     Checking h2 v0.4.19
[INFO] [stderr]     Checking tower v0.5.3
[INFO] [stderr]     Checking axum v0.8.9
[INFO] [stderr]     Checking hyper v1.11.1
[INFO] [stderr]     Checking hyper-util v0.1.20
[INFO] [stderr]     Checking hyper-timeout v0.5.2
[INFO] [stderr]     Checking tonic v0.14.6
[INFO] [stderr]     Checking tonic-prost v0.14.6
[INFO] [stderr]     Checking agent-kernel-kernel v0.1.7 (https://github.com/zh2673-git/agent-kernel?tag=v0.1.7#b5fdb7fc)
[INFO] [stderr]     Checking react-agent-host v0.1.21 (/opt/rustwide/workdir/crates/host)
[INFO] [stderr]     Checking agent-kernel-conformance v0.1.0 (https://github.com/zh2673-git/agent-kernel?tag=v0.1.7#b5fdb7fc)
[INFO] [stdout] error[E0433]: cannot find `windows` in `os`
[INFO] [stdout]    --> crates/host/src/instances.rs:339:18
[INFO] [stdout]     |
[INFO] [stdout] 339 |     use std::os::windows::process::CommandExt;
[INFO] [stdout]     |                  ^^^^^^^ could not find `windows` in `os`
[INFO] [stdout]     |
[INFO] [stdout] note: found an item that was configured out
[INFO] [stdout]    --> /rustc/3154cc1a3e6424e44f438a95007d043ed5ceaaf6/library/std/src/os/mod.rs:62:4
[INFO] [stdout]     |
[INFO] [stdout]     = note: the item is gated behind the `windows` feature
[INFO] [stdout] 
[INFO] [stdout] 
[INFO] [stdout] error[E0433]: cannot find `windows` in `os`
[INFO] [stdout]    --> crates/host/src/instances.rs:339:18
[INFO] [stdout]     |
[INFO] [stdout] 339 |     use std::os::windows::process::CommandExt;
[INFO] [stdout]     |                  ^^^^^^^ could not find `windows` in `os`
[INFO] [stdout]     |
[INFO] [stdout] note: found an item that was configured out
[INFO] [stdout]    --> /rustc/3154cc1a3e6424e44f438a95007d043ed5ceaaf6/library/std/src/os/mod.rs:62:4
[INFO] [stdout]     |
[INFO] [stdout]     = note: the item is gated behind the `windows` feature
[INFO] [stdout] 
[INFO] [stdout] 
[INFO] [stdout] error[E0599]: no method named `creation_flags` found for mutable reference `&mut std::process::Command` in the current scope
[INFO] [stdout]    --> crates/host/src/instances.rs:342:10
[INFO] [stdout]     |
[INFO] [stdout] 340 |     let out = std::process::Command::new("powershell")
[INFO] [stdout] 341 |         .args(["-NoProfile", "-STA", "-WindowStyle", "Hidden", "-Command", &script])
[INFO] [stdout] 342 |         .creation_flags(0x0800_0000) // CREATE_NO_WINDOW：GUI 进程 spawn 控制台程序不闪黑框
[INFO] [stdout]     |          ^^^^^^^^^^^^^^ method not found in `&mut std::process::Command`
[INFO] [stdout] 
[INFO] [stdout] 
[INFO] [stdout] error[E0599]: no method named `creation_flags` found for mutable reference `&mut std::process::Command` in the current scope
[INFO] [stdout]    --> crates/host/src/instances.rs:342:10
[INFO] [stdout]     |
[INFO] [stdout] 340 |     let out = std::process::Command::new("powershell")
[INFO] [stdout] 341 |         .args(["-NoProfile", "-STA", "-WindowStyle", "Hidden", "-Command", &script])
[INFO] [stdout] 342 |         .creation_flags(0x0800_0000) // CREATE_NO_WINDOW：GUI 进程 spawn 控制台程序不闪黑框
[INFO] [stdout]     |          ^^^^^^^^^^^^^^ method not found in `&mut std::process::Command`
[INFO] [stdout] 
[INFO] [stdout] 
[INFO] [stdout] Some errors have detailed explanations: E0433, E0599.
[INFO] [stdout] 
[INFO] [stdout] For more information about an error, try `rustc --explain E0433`.
[INFO] [stdout] 
[INFO] [stderr] error: could not compile `react-agent-host` (lib) due to 2 previous errors
[INFO] [stderr] warning: build failed, waiting for other jobs to finish...
[INFO] [stdout] Some errors have detailed explanations: E0433, E0599.
[INFO] [stdout] 
[INFO] [stdout] For more information about an error, try `rustc --explain E0433`.
[INFO] [stdout] 
[INFO] [stderr] error: could not compile `react-agent-host` (lib test) due to 2 previous errors
[INFO] running `Command { std: "docker" "inspect" "636bb54735aee723d4996c36c5aaf0b20caa6c59a5ea498ce7aaa59dae121d9a", kill_on_drop: false }`
[INFO] running `Command { std: "docker" "rm" "-f" "636bb54735aee723d4996c36c5aaf0b20caa6c59a5ea498ce7aaa59dae121d9a", kill_on_drop: false }`
[INFO] [stdout] 636bb54735aee723d4996c36c5aaf0b20caa6c59a5ea498ce7aaa59dae121d9a
