[INFO] cloning repository https://github.com/zeraix/imparo
[INFO] running `Command { std: "git" "-c" "credential.helper=" "-c" "credential.helper=/workspace/cargo-home/bin/git-credential-null" "clone" "--bare" "https://github.com/zeraix/imparo" "/workspace/cache/git-repos/https%3A%2F%2Fgithub.com%2Fzeraix%2Fimparo", kill_on_drop: false }`
[INFO] [stderr] Cloning into bare repository '/workspace/cache/git-repos/https%3A%2F%2Fgithub.com%2Fzeraix%2Fimparo'...
[INFO] running `Command { std: "git" "rev-parse" "HEAD", kill_on_drop: false }`
[INFO] [stdout] d4f6ad53023ee1f4b34fe89d4ebac9f168c58b41
[INFO] checking zeraix/imparo against 3154cc1a3e6424e44f438a95007d043ed5ceaaf6 for pr-133502-30
[INFO] running `Command { std: "git" "clone" "/workspace/cache/git-repos/https%3A%2F%2Fgithub.com%2Fzeraix%2Fimparo" "/workspace/builds/worker-7-tc2/source", kill_on_drop: false }`
[INFO] [stderr] Cloning into '/workspace/builds/worker-7-tc2/source'...
[INFO] [stderr] done.
[INFO] removed /workspace/builds/worker-7-tc2/source/.cargo/config.toml
[INFO] started tweaking git repo https://github.com/zeraix/imparo
[INFO] finished tweaking git repo https://github.com/zeraix/imparo
[INFO] tweaked toml for git repo https://github.com/zeraix/imparo written to /workspace/builds/worker-7-tc2/source/Cargo.toml
[INFO] validating manifest of git repo https://github.com/zeraix/imparo on toolchain 3154cc1a3e6424e44f438a95007d043ed5ceaaf6
[INFO] running `Command { std: CARGO_HOME="/workspace/cargo-home" RUSTUP_HOME="/workspace/rustup-home" "/workspace/cargo-home/bin/cargo" "+3154cc1a3e6424e44f438a95007d043ed5ceaaf6" "metadata" "--manifest-path" "Cargo.toml" "--no-deps", kill_on_drop: false }`
[INFO] crate git repo https://github.com/zeraix/imparo already has a lockfile, it will not be regenerated
[INFO] running `Command { std: CARGO_HOME="/workspace/cargo-home" RUSTUP_HOME="/workspace/rustup-home" "/workspace/cargo-home/bin/cargo" "+3154cc1a3e6424e44f438a95007d043ed5ceaaf6" "fetch" "--manifest-path" "Cargo.toml", kill_on_drop: false }`
[INFO] [stderr] warning: unused field `authors` in `workspace.package`
[INFO] [stderr]   --> Cargo.toml:32:1
[INFO] [stderr]    |
[INFO] [stderr] 32 | authors = ["Zeraix"]
[INFO] [stderr]    | ^^^^^^^
[INFO] [stderr]    |
[INFO] [stderr]    = note: `cargo::unused_workspace_package_fields` is set to `warn` by default
[INFO] [stderr] help: consider removing the field `workspace.package.authors`
[INFO] [stderr] warning: workspace (manifest) generated 1 warning
[INFO] running `Command { std: "docker" "create" "-v" "/var/lib/crater-agent-workspace/builds/worker-7-tc2/source:/opt/rustwide/workdir:ro,Z" "-v" "/var/lib/crater-agent-workspace/builds/worker-7-tc2/target:/opt/rustwide/target:rw,Z" "-v" "/var/lib/crater-agent-workspace/cargo-home:/opt/rustwide/cargo-home:ro,Z" "-v" "/var/lib/crater-agent-workspace/rustup-home:/opt/rustwide/rustup-home:ro,Z" "-m" "1610612736" "--network" "none" "ghcr.io/rust-lang/crates-build-env/linux@sha256:77db811e55d90add9212f6832c23229e3de5f1c1f9905e8cb07319ea15df73ac" "sleep" "infinity", kill_on_drop: false }`
[INFO] [stdout] d67420c62418224fb89018e1fe6536c9e613d5a3cd02a1f4e635359a32921cc4
[INFO] running `Command { std: "docker" "start" "d67420c62418224fb89018e1fe6536c9e613d5a3cd02a1f4e635359a32921cc4", kill_on_drop: false }`
[INFO] running `Command { std: "docker" "inspect" "d67420c62418224fb89018e1fe6536c9e613d5a3cd02a1f4e635359a32921cc4", kill_on_drop: false }`
[INFO] running `Command { std: "docker" "exec" "-e" "SOURCE_DIR=/opt/rustwide/workdir" "-e" "CARGO_HOME=/opt/rustwide/cargo-home" "-e" "RUSTUP_HOME=/opt/rustwide/rustup-home" "-e" "CARGO_TARGET_DIR=/opt/rustwide/target" "-w" "/opt/rustwide/workdir" "--user" "0:0" "d67420c62418224fb89018e1fe6536c9e613d5a3cd02a1f4e635359a32921cc4" "/opt/rustwide/cargo-home/bin/cargo" "+3154cc1a3e6424e44f438a95007d043ed5ceaaf6" "metadata" "--no-deps" "--format-version=1", kill_on_drop: false }`
[INFO] running `Command { std: "docker" "inspect" "d67420c62418224fb89018e1fe6536c9e613d5a3cd02a1f4e635359a32921cc4", kill_on_drop: false }`
[INFO] running `Command { std: "docker" "exec" "-e" "SOURCE_DIR=/opt/rustwide/workdir" "-e" "CARGO_HOME=/opt/rustwide/cargo-home" "-e" "RUSTUP_HOME=/opt/rustwide/rustup-home" "-e" "CARGO_TARGET_DIR=/opt/rustwide/target" "-e" "CARGO_INCREMENTAL=0" "-e" "RUST_BACKTRACE=full" "-e" "RUSTFLAGS=--cap-lints=forbid" "-e" "RUSTDOCFLAGS=--cap-lints=forbid" "-w" "/opt/rustwide/workdir" "--user" "0:0" "d67420c62418224fb89018e1fe6536c9e613d5a3cd02a1f4e635359a32921cc4" "/opt/rustwide/cargo-home/bin/cargo" "+3154cc1a3e6424e44f438a95007d043ed5ceaaf6" "check" "--frozen" "--all" "--all-targets" "--message-format=json", kill_on_drop: false }`
[INFO] [stderr] warning: unused field `authors` in `workspace.package`
[INFO] [stderr]   --> Cargo.toml:32:1
[INFO] [stderr]    |
[INFO] [stderr] 32 | authors = ["Zeraix"]
[INFO] [stderr]    | ^^^^^^^
[INFO] [stderr]    |
[INFO] [stderr]    = note: `cargo::unused_workspace_package_fields` is set to `warn` by default
[INFO] [stderr] help: consider removing the field `workspace.package.authors`
[INFO] [stderr] warning: workspace (manifest) generated 1 warning
[INFO] [stderr]     Checking crypto-common v0.2.2
[INFO] [stderr]     Checking imparo-backend v0.1.0 (/opt/rustwide/workdir/crates/imparo-backend)
[INFO] [stderr]    Compiling serde_json v1.0.151
[INFO] [stderr]    Compiling imparo-metal v0.1.0 (/opt/rustwide/workdir/crates/imparo-metal)
[INFO] [stderr]    Compiling typenum v1.20.1
[INFO] [stderr]    Compiling const-oid v0.10.2
[INFO] [stderr]    Compiling syn v3.0.3
[INFO] [stderr]     Checking generic-array v0.14.7
[INFO] [stderr]    Compiling syn v2.0.119
[INFO] [stderr]    Compiling cpufeatures v0.3.0
[INFO] [stderr]     Checking memo-map v0.3.3
[INFO] [stderr]     Checking toml_datetime v0.7.5+spec-1.1.0
[INFO] [stderr]     Checking tempfile v3.27.0
[INFO] [stderr]     Checking winnow v0.7.15
[INFO] [stderr]     Checking fs2 v0.4.3
[INFO] [stderr]     Checking block-buffer v0.10.4
[INFO] [stderr]     Checking crypto-common v0.1.7
[INFO] [stderr]     Checking digest v0.10.7
[INFO] [stderr]     Checking digest v0.11.3
[INFO] [stderr]     Checking sha2 v0.11.0
[INFO] [stderr]     Checking sha2 v0.10.9
[INFO] [stderr]     Checking imparo-gguf v0.1.0 (/opt/rustwide/workdir/crates/imparo-gguf)
[INFO] [stderr]     Checking imparo-kv v0.1.0 (/opt/rustwide/workdir/crates/imparo-kv)
[INFO] [stdout] warning: use of deprecated method `std::sync::atomic::Atomic::<u64>::fetch_update`: renamed to `try_update` for consistency
[INFO] [stdout]    --> crates/imparo-gguf/src/lib.rs:179:35
[INFO] [stdout]     |
[INFO] [stdout] 179 |         match state.reads_to_skip.fetch_update(
[INFO] [stdout]     |                                   ^^^^^^^^^^^^
[INFO] [stdout]     |
[INFO] [stdout]     = note: `#[warn(deprecated)]` on by default
[INFO] [stdout] help: replace the use of the deprecated method
[INFO] [stdout]     |
[INFO] [stdout] 179 -         match state.reads_to_skip.fetch_update(
[INFO] [stdout] 179 +         match state.reads_to_skip.try_update(
[INFO] [stdout]     |
[INFO] [stdout] 
[INFO] [stdout] 
[INFO] [stderr]     Checking imparo-cpu v0.1.0 (/opt/rustwide/workdir/crates/imparo-cpu)
[INFO] [stderr]     Checking imparo-tokenize v0.1.0 (/opt/rustwide/workdir/crates/imparo-tokenize)
[INFO] [stderr]    Compiling hybrid-array v0.4.14
[INFO] [stderr]    Compiling serde_derive v1.0.229
[INFO] [stderr]     Checking toml v0.9.12+spec-1.1.0
[INFO] [stderr]    Compiling block-buffer v0.12.1
[INFO] [stderr]    Compiling curve25519-dalek-derive v0.1.1
[INFO] [stderr]     Checking curve25519-dalek v4.1.3
[INFO] [stderr]    Compiling imparo-cuda v0.1.0 (/opt/rustwide/workdir/crates/imparo-cuda)
[INFO] [stderr]     Checking serde v1.0.229
[INFO] [stderr]     Checking ed25519-dalek v2.2.0
[INFO] [stderr]     Checking imparo-host v0.1.0 (/opt/rustwide/workdir/crates/imparo-host)
[INFO] [stderr]     Checking minijinja v2.24.0
[INFO] [stderr]     Checking imparo-program-pack v0.1.0 (/opt/rustwide/workdir/crates/imparo-program-pack)
[INFO] [stderr]     Checking imparo-model v0.1.0 (/opt/rustwide/workdir/crates/imparo-model)
[INFO] [stdout] error[E0425]: cannot find function `decode_probe_for_tests` in crate `imparo_metal`
[INFO] [stdout]   --> crates/imparo-metal/tests/brick_rows.rs:97:35
[INFO] [stdout]    |
[INFO] [stdout] 97 |     let got = match imparo_metal::decode_probe_for_tests(
[INFO] [stdout]    |                                   ^^^^^^^^^^^^^^^^^^^^^^ not found in `imparo_metal`
[INFO] [stdout] 
[INFO] [stdout] 
[INFO] [stdout] error[E0425]: cannot find function `decode_probe_mode_for_tests` in crate `imparo_metal`
[INFO] [stdout]    --> crates/imparo-metal/tests/brick_rows.rs:224:27
[INFO] [stdout]     |
[INFO] [stdout] 224 |             imparo_metal::decode_probe_mode_for_tests(
[INFO] [stdout]     |                           ^^^^^^^^^^^^^^^^^^^^^^^^^^^ not found in `imparo_metal`
[INFO] [stdout] 
[INFO] [stdout] 
[INFO] [stdout] warning: method call on a diverging inference variable
[INFO] [stdout]    --> crates/imparo-metal/tests/brick_rows.rs:120:30
[INFO] [stdout]     |
[INFO] [stdout] 120 |     for (i, (&g, &w)) in got.iter().zip(&want).enumerate() {
[INFO] [stdout]     |                              ^^^^
[INFO] [stdout]     |
[INFO] [stdout]     = help: consider providing a type annotation
[INFO] [stdout]     = warning: this was previously accepted by the compiler but is being phased out; it will become a hard error in a future release!
[INFO] [stdout]     = note: for more information, see issue #156047 <https://github.com/rust-lang/rust/issues/156047>
[INFO] [stdout]     = note: `#[warn(method_call_on_diverging_infer_var)]` (part of `#[warn(future_incompatible)]`) on by default
[INFO] [stdout] 
[INFO] [stdout] 
[INFO] [stdout] error[E0599]: no method named `iter` found for type `!` in the current scope
[INFO] [stdout]    --> crates/imparo-metal/tests/brick_rows.rs:120:30
[INFO] [stdout]     |
[INFO] [stdout] 120 |     for (i, (&g, &w)) in got.iter().zip(&want).enumerate() {
[INFO] [stdout]     |                              ^^^^ method not found in `!`
[INFO] [stdout] 
[INFO] [stdout] 
[INFO] [stdout] warning: unreachable expression
[INFO] [stdout]    --> crates/imparo-metal/tests/brick_rows.rs:154:13
[INFO] [stdout]     |
[INFO] [stdout] 154 |         got[worst_at],
[INFO] [stdout]     |         --- ^^^^^^^^ unreachable expression
[INFO] [stdout]     |         |
[INFO] [stdout]     |         any code following this expression is unreachable
[INFO] [stdout]     |
[INFO] [stdout]     = note: `#[warn(unreachable_code)]` (part of `#[warn(unused)]`) on by default
[INFO] [stdout] 
[INFO] [stdout] 
[INFO] [stdout] error[E0608]: cannot index into a value of type `!`
[INFO] [stdout]    --> crates/imparo-metal/tests/brick_rows.rs:154:12
[INFO] [stdout]     |
[INFO] [stdout] 154 |         got[worst_at],
[INFO] [stdout]     |            ^^^^^^^^^^
[INFO] [stdout] 
[INFO] [stdout] 
[INFO] [stdout] Some errors have detailed explanations: E0425, E0599, E0608.
[INFO] [stdout] 
[INFO] [stdout] For more information about an error, try `rustc --explain E0425`.
[INFO] [stdout] 
[INFO] [stderr] error: could not compile `imparo-metal` (test "brick_rows") due to 4 previous errors; 3 warnings emitted
[INFO] [stderr] warning: build failed, waiting for other jobs to finish...
[INFO] [stdout] warning: constant `CHAIN_NODES` is never used
[INFO] [stdout]     --> crates/imparo-model/src/dspark.rs:2883:7
[INFO] [stdout]      |
[INFO] [stdout] 2883 | const CHAIN_NODES: usize = imparo_backend::ROW_LAYOUT_MAX_ROWS - 1;
[INFO] [stdout]      |       ^^^^^^^^^^^
[INFO] [stdout]      |
[INFO] [stdout]      = note: `#[warn(dead_code)]` (part of `#[warn(unused)]`) on by default
[INFO] [stdout] 
[INFO] [stdout] 
[INFO] [stderr] warning: unused dependency `imparo-host`
[INFO] [stderr]   --> crates/imparo-cuda/Cargo.toml:23:1
[INFO] [stderr]    |
[INFO] [stderr] 23 | imparo-host = { path = "../imparo-host" }
[INFO] [stderr]    | ^^^^^^^^^^^^^^^^^^^^^^^^^^^^^^^^^^^^^^^^^
[INFO] [stderr]    |
[INFO] [stderr]    = note: `cargo::unused_dependencies` is set to `warn` by default
[INFO] [stderr] help: consider removing the dependency on `imparo-host`
[INFO] [stderr] warning: `imparo-cuda` (manifest) generated 1 warning
[INFO] [stderr] warning: unused dependency `imparo-host`
[INFO] [stderr]   --> crates/imparo-metal/Cargo.toml:20:1
[INFO] [stderr]    |
[INFO] [stderr] 20 | imparo-host = { path = "../imparo-host" }
[INFO] [stderr]    | ^^^^^^^^^^^^^^^^^^^^^^^^^^^^^^^^^^^^^^^^^
[INFO] [stderr]    |
[INFO] [stderr]    = note: `cargo::unused_dependencies` is set to `warn` by default
[INFO] [stderr] help: consider removing the dependency on `imparo-host`
[INFO] [stderr] warning: `imparo-metal` (manifest) generated 1 warning
[INFO] running `Command { std: "docker" "inspect" "d67420c62418224fb89018e1fe6536c9e613d5a3cd02a1f4e635359a32921cc4", kill_on_drop: false }`
[INFO] running `Command { std: "docker" "rm" "-f" "d67420c62418224fb89018e1fe6536c9e613d5a3cd02a1f4e635359a32921cc4", kill_on_drop: false }`
[INFO] [stdout] d67420c62418224fb89018e1fe6536c9e613d5a3cd02a1f4e635359a32921cc4
