[INFO] cloning repository https://github.com/ze-gois/rust_ample
[INFO] running `Command { std: "git" "-c" "credential.helper=" "-c" "credential.helper=/workspace/cargo-home/bin/git-credential-null" "clone" "--bare" "https://github.com/ze-gois/rust_ample" "/workspace/cache/git-repos/https%3A%2F%2Fgithub.com%2Fze-gois%2Frust_ample", kill_on_drop: false }`
[INFO] [stderr] Cloning into bare repository '/workspace/cache/git-repos/https%3A%2F%2Fgithub.com%2Fze-gois%2Frust_ample'...
[INFO] running `Command { std: "git" "rev-parse" "HEAD", kill_on_drop: false }`
[INFO] [stdout] 60d5792b0b92181ebbf0a2b2abe2477d5220e982
[INFO] checking ze-gois/rust_ample against 3154cc1a3e6424e44f438a95007d043ed5ceaaf6+rustflags=-Znext-solver=coherence for pr-133502-30
[INFO] running `Command { std: "git" "clone" "/workspace/cache/git-repos/https%3A%2F%2Fgithub.com%2Fze-gois%2Frust_ample" "/workspace/builds/worker-0-tc1/source", kill_on_drop: false }`
[INFO] [stderr] Cloning into '/workspace/builds/worker-0-tc1/source'...
[INFO] [stderr] done.
[INFO] removed /workspace/builds/worker-0-tc1/source/.cargo/config.toml
[INFO] removed /workspace/builds/worker-0-tc1/source/rust-toolchain.toml
[INFO] started tweaking git repo https://github.com/ze-gois/rust_ample
[INFO] finished tweaking git repo https://github.com/ze-gois/rust_ample
[INFO] tweaked toml for git repo https://github.com/ze-gois/rust_ample written to /workspace/builds/worker-0-tc1/source/Cargo.toml
[INFO] validating manifest of git repo https://github.com/ze-gois/rust_ample on toolchain 3154cc1a3e6424e44f438a95007d043ed5ceaaf6
[INFO] running `Command { std: CARGO_HOME="/workspace/cargo-home" RUSTUP_HOME="/workspace/rustup-home" "/workspace/cargo-home/bin/cargo" "+3154cc1a3e6424e44f438a95007d043ed5ceaaf6" "metadata" "--manifest-path" "Cargo.toml" "--no-deps", kill_on_drop: false }`
[INFO] running `Command { std: CARGO_HOME="/workspace/cargo-home" RUSTUP_HOME="/workspace/rustup-home" "/workspace/cargo-home/bin/cargo" "+3154cc1a3e6424e44f438a95007d043ed5ceaaf6" "generate-lockfile" "--manifest-path" "Cargo.toml", kill_on_drop: false }`
[INFO] [stderr]     Updating crates.io index
[INFO] [stderr]      Locking 1 package to highest compatible version
[INFO] running `Command { std: CARGO_HOME="/workspace/cargo-home" RUSTUP_HOME="/workspace/rustup-home" "/workspace/cargo-home/bin/cargo" "+3154cc1a3e6424e44f438a95007d043ed5ceaaf6" "fetch" "--manifest-path" "Cargo.toml", kill_on_drop: false }`
[INFO] running `Command { std: "docker" "create" "-v" "/var/lib/crater-agent-workspace/builds/worker-0-tc1/source:/opt/rustwide/workdir:ro,Z" "-v" "/var/lib/crater-agent-workspace/builds/worker-0-tc1/target:/opt/rustwide/target:rw,Z" "-v" "/var/lib/crater-agent-workspace/cargo-home:/opt/rustwide/cargo-home:ro,Z" "-v" "/var/lib/crater-agent-workspace/rustup-home:/opt/rustwide/rustup-home:ro,Z" "-m" "1610612736" "--network" "none" "ghcr.io/rust-lang/crates-build-env/linux@sha256:77db811e55d90add9212f6832c23229e3de5f1c1f9905e8cb07319ea15df73ac" "sleep" "infinity", kill_on_drop: false }`
[INFO] [stdout] 3531af1a2f349fb1fe4f65560307cf60ebb3dfba2ae2c5dcd907be6924960433
[INFO] running `Command { std: "docker" "start" "3531af1a2f349fb1fe4f65560307cf60ebb3dfba2ae2c5dcd907be6924960433", kill_on_drop: false }`
[INFO] running `Command { std: "docker" "inspect" "3531af1a2f349fb1fe4f65560307cf60ebb3dfba2ae2c5dcd907be6924960433", kill_on_drop: false }`
[INFO] running `Command { std: "docker" "exec" "-e" "SOURCE_DIR=/opt/rustwide/workdir" "-e" "CARGO_HOME=/opt/rustwide/cargo-home" "-e" "RUSTUP_HOME=/opt/rustwide/rustup-home" "-e" "CARGO_TARGET_DIR=/opt/rustwide/target" "-w" "/opt/rustwide/workdir" "--user" "0:0" "3531af1a2f349fb1fe4f65560307cf60ebb3dfba2ae2c5dcd907be6924960433" "/opt/rustwide/cargo-home/bin/cargo" "+3154cc1a3e6424e44f438a95007d043ed5ceaaf6" "metadata" "--no-deps" "--format-version=1", kill_on_drop: false }`
[INFO] running `Command { std: "docker" "inspect" "3531af1a2f349fb1fe4f65560307cf60ebb3dfba2ae2c5dcd907be6924960433", kill_on_drop: false }`
[INFO] running `Command { std: "docker" "exec" "-e" "SOURCE_DIR=/opt/rustwide/workdir" "-e" "CARGO_HOME=/opt/rustwide/cargo-home" "-e" "RUSTUP_HOME=/opt/rustwide/rustup-home" "-e" "CARGO_TARGET_DIR=/opt/rustwide/target" "-e" "CARGO_INCREMENTAL=0" "-e" "RUST_BACKTRACE=full" "-e" "RUSTFLAGS=--cap-lints=forbid -Znext-solver=coherence" "-e" "RUSTDOCFLAGS=--cap-lints=forbid" "-w" "/opt/rustwide/workdir" "--user" "0:0" "3531af1a2f349fb1fe4f65560307cf60ebb3dfba2ae2c5dcd907be6924960433" "/opt/rustwide/cargo-home/bin/cargo" "+3154cc1a3e6424e44f438a95007d043ed5ceaaf6" "check" "--frozen" "--all" "--all-targets" "--message-format=json", kill_on_drop: false }`
[INFO] [stderr]    Compiling libm v0.2.16
[INFO] [stderr]     Checking ample v0.2.3 (/opt/rustwide/workdir)
[INFO] [stdout] error[E0308]: mismatched types
[INFO] [stdout]   --> tests/math.rs:7:24
[INFO] [stdout]    |
[INFO] [stdout]  7 |     assert!((math::sin(half_pi) - 1.0).abs() < 1.0e-6);
[INFO] [stdout]    |              --------- ^^^^^^^ expected `f64`, found `f32`
[INFO] [stdout]    |              |
[INFO] [stdout]    |              arguments to this function are incorrect
[INFO] [stdout]    |
[INFO] [stdout] note: function defined here
[INFO] [stdout]   --> /opt/rustwide/cargo-home/registry/src/index.crates.io-1949cf8c6b5b557f/libm-0.2.16/src/math/sin.rs:48:8
[INFO] [stdout]    |
[INFO] [stdout] 48 | pub fn sin(x: f64) -> f64 {
[INFO] [stdout]    |        ^^^
[INFO] [stdout] help: you can convert an `f32` to an `f64`
[INFO] [stdout]    |
[INFO] [stdout]  7 |     assert!((math::sin(half_pi.into()) - 1.0).abs() < 1.0e-6);
[INFO] [stdout]    |                               +++++++
[INFO] [stdout] 
[INFO] [stdout] 
[INFO] [stdout] For more information about this error, try `rustc --explain E0308`.
[INFO] [stdout] 
[INFO] [stderr] error: could not compile `ample` (test "math") due to 1 previous error
[INFO] [stderr] warning: build failed, waiting for other jobs to finish...
[INFO] [stdout] error[E0275]: overflow evaluating whether `[u8; ample::::traits::bytes::Bytes::from_bytes::{constant#0}]` is well-formed
[INFO] [stdout]   --> tests/flags.rs:3:1
[INFO] [stdout]    |
[INFO] [stdout]  3 | ample::trait_implement_primitive_numeric_bytes!(u8);
[INFO] [stdout]    | ^^^^^^^^^^^^^^^^^^^^^^^^^^^^^^^^^^^^^^^^^^^^^^^^^^^
[INFO] [stdout]    |
[INFO] [stdout] note: required by a bound in `ample::traits::Bytes::from_bytes`
[INFO] [stdout]   --> src/macros/traits/bytes.rs:69:17
[INFO] [stdout]    |
[INFO] [stdout] 31 |         pub trait Bytes<Origin, Destination> {
[INFO] [stdout] ...
[INFO] [stdout] 63 |             fn from_bytes(
[INFO] [stdout] ...
[INFO] [stdout] 69 |                 [u8; <Self as crate::traits::Bytes<Origin, Destination>>::REPRESENTATION_SIZE]:;
[INFO] [stdout]    |                 ^^^^^^^^^^^^^^^^^^^^^^^^^^^^^^^^^^^^^^^^^^^^^^^^^^^^^^^^^^^^^^^^^^^^^^^^^^^^^^ required by this bound in `Bytes::from_bytes`
[INFO] [stdout]    |
[INFO] [stdout]   ::: src/traits/bytes.rs:1:1
[INFO] [stdout]    |
[INFO] [stdout]  1 | crate::trait_bytes_place!();
[INFO] [stdout]    | --------------------------- in this macro invocation
[INFO] [stdout]    = note: this error originates in the macro `ample::trait_implement_primitive_numeric_bytes` which comes from the expansion of the macro `crate::trait_bytes_place` (in Nightly builds, run with -Z macro-backtrace for more info)
[INFO] [stdout] 
[INFO] [stdout] 
[INFO] [stdout] error[E0275]: overflow evaluating whether `[u8; ample::::traits::bytes::Bytes::to_bytes::{constant#0}]` is well-formed
[INFO] [stdout]   --> tests/flags.rs:5:1
[INFO] [stdout]    |
[INFO] [stdout]  5 | / ample::flags!(
[INFO] [stdout]  6 | |     u8;
[INFO] [stdout]  7 | |     "Example flags";
[INFO] [stdout]  8 | |     pub struct ExampleFlags {
[INFO] [stdout] ...  |
[INFO] [stdout] 12 | | );
[INFO] [stdout]    | |_^
[INFO] [stdout]    |
[INFO] [stdout] note: required by a bound in `to_bytes`
[INFO] [stdout]   --> src/macros/traits/bytes.rs:43:17
[INFO] [stdout]    |
[INFO] [stdout] 31 |         pub trait Bytes<Origin, Destination> {
[INFO] [stdout] ...
[INFO] [stdout] 38 |             fn to_bytes(
[INFO] [stdout] ...
[INFO] [stdout] 43 |                 [u8; <Self as crate::traits::Bytes<Origin, Destination>>::REPRESENTATION_SIZE]:;
[INFO] [stdout]    |                 ^^^^^^^^^^^^^^^^^^^^^^^^^^^^^^^^^^^^^^^^^^^^^^^^^^^^^^^^^^^^^^^^^^^^^^^^^^^^^^ required by this bound in `Bytes::to_bytes`
[INFO] [stdout]    |
[INFO] [stdout]   ::: src/traits/bytes.rs:1:1
[INFO] [stdout]    |
[INFO] [stdout]  1 | crate::trait_bytes_place!();
[INFO] [stdout]    | --------------------------- in this macro invocation
[INFO] [stdout]    = note: this error originates in the macro `ample::flags` which comes from the expansion of the macro `crate::trait_bytes_place` (in Nightly builds, run with -Z macro-backtrace for more info)
[INFO] [stdout] 
[INFO] [stdout] 
[INFO] [stdout] error[E0275]: overflow evaluating whether `[u8; ample::::traits::bytes::Bytes::from_bytes::{constant#0}]` is well-formed
[INFO] [stdout]   --> tests/flags.rs:5:1
[INFO] [stdout]    |
[INFO] [stdout]  5 | / ample::flags!(
[INFO] [stdout]  6 | |     u8;
[INFO] [stdout]  7 | |     "Example flags";
[INFO] [stdout]  8 | |     pub struct ExampleFlags {
[INFO] [stdout] ...  |
[INFO] [stdout] 12 | | );
[INFO] [stdout]    | |_^
[INFO] [stdout]    |
[INFO] [stdout] note: required by a bound in `ample::traits::Bytes::from_bytes`
[INFO] [stdout]   --> src/macros/traits/bytes.rs:69:17
[INFO] [stdout]    |
[INFO] [stdout] 31 |         pub trait Bytes<Origin, Destination> {
[INFO] [stdout] ...
[INFO] [stdout] 63 |             fn from_bytes(
[INFO] [stdout] ...
[INFO] [stdout] 69 |                 [u8; <Self as crate::traits::Bytes<Origin, Destination>>::REPRESENTATION_SIZE]:;
[INFO] [stdout]    |                 ^^^^^^^^^^^^^^^^^^^^^^^^^^^^^^^^^^^^^^^^^^^^^^^^^^^^^^^^^^^^^^^^^^^^^^^^^^^^^^ required by this bound in `Bytes::from_bytes`
[INFO] [stdout]    |
[INFO] [stdout]   ::: src/traits/bytes.rs:1:1
[INFO] [stdout]    |
[INFO] [stdout]  1 | crate::trait_bytes_place!();
[INFO] [stdout]    | --------------------------- in this macro invocation
[INFO] [stdout]    = note: this error originates in the macro `ample::flags` which comes from the expansion of the macro `crate::trait_bytes_place` (in Nightly builds, run with -Z macro-backtrace for more info)
[INFO] [stdout] 
[INFO] [stdout] 
[INFO] [stdout] For more information about this error, try `rustc --explain E0275`.
[INFO] [stdout] 
[INFO] [stdout] error[E0432]: unresolved import `ample::Vec`
[INFO] [stdout]  --> tests/vec.rs:1:5
[INFO] [stdout]   |
[INFO] [stdout] 1 | use ample::Vec;
[INFO] [stdout]   |     ^^^^^^^---
[INFO] [stdout]   |            |
[INFO] [stdout]   |            no `Vec` in the root
[INFO] [stdout]   |
[INFO] [stdout] help: consider importing one of these structs instead
[INFO] [stdout]   |
[INFO] [stdout] 1 - use ample::Vec;
[INFO] [stdout] 1 + use std::vec::Vec;
[INFO] [stdout]   |
[INFO] [stdout] 1 | use ample::r#type::Vec;
[INFO] [stdout]   |            ++++++++
[INFO] [stdout] 
[INFO] [stdout] 
[INFO] [stdout] For more information about this error, try `rustc --explain E0432`.
[INFO] [stdout] 
[INFO] [stderr] error: could not compile `ample` (test "flags") due to 3 previous errors
[INFO] [stderr] error: could not compile `ample` (test "vec") due to 1 previous error
[INFO] running `Command { std: "docker" "inspect" "3531af1a2f349fb1fe4f65560307cf60ebb3dfba2ae2c5dcd907be6924960433", kill_on_drop: false }`
[INFO] running `Command { std: "docker" "rm" "-f" "3531af1a2f349fb1fe4f65560307cf60ebb3dfba2ae2c5dcd907be6924960433", kill_on_drop: false }`
[INFO] [stdout] 3531af1a2f349fb1fe4f65560307cf60ebb3dfba2ae2c5dcd907be6924960433
