[INFO] cloning repository https://github.com/zdonghe/starship-daemon
[INFO] running `Command { std: "git" "-c" "credential.helper=" "-c" "credential.helper=/workspace/cargo-home/bin/git-credential-null" "clone" "--bare" "https://github.com/zdonghe/starship-daemon" "/workspace/cache/git-repos/https%3A%2F%2Fgithub.com%2Fzdonghe%2Fstarship-daemon", kill_on_drop: false }`
[INFO] [stderr] Cloning into bare repository '/workspace/cache/git-repos/https%3A%2F%2Fgithub.com%2Fzdonghe%2Fstarship-daemon'...
[INFO] running `Command { std: "git" "rev-parse" "HEAD", kill_on_drop: false }`
[INFO] [stdout] 6e44a6ae2724508a051074590eff03c12b993fc4
[INFO] checking zdonghe/starship-daemon against 3154cc1a3e6424e44f438a95007d043ed5ceaaf6+rustflags=-Znext-solver=coherence for pr-133502-30
[INFO] running `Command { std: "git" "clone" "/workspace/cache/git-repos/https%3A%2F%2Fgithub.com%2Fzdonghe%2Fstarship-daemon" "/workspace/builds/worker-5-tc1/source", kill_on_drop: false }`
[INFO] [stderr] Cloning into '/workspace/builds/worker-5-tc1/source'...
[INFO] [stderr] done.
[INFO] started tweaking git repo https://github.com/zdonghe/starship-daemon
[INFO] removed 0 missing tests
[INFO] finished tweaking git repo https://github.com/zdonghe/starship-daemon
[INFO] tweaked toml for git repo https://github.com/zdonghe/starship-daemon written to /workspace/builds/worker-5-tc1/source/Cargo.toml
[INFO] validating manifest of git repo https://github.com/zdonghe/starship-daemon on toolchain 3154cc1a3e6424e44f438a95007d043ed5ceaaf6
[INFO] running `Command { std: CARGO_HOME="/workspace/cargo-home" RUSTUP_HOME="/workspace/rustup-home" "/workspace/cargo-home/bin/cargo" "+3154cc1a3e6424e44f438a95007d043ed5ceaaf6" "metadata" "--manifest-path" "Cargo.toml" "--no-deps", kill_on_drop: false }`
[INFO] crate git repo https://github.com/zdonghe/starship-daemon already has a lockfile, it will not be regenerated
[INFO] running `Command { std: CARGO_HOME="/workspace/cargo-home" RUSTUP_HOME="/workspace/rustup-home" "/workspace/cargo-home/bin/cargo" "+3154cc1a3e6424e44f438a95007d043ed5ceaaf6" "fetch" "--manifest-path" "Cargo.toml", kill_on_drop: false }`
[INFO] [stderr]     Updating crates.io index
[INFO] [stderr]     Updating git repository `https://github.com/zdonghe/starship`
[INFO] [stderr]  Downloading crates ...
[INFO] [stderr]   Downloaded kstat-rs v0.2.5
[INFO] [stderr]   Downloaded whoami v2.1.3
[INFO] [stderr]   Downloaded versions v7.0.0
[INFO] [stderr]   Downloaded is_debug v1.1.0
[INFO] [stderr]   Downloaded attr_alias v0.1.5
[INFO] [stderr]   Downloaded yaml-rust2 v0.11.0
[INFO] [stderr]   Downloaded process_control v5.2.0
[INFO] [stderr]   Downloaded systemstat v0.2.7
[INFO] [stderr]   Downloaded shadow-rs v2.0.0
[INFO] [stderr]   Downloaded errno-dragonfly v0.1.2
[INFO] [stderr]   Downloaded open v5.4.1
[INFO] [stderr]   Downloaded jsonc-parser v0.33.1
[INFO] [stderr]   Downloaded guess_host_triple v0.1.5
[INFO] [stderr]   Downloaded errno v0.2.8
[INFO] [stderr]   Downloaded gix-worktree-stream v0.35.0
[INFO] [stderr]   Downloaded gix-traverse v0.60.0
[INFO] [stderr]   Downloaded gix-revwalk v0.34.0
[INFO] [stderr]   Downloaded gix-object v0.63.0
[INFO] [stderr]   Downloaded gix-validate v0.11.3
[INFO] [stderr]   Downloaded gix-filter v0.33.0
[INFO] [stderr]   Downloaded gix-command v0.9.2
[INFO] [stderr]   Downloaded gix-glob v0.27.0
[INFO] [stderr]   Downloaded gix v0.86.0
[INFO] [stderr]   Downloaded gix-utils v0.3.5
[INFO] [stderr]   Downloaded gix-features v0.49.0
[INFO] [stderr]   Downloaded gix-path v0.12.4
[INFO] [stderr]   Downloaded gix-date v0.15.6
[INFO] [stderr]   Downloaded gix-error v0.2.5
[INFO] [stderr]   Downloaded gix-actor v0.41.2
[INFO] [stderr]   Downloaded gix-quote v0.7.2
[INFO] [stderr]   Downloaded gix-bitmap v0.3.3
[INFO] [stderr]   Downloaded gix-url v0.37.1
[INFO] [stderr]   Downloaded gix-chunk v0.7.3
[INFO] [stderr]   Downloaded gix-ignore v0.22.0
[INFO] [stderr]   Downloaded bisync v0.3.0
[INFO] [stderr]   Downloaded bisync_macros v0.2.3
[INFO] [stderr]   Downloaded deelevate v0.2.0
[INFO] [stderr]   Downloaded gix-hash v0.26.0
[INFO] [stderr]   Downloaded gix-commitgraph v0.38.0
[INFO] [stderr]   Downloaded gix-fs v0.22.0
[INFO] [stderr]   Downloaded gix-worktree v0.55.0
[INFO] [stderr]   Downloaded gix-discover v0.54.0
[INFO] [stderr]   Downloaded gix-attributes v0.34.0
[INFO] [stderr]   Downloaded gix-refspec v0.44.0
[INFO] [stderr]   Downloaded gix-revision v0.48.0
[INFO] [stderr]   Downloaded gix-imara-diff v0.2.4
[INFO] [stderr]   Downloaded terminfo v0.7.5
[INFO] [stderr]   Downloaded gix-packetline v0.22.0
[INFO] [stderr]   Downloaded gix-index v0.54.0
[INFO] [stderr]   Downloaded gix-submodule v0.33.0
[INFO] [stderr]   Downloaded gix-pathspec v0.19.0
[INFO] [stderr]   Downloaded gix-config v0.59.0
[INFO] [stderr]   Downloaded gix-ref v0.66.0
[INFO] [stderr]   Downloaded gix-status v0.33.0
[INFO] [stderr]   Downloaded gix-dir v0.28.0
[INFO] [stderr]   Downloaded gix-diff v0.66.0
[INFO] [stderr]   Downloaded gix-protocol v0.64.0
[INFO] [stderr]   Downloaded gix-transport v0.58.1
[INFO] [stderr]   Downloaded gix-pack v0.73.0
[INFO] [stderr]   Downloaded gix-odb v0.83.0
[INFO] [stderr]   Downloaded termwiz v0.15.0
[INFO] [stderr]   Downloaded nom v5.1.3
[INFO] [stderr]   Downloaded gix-hashtable v0.15.2
[INFO] [stderr]   Downloaded gix-commitgraph v0.37.1
[INFO] [stderr]   Downloaded signal-hook v0.1.17
[INFO] [stderr]   Downloaded pathsearch v0.2.0
[INFO] [stderr]   Downloaded clap_complete_nushell v4.6.2
[INFO] [stderr]   Downloaded jsonc-parser v0.32.4
[INFO] [stderr]   Downloaded gix-worktree-stream v0.34.0
[INFO] [stderr]   Downloaded gix-traverse v0.59.0
[INFO] [stderr]   Downloaded gix-revwalk v0.33.0
[INFO] [stderr]   Downloaded gix-object v0.62.0
[INFO] [stderr]   Downloaded gix-hash v0.25.1
[INFO] [stderr]   Downloaded gix-features v0.48.1
[INFO] [stderr]   Downloaded starship v1.26.0
[INFO] [stderr]   Downloaded quick-xml v0.40.1
[INFO] [stderr]   Downloaded gix v0.85.0
[INFO] [stderr]   Downloaded gix-fs v0.21.2
[INFO] [stderr]   Downloaded gix-lock v23.0.1
[INFO] [stderr]   Downloaded gix-ignore v0.21.1
[INFO] [stderr]   Downloaded gix-url v0.36.2
[INFO] [stderr]   Downloaded gix-submodule v0.32.0
[INFO] [stderr]   Downloaded gix-discover v0.53.0
[INFO] [stderr]   Downloaded gix-shallow v0.12.1
[INFO] [stderr]   Downloaded gix-packetline v0.21.5
[INFO] [stderr]   Downloaded gix-tempfile v23.0.2
[INFO] [stderr]   Downloaded gix-refspec v0.43.0
[INFO] [stderr]   Downloaded gix-pathspec v0.18.1
[INFO] [stderr]   Downloaded gix-filter v0.32.0
[INFO] [stderr]   Downloaded gix-attributes v0.33.2
[INFO] [stderr]   Downloaded gix-glob v0.26.1
[INFO] [stderr]   Downloaded gix-worktree v0.54.0
[INFO] [stderr]   Downloaded gix-config-value v0.18.1
[INFO] [stderr]   Downloaded gix-status v0.32.0
[INFO] [stderr]   Downloaded gix-dir v0.27.0
[INFO] [stderr]   Downloaded gix-revision v0.47.0
[INFO] [stderr]   Downloaded gix-diff v0.65.0
[INFO] [stderr]   Downloaded gix-protocol v0.63.0
[INFO] [stderr]   Downloaded gix-transport v0.57.2
[INFO] [stderr]   Downloaded gix-odb v0.82.0
[INFO] [stderr]   Downloaded gix-index v0.53.0
[INFO] [stderr]   Downloaded gix-ref v0.65.0
[INFO] [stderr]   Downloaded gix-pack v0.72.0
[INFO] [stderr]   Downloaded gix-config v0.58.0
[INFO] running `Command { std: "docker" "create" "-v" "/var/lib/crater-agent-workspace/builds/worker-5-tc1/source:/opt/rustwide/workdir:ro,Z" "-v" "/var/lib/crater-agent-workspace/builds/worker-5-tc1/target:/opt/rustwide/target:rw,Z" "-v" "/var/lib/crater-agent-workspace/cargo-home:/opt/rustwide/cargo-home:ro,Z" "-v" "/var/lib/crater-agent-workspace/rustup-home:/opt/rustwide/rustup-home:ro,Z" "-m" "1610612736" "--network" "none" "ghcr.io/rust-lang/crates-build-env/linux@sha256:77db811e55d90add9212f6832c23229e3de5f1c1f9905e8cb07319ea15df73ac" "sleep" "infinity", kill_on_drop: false }`
[INFO] [stdout] 5694106bf2fa04f6f002b7d2ce9d912dce06ca57a2e5d16dced55a60ba10adc0
[INFO] running `Command { std: "docker" "start" "5694106bf2fa04f6f002b7d2ce9d912dce06ca57a2e5d16dced55a60ba10adc0", kill_on_drop: false }`
[INFO] running `Command { std: "docker" "inspect" "5694106bf2fa04f6f002b7d2ce9d912dce06ca57a2e5d16dced55a60ba10adc0", kill_on_drop: false }`
[INFO] running `Command { std: "docker" "exec" "-e" "SOURCE_DIR=/opt/rustwide/workdir" "-e" "CARGO_HOME=/opt/rustwide/cargo-home" "-e" "RUSTUP_HOME=/opt/rustwide/rustup-home" "-e" "CARGO_TARGET_DIR=/opt/rustwide/target" "-w" "/opt/rustwide/workdir" "--user" "0:0" "5694106bf2fa04f6f002b7d2ce9d912dce06ca57a2e5d16dced55a60ba10adc0" "/opt/rustwide/cargo-home/bin/cargo" "+3154cc1a3e6424e44f438a95007d043ed5ceaaf6" "metadata" "--no-deps" "--format-version=1", kill_on_drop: false }`
[INFO] running `Command { std: "docker" "inspect" "5694106bf2fa04f6f002b7d2ce9d912dce06ca57a2e5d16dced55a60ba10adc0", kill_on_drop: false }`
[INFO] running `Command { std: "docker" "exec" "-e" "SOURCE_DIR=/opt/rustwide/workdir" "-e" "CARGO_HOME=/opt/rustwide/cargo-home" "-e" "RUSTUP_HOME=/opt/rustwide/rustup-home" "-e" "CARGO_TARGET_DIR=/opt/rustwide/target" "-e" "CARGO_INCREMENTAL=0" "-e" "RUST_BACKTRACE=full" "-e" "RUSTFLAGS=--cap-lints=forbid -Znext-solver=coherence" "-e" "RUSTDOCFLAGS=--cap-lints=forbid" "-w" "/opt/rustwide/workdir" "--user" "0:0" "5694106bf2fa04f6f002b7d2ce9d912dce06ca57a2e5d16dced55a60ba10adc0" "/opt/rustwide/cargo-home/bin/cargo" "+3154cc1a3e6424e44f438a95007d043ed5ceaaf6" "check" "--frozen" "--all" "--all-targets" "--message-format=json", kill_on_drop: false }`
[INFO] [stderr]     Checking regex-syntax v0.8.11
[INFO] [stderr]     Checking gix-trace v0.1.21
[INFO] [stderr]     Checking smallvec v1.15.2
[INFO] [stderr]     Checking getrandom v0.4.3
[INFO] [stderr]     Checking unicode-normalization v0.1.25
[INFO] [stderr]     Checking crossbeam-channel v0.5.16
[INFO] [stderr]     Checking foldhash v0.2.0
[INFO] [stderr]    Compiling heapless v0.8.0
[INFO] [stderr]     Checking hash32 v0.3.1
[INFO] [stderr]     Checking jiff-core v0.1.0
[INFO] [stderr]    Compiling rustix v1.1.4
[INFO] [stderr]     Checking crypto-common v0.1.7
[INFO] [stderr]     Checking sha2 v0.11.0
[INFO] [stderr]     Checking linux-raw-sys v0.12.1
[INFO] [stderr]     Checking hashbrown v0.14.5
[INFO] [stderr]     Checking nonempty v0.12.0
[INFO] [stderr]     Checking unicode-bom v2.0.3
[INFO] [stderr]     Checking gix-sec v0.14.2
[INFO] [stderr]     Checking digest v0.10.7
[INFO] [stderr]     Checking hashbrown v0.17.1
[INFO] [stderr]    Compiling libc v0.2.189
[INFO] [stderr]    Compiling crunchy v0.2.4
[INFO] [stderr]     Checking shell-words v1.1.1
[INFO] [stderr]    Compiling tiny-keccak v2.0.2
[INFO] [stderr]     Checking sha1 v0.10.7
[INFO] [stderr]     Checking parking_lot_core v0.9.12
[INFO] [stderr]    Compiling const_format_proc_macros v0.2.34
[INFO] [stderr]     Checking sha1-checked v0.10.0
[INFO] [stderr]     Checking hashbrown v0.16.1
[INFO] [stderr]     Checking filetime v0.2.29
[INFO] [stderr]    Compiling konst_macro_rules v0.2.19
[INFO] [stderr]    Compiling once_cell v1.21.4
[INFO] [stderr]     Checking parking_lot v0.12.5
[INFO] [stderr]    Compiling serde v1.0.229
[INFO] [stderr]    Compiling konst v0.2.20
[INFO] [stderr]     Checking zlib-rs v0.6.7
[INFO] [stderr]    Compiling ref-cast v1.0.26
[INFO] [stderr]     Checking unicase v2.9.0
[INFO] [stderr]     Checking prodash v31.0.0
[INFO] [stderr]    Compiling cfg_aliases v0.2.2
[INFO] [stderr]     Checking dashmap v6.2.1
[INFO] [stderr]     Checking unicode-width v0.2.2
[INFO] [stderr]    Compiling nix v0.31.3
[INFO] [stderr]     Checking faster-hex v0.10.0
[INFO] [stderr]    Compiling pest v2.9.0
[INFO] [stderr]     Checking uluru v3.1.0
[INFO] [stderr]    Compiling serde_derive_internals v0.30.0
[INFO] [stderr]    Compiling ref-cast-impl v1.0.26
[INFO] [stderr]     Checking clap_builder v4.6.6
[INFO] [stderr]     Checking clru v0.6.3
[INFO] [stderr]    Compiling bisync_macros v0.2.3
[INFO] [stderr]     Checking regex-automata v0.4.18
[INFO] [stderr]     Checking winnow v1.0.4
[INFO] [stderr]     Checking jiff v0.2.35
[INFO] [stderr]    Compiling is_debug v1.1.0
[INFO] [stderr]     Checking bisync v0.3.0
[INFO] [stderr]     Checking indexmap v2.14.0
[INFO] [stderr]     Checking arc-swap v1.9.2
[INFO] [stderr]    Compiling const_format v0.2.36
[INFO] [stderr]     Checking toml_datetime v1.1.1+spec-1.1.0
[INFO] [stderr]    Compiling syn v2.0.119
[INFO] [stderr]     Checking is-docker v0.2.0
[INFO] [stderr]    Compiling dunce v1.0.5
[INFO] [stderr]     Checking toml_writer v1.1.2+spec-1.1.0
[INFO] [stderr]     Checking option-ext v0.2.0
[INFO] [stderr]     Checking gix-zlib v0.1.0
[INFO] [stderr]     Checking dyn-clone v1.0.20
[INFO] [stderr]     Checking dirs-sys v0.5.0
[INFO] [stderr]     Checking nom v7.1.3
[INFO] [stderr]     Checking time v0.3.55
[INFO] [stderr]     Checking is-wsl v0.4.0
[INFO] [stderr]     Checking hashlink v0.11.1
[INFO] [stderr]     Checking serde_spanned v1.1.1
[INFO] [stderr]    Compiling getrandom v0.2.17
[INFO] [stderr]    Compiling schemars_derive v1.2.2
[INFO] [stderr]     Checking errno v0.2.8
[INFO] [stderr]     Checking arraydeque v0.5.1
[INFO] [stderr]    Compiling attr_alias v0.1.5
[INFO] [stderr]    Compiling const-random-macro v0.1.16
[INFO] [stderr]     Checking bytesize v1.3.3
[INFO] [stderr]     Checking yaml-rust2 v0.11.0
[INFO] [stderr]     Checking versions v7.0.0
[INFO] [stderr]     Checking const-random v0.1.18
[INFO] [stderr]     Checking dlv-list v0.5.2
[INFO] [stderr]     Checking toml_parser v1.1.3+spec-1.1.0
[INFO] [stderr]    Compiling pest_meta v2.9.0
[INFO] [stderr]     Checking process_control v5.2.0
[INFO] [stderr]     Checking ordered-multimap v0.7.3
[INFO] [stderr]     Checking clap v4.6.6
[INFO] [stderr]     Checking clap_complete v4.6.9
[INFO] [stderr]     Checking guess_host_triple v0.1.5
[INFO] [stderr]     Checking rand v0.10.2
[INFO] [stderr]     Checking open v5.4.1
[INFO] [stderr]     Checking dirs v6.0.0
[INFO] [stderr]     Checking tempfile v3.27.0
[INFO] [stderr]     Checking rust-ini v0.21.3
[INFO] [stderr]     Checking terminal_size v0.4.4
[INFO] [stderr]     Checking jsonc-parser v0.33.1
[INFO] [stderr]     Checking sha1 v0.11.0
[INFO] [stderr]     Checking toml_edit v0.25.13+spec-1.1.0
[INFO] [stderr]     Checking systemstat v0.2.7
[INFO] [stderr]     Checking toml v1.1.4+spec-1.1.0
[INFO] [stderr]     Checking clap_complete_nushell v4.6.2
[INFO] [stderr]     Checking whoami v2.1.3
[INFO] [stderr]     Checking which v8.0.5
[INFO] [stderr]     Checking path-slash v0.2.1
[INFO] [stderr]     Checking urlencoding v2.1.3
[INFO] [stderr]     Checking unicode-segmentation v1.13.3
[INFO] [stderr]     Checking semver v1.0.28
[INFO] [stderr]     Checking lru v0.12.5
[INFO] [stderr]     Checking schemars v1.2.2
[INFO] [stderr]    Compiling pest_generator v2.9.0
[INFO] [stderr]     Checking shadow-rs v2.0.0
[INFO] [stderr]     Checking bstr v1.13.1
[INFO] [stderr]     Checking regex v1.13.1
[INFO] [stderr]    Compiling pest_derive v2.9.0
[INFO] [stderr]     Checking os_info v3.15.0
[INFO] [stderr]     Checking gix-validate v0.11.3
[INFO] [stderr]     Checking gix-utils v0.3.5
[INFO] [stderr]     Checking gix-error v0.2.5
[INFO] [stderr]     Checking gix-packetline v0.22.0
[INFO] [stderr]     Checking gix-imara-diff v0.2.4
[INFO] [stderr]     Checking gix-path v0.12.4
[INFO] [stderr]     Checking gix-date v0.15.6
[INFO] [stderr]     Checking gix-chunk v0.7.3
[INFO] [stderr]     Checking gix-quote v0.7.2
[INFO] [stderr]     Checking gix-bitmap v0.3.3
[INFO] [stderr]     Checking gix-features v0.49.0
[INFO] [stderr]     Checking gix-config-value v0.19.1
[INFO] [stderr]     Checking gix-url v0.37.1
[INFO] [stderr]     Checking gix-command v0.9.2
[INFO] [stderr]     Checking gix-actor v0.41.2
[INFO] [stderr]     Checking gix-hash v0.26.0
[INFO] [stderr]     Checking gix-fs v0.22.0
[INFO] [stderr]     Checking gix-glob v0.27.0
[INFO] [stderr]     Checking gix-transport v0.58.1
[INFO] [stderr]     Checking gix-tempfile v24.0.0
[INFO] [stderr]     Checking gix-attributes v0.34.0
[INFO] [stderr]     Checking gix-ignore v0.22.0
[INFO] [stderr]     Checking gix-hashtable v0.16.0
[INFO] [stderr]     Checking gix-commitgraph v0.38.0
[INFO] [stderr]     Checking gix-lock v24.0.0
[INFO] [stderr]     Checking gix-object v0.63.0
[INFO] [stderr]     Checking gix-shallow v0.13.0
[INFO] [stderr]     Checking gix-pathspec v0.19.0
[INFO] [stderr]     Checking gix-revwalk v0.34.0
[INFO] [stderr]     Checking gix-ref v0.66.0
[INFO] [stderr]     Checking gix-filter v0.33.0
[INFO] [stderr]     Checking gix-pack v0.73.0
[INFO] [stderr]     Checking gix-traverse v0.60.0
[INFO] [stderr]     Checking gix-revision v0.48.0
[INFO] [stderr]    Compiling starship v1.26.0 (https://github.com/zdonghe/starship?rev=3d0bccb7#3d0bccb7)
[INFO] [stderr]     Checking gix-refspec v0.44.0
[INFO] [stderr]     Checking gix-index v0.54.0
[INFO] [stderr]     Checking gix-discover v0.54.0
[INFO] [stderr]     Checking gix-config v0.59.0
[INFO] [stderr]     Checking gix-protocol v0.64.0
[INFO] [stderr]     Checking gix-odb v0.83.0
[INFO] [stderr]     Checking gix-worktree v0.55.0
[INFO] [stderr]     Checking gix-diff v0.66.0
[INFO] [stderr]     Checking gix-dir v0.28.0
[INFO] [stderr]     Checking gix-status v0.33.0
[INFO] [stderr]     Checking gix-submodule v0.33.0
[INFO] [stderr]     Checking gix v0.86.0
[INFO] [stderr]     Checking starship-daemon v0.1.0 (/opt/rustwide/workdir)
[INFO] [stdout] error[E0433]: cannot find `windows` in `os`
[INFO] [stdout]   --> src/ffi.rs:61:18
[INFO] [stdout]    |
[INFO] [stdout] 61 |     use std::os::windows::ffi::OsStrExt;
[INFO] [stdout]    |                  ^^^^^^^ could not find `windows` in `os`
[INFO] [stdout]    |
[INFO] [stdout] note: found an item that was configured out
[INFO] [stdout]   --> /rustc/3154cc1a3e6424e44f438a95007d043ed5ceaaf6/library/std/src/os/mod.rs:62:4
[INFO] [stdout]    |
[INFO] [stdout]    = note: the item is gated behind the `windows` feature
[INFO] [stdout] 
[INFO] [stdout] 
[INFO] [stdout] error[E0433]: cannot find `windows` in `os`
[INFO] [stdout]   --> src/ffi.rs:61:18
[INFO] [stdout]    |
[INFO] [stdout] 61 |     use std::os::windows::ffi::OsStrExt;
[INFO] [stdout]    |                  ^^^^^^^ could not find `windows` in `os`
[INFO] [stdout]    |
[INFO] [stdout] note: found an item that was configured out
[INFO] [stdout]   --> /rustc/3154cc1a3e6424e44f438a95007d043ed5ceaaf6/library/std/src/os/mod.rs:62:4
[INFO] [stdout]    |
[INFO] [stdout]    = note: the item is gated behind the `windows` feature
[INFO] [stdout] 
[INFO] [stdout] 
[INFO] [stdout] error[E0599]: no method named `encode_wide` found for reference `&OsStr` in the current scope
[INFO] [stdout]   --> src/ffi.rs:63:10
[INFO] [stdout]    |
[INFO] [stdout] 62 |     p.as_os_str()
[INFO] [stdout] 63 |         .encode_wide()
[INFO] [stdout]    |          ^^^^^^^^^^^ method not found in `&OsStr`
[INFO] [stdout] 
[INFO] [stdout] 
[INFO] [stdout] error[E0599]: no method named `encode_wide` found for reference `&OsStr` in the current scope
[INFO] [stdout]   --> src/ffi.rs:63:10
[INFO] [stdout]    |
[INFO] [stdout] 62 |     p.as_os_str()
[INFO] [stdout] 63 |         .encode_wide()
[INFO] [stdout]    |          ^^^^^^^^^^^ method not found in `&OsStr`
[INFO] [stdout] 
[INFO] [stdout] 
[INFO] [stdout] Some errors have detailed explanations: E0433, E0599.
[INFO] [stdout] 
[INFO] [stdout] For more information about an error, try `rustc --explain E0433`.
[INFO] [stdout] 
[INFO] [stderr] error: could not compile `starship-daemon` (lib) due to 2 previous errors
[INFO] [stderr] warning: build failed, waiting for other jobs to finish...
[INFO] [stdout] Some errors have detailed explanations: E0433, E0599.
[INFO] [stdout] 
[INFO] [stdout] For more information about an error, try `rustc --explain E0433`.
[INFO] [stdout] 
[INFO] [stderr] error: could not compile `starship-daemon` (lib test) due to 2 previous errors
[INFO] running `Command { std: "docker" "inspect" "5694106bf2fa04f6f002b7d2ce9d912dce06ca57a2e5d16dced55a60ba10adc0", kill_on_drop: false }`
[INFO] running `Command { std: "docker" "rm" "-f" "5694106bf2fa04f6f002b7d2ce9d912dce06ca57a2e5d16dced55a60ba10adc0", kill_on_drop: false }`
[INFO] [stdout] 5694106bf2fa04f6f002b7d2ce9d912dce06ca57a2e5d16dced55a60ba10adc0
