[INFO] cloning repository https://github.com/zbzq8ztx22-star/MangoDisk
[INFO] running `Command { std: "git" "-c" "credential.helper=" "-c" "credential.helper=/workspace/cargo-home/bin/git-credential-null" "clone" "--bare" "https://github.com/zbzq8ztx22-star/MangoDisk" "/workspace/cache/git-repos/https%3A%2F%2Fgithub.com%2Fzbzq8ztx22-star%2FMangoDisk", kill_on_drop: false }`
[INFO] [stderr] Cloning into bare repository '/workspace/cache/git-repos/https%3A%2F%2Fgithub.com%2Fzbzq8ztx22-star%2FMangoDisk'...
[INFO] running `Command { std: "git" "rev-parse" "HEAD", kill_on_drop: false }`
[INFO] [stdout] 4af43648d6125b8bb4a5dd5d22973d3ca92500c1
[INFO] checking zbzq8ztx22-star/MangoDisk against 3154cc1a3e6424e44f438a95007d043ed5ceaaf6+rustflags=-Znext-solver=coherence for pr-133502-30
[INFO] running `Command { std: "git" "clone" "/workspace/cache/git-repos/https%3A%2F%2Fgithub.com%2Fzbzq8ztx22-star%2FMangoDisk" "/workspace/builds/worker-2-tc1/source", kill_on_drop: false }`
[INFO] [stderr] Cloning into '/workspace/builds/worker-2-tc1/source'...
[INFO] [stderr] done.
[INFO] removed /workspace/builds/worker-2-tc1/source/rust-toolchain.toml
[INFO] started tweaking git repo https://github.com/zbzq8ztx22-star/MangoDisk
[INFO] finished tweaking git repo https://github.com/zbzq8ztx22-star/MangoDisk
[INFO] tweaked toml for git repo https://github.com/zbzq8ztx22-star/MangoDisk written to /workspace/builds/worker-2-tc1/source/Cargo.toml
[INFO] validating manifest of git repo https://github.com/zbzq8ztx22-star/MangoDisk on toolchain 3154cc1a3e6424e44f438a95007d043ed5ceaaf6
[INFO] running `Command { std: CARGO_HOME="/workspace/cargo-home" RUSTUP_HOME="/workspace/rustup-home" "/workspace/cargo-home/bin/cargo" "+3154cc1a3e6424e44f438a95007d043ed5ceaaf6" "metadata" "--manifest-path" "Cargo.toml" "--no-deps", kill_on_drop: false }`
[INFO] crate git repo https://github.com/zbzq8ztx22-star/MangoDisk already has a lockfile, it will not be regenerated
[INFO] running `Command { std: CARGO_HOME="/workspace/cargo-home" RUSTUP_HOME="/workspace/rustup-home" "/workspace/cargo-home/bin/cargo" "+3154cc1a3e6424e44f438a95007d043ed5ceaaf6" "fetch" "--manifest-path" "Cargo.toml", kill_on_drop: false }`
[INFO] [stderr] warning: unused field `authors` in `workspace.package`
[INFO] [stderr]   --> Cargo.toml:15:1
[INFO] [stderr]    |
[INFO] [stderr] 15 | authors = ["harry0703 <harry0703@hotmail.com>"]
[INFO] [stderr]    | ^^^^^^^
[INFO] [stderr]    |
[INFO] [stderr]    = note: `cargo::unused_workspace_package_fields` is set to `warn` by default
[INFO] [stderr] help: consider removing the field `workspace.package.authors`
[INFO] [stderr] warning: unused field `homepage` in `workspace.package`
[INFO] [stderr]   --> Cargo.toml:17:1
[INFO] [stderr]    |
[INFO] [stderr] 17 | homepage = "https://mangodisk.app"
[INFO] [stderr]    | ^^^^^^^^
[INFO] [stderr]    |
[INFO] [stderr] help: consider removing the field `workspace.package.homepage`
[INFO] [stderr] warning: unused field `license` in `workspace.package`
[INFO] [stderr]   --> Cargo.toml:18:1
[INFO] [stderr]    |
[INFO] [stderr] 18 | license = "GPL-3.0-only"
[INFO] [stderr]    | ^^^^^^^
[INFO] [stderr]    |
[INFO] [stderr] help: consider removing the field `workspace.package.license`
[INFO] [stderr] warning: unused field `repository` in `workspace.package`
[INFO] [stderr]   --> Cargo.toml:19:1
[INFO] [stderr]    |
[INFO] [stderr] 19 | repository = "https://github.com/harry0703/MangoDisk"
[INFO] [stderr]    | ^^^^^^^^^^
[INFO] [stderr]    |
[INFO] [stderr] help: consider removing the field `workspace.package.repository`
[INFO] [stderr] warning: workspace (manifest) generated 4 warnings
[INFO] [stderr]     Updating crates.io index
[INFO] [stderr]  Downloading crates ...
[INFO] [stderr]   Downloaded objc2-uniform-type-identifiers v0.3.2
[INFO] [stderr]   Downloaded objc2-core-services v0.3.2
[INFO] [stderr]   Downloaded uuid v1.23.5
[INFO] [stderr]   Downloaded rusqlite v0.37.0
[INFO] [stderr]   Downloaded libsqlite3-sys v0.35.0
[INFO] [stderr]   Downloaded aws-lc-rs v1.15.3
[INFO] [stderr]   Downloaded tauri-plugin-store v2.4.4
[INFO] [stderr]   Downloaded tauri-plugin-single-instance v2.4.3
[INFO] [stderr]   Downloaded zbus_names v4.3.3
[INFO] [stderr]   Downloaded zbus v5.17.0
[INFO] [stderr]   Downloaded zvariant v5.13.0
[INFO] [stderr]   Downloaded zvariant_derive v5.13.0
[INFO] [stderr]   Downloaded zbus_macros v5.17.0
[INFO] [stderr]   Downloaded tauri-plugin-updater v2.10.1
[INFO] [stderr]   Downloaded tauri-plugin-prevent-default v2.1.4
[INFO] [stderr]   Downloaded os_info v3.15.0
[INFO] [stderr]   Downloaded tauri-plugin-os v2.3.2
[INFO] [stderr]   Downloaded tauri-plugin-opener v2.5.4
[INFO] [stderr]   Downloaded tauri-plugin-log v2.9.0
[INFO] [stderr]   Downloaded hayro-jpeg2000 v0.3.5
[INFO] [stderr]   Downloaded tauri-plugin-fs v2.5.1
[INFO] [stderr]   Downloaded icns v0.4.0
[INFO] [stderr]   Downloaded tauri-plugin-dialog v2.7.1
[INFO] [stderr]   Downloaded aws-lc-sys v0.36.0
[INFO] running `Command { std: "docker" "create" "-v" "/var/lib/crater-agent-workspace/builds/worker-2-tc1/source:/opt/rustwide/workdir:ro,Z" "-v" "/var/lib/crater-agent-workspace/builds/worker-2-tc1/target:/opt/rustwide/target:rw,Z" "-v" "/var/lib/crater-agent-workspace/cargo-home:/opt/rustwide/cargo-home:ro,Z" "-v" "/var/lib/crater-agent-workspace/rustup-home:/opt/rustwide/rustup-home:ro,Z" "-m" "1610612736" "--network" "none" "ghcr.io/rust-lang/crates-build-env/linux@sha256:77db811e55d90add9212f6832c23229e3de5f1c1f9905e8cb07319ea15df73ac" "sleep" "infinity", kill_on_drop: false }`
[INFO] [stdout] 68e61b08ae987b0835ccff6f4313d90a6060b8b53ead1bd57f43fde226052a49
[INFO] running `Command { std: "docker" "start" "68e61b08ae987b0835ccff6f4313d90a6060b8b53ead1bd57f43fde226052a49", kill_on_drop: false }`
[INFO] running `Command { std: "docker" "inspect" "68e61b08ae987b0835ccff6f4313d90a6060b8b53ead1bd57f43fde226052a49", kill_on_drop: false }`
[INFO] running `Command { std: "docker" "exec" "-e" "SOURCE_DIR=/opt/rustwide/workdir" "-e" "CARGO_HOME=/opt/rustwide/cargo-home" "-e" "RUSTUP_HOME=/opt/rustwide/rustup-home" "-e" "CARGO_TARGET_DIR=/opt/rustwide/target" "-w" "/opt/rustwide/workdir" "--user" "0:0" "68e61b08ae987b0835ccff6f4313d90a6060b8b53ead1bd57f43fde226052a49" "/opt/rustwide/cargo-home/bin/cargo" "+3154cc1a3e6424e44f438a95007d043ed5ceaaf6" "metadata" "--no-deps" "--format-version=1", kill_on_drop: false }`
[INFO] running `Command { std: "docker" "inspect" "68e61b08ae987b0835ccff6f4313d90a6060b8b53ead1bd57f43fde226052a49", kill_on_drop: false }`
[INFO] running `Command { std: "docker" "exec" "-e" "SOURCE_DIR=/opt/rustwide/workdir" "-e" "CARGO_HOME=/opt/rustwide/cargo-home" "-e" "RUSTUP_HOME=/opt/rustwide/rustup-home" "-e" "CARGO_TARGET_DIR=/opt/rustwide/target" "-e" "CARGO_INCREMENTAL=0" "-e" "RUST_BACKTRACE=full" "-e" "RUSTFLAGS=--cap-lints=forbid -Znext-solver=coherence" "-e" "RUSTDOCFLAGS=--cap-lints=forbid" "-w" "/opt/rustwide/workdir" "--user" "0:0" "68e61b08ae987b0835ccff6f4313d90a6060b8b53ead1bd57f43fde226052a49" "/opt/rustwide/cargo-home/bin/cargo" "+3154cc1a3e6424e44f438a95007d043ed5ceaaf6" "check" "--frozen" "--all" "--all-targets" "--message-format=json", kill_on_drop: false }`
[INFO] [stderr] warning: unused field `authors` in `workspace.package`
[INFO] [stderr]   --> Cargo.toml:15:1
[INFO] [stderr]    |
[INFO] [stderr] 15 | authors = ["harry0703 <harry0703@hotmail.com>"]
[INFO] [stderr]    | ^^^^^^^
[INFO] [stderr]    |
[INFO] [stderr]    = note: `cargo::unused_workspace_package_fields` is set to `warn` by default
[INFO] [stderr] help: consider removing the field `workspace.package.authors`
[INFO] [stderr] warning: unused field `homepage` in `workspace.package`
[INFO] [stderr]   --> Cargo.toml:17:1
[INFO] [stderr]    |
[INFO] [stderr] 17 | homepage = "https://mangodisk.app"
[INFO] [stderr]    | ^^^^^^^^
[INFO] [stderr]    |
[INFO] [stderr] help: consider removing the field `workspace.package.homepage`
[INFO] [stderr] warning: unused field `license` in `workspace.package`
[INFO] [stderr]   --> Cargo.toml:18:1
[INFO] [stderr]    |
[INFO] [stderr] 18 | license = "GPL-3.0-only"
[INFO] [stderr]    | ^^^^^^^
[INFO] [stderr]    |
[INFO] [stderr] help: consider removing the field `workspace.package.license`
[INFO] [stderr] warning: unused field `repository` in `workspace.package`
[INFO] [stderr]   --> Cargo.toml:19:1
[INFO] [stderr]    |
[INFO] [stderr] 19 | repository = "https://github.com/harry0703/MangoDisk"
[INFO] [stderr]    | ^^^^^^^^^^
[INFO] [stderr]    |
[INFO] [stderr] help: consider removing the field `workspace.package.repository`
[INFO] [stderr] warning: workspace (manifest) generated 4 warnings
[INFO] [stderr]    Compiling proc-macro2 v1.0.106
[INFO] [stderr]    Compiling serde_core v1.0.228
[INFO] [stderr]    Compiling serde v1.0.228
[INFO] [stderr]    Compiling smallvec v1.15.2
[INFO] [stderr]    Compiling quote v1.0.46
[INFO] [stderr]    Compiling jobserver v0.1.35
[INFO] [stderr]     Checking bitflags v2.13.0
[INFO] [stderr]    Compiling toml_writer v1.1.1+spec-1.1.0
[INFO] [stderr]    Compiling phf_generator v0.13.1
[INFO] [stderr]    Compiling litemap v0.8.2
[INFO] [stderr]    Compiling writeable v0.6.3
[INFO] [stderr]    Compiling icu_normalizer_data v2.2.0
[INFO] [stderr]    Compiling icu_properties_data v2.2.0
[INFO] [stderr]    Compiling serde_json v1.0.150
[INFO] [stderr]    Compiling anyhow v1.0.103
[INFO] [stderr]    Compiling getrandom v0.4.3
[INFO] [stderr]    Compiling aho-corasick v1.1.4
[INFO] [stderr]    Compiling phf_codegen v0.13.1
[INFO] [stderr]    Compiling cfg-expr v0.15.8
[INFO] [stderr]    Compiling parking_lot_core v0.9.12
[INFO] [stderr]    Compiling camino v1.2.4
[INFO] [stderr]    Compiling cc v1.2.67
[INFO] [stderr]    Compiling selectors v0.36.1
[INFO] [stderr]    Compiling time v0.3.53
[INFO] [stderr]    Compiling http v1.4.2
[INFO] [stderr]     Checking log v0.4.33
[INFO] [stderr]     Checking futures-channel v0.3.32
[INFO] [stderr]    Compiling parking_lot v0.12.5
[INFO] [stderr]    Compiling crossbeam-utils v0.8.22
[INFO] [stderr]     Checking toml_parser v1.1.2+spec-1.1.0
[INFO] [stderr]     Checking serde_spanned v1.1.1
[INFO] [stderr]    Compiling dirs-sys v0.5.0
[INFO] [stderr]    Compiling string_cache v0.9.0
[INFO] [stderr]    Compiling dirs v6.0.0
[INFO] [stderr]     Checking mio v1.2.2
[INFO] [stderr]    Compiling syn v1.0.109
[INFO] [stderr]    Compiling gtk v0.18.2
[INFO] [stderr]    Compiling time-macros v0.2.31
[INFO] [stderr]    Compiling x11 v2.21.0
[INFO] [stderr]    Compiling simd-adler32 v0.3.9
[INFO] [stderr]    Compiling syn v2.0.118
[INFO] [stderr]    Compiling string_cache_codegen v0.6.1
[INFO] [stderr]    Compiling syn v3.0.3
[INFO] [stderr]     Checking num_threads v0.1.7
[INFO] [stderr]     Checking uuid v1.23.5
[INFO] [stderr]    Compiling proc-macro-error-attr v1.0.4
[INFO] [stderr]    Compiling miniz_oxide v0.8.9
[INFO] [stderr]    Compiling regex-automata v0.4.15
[INFO] [stderr]    Compiling crc32fast v1.5.0
[INFO] [stderr]    Compiling cookie v0.18.1
[INFO] [stderr]    Compiling web_atoms v0.2.5
[INFO] [stderr]    Compiling libdbus-sys v0.2.7
[INFO] [stderr]     Checking cfb v0.7.3
[INFO] [stderr]    Compiling proc-macro-error v1.0.4
[INFO] [stderr]     Checking erased-serde v0.4.10
[INFO] [stderr]    Compiling fdeflate v0.3.7
[INFO] [stderr]    Compiling flate2 v1.1.9
[INFO] [stderr]     Checking quick-xml v0.41.0
[INFO] [stderr]     Checking toml_datetime v1.1.1+spec-1.1.0
[INFO] [stderr]    Compiling blake3 v1.8.5
[INFO] [stderr]     Checking infer v0.19.0
[INFO] [stderr]     Checking serde-untagged v0.1.9
[INFO] [stderr]     Checking toml v1.1.2+spec-1.1.0
[INFO] [stderr]     Checking x11-dl v2.21.0
[INFO] [stderr]    Compiling png v0.17.16
[INFO] [stderr]     Checking crossbeam-channel v0.5.16
[INFO] [stderr]     Checking semver v1.0.28
[INFO] [stderr]    Compiling rustix v1.1.4
[INFO] [stderr]     Checking glob v0.3.3
[INFO] [stderr]    Compiling libsqlite3-sys v0.35.0
[INFO] [stderr]     Checking dbus v0.9.12
[INFO] [stderr]    Compiling cmake v0.1.58
[INFO] [stderr]     Checking concurrent-queue v2.5.0
[INFO] [stderr]     Checking hashlink v0.10.0
[INFO] [stderr]     Checking toml_datetime v0.7.5+spec-1.1.0
[INFO] [stderr]     Checking fallible-streaming-iterator v0.1.9
[INFO] [stderr]    Compiling ico v0.5.0
[INFO] [stderr]    Compiling aws-lc-sys v0.36.0
[INFO] [stderr]     Checking winnow v0.7.15
[INFO] [stderr]     Checking fallible-iterator v0.3.0
[INFO] [stderr]     Checking regex v1.13.0
[INFO] [stderr]     Checking chrono v0.4.45
[INFO] [stderr]    Compiling rustc_version v0.4.1
[INFO] [stderr]    Compiling toml v0.9.12+spec-1.1.0
[INFO] [stderr]    Compiling field-offset v0.3.6
[INFO] [stderr]     Checking fs2 v0.4.3
[INFO] [stderr]    Compiling toml_edit v0.25.12+spec-1.1.0
[INFO] [stderr]    Compiling synstructure v0.13.2
[INFO] [stderr]    Compiling darling_core v0.23.0
[INFO] [stderr]    Compiling serde_derive_internals v0.29.1
[INFO] [stderr]    Compiling embed-resource v3.0.11
[INFO] [stderr]    Compiling ring v0.17.14
[INFO] [stderr]    Compiling tauri-winres v0.3.6
[INFO] [stderr]    Compiling aws-lc-rs v1.15.3
[INFO] [stderr]     Checking zeroize v1.9.0
[INFO] [stderr]    Compiling proc-macro-crate v3.5.0
[INFO] [stderr]     Checking event-listener v5.4.1
[INFO] [stderr]     Checking rustls-pki-types v1.15.1
[INFO] [stderr]     Checking getrandom v0.2.17
[INFO] [stderr]    Compiling tokio-macros v2.7.2
[INFO] [stderr]    Compiling nix v0.31.3
[INFO] [stderr]     Checking http-body v1.1.0
[INFO] [stderr]     Checking event-listener-strategy v0.5.4
[INFO] [stderr]    Compiling rustls v0.23.42
[INFO] [stderr]     Checking errno v0.3.14
[INFO] [stderr]     Checking async-channel v2.5.0
[INFO] [stderr]    Compiling unicase v2.9.0
[INFO] [stderr]     Checking async-lock v3.4.2
[INFO] [stderr]     Checking piper v0.2.5
[INFO] [stderr]     Checking signal-hook-registry v1.4.8
[INFO] [stderr]     Checking ipnet v2.12.0
[INFO] [stderr]     Checking rustls-native-certs v0.8.4
[INFO] [stderr]     Checking blocking v1.6.2
[INFO] [stderr]    Compiling mime_guess v2.0.5
[INFO] [stderr]     Checking async-executor v1.14.0
[INFO] [stderr]     Checking async-broadcast v0.7.2
[INFO] [stderr]     Checking ordered-stream v0.2.0
[INFO] [stderr]    Compiling rfd v0.16.0
[INFO] [stderr]     Checking http-body-util v0.1.4
[INFO] [stderr]     Checking filetime v0.2.29
[INFO] [stderr]     Checking either v1.16.0
[INFO] [stderr]     Checking open v5.4.0
[INFO] [stderr]     Checking fern v0.7.1
[INFO] [stderr]     Checking minisign-verify v0.2.5
[INFO] [stderr]     Checking jiff v0.2.33
[INFO] [stderr]     Checking tokio v1.52.3
[INFO] [stderr]     Checking itertools v0.14.0
[INFO] [stderr]     Checking clap_builder v4.6.2
[INFO] [stderr]    Compiling serde_derive v1.0.228
[INFO] [stderr]    Compiling zerofrom-derive v0.1.7
[INFO] [stderr]    Compiling yoke-derive v0.8.2
[INFO] [stderr]    Compiling zerovec-derive v0.11.3
[INFO] [stderr]    Compiling displaydoc v0.2.6
[INFO] [stderr]    Compiling thiserror-impl v1.0.69
[INFO] [stderr]    Compiling phf_macros v0.13.1
[INFO] [stderr]    Compiling thiserror-impl v2.0.18
[INFO] [stderr]    Compiling cssparser-macros v0.6.1
[INFO] [stderr]    Compiling darling_macro v0.23.0
[INFO] [stderr]    Compiling zerofrom v0.1.8
[INFO] [stderr]    Compiling derive_more-impl v2.1.1
[INFO] [stderr]    Compiling yoke v0.8.3
[INFO] [stderr]    Compiling schemars_derive v0.8.22
[INFO] [stderr]    Compiling futures-macro v0.3.32
[INFO] [stderr]    Compiling thiserror v1.0.69
[INFO] [stderr]    Compiling zerovec v0.11.6
[INFO] [stderr]    Compiling zerotrie v0.2.4
[INFO] [stderr]    Compiling phf v0.13.1
[INFO] [stderr]    Compiling darling v0.23.0
[INFO] [stderr]    Compiling serde_with_macros v3.21.0
[INFO] [stderr]    Compiling cssparser v0.36.0
[INFO] [stderr]    Compiling tinystr v0.8.3
[INFO] [stderr]    Compiling potential_utf v0.1.5
[INFO] [stderr]    Compiling icu_collections v2.2.0
[INFO] [stderr]    Compiling icu_locale_core v2.2.0
[INFO] [stderr]     Checking futures-util v0.3.32
[INFO] [stderr]    Compiling derive_more v2.1.1
[INFO] [stderr]    Compiling thiserror v2.0.18
[INFO] [stderr]    Compiling dlopen2_derive v0.4.3
[INFO] [stderr]    Compiling markup5ever v0.38.0
[INFO] [stderr]    Compiling serialize-to-javascript-impl v0.1.2
[INFO] [stderr]    Compiling serde_with v3.21.0
[INFO] [stderr]    Compiling html5ever v0.38.0
[INFO] [stderr]    Compiling serde_repr v0.1.20
[INFO] [stderr]    Compiling tracing-attributes v0.1.31
[INFO] [stderr]     Checking dlopen2 v0.8.2
[INFO] [stderr]    Compiling enumflags2_derive v0.7.12
[INFO] [stderr]     Checking polling v3.11.0
[INFO] [stderr]    Compiling async-trait v0.1.89
[INFO] [stderr]    Compiling icu_provider v2.2.0
[INFO] [stderr]    Compiling icu_properties v2.2.0
[INFO] [stderr]    Compiling icu_normalizer v2.2.0
[INFO] [stderr]     Checking dpi v0.1.2
[INFO] [stderr]     Checking jsonptr v0.6.3
[INFO] [stderr]    Compiling toml_datetime v0.6.3
[INFO] [stderr]    Compiling serde_spanned v0.6.9
[INFO] [stderr]    Compiling toml_edit v0.20.2
[INFO] [stderr]    Compiling cargo-platform v0.1.9
[INFO] [stderr]    Compiling indexmap v1.9.3
[INFO] [stderr]    Compiling cargo_metadata v0.19.2
[INFO] [stderr]    Compiling plist v1.10.0
[INFO] [stderr]    Compiling dom_query v0.27.0
[INFO] [stderr]    Compiling json-patch v3.0.1
[INFO] [stderr]    Compiling cargo_toml v0.22.3
[INFO] [stderr]     Checking futures-executor v0.3.32
[INFO] [stderr]    Compiling toml_edit v0.19.15
[INFO] [stderr]    Compiling idna_adapter v1.2.2
[INFO] [stderr]    Compiling idna v1.1.0
[INFO] [stderr]     Checking mangodisk-platform v1.0.9 (/opt/rustwide/workdir/src-tauri/crates/mangodisk-platform)
[INFO] [stderr]     Checking keyboard-types v0.7.0
[INFO] [stderr]    Compiling mangodisk-core v1.0.9 (/opt/rustwide/workdir/src-tauri/crates/mangodisk-core)
[INFO] [stdout] error: MangoDisk currently supports Windows and macOS
[INFO] [stdout]  --> src-tauri/crates/mangodisk-platform/src/current.rs:7:1
[INFO] [stdout]   |
[INFO] [stdout] 7 | compile_error!("MangoDisk currently supports Windows and macOS");
[INFO] [stdout]   | ^^^^^^^^^^^^^^^^^^^^^^^^^^^^^^^^^^^^^^^^^^^^^^^^^^^^^^^^^^^^^^^^
[INFO] [stdout] 
[INFO] [stdout] 
[INFO] [stderr]     Checking serialize-to-javascript v0.1.2
[INFO] [stderr]     Checking tracing v0.1.44
[INFO] [stdout] error[E0425]: cannot find value `CONTROLLED_ENV_ALLOWLIST` in this scope
[INFO] [stdout]    --> src-tauri/crates/mangodisk-platform/src/command/controlled.rs:382:20
[INFO] [stdout]     |
[INFO] [stdout] 382 |         for key in CONTROLLED_ENV_ALLOWLIST {
[INFO] [stdout]     |                    ^^^^^^^^^^^^^^^^^^^^^^^^ not found in this scope
[INFO] [stdout] 
[INFO] [stdout] 
[INFO] [stdout] warning: unused import: `directory_aggregate::DirectoryAggregateProgress`
[INFO] [stdout]   --> src-tauri/crates/mangodisk-platform/src/contracts/mod.rs:24:16
[INFO] [stdout]    |
[INFO] [stdout] 24 | pub(crate) use directory_aggregate::DirectoryAggregateProgress;
[INFO] [stdout]    |                ^^^^^^^^^^^^^^^^^^^^^^^^^^^^^^^^^^^^^^^^^^^^^^^
[INFO] [stdout]    |
[INFO] [stdout]    = note: `#[warn(unused_imports)]` (part of `#[warn(unused)]`) on by default
[INFO] [stdout] 
[INFO] [stdout] 
[INFO] [stdout] warning: unused import: `scan::FilesystemChangeMonitorBackend`
[INFO] [stdout]   --> src-tauri/crates/mangodisk-platform/src/contracts/mod.rs:46:16
[INFO] [stdout]    |
[INFO] [stdout] 46 | pub(crate) use scan::FilesystemChangeMonitorBackend;
[INFO] [stdout]    |                ^^^^^^^^^^^^^^^^^^^^^^^^^^^^^^^^^^^^
[INFO] [stdout] 
[INFO] [stdout] 
[INFO] [stderr]    Compiling url v2.5.8
[INFO] [stderr]    Compiling zvariant_utils v3.5.0
[INFO] [stdout] error[E0317]: `if` may be missing an `else` clause
[INFO] [stdout]   --> src-tauri/crates/mangodisk-platform/src/current.rs:19:5
[INFO] [stdout]    |
[INFO] [stdout] 18 |   ) -> crate::PlatformResult<crate::ApplicationDirectories> {
[INFO] [stdout]    |        ---------------------------------------------------- expected `crate::PlatformResult<crate::ApplicationDirectories>` because of this return type
[INFO] [stdout] 19 | /     if identifier.is_empty()
[INFO] [stdout] 20 | |         || identifier.contains(['/', '\\'])
[INFO] [stdout] 21 | |         || identifier == "."
[INFO] [stdout] 22 | |         || identifier == ".."
[INFO] [stdout] ...  |
[INFO] [stdout] 26 | |         ));
[INFO] [stdout] 27 | |     }
[INFO] [stdout]    | |_____^ expected `Result<ApplicationDirectories, _>`, found `()`
[INFO] [stdout]    |
[INFO] [stdout]    = note:   expected enum `Result<volumes::ApplicationDirectories, contracts::error::PlatformError>`
[INFO] [stdout]            found unit type `()`
[INFO] [stdout]    = note: `if` expressions without `else` evaluate to `()`
[INFO] [stdout]    = help: consider adding an `else` block that evaluates to the expected type
[INFO] [stdout] 
[INFO] [stdout] 
[INFO] [stderr]    Compiling toml v0.8.2
[INFO] [stdout] error[E0308]: mismatched types
[INFO] [stdout]   --> src-tauri/crates/mangodisk-platform/src/inventory.rs:62:59
[INFO] [stdout]    |
[INFO] [stdout] 62 | fn executable_candidates(directory: &Path, name: &str) -> Vec<PathBuf> {
[INFO] [stdout]    |    ---------------------                                  ^^^^^^^^^^^^ expected `Vec<PathBuf>`, found `()`
[INFO] [stdout]    |    |
[INFO] [stdout]    |    implicitly returns `()` as its body has no tail or `return` expression
[INFO] [stdout]    |
[INFO] [stdout]    = note: expected struct `Vec<PathBuf>`
[INFO] [stdout]            found unit type `()`
[INFO] [stdout] 
[INFO] [stdout] 
[INFO] [stderr]    Compiling proc-macro-crate v2.0.2
[INFO] [stdout] error[E0433]: cannot find module or crate `libc` in this scope
[INFO] [stdout]    --> src-tauri/crates/mangodisk-platform/src/startup_helper.rs:597:22
[INFO] [stdout]     |
[INFO] [stdout] 597 |             unsafe { libc::fchown(std::os::fd::AsRawFd::as_raw_fd(&file), owner_id, u32::MAX) };
[INFO] [stdout]     |                      ^^^^ use of unresolved module or unlinked crate `libc`
[INFO] [stdout]     |
[INFO] [stdout]     = help: if you wanted to use a crate named `libc`, use `cargo add libc` to add it to your `Cargo.toml`
[INFO] [stdout] 
[INFO] [stdout] 
[INFO] [stderr]     Checking tokio-util v0.7.18
[INFO] [stderr]    Compiling proc-macro-crate v1.3.1
[INFO] [stderr]    Compiling zvariant_derive v5.13.0
[INFO] [stderr]    Compiling system-deps v6.2.2
[INFO] [stdout] Some errors have detailed explanations: E0308, E0317, E0425, E0433.
[INFO] [stdout] 
[INFO] [stdout] For more information about an error, try `rustc --explain E0308`.
[INFO] [stdout] 
[INFO] [stderr] error: could not compile `mangodisk-platform` (lib) due to 5 previous errors; 2 warnings emitted
[INFO] [stderr] warning: build failed, waiting for other jobs to finish...
[INFO] running `Command { std: "docker" "inspect" "68e61b08ae987b0835ccff6f4313d90a6060b8b53ead1bd57f43fde226052a49", kill_on_drop: false }`
[INFO] running `Command { std: "docker" "rm" "-f" "68e61b08ae987b0835ccff6f4313d90a6060b8b53ead1bd57f43fde226052a49", kill_on_drop: false }`
[INFO] [stdout] 68e61b08ae987b0835ccff6f4313d90a6060b8b53ead1bd57f43fde226052a49
