[INFO] cloning repository https://github.com/zachaxy/right-click
[INFO] running `Command { std: "git" "-c" "credential.helper=" "-c" "credential.helper=/workspace/cargo-home/bin/git-credential-null" "clone" "--bare" "https://github.com/zachaxy/right-click" "/workspace/cache/git-repos/https%3A%2F%2Fgithub.com%2Fzachaxy%2Fright-click", kill_on_drop: false }`
[INFO] [stderr] Cloning into bare repository '/workspace/cache/git-repos/https%3A%2F%2Fgithub.com%2Fzachaxy%2Fright-click'...
[INFO] running `Command { std: "git" "rev-parse" "HEAD", kill_on_drop: false }`
[INFO] [stdout] a35e98207618d10ec83feb5ff5b45722a479db95
[INFO] checking zachaxy/right-click against 3154cc1a3e6424e44f438a95007d043ed5ceaaf6 for pr-133502-30
[INFO] running `Command { std: "git" "clone" "/workspace/cache/git-repos/https%3A%2F%2Fgithub.com%2Fzachaxy%2Fright-click" "/workspace/builds/worker-2-tc2/source", kill_on_drop: false }`
[INFO] [stderr] Cloning into '/workspace/builds/worker-2-tc2/source'...
[INFO] [stderr] done.
[INFO] removed /workspace/builds/worker-2-tc2/source/rust-toolchain.toml
[INFO] started tweaking git repo https://github.com/zachaxy/right-click
[INFO] finished tweaking git repo https://github.com/zachaxy/right-click
[INFO] tweaked toml for git repo https://github.com/zachaxy/right-click written to /workspace/builds/worker-2-tc2/source/Cargo.toml
[INFO] validating manifest of git repo https://github.com/zachaxy/right-click on toolchain 3154cc1a3e6424e44f438a95007d043ed5ceaaf6
[INFO] running `Command { std: CARGO_HOME="/workspace/cargo-home" RUSTUP_HOME="/workspace/rustup-home" "/workspace/cargo-home/bin/cargo" "+3154cc1a3e6424e44f438a95007d043ed5ceaaf6" "metadata" "--manifest-path" "Cargo.toml" "--no-deps", kill_on_drop: false }`
[INFO] crate git repo https://github.com/zachaxy/right-click already has a lockfile, it will not be regenerated
[INFO] running `Command { std: CARGO_HOME="/workspace/cargo-home" RUSTUP_HOME="/workspace/rustup-home" "/workspace/cargo-home/bin/cargo" "+3154cc1a3e6424e44f438a95007d043ed5ceaaf6" "fetch" "--manifest-path" "Cargo.toml", kill_on_drop: false }`
[INFO] running `Command { std: "docker" "create" "-v" "/var/lib/crater-agent-workspace/builds/worker-2-tc2/source:/opt/rustwide/workdir:ro,Z" "-v" "/var/lib/crater-agent-workspace/builds/worker-2-tc2/target:/opt/rustwide/target:rw,Z" "-v" "/var/lib/crater-agent-workspace/cargo-home:/opt/rustwide/cargo-home:ro,Z" "-v" "/var/lib/crater-agent-workspace/rustup-home:/opt/rustwide/rustup-home:ro,Z" "-m" "1610612736" "--network" "none" "ghcr.io/rust-lang/crates-build-env/linux@sha256:77db811e55d90add9212f6832c23229e3de5f1c1f9905e8cb07319ea15df73ac" "sleep" "infinity", kill_on_drop: false }`
[INFO] [stdout] 764114ad31cc1c1411da9cdfc51c315636561be2d64d2e658a5e8dfe20a4801f
[INFO] running `Command { std: "docker" "start" "764114ad31cc1c1411da9cdfc51c315636561be2d64d2e658a5e8dfe20a4801f", kill_on_drop: false }`
[INFO] running `Command { std: "docker" "inspect" "764114ad31cc1c1411da9cdfc51c315636561be2d64d2e658a5e8dfe20a4801f", kill_on_drop: false }`
[INFO] running `Command { std: "docker" "exec" "-e" "SOURCE_DIR=/opt/rustwide/workdir" "-e" "CARGO_HOME=/opt/rustwide/cargo-home" "-e" "RUSTUP_HOME=/opt/rustwide/rustup-home" "-e" "CARGO_TARGET_DIR=/opt/rustwide/target" "-w" "/opt/rustwide/workdir" "--user" "0:0" "764114ad31cc1c1411da9cdfc51c315636561be2d64d2e658a5e8dfe20a4801f" "/opt/rustwide/cargo-home/bin/cargo" "+3154cc1a3e6424e44f438a95007d043ed5ceaaf6" "metadata" "--no-deps" "--format-version=1", kill_on_drop: false }`
[INFO] running `Command { std: "docker" "inspect" "764114ad31cc1c1411da9cdfc51c315636561be2d64d2e658a5e8dfe20a4801f", kill_on_drop: false }`
[INFO] running `Command { std: "docker" "exec" "-e" "SOURCE_DIR=/opt/rustwide/workdir" "-e" "CARGO_HOME=/opt/rustwide/cargo-home" "-e" "RUSTUP_HOME=/opt/rustwide/rustup-home" "-e" "CARGO_TARGET_DIR=/opt/rustwide/target" "-e" "CARGO_INCREMENTAL=0" "-e" "RUST_BACKTRACE=full" "-e" "RUSTFLAGS=--cap-lints=forbid" "-e" "RUSTDOCFLAGS=--cap-lints=forbid" "-w" "/opt/rustwide/workdir" "--user" "0:0" "764114ad31cc1c1411da9cdfc51c315636561be2d64d2e658a5e8dfe20a4801f" "/opt/rustwide/cargo-home/bin/cargo" "+3154cc1a3e6424e44f438a95007d043ed5ceaaf6" "check" "--frozen" "--all" "--all-targets" "--message-format=json", kill_on_drop: false }`
[INFO] [stderr]     Checking cfg-if v1.0.4
[INFO] [stderr]    Compiling syn v3.0.5
[INFO] [stderr]    Compiling crc32fast v1.5.1
[INFO] [stderr]    Compiling zerocopy v0.8.57
[INFO] [stderr]    Compiling zerocopy-derive v0.8.57
[INFO] [stderr]     Checking bitflags v2.13.2
[INFO] [stderr]     Checking fax v0.2.7
[INFO] [stderr]     Checking moxcms v0.8.1
[INFO] [stderr]    Compiling encoding_rs v0.8.41
[INFO] [stderr]     Checking bumpalo v3.20.3
[INFO] [stderr]    Compiling anyhow v1.0.104
[INFO] [stderr]    Compiling zip v2.4.2
[INFO] [stderr]     Checking memchr v2.8.3
[INFO] [stderr]     Checking bytemuck v1.25.2
[INFO] [stderr]     Checking flate2 v1.1.10
[INFO] [stderr]     Checking zopfli v0.8.3
[INFO] [stderr]    Compiling rustix v1.1.4
[INFO] [stderr]    Compiling getrandom v0.4.3
[INFO] [stderr]     Checking png v0.18.1
[INFO] [stderr]     Checking sha1 v0.10.7
[INFO] [stderr]     Checking sha2 v0.10.9
[INFO] [stderr]     Checking md-5 v0.10.6
[INFO] [stderr]     Checking serde_json v1.0.151
[INFO] [stderr]     Checking once_cell v1.21.4
[INFO] [stderr]     Checking tempfile v3.27.0
[INFO] [stderr]    Compiling thiserror-impl v2.0.20
[INFO] [stderr]    Compiling multiversion-macros v0.9.0
[INFO] [stderr]    Compiling displaydoc v0.2.7
[INFO] [stderr]    Compiling serde_derive v1.0.229
[INFO] [stderr]     Checking multiversion v0.9.0
[INFO] [stderr]     Checking thiserror v2.0.20
[INFO] [stderr]     Checking half v2.7.1
[INFO] [stderr]     Checking tiff v0.11.3
[INFO] [stderr]     Checking image v0.25.10
[INFO] [stderr]     Checking serde v1.0.229
[INFO] [stderr]     Checking qrcode v0.14.1
[INFO] [stderr]     Checking rustclick v0.1.0 (/opt/rustwide/workdir)
[INFO] [stdout] error[E0433]: cannot find `macos` in `os`
[INFO] [stdout]   --> src/files.rs:11:9
[INFO] [stdout]    |
[INFO] [stdout] 11 |         macos::fs::MetadataExt,
[INFO] [stdout]    |         ^^^^^ could not find `macos` in `os`
[INFO] [stdout]    |
[INFO] [stdout] note: found an item that was configured out
[INFO] [stdout]   --> /rustc/3154cc1a3e6424e44f438a95007d043ed5ceaaf6/library/std/src/os/mod.rs:118:6
[INFO] [stdout]    |
[INFO] [stdout]    = note: the item is gated behind the `macos` feature
[INFO] [stdout] 
[INFO] [stdout] 
[INFO] [stdout] error[E0433]: cannot find `macos` in `os`
[INFO] [stdout]  --> src/lib.rs:9:10
[INFO] [stdout]   |
[INFO] [stdout] 9 |     os::{macos::fs::MetadataExt, unix::fs::PermissionsExt},
[INFO] [stdout]   |          ^^^^^ could not find `macos` in `os`
[INFO] [stdout]   |
[INFO] [stdout] note: found an item that was configured out
[INFO] [stdout]  --> /rustc/3154cc1a3e6424e44f438a95007d043ed5ceaaf6/library/std/src/os/mod.rs:118:6
[INFO] [stdout]   |
[INFO] [stdout]   = note: the item is gated behind the `macos` feature
[INFO] [stdout] 
[INFO] [stdout] 
[INFO] [stdout] error[E0433]: cannot find `macos` in `os`
[INFO] [stdout]   --> src/files.rs:11:9
[INFO] [stdout]    |
[INFO] [stdout] 11 |         macos::fs::MetadataExt,
[INFO] [stdout]    |         ^^^^^ could not find `macos` in `os`
[INFO] [stdout]    |
[INFO] [stdout] note: found an item that was configured out
[INFO] [stdout]   --> /rustc/3154cc1a3e6424e44f438a95007d043ed5ceaaf6/library/std/src/os/mod.rs:118:6
[INFO] [stdout]    |
[INFO] [stdout]    = note: the item is gated behind the `macos` feature
[INFO] [stdout] 
[INFO] [stdout] 
[INFO] [stdout] error[E0433]: cannot find `macos` in `os`
[INFO] [stdout]  --> src/lib.rs:9:10
[INFO] [stdout]   |
[INFO] [stdout] 9 |     os::{macos::fs::MetadataExt, unix::fs::PermissionsExt},
[INFO] [stdout]   |          ^^^^^ could not find `macos` in `os`
[INFO] [stdout]   |
[INFO] [stdout] note: found an item that was configured out
[INFO] [stdout]  --> /rustc/3154cc1a3e6424e44f438a95007d043ed5ceaaf6/library/std/src/os/mod.rs:118:6
[INFO] [stdout]   |
[INFO] [stdout]   = note: the item is gated behind the `macos` feature
[INFO] [stdout] 
[INFO] [stdout] 
[INFO] [stdout] error[E0425]: cannot find function `renamex_np` in crate `libc`
[INFO] [stdout]   --> src/files.rs:76:23
[INFO] [stdout]    |
[INFO] [stdout] 76 |     if unsafe { libc::renamex_np(a.as_ptr(), b.as_ptr(), libc::RENAME_EXCL) } != 0 {
[INFO] [stdout]    |                       ^^^^^^^^^^ not found in `libc`
[INFO] [stdout] 
[INFO] [stdout] 
[INFO] [stdout] error[E0425]: cannot find value `RENAME_EXCL` in crate `libc`
[INFO] [stdout]   --> src/files.rs:76:64
[INFO] [stdout]    |
[INFO] [stdout] 76 |     if unsafe { libc::renamex_np(a.as_ptr(), b.as_ptr(), libc::RENAME_EXCL) } != 0 {
[INFO] [stdout]    |                                                                ^^^^^^^^^^^ not found in `libc`
[INFO] [stdout] 
[INFO] [stdout] 
[INFO] [stdout] error[E0425]: cannot find value `UF_HIDDEN` in crate `libc`
[INFO] [stdout]    --> src/files.rs:207:27
[INFO] [stdout]     |
[INFO] [stdout] 207 |             flags | libc::UF_HIDDEN
[INFO] [stdout]     |                           ^^^^^^^^^ not found in `libc`
[INFO] [stdout] 
[INFO] [stdout] 
[INFO] [stdout] error[E0425]: cannot find value `UF_HIDDEN` in crate `libc`
[INFO] [stdout]    --> src/files.rs:209:28
[INFO] [stdout]     |
[INFO] [stdout] 209 |             flags & !libc::UF_HIDDEN
[INFO] [stdout]     |                            ^^^^^^^^^ not found in `libc`
[INFO] [stdout] 
[INFO] [stdout] 
[INFO] [stdout] error[E0425]: cannot find value `UF_HIDDEN` in crate `libc`
[INFO] [stdout]    --> src/files.rs:224:243
[INFO] [stdout]     |
[INFO] [stdout] 224 | ...ions().mode()&0o777),"hidden":m.st_flags()&libc::UF_HIDDEN!=0});
[INFO] [stdout]     |                                                     ^^^^^^^^^ not found in `libc`
[INFO] [stdout] 
[INFO] [stdout] 
[INFO] [stdout] error[E0425]: cannot find function `renamex_np` in crate `libc`
[INFO] [stdout]   --> src/files.rs:76:23
[INFO] [stdout]    |
[INFO] [stdout] 76 |     if unsafe { libc::renamex_np(a.as_ptr(), b.as_ptr(), libc::RENAME_EXCL) } != 0 {
[INFO] [stdout]    |                       ^^^^^^^^^^ not found in `libc`
[INFO] [stdout] 
[INFO] [stdout] 
[INFO] [stdout] error[E0425]: cannot find value `RENAME_EXCL` in crate `libc`
[INFO] [stdout]   --> src/files.rs:76:64
[INFO] [stdout]    |
[INFO] [stdout] 76 |     if unsafe { libc::renamex_np(a.as_ptr(), b.as_ptr(), libc::RENAME_EXCL) } != 0 {
[INFO] [stdout]    |                                                                ^^^^^^^^^^^ not found in `libc`
[INFO] [stdout] 
[INFO] [stdout] 
[INFO] [stdout] error[E0425]: cannot find value `UF_HIDDEN` in crate `libc`
[INFO] [stdout]    --> src/files.rs:207:27
[INFO] [stdout]     |
[INFO] [stdout] 207 |             flags | libc::UF_HIDDEN
[INFO] [stdout]     |                           ^^^^^^^^^ not found in `libc`
[INFO] [stdout] 
[INFO] [stdout] 
[INFO] [stdout] error[E0425]: cannot find value `UF_HIDDEN` in crate `libc`
[INFO] [stdout]    --> src/files.rs:209:28
[INFO] [stdout]     |
[INFO] [stdout] 209 |             flags & !libc::UF_HIDDEN
[INFO] [stdout]     |                            ^^^^^^^^^ not found in `libc`
[INFO] [stdout] 
[INFO] [stdout] 
[INFO] [stdout] error[E0425]: cannot find value `UF_HIDDEN` in crate `libc`
[INFO] [stdout]    --> src/files.rs:224:243
[INFO] [stdout]     |
[INFO] [stdout] 224 | ...ions().mode()&0o777),"hidden":m.st_flags()&libc::UF_HIDDEN!=0});
[INFO] [stdout]     |                                                     ^^^^^^^^^ not found in `libc`
[INFO] [stdout] 
[INFO] [stdout] 
[INFO] [stdout] error[E0599]: no method named `st_flags` found for struct `Metadata` in the current scope
[INFO] [stdout]    --> src/files.rs:203:42
[INFO] [stdout]     |
[INFO] [stdout] 203 |     let flags = fs::symlink_metadata(p)?.st_flags();
[INFO] [stdout]     |                                          ^^^^^^^^ method not found in `Metadata`
[INFO] [stdout] 
[INFO] [stdout] 
[INFO] [stdout] error[E0599]: no method named `st_flags` found for struct `Metadata` in the current scope
[INFO] [stdout]    --> src/files.rs:224:226
[INFO] [stdout]     |
[INFO] [stdout] 224 | ...}",m.permissions().mode()&0o777),"hidden":m.st_flags()&libc::UF_HIDDEN!=0});
[INFO] [stdout]     |                                                ^^^^^^^^ method not found in `Metadata`
[INFO] [stdout] 
[INFO] [stdout] 
[INFO] [stdout] error[E0599]: no method named `st_flags` found for struct `Metadata` in the current scope
[INFO] [stdout]    --> src/files.rs:203:42
[INFO] [stdout]     |
[INFO] [stdout] 203 |     let flags = fs::symlink_metadata(p)?.st_flags();
[INFO] [stdout]     |                                          ^^^^^^^^ method not found in `Metadata`
[INFO] [stdout] 
[INFO] [stdout] 
[INFO] [stdout] error[E0599]: no method named `st_flags` found for struct `Metadata` in the current scope
[INFO] [stdout]    --> src/files.rs:224:226
[INFO] [stdout]     |
[INFO] [stdout] 224 | ...}",m.permissions().mode()&0o777),"hidden":m.st_flags()&libc::UF_HIDDEN!=0});
[INFO] [stdout]     |                                                ^^^^^^^^ method not found in `Metadata`
[INFO] [stdout] 
[INFO] [stdout] 
[INFO] [stdout] error[E0599]: no method named `st_ino` found for struct `Metadata` in the current scope
[INFO] [stdout]    --> src/lib.rs:106:22
[INFO] [stdout]     |
[INFO] [stdout] 106 |                 if m.st_ino() == i["inode"].as_u64().unwrap_or(0)
[INFO] [stdout]     |                      ^^^^^^
[INFO] [stdout]     |
[INFO] [stdout]    --> /rustc/3154cc1a3e6424e44f438a95007d043ed5ceaaf6/library/std/src/os/linux/fs.rs:80:7
[INFO] [stdout]     |
[INFO] [stdout]     = note: the method is available for `Metadata` here
[INFO] [stdout]     |
[INFO] [stdout]     = help: items from traits can only be used if the trait is in scope
[INFO] [stdout] help: trait `MetadataExt` which provides `st_ino` is implemented but not in scope; perhaps you want to import it
[INFO] [stdout]     |
[INFO] [stdout]   1 + use std::os::linux::fs::MetadataExt;
[INFO] [stdout]     |
[INFO] [stdout] help: there is a method `ino` with a similar name
[INFO] [stdout]     |
[INFO] [stdout] 106 -                 if m.st_ino() == i["inode"].as_u64().unwrap_or(0)
[INFO] [stdout] 106 +                 if m.ino() == i["inode"].as_u64().unwrap_or(0)
[INFO] [stdout]     |
[INFO] [stdout] 
[INFO] [stdout] 
[INFO] [stdout] error[E0599]: no method named `st_dev` found for struct `Metadata` in the current scope
[INFO] [stdout]    --> src/lib.rs:107:26
[INFO] [stdout]     |
[INFO] [stdout] 107 |                     && m.st_dev() as u64 == i["device"].as_u64().unwrap_or(0)
[INFO] [stdout]     |                          ^^^^^^
[INFO] [stdout]     |
[INFO] [stdout]    --> /rustc/3154cc1a3e6424e44f438a95007d043ed5ceaaf6/library/std/src/os/linux/fs.rs:62:7
[INFO] [stdout]     |
[INFO] [stdout]     = note: the method is available for `Metadata` here
[INFO] [stdout]     |
[INFO] [stdout]     = help: items from traits can only be used if the trait is in scope
[INFO] [stdout] help: trait `MetadataExt` which provides `st_dev` is implemented but not in scope; perhaps you want to import it
[INFO] [stdout]     |
[INFO] [stdout]   1 + use std::os::linux::fs::MetadataExt;
[INFO] [stdout]     |
[INFO] [stdout] help: there is a method `st_rdev` with a similar name
[INFO] [stdout]     |
[INFO] [stdout] 107 |                     && m.st_rdev() as u64 == i["device"].as_u64().unwrap_or(0)
[INFO] [stdout]     |                             +
[INFO] [stdout] 
[INFO] [stdout] 
[INFO] [stdout] error[E0599]: no method named `st_flags` found for struct `Metadata` in the current scope
[INFO] [stdout]    --> src/lib.rs:182:58
[INFO] [stdout]     |
[INFO] [stdout] 182 |                     items.push(json!({"path":p,"flags":m.st_flags(),"inode":m.st_ino(),"device":m.st_dev()}));
[INFO] [stdout]     |                                                          ^^^^^^^^ method not found in `Metadata`
[INFO] [stdout] 
[INFO] [stdout] 
[INFO] [stdout] error[E0599]: no method named `st_ino` found for struct `Metadata` in the current scope
[INFO] [stdout]    --> src/lib.rs:106:22
[INFO] [stdout]     |
[INFO] [stdout] 106 |                 if m.st_ino() == i["inode"].as_u64().unwrap_or(0)
[INFO] [stdout]     |                      ^^^^^^
[INFO] [stdout]     |
[INFO] [stdout]    --> /rustc/3154cc1a3e6424e44f438a95007d043ed5ceaaf6/library/std/src/os/linux/fs.rs:80:7
[INFO] [stdout]     |
[INFO] [stdout]     = note: the method is available for `Metadata` here
[INFO] [stdout]     |
[INFO] [stdout]     = help: items from traits can only be used if the trait is in scope
[INFO] [stdout] help: trait `MetadataExt` which provides `st_ino` is implemented but not in scope; perhaps you want to import it
[INFO] [stdout]     |
[INFO] [stdout]   1 + use std::os::linux::fs::MetadataExt;
[INFO] [stdout]     |
[INFO] [stdout] help: there is a method `ino` with a similar name
[INFO] [stdout]     |
[INFO] [stdout] 106 -                 if m.st_ino() == i["inode"].as_u64().unwrap_or(0)
[INFO] [stdout] 106 +                 if m.ino() == i["inode"].as_u64().unwrap_or(0)
[INFO] [stdout]     |
[INFO] [stdout] 
[INFO] [stdout] 
[INFO] [stdout] error[E0599]: no method named `st_ino` found for struct `Metadata` in the current scope
[INFO] [stdout]    --> src/lib.rs:182:79
[INFO] [stdout]     |
[INFO] [stdout] 182 |                     items.push(json!({"path":p,"flags":m.st_flags(),"inode":m.st_ino(),"device":m.st_dev()}));
[INFO] [stdout]     |                                                                               ^^^^^^
[INFO] [stdout]     |
[INFO] [stdout]    --> /rustc/3154cc1a3e6424e44f438a95007d043ed5ceaaf6/library/std/src/os/linux/fs.rs:80:7
[INFO] [stdout]     |
[INFO] [stdout]     = note: the method is available for `Metadata` here
[INFO] [stdout]     |
[INFO] [stdout]     = help: items from traits can only be used if the trait is in scope
[INFO] [stdout] help: trait `MetadataExt` which provides `st_ino` is implemented but not in scope; perhaps you want to import it
[INFO] [stdout]     |
[INFO] [stdout]   1 + use std::os::linux::fs::MetadataExt;
[INFO] [stdout]     |
[INFO] [stdout] help: there is a method `ino` with a similar name
[INFO] [stdout]     |
[INFO] [stdout] 182 -                     items.push(json!({"path":p,"flags":m.st_flags(),"inode":m.st_ino(),"device":m.st_dev()}));
[INFO] [stdout] 182 +                     items.push(json!({"path":p,"flags":m.st_flags(),"inode":m.ino(),"device":m.st_dev()}));
[INFO] [stdout]     |
[INFO] [stdout] 
[INFO] [stdout] 
[INFO] [stdout] error[E0599]: no method named `st_dev` found for struct `Metadata` in the current scope
[INFO] [stdout]    --> src/lib.rs:107:26
[INFO] [stdout]     |
[INFO] [stdout] 107 |                     && m.st_dev() as u64 == i["device"].as_u64().unwrap_or(0)
[INFO] [stdout]     |                          ^^^^^^
[INFO] [stdout]     |
[INFO] [stdout]    --> /rustc/3154cc1a3e6424e44f438a95007d043ed5ceaaf6/library/std/src/os/linux/fs.rs:62:7
[INFO] [stdout]     |
[INFO] [stdout]     = note: the method is available for `Metadata` here
[INFO] [stdout]     |
[INFO] [stdout]     = help: items from traits can only be used if the trait is in scope
[INFO] [stdout] help: trait `MetadataExt` which provides `st_dev` is implemented but not in scope; perhaps you want to import it
[INFO] [stdout]     |
[INFO] [stdout]   1 + use std::os::linux::fs::MetadataExt;
[INFO] [stdout]     |
[INFO] [stdout] help: there is a method `st_rdev` with a similar name
[INFO] [stdout]     |
[INFO] [stdout] 107 |                     && m.st_rdev() as u64 == i["device"].as_u64().unwrap_or(0)
[INFO] [stdout]     |                             +
[INFO] [stdout] 
[INFO] [stdout] 
[INFO] [stdout] error[E0599]: no method named `st_dev` found for struct `Metadata` in the current scope
[INFO] [stdout]    --> src/lib.rs:182:99
[INFO] [stdout]     |
[INFO] [stdout] 182 |                     items.push(json!({"path":p,"flags":m.st_flags(),"inode":m.st_ino(),"device":m.st_dev()}));
[INFO] [stdout]     |                                                                                                   ^^^^^^
[INFO] [stdout]     |
[INFO] [stdout]    --> /rustc/3154cc1a3e6424e44f438a95007d043ed5ceaaf6/library/std/src/os/linux/fs.rs:62:7
[INFO] [stdout]     |
[INFO] [stdout]     = note: the method is available for `Metadata` here
[INFO] [stdout]     |
[INFO] [stdout]     = help: items from traits can only be used if the trait is in scope
[INFO] [stdout] help: trait `MetadataExt` which provides `st_dev` is implemented but not in scope; perhaps you want to import it
[INFO] [stdout]     |
[INFO] [stdout]   1 + use std::os::linux::fs::MetadataExt;
[INFO] [stdout]     |
[INFO] [stdout] help: there is a method `st_rdev` with a similar name
[INFO] [stdout]     |
[INFO] [stdout] 182 |                     items.push(json!({"path":p,"flags":m.st_flags(),"inode":m.st_ino(),"device":m.st_rdev()}));
[INFO] [stdout]     |                                                                                                      +
[INFO] [stdout] 
[INFO] [stdout] 
[INFO] [stdout] error[E0599]: no method named `st_ino` found for struct `Metadata` in the current scope
[INFO] [stdout]    --> src/lib.rs:209:27
[INFO] [stdout]     |
[INFO] [stdout] 209 |                         m.st_ino() == i["inode"].as_u64().unwrap_or(0)
[INFO] [stdout]     |                           ^^^^^^
[INFO] [stdout]     |
[INFO] [stdout]    --> /rustc/3154cc1a3e6424e44f438a95007d043ed5ceaaf6/library/std/src/os/linux/fs.rs:80:7
[INFO] [stdout]     |
[INFO] [stdout]     = note: the method is available for `Metadata` here
[INFO] [stdout]     |
[INFO] [stdout]     = help: items from traits can only be used if the trait is in scope
[INFO] [stdout] help: trait `MetadataExt` which provides `st_ino` is implemented but not in scope; perhaps you want to import it
[INFO] [stdout]     |
[INFO] [stdout]   1 + use std::os::linux::fs::MetadataExt;
[INFO] [stdout]     |
[INFO] [stdout] help: there is a method `ino` with a similar name
[INFO] [stdout]     |
[INFO] [stdout] 209 -                         m.st_ino() == i["inode"].as_u64().unwrap_or(0)
[INFO] [stdout] 209 +                         m.ino() == i["inode"].as_u64().unwrap_or(0)
[INFO] [stdout]     |
[INFO] [stdout] 
[INFO] [stdout] 
[INFO] [stdout] error[E0599]: no method named `st_dev` found for struct `Metadata` in the current scope
[INFO] [stdout]    --> src/lib.rs:210:34
[INFO] [stdout]     |
[INFO] [stdout] 210 | ...                   && m.st_dev() as u64 == i["device"].as_u64().unwrap_or(0),
[INFO] [stdout]     |                            ^^^^^^
[INFO] [stdout]     |
[INFO] [stdout]    --> /rustc/3154cc1a3e6424e44f438a95007d043ed5ceaaf6/library/std/src/os/linux/fs.rs:62:7
[INFO] [stdout]     |
[INFO] [stdout]     = note: the method is available for `Metadata` here
[INFO] [stdout]     |
[INFO] [stdout]     = help: items from traits can only be used if the trait is in scope
[INFO] [stdout] help: trait `MetadataExt` which provides `st_dev` is implemented but not in scope; perhaps you want to import it
[INFO] [stdout]     |
[INFO] [stdout]   1 + use std::os::linux::fs::MetadataExt;
[INFO] [stdout]     |
[INFO] [stdout] help: there is a method `st_rdev` with a similar name
[INFO] [stdout]     |
[INFO] [stdout] 210 |                             && m.st_rdev() as u64 == i["device"].as_u64().unwrap_or(0),
[INFO] [stdout]     |                                     +
[INFO] [stdout] 
[INFO] [stdout] 
[INFO] [stdout] error[E0599]: no method named `st_flags` found for struct `Metadata` in the current scope
[INFO] [stdout]    --> src/lib.rs:182:58
[INFO] [stdout]     |
[INFO] [stdout] 182 |                     items.push(json!({"path":p,"flags":m.st_flags(),"inode":m.st_ino(),"device":m.st_dev()}));
[INFO] [stdout]     |                                                          ^^^^^^^^ method not found in `Metadata`
[INFO] [stdout] 
[INFO] [stdout] 
[INFO] [stdout] error[E0599]: no method named `st_ino` found for struct `Metadata` in the current scope
[INFO] [stdout]    --> src/lib.rs:182:79
[INFO] [stdout]     |
[INFO] [stdout] 182 |                     items.push(json!({"path":p,"flags":m.st_flags(),"inode":m.st_ino(),"device":m.st_dev()}));
[INFO] [stdout]     |                                                                               ^^^^^^
[INFO] [stdout]     |
[INFO] [stdout]    --> /rustc/3154cc1a3e6424e44f438a95007d043ed5ceaaf6/library/std/src/os/linux/fs.rs:80:7
[INFO] [stdout]     |
[INFO] [stdout]     = note: the method is available for `Metadata` here
[INFO] [stdout]     |
[INFO] [stdout]     = help: items from traits can only be used if the trait is in scope
[INFO] [stdout] help: trait `MetadataExt` which provides `st_ino` is implemented but not in scope; perhaps you want to import it
[INFO] [stdout]     |
[INFO] [stdout]   1 + use std::os::linux::fs::MetadataExt;
[INFO] [stdout]     |
[INFO] [stdout] help: there is a method `ino` with a similar name
[INFO] [stdout]     |
[INFO] [stdout] 182 -                     items.push(json!({"path":p,"flags":m.st_flags(),"inode":m.st_ino(),"device":m.st_dev()}));
[INFO] [stdout] 182 +                     items.push(json!({"path":p,"flags":m.st_flags(),"inode":m.ino(),"device":m.st_dev()}));
[INFO] [stdout]     |
[INFO] [stdout] 
[INFO] [stdout] 
[INFO] [stdout] error[E0599]: no method named `st_dev` found for struct `Metadata` in the current scope
[INFO] [stdout]    --> src/lib.rs:182:99
[INFO] [stdout]     |
[INFO] [stdout] 182 |                     items.push(json!({"path":p,"flags":m.st_flags(),"inode":m.st_ino(),"device":m.st_dev()}));
[INFO] [stdout]     |                                                                                                   ^^^^^^
[INFO] [stdout]     |
[INFO] [stdout]    --> /rustc/3154cc1a3e6424e44f438a95007d043ed5ceaaf6/library/std/src/os/linux/fs.rs:62:7
[INFO] [stdout]     |
[INFO] [stdout]     = note: the method is available for `Metadata` here
[INFO] [stdout]     |
[INFO] [stdout]     = help: items from traits can only be used if the trait is in scope
[INFO] [stdout] help: trait `MetadataExt` which provides `st_dev` is implemented but not in scope; perhaps you want to import it
[INFO] [stdout]     |
[INFO] [stdout]   1 + use std::os::linux::fs::MetadataExt;
[INFO] [stdout]     |
[INFO] [stdout] help: there is a method `st_rdev` with a similar name
[INFO] [stdout]     |
[INFO] [stdout] 182 |                     items.push(json!({"path":p,"flags":m.st_flags(),"inode":m.st_ino(),"device":m.st_rdev()}));
[INFO] [stdout]     |                                                                                                      +
[INFO] [stdout] 
[INFO] [stdout] 
[INFO] [stdout] error[E0599]: no method named `st_ino` found for struct `Metadata` in the current scope
[INFO] [stdout]    --> src/lib.rs:209:27
[INFO] [stdout]     |
[INFO] [stdout] 209 |                         m.st_ino() == i["inode"].as_u64().unwrap_or(0)
[INFO] [stdout]     |                           ^^^^^^
[INFO] [stdout]     |
[INFO] [stdout]    --> /rustc/3154cc1a3e6424e44f438a95007d043ed5ceaaf6/library/std/src/os/linux/fs.rs:80:7
[INFO] [stdout]     |
[INFO] [stdout]     = note: the method is available for `Metadata` here
[INFO] [stdout]     |
[INFO] [stdout]     = help: items from traits can only be used if the trait is in scope
[INFO] [stdout] help: trait `MetadataExt` which provides `st_ino` is implemented but not in scope; perhaps you want to import it
[INFO] [stdout]     |
[INFO] [stdout]   1 + use std::os::linux::fs::MetadataExt;
[INFO] [stdout]     |
[INFO] [stdout] help: there is a method `ino` with a similar name
[INFO] [stdout]     |
[INFO] [stdout] 209 -                         m.st_ino() == i["inode"].as_u64().unwrap_or(0)
[INFO] [stdout] 209 +                         m.ino() == i["inode"].as_u64().unwrap_or(0)
[INFO] [stdout]     |
[INFO] [stdout] 
[INFO] [stdout] 
[INFO] [stdout] error[E0599]: no method named `st_dev` found for struct `Metadata` in the current scope
[INFO] [stdout]    --> src/lib.rs:210:34
[INFO] [stdout]     |
[INFO] [stdout] 210 | ...                   && m.st_dev() as u64 == i["device"].as_u64().unwrap_or(0),
[INFO] [stdout]     |                            ^^^^^^
[INFO] [stdout]     |
[INFO] [stdout]    --> /rustc/3154cc1a3e6424e44f438a95007d043ed5ceaaf6/library/std/src/os/linux/fs.rs:62:7
[INFO] [stdout]     |
[INFO] [stdout]     = note: the method is available for `Metadata` here
[INFO] [stdout]     |
[INFO] [stdout]     = help: items from traits can only be used if the trait is in scope
[INFO] [stdout] help: trait `MetadataExt` which provides `st_dev` is implemented but not in scope; perhaps you want to import it
[INFO] [stdout]     |
[INFO] [stdout]   1 + use std::os::linux::fs::MetadataExt;
[INFO] [stdout]     |
[INFO] [stdout] help: there is a method `st_rdev` with a similar name
[INFO] [stdout]     |
[INFO] [stdout] 210 |                             && m.st_rdev() as u64 == i["device"].as_u64().unwrap_or(0),
[INFO] [stdout]     |                                     +
[INFO] [stdout] 
[INFO] [stdout] 
[INFO] [stdout] Some errors have detailed explanations: E0425, E0433, E0599.
[INFO] [stdout] 
[INFO] [stdout] For more information about an error, try `rustc --explain E0425`.
[INFO] [stdout] 
[INFO] [stderr] error: could not compile `rustclick` (lib) due to 16 previous errors
[INFO] [stderr] warning: build failed, waiting for other jobs to finish...
[INFO] [stdout] Some errors have detailed explanations: E0425, E0433, E0599.
[INFO] [stdout] 
[INFO] [stdout] For more information about an error, try `rustc --explain E0425`.
[INFO] [stdout] 
[INFO] [stderr] error: could not compile `rustclick` (lib test) due to 16 previous errors
[INFO] running `Command { std: "docker" "inspect" "764114ad31cc1c1411da9cdfc51c315636561be2d64d2e658a5e8dfe20a4801f", kill_on_drop: false }`
[INFO] running `Command { std: "docker" "rm" "-f" "764114ad31cc1c1411da9cdfc51c315636561be2d64d2e658a5e8dfe20a4801f", kill_on_drop: false }`
[INFO] [stdout] 764114ad31cc1c1411da9cdfc51c315636561be2d64d2e658a5e8dfe20a4801f
