[INFO] cloning repository https://github.com/yutakobayashidev/tadori
[INFO] running `Command { std: "git" "-c" "credential.helper=" "-c" "credential.helper=/workspace/cargo-home/bin/git-credential-null" "clone" "--bare" "https://github.com/yutakobayashidev/tadori" "/workspace/cache/git-repos/https%3A%2F%2Fgithub.com%2Fyutakobayashidev%2Ftadori", kill_on_drop: false }`
[INFO] [stderr] Cloning into bare repository '/workspace/cache/git-repos/https%3A%2F%2Fgithub.com%2Fyutakobayashidev%2Ftadori'...
[INFO] running `Command { std: "git" "rev-parse" "HEAD", kill_on_drop: false }`
[INFO] [stdout] da30548d523e4ba94e6de1c77272bfa26f2494a8
[INFO] checking yutakobayashidev/tadori against 3154cc1a3e6424e44f438a95007d043ed5ceaaf6 for pr-133502-30
[INFO] running `Command { std: "git" "clone" "/workspace/cache/git-repos/https%3A%2F%2Fgithub.com%2Fyutakobayashidev%2Ftadori" "/workspace/builds/worker-7-tc2/source", kill_on_drop: false }`
[INFO] [stderr] Cloning into '/workspace/builds/worker-7-tc2/source'...
[INFO] [stderr] done.
[INFO] started tweaking git repo https://github.com/yutakobayashidev/tadori
[INFO] finished tweaking git repo https://github.com/yutakobayashidev/tadori
[INFO] tweaked toml for git repo https://github.com/yutakobayashidev/tadori written to /workspace/builds/worker-7-tc2/source/Cargo.toml
[INFO] validating manifest of git repo https://github.com/yutakobayashidev/tadori on toolchain 3154cc1a3e6424e44f438a95007d043ed5ceaaf6
[INFO] running `Command { std: CARGO_HOME="/workspace/cargo-home" RUSTUP_HOME="/workspace/rustup-home" "/workspace/cargo-home/bin/cargo" "+3154cc1a3e6424e44f438a95007d043ed5ceaaf6" "metadata" "--manifest-path" "Cargo.toml" "--no-deps", kill_on_drop: false }`
[INFO] crate git repo https://github.com/yutakobayashidev/tadori already has a lockfile, it will not be regenerated
[INFO] running `Command { std: CARGO_HOME="/workspace/cargo-home" RUSTUP_HOME="/workspace/rustup-home" "/workspace/cargo-home/bin/cargo" "+3154cc1a3e6424e44f438a95007d043ed5ceaaf6" "fetch" "--manifest-path" "Cargo.toml", kill_on_drop: false }`
[INFO] running `Command { std: "docker" "create" "-v" "/var/lib/crater-agent-workspace/builds/worker-7-tc2/source:/opt/rustwide/workdir:ro,Z" "-v" "/var/lib/crater-agent-workspace/builds/worker-7-tc2/target:/opt/rustwide/target:rw,Z" "-v" "/var/lib/crater-agent-workspace/cargo-home:/opt/rustwide/cargo-home:ro,Z" "-v" "/var/lib/crater-agent-workspace/rustup-home:/opt/rustwide/rustup-home:ro,Z" "-m" "1610612736" "--network" "none" "ghcr.io/rust-lang/crates-build-env/linux@sha256:77db811e55d90add9212f6832c23229e3de5f1c1f9905e8cb07319ea15df73ac" "sleep" "infinity", kill_on_drop: false }`
[INFO] [stdout] d9cb2dc1c705a3c04aadc2ae428baaad4e52f9874b02e974fe937d6195a6f6aa
[INFO] running `Command { std: "docker" "start" "d9cb2dc1c705a3c04aadc2ae428baaad4e52f9874b02e974fe937d6195a6f6aa", kill_on_drop: false }`
[INFO] running `Command { std: "docker" "inspect" "d9cb2dc1c705a3c04aadc2ae428baaad4e52f9874b02e974fe937d6195a6f6aa", kill_on_drop: false }`
[INFO] running `Command { std: "docker" "exec" "-e" "SOURCE_DIR=/opt/rustwide/workdir" "-e" "CARGO_HOME=/opt/rustwide/cargo-home" "-e" "RUSTUP_HOME=/opt/rustwide/rustup-home" "-e" "CARGO_TARGET_DIR=/opt/rustwide/target" "-w" "/opt/rustwide/workdir" "--user" "0:0" "d9cb2dc1c705a3c04aadc2ae428baaad4e52f9874b02e974fe937d6195a6f6aa" "/opt/rustwide/cargo-home/bin/cargo" "+3154cc1a3e6424e44f438a95007d043ed5ceaaf6" "metadata" "--no-deps" "--format-version=1", kill_on_drop: false }`
[INFO] running `Command { std: "docker" "inspect" "d9cb2dc1c705a3c04aadc2ae428baaad4e52f9874b02e974fe937d6195a6f6aa", kill_on_drop: false }`
[INFO] running `Command { std: "docker" "exec" "-e" "SOURCE_DIR=/opt/rustwide/workdir" "-e" "CARGO_HOME=/opt/rustwide/cargo-home" "-e" "RUSTUP_HOME=/opt/rustwide/rustup-home" "-e" "CARGO_TARGET_DIR=/opt/rustwide/target" "-e" "CARGO_INCREMENTAL=0" "-e" "RUST_BACKTRACE=full" "-e" "RUSTFLAGS=--cap-lints=forbid" "-e" "RUSTDOCFLAGS=--cap-lints=forbid" "-w" "/opt/rustwide/workdir" "--user" "0:0" "d9cb2dc1c705a3c04aadc2ae428baaad4e52f9874b02e974fe937d6195a6f6aa" "/opt/rustwide/cargo-home/bin/cargo" "+3154cc1a3e6424e44f438a95007d043ed5ceaaf6" "check" "--frozen" "--all" "--all-targets" "--message-format=json", kill_on_drop: false }`
[INFO] [stderr]    Compiling find-msvc-tools v0.1.9
[INFO] [stderr]    Compiling syn v3.0.3
[INFO] [stderr]    Compiling tree-sitter-language v0.1.7
[INFO] [stderr]     Checking typenum v1.20.1
[INFO] [stderr]    Compiling serde_core v1.0.229
[INFO] [stderr]    Compiling serde_json v1.0.151
[INFO] [stderr]    Compiling mime_guess v2.0.5
[INFO] [stderr]    Compiling memchr v2.8.3
[INFO] [stderr]    Compiling const-oid v0.10.2
[INFO] [stderr]    Compiling zerocopy v0.8.55
[INFO] [stderr]     Checking aho-corasick v1.1.4
[INFO] [stderr]    Compiling cpufeatures v0.3.0
[INFO] [stderr]     Checking anstyle-parse v1.0.0
[INFO] [stderr]     Checking tracing v0.1.44
[INFO] [stderr]     Checking futures-channel v0.3.33
[INFO] [stderr]    Compiling cc v1.4.0
[INFO] [stderr]     Checking slab v0.4.12
[INFO] [stderr]    Compiling thiserror v2.0.19
[INFO] [stderr]     Checking anstyle v1.0.14
[INFO] [stderr]    Compiling mime v0.3.17
[INFO] [stderr]     Checking futures-task v0.3.33
[INFO] [stderr]     Checking colorchoice v1.0.5
[INFO] [stderr]    Compiling syn v2.0.119
[INFO] [stderr]     Checking futures-util v0.3.33
[INFO] [stderr]     Checking clap_lex v1.1.0
[INFO] [stderr]     Checking anstream v1.0.0
[INFO] [stderr]     Checking either v1.17.0
[INFO] [stderr]     Checking streaming-iterator v0.1.9
[INFO] [stderr]     Checking axum-core v0.5.6
[INFO] [stderr]     Checking clap_builder v4.6.5
[INFO] [stderr]     Checking rayon v1.12.0
[INFO] [stderr]     Checking regex-automata v0.4.16
[INFO] [stderr]     Checking tempfile v3.27.0
[INFO] [stderr]    Compiling tree-sitter-python v0.25.0
[INFO] [stderr]    Compiling tree-sitter-rust v0.24.2
[INFO] [stderr]    Compiling tree-sitter-typescript v0.23.2
[INFO] [stderr]    Compiling tree-sitter-go v0.25.0
[INFO] [stderr]    Compiling hybrid-array v0.4.14
[INFO] [stderr]     Checking generic-array v0.14.7
[INFO] [stderr]     Checking crypto-common v0.2.2
[INFO] [stderr]     Checking block-buffer v0.12.1
[INFO] [stderr]     Checking block-buffer v0.10.4
[INFO] [stderr]     Checking crypto-common v0.1.7
[INFO] [stderr]     Checking serde_path_to_error v0.1.20
[INFO] [stderr]     Checking digest v0.10.7
[INFO] [stderr]     Checking sha2 v0.10.9
[INFO] [stderr]     Checking digest v0.11.3
[INFO] [stderr]     Checking sha2 v0.11.0
[INFO] [stderr]     Checking regex v1.13.1
[INFO] [stderr]     Checking rust-embed-utils v8.12.0
[INFO] [stderr]    Compiling tokio-macros v2.7.2
[INFO] [stderr]    Compiling serde_derive v1.0.229
[INFO] [stderr]    Compiling thiserror-impl v2.0.19
[INFO] [stderr]    Compiling clap_derive v4.6.4
[INFO] [stderr]     Checking tokio v1.53.1
[INFO] [stderr]    Compiling rust-embed-impl v8.12.0
[INFO] [stderr]     Checking rust-embed v8.12.0
[INFO] [stderr]     Checking clap v4.6.5
[INFO] [stderr]    Compiling tree-sitter v0.26.11
[INFO] [stderr]     Checking ppv-lite86 v0.2.21
[INFO] [stderr]     Checking rand_chacha v0.3.1
[INFO] [stderr]     Checking rand v0.8.7
[INFO] [stderr]     Checking serde v1.0.229
[INFO] [stderr]     Checking serde_urlencoded v0.7.1
[INFO] [stderr]     Checking chrono v0.4.45
[INFO] [stderr]     Checking rinkaku-core v0.6.18
[INFO] [stderr]     Checking hyper v1.11.0
[INFO] [stderr]     Checking tower v0.5.3
[INFO] [stderr]     Checking hyper-util v0.1.20
[INFO] [stderr]     Checking axum v0.8.9
[INFO] [stderr]     Checking tadori v0.1.0 (/opt/rustwide/workdir)
[INFO] [stdout] error: #[derive(RustEmbed)] folder '/opt/rustwide/workdir/web/dist/' does not exist. cwd: '/opt/rustwide/workdir'
[INFO] [stdout]   --> src/server.rs:25:1
[INFO] [stdout]    |
[INFO] [stdout] 25 | / #[folder = "web/dist/"]
[INFO] [stdout] 26 | | struct WebAssets;
[INFO] [stdout]    | |_________________^
[INFO] [stdout] 
[INFO] [stdout] 
[INFO] [stdout] error: #[derive(RustEmbed)] folder '/opt/rustwide/workdir/web/dist/' does not exist. cwd: '/opt/rustwide/workdir'
[INFO] [stdout]   --> src/server.rs:25:1
[INFO] [stdout]    |
[INFO] [stdout] 25 | / #[folder = "web/dist/"]
[INFO] [stdout] 26 | | struct WebAssets;
[INFO] [stdout]    | |_________________^
[INFO] [stdout] 
[INFO] [stdout] 
[INFO] [stdout] error[E0599]: no associated function or constant named `get` found for struct `WebAssets` in the current scope
[INFO] [stdout]    --> src/server.rs:493:34
[INFO] [stdout]     |
[INFO] [stdout]  26 | struct WebAssets;
[INFO] [stdout]     | ---------------- associated function or constant `get` not found for this struct
[INFO] [stdout] ...
[INFO] [stdout] 493 |     let Some(asset) = WebAssets::get(asset_path).or_else(|| WebAssets::get("index.html")) else {
[INFO] [stdout]     |                                  ^^^ associated function or constant not found in `WebAssets`
[INFO] [stdout]     |
[INFO] [stdout]     = help: items from traits can only be used if the trait is implemented and in scope
[INFO] [stdout]     = note: the following traits define an item `get`, perhaps you need to implement one of them:
[INFO] [stdout]             candidate #1: `Embed`
[INFO] [stdout]             candidate #2: `SliceIndex`
[INFO] [stdout]             candidate #3: `streaming_iterator::StreamingIterator`
[INFO] [stdout] 
[INFO] [stdout] 
[INFO] [stdout] error[E0599]: no associated function or constant named `get` found for struct `WebAssets` in the current scope
[INFO] [stdout]    --> src/server.rs:493:72
[INFO] [stdout]     |
[INFO] [stdout]  26 | struct WebAssets;
[INFO] [stdout]     | ---------------- associated function or constant `get` not found for this struct
[INFO] [stdout] ...
[INFO] [stdout] 493 |     let Some(asset) = WebAssets::get(asset_path).or_else(|| WebAssets::get("index.html")) else {
[INFO] [stdout]     |                                                                        ^^^ associated function or constant not found in `WebAssets`
[INFO] [stdout]     |
[INFO] [stdout]     = help: items from traits can only be used if the trait is implemented and in scope
[INFO] [stdout]     = note: the following traits define an item `get`, perhaps you need to implement one of them:
[INFO] [stdout]             candidate #1: `Embed`
[INFO] [stdout]             candidate #2: `SliceIndex`
[INFO] [stdout]             candidate #3: `streaming_iterator::StreamingIterator`
[INFO] [stdout] 
[INFO] [stdout] 
[INFO] [stdout] error[E0599]: no associated function or constant named `get` found for struct `WebAssets` in the current scope
[INFO] [stdout]    --> src/server.rs:493:34
[INFO] [stdout]     |
[INFO] [stdout]  26 | struct WebAssets;
[INFO] [stdout]     | ---------------- associated function or constant `get` not found for this struct
[INFO] [stdout] ...
[INFO] [stdout] 493 |     let Some(asset) = WebAssets::get(asset_path).or_else(|| WebAssets::get("index.html")) else {
[INFO] [stdout]     |                                  ^^^ associated function or constant not found in `WebAssets`
[INFO] [stdout]     |
[INFO] [stdout]     = help: items from traits can only be used if the trait is implemented and in scope
[INFO] [stdout]     = note: the following traits define an item `get`, perhaps you need to implement one of them:
[INFO] [stdout]             candidate #1: `Embed`
[INFO] [stdout]             candidate #2: `SliceIndex`
[INFO] [stdout]             candidate #3: `streaming_iterator::StreamingIterator`
[INFO] [stdout] 
[INFO] [stdout] 
[INFO] [stdout] error[E0599]: no associated function or constant named `get` found for struct `WebAssets` in the current scope
[INFO] [stdout]    --> src/server.rs:493:72
[INFO] [stdout]     |
[INFO] [stdout]  26 | struct WebAssets;
[INFO] [stdout]     | ---------------- associated function or constant `get` not found for this struct
[INFO] [stdout] ...
[INFO] [stdout] 493 |     let Some(asset) = WebAssets::get(asset_path).or_else(|| WebAssets::get("index.html")) else {
[INFO] [stdout]     |                                                                        ^^^ associated function or constant not found in `WebAssets`
[INFO] [stdout]     |
[INFO] [stdout]     = help: items from traits can only be used if the trait is implemented and in scope
[INFO] [stdout]     = note: the following traits define an item `get`, perhaps you need to implement one of them:
[INFO] [stdout]             candidate #1: `Embed`
[INFO] [stdout]             candidate #2: `SliceIndex`
[INFO] [stdout]             candidate #3: `streaming_iterator::StreamingIterator`
[INFO] [stdout] 
[INFO] [stdout] 
[INFO] [stdout] For more information about this error, try `rustc --explain E0599`.
[INFO] [stdout] 
[INFO] [stderr] error: could not compile `tadori` (lib test) due to 3 previous errors
[INFO] [stderr] warning: build failed, waiting for other jobs to finish...
[INFO] [stdout] For more information about this error, try `rustc --explain E0599`.
[INFO] [stdout] 
[INFO] [stderr] error: could not compile `tadori` (lib) due to 3 previous errors
[INFO] running `Command { std: "docker" "inspect" "d9cb2dc1c705a3c04aadc2ae428baaad4e52f9874b02e974fe937d6195a6f6aa", kill_on_drop: false }`
[INFO] running `Command { std: "docker" "rm" "-f" "d9cb2dc1c705a3c04aadc2ae428baaad4e52f9874b02e974fe937d6195a6f6aa", kill_on_drop: false }`
[INFO] [stdout] d9cb2dc1c705a3c04aadc2ae428baaad4e52f9874b02e974fe937d6195a6f6aa
