[INFO] cloning repository https://github.com/yujiejunyu/Plugbox-Windows
[INFO] running `Command { std: "git" "-c" "credential.helper=" "-c" "credential.helper=/workspace/cargo-home/bin/git-credential-null" "clone" "--bare" "https://github.com/yujiejunyu/Plugbox-Windows" "/workspace/cache/git-repos/https%3A%2F%2Fgithub.com%2Fyujiejunyu%2FPlugbox-Windows", kill_on_drop: false }`
[INFO] [stderr] Cloning into bare repository '/workspace/cache/git-repos/https%3A%2F%2Fgithub.com%2Fyujiejunyu%2FPlugbox-Windows'...
[INFO] running `Command { std: "git" "rev-parse" "HEAD", kill_on_drop: false }`
[INFO] [stdout] 461f73a241681891f68b78e0f16a36ca54edb033
[INFO] checking yujiejunyu/Plugbox-Windows against 3154cc1a3e6424e44f438a95007d043ed5ceaaf6+rustflags=-Znext-solver=coherence for pr-133502-30
[INFO] running `Command { std: "git" "clone" "/workspace/cache/git-repos/https%3A%2F%2Fgithub.com%2Fyujiejunyu%2FPlugbox-Windows" "/workspace/builds/worker-3-tc1/source", kill_on_drop: false }`
[INFO] [stderr] Cloning into '/workspace/builds/worker-3-tc1/source'...
[INFO] [stderr] done.
[INFO] removed /workspace/builds/worker-3-tc1/source/.cargo/config.toml
[INFO] started tweaking git repo https://github.com/yujiejunyu/Plugbox-Windows
[INFO] finished tweaking git repo https://github.com/yujiejunyu/Plugbox-Windows
[INFO] tweaked toml for git repo https://github.com/yujiejunyu/Plugbox-Windows written to /workspace/builds/worker-3-tc1/source/Cargo.toml
[INFO] validating manifest of git repo https://github.com/yujiejunyu/Plugbox-Windows on toolchain 3154cc1a3e6424e44f438a95007d043ed5ceaaf6
[INFO] running `Command { std: CARGO_HOME="/workspace/cargo-home" RUSTUP_HOME="/workspace/rustup-home" "/workspace/cargo-home/bin/cargo" "+3154cc1a3e6424e44f438a95007d043ed5ceaaf6" "metadata" "--manifest-path" "Cargo.toml" "--no-deps", kill_on_drop: false }`
[INFO] crate git repo https://github.com/yujiejunyu/Plugbox-Windows already has a lockfile, it will not be regenerated
[INFO] running `Command { std: CARGO_HOME="/workspace/cargo-home" RUSTUP_HOME="/workspace/rustup-home" "/workspace/cargo-home/bin/cargo" "+3154cc1a3e6424e44f438a95007d043ed5ceaaf6" "fetch" "--manifest-path" "Cargo.toml", kill_on_drop: false }`
[INFO] running `Command { std: "docker" "create" "-v" "/var/lib/crater-agent-workspace/builds/worker-3-tc1/source:/opt/rustwide/workdir:ro,Z" "-v" "/var/lib/crater-agent-workspace/builds/worker-3-tc1/target:/opt/rustwide/target:rw,Z" "-v" "/var/lib/crater-agent-workspace/cargo-home:/opt/rustwide/cargo-home:ro,Z" "-v" "/var/lib/crater-agent-workspace/rustup-home:/opt/rustwide/rustup-home:ro,Z" "-m" "1610612736" "--network" "none" "ghcr.io/rust-lang/crates-build-env/linux@sha256:77db811e55d90add9212f6832c23229e3de5f1c1f9905e8cb07319ea15df73ac" "sleep" "infinity", kill_on_drop: false }`
[INFO] [stdout] 3cfed69b4d8666715d5d2377319d9abb549b94747e5e35500c6af8426b09e3ae
[INFO] running `Command { std: "docker" "start" "3cfed69b4d8666715d5d2377319d9abb549b94747e5e35500c6af8426b09e3ae", kill_on_drop: false }`
[INFO] running `Command { std: "docker" "inspect" "3cfed69b4d8666715d5d2377319d9abb549b94747e5e35500c6af8426b09e3ae", kill_on_drop: false }`
[INFO] running `Command { std: "docker" "exec" "-e" "SOURCE_DIR=/opt/rustwide/workdir" "-e" "CARGO_HOME=/opt/rustwide/cargo-home" "-e" "RUSTUP_HOME=/opt/rustwide/rustup-home" "-e" "CARGO_TARGET_DIR=/opt/rustwide/target" "-w" "/opt/rustwide/workdir" "--user" "0:0" "3cfed69b4d8666715d5d2377319d9abb549b94747e5e35500c6af8426b09e3ae" "/opt/rustwide/cargo-home/bin/cargo" "+3154cc1a3e6424e44f438a95007d043ed5ceaaf6" "metadata" "--no-deps" "--format-version=1", kill_on_drop: false }`
[INFO] running `Command { std: "docker" "inspect" "3cfed69b4d8666715d5d2377319d9abb549b94747e5e35500c6af8426b09e3ae", kill_on_drop: false }`
[INFO] running `Command { std: "docker" "exec" "-e" "SOURCE_DIR=/opt/rustwide/workdir" "-e" "CARGO_HOME=/opt/rustwide/cargo-home" "-e" "RUSTUP_HOME=/opt/rustwide/rustup-home" "-e" "CARGO_TARGET_DIR=/opt/rustwide/target" "-e" "CARGO_INCREMENTAL=0" "-e" "RUST_BACKTRACE=full" "-e" "RUSTFLAGS=--cap-lints=forbid -Znext-solver=coherence" "-e" "RUSTDOCFLAGS=--cap-lints=forbid" "-w" "/opt/rustwide/workdir" "--user" "0:0" "3cfed69b4d8666715d5d2377319d9abb549b94747e5e35500c6af8426b09e3ae" "/opt/rustwide/cargo-home/bin/cargo" "+3154cc1a3e6424e44f438a95007d043ed5ceaaf6" "check" "--frozen" "--all" "--all-targets" "--message-format=json", kill_on_drop: false }`
[INFO] [stderr]     Checking windows-link v0.2.1
[INFO] [stderr]     Checking plugbox-core v0.1.0 (/opt/rustwide/workdir/crates/plugbox-core)
[INFO] [stderr]    Compiling plugbox-host v0.1.0 (/opt/rustwide/workdir/crates/plugbox-host)
[INFO] [stderr]     Checking windows-sys v0.61.2
[INFO] [stderr]     Checking plugbox-plugin-desktop-icons v0.1.0 (/opt/rustwide/workdir/crates/plugbox-plugin-desktop-icons)
[INFO] [stderr] warning: plugbox-host@0.1.0: 没找到 rc.exe，跳过图标与版本信息。可执行文件不受影响，只是资源管理器里没图标、属性里没有版本号。（rc.exe 在 Windows SDK 的 bin\<版本>\x64 下；装了 VS 或 Build Tools 就有）
[INFO] [stderr]     Checking plugbox-win v0.1.0 (/opt/rustwide/workdir/crates/plugbox-win)
[INFO] [stderr]     Checking recon v0.1.0 (/opt/rustwide/workdir/tools/recon)
[INFO] [stdout] error[E0433]: cannot find `windows` in `os`
[INFO] [stdout]  --> tools/recon/src/main.rs:5:14
[INFO] [stdout]   |
[INFO] [stdout] 5 | use std::os::windows::ffi::OsStringExt;
[INFO] [stdout]   |              ^^^^^^^ could not find `windows` in `os`
[INFO] [stdout]   |
[INFO] [stdout] note: found an item that was configured out
[INFO] [stdout]  --> /rustc/3154cc1a3e6424e44f438a95007d043ed5ceaaf6/library/std/src/os/mod.rs:62:4
[INFO] [stdout]   |
[INFO] [stdout]   = note: the item is gated behind the `windows` feature
[INFO] [stdout] 
[INFO] [stdout] 
[INFO] [stdout] error[E0433]: cannot find `windows` in `os`
[INFO] [stdout]  --> tools/recon/src/main.rs:5:14
[INFO] [stdout]   |
[INFO] [stdout] 5 | use std::os::windows::ffi::OsStringExt;
[INFO] [stdout]   |              ^^^^^^^ could not find `windows` in `os`
[INFO] [stdout]   |
[INFO] [stdout] note: found an item that was configured out
[INFO] [stdout]  --> /rustc/3154cc1a3e6424e44f438a95007d043ed5ceaaf6/library/std/src/os/mod.rs:62:4
[INFO] [stdout]   |
[INFO] [stdout]   = note: the item is gated behind the `windows` feature
[INFO] [stdout] 
[INFO] [stdout] 
[INFO] [stdout] error[E0599]: no associated function or constant named `from_wide` found for struct `OsString` in the current scope
[INFO] [stdout]   --> tools/recon/src/main.rs:34:15
[INFO] [stdout]    |
[INFO] [stdout] 34 |     OsString::from_wide(&buf[..n as usize])
[INFO] [stdout]    |               ^^^^^^^^^ associated function or constant not found in `OsString`
[INFO] [stdout]    |
[INFO] [stdout] note: if you're trying to build a new `OsString` consider using one of the following associated functions:
[INFO] [stdout]       OsString::new
[INFO] [stdout]       OsString::from_encoded_bytes_unchecked
[INFO] [stdout]       OsString::with_capacity
[INFO] [stdout]   --> /rustc/3154cc1a3e6424e44f438a95007d043ed5ceaaf6/library/std/src/ffi/os_str.rs:134:4
[INFO] [stdout] help: there is an associated function `from_iter` with a similar name
[INFO] [stdout]    |
[INFO] [stdout] 34 -     OsString::from_wide(&buf[..n as usize])
[INFO] [stdout] 34 +     OsString::from_iter(&buf[..n as usize])
[INFO] [stdout]    |
[INFO] [stdout] 
[INFO] [stdout] 
[INFO] [stdout] Some errors have detailed explanations: E0433, E0599.
[INFO] [stdout] 
[INFO] [stdout] For more information about an error, try `rustc --explain E0433`.
[INFO] [stdout] 
[INFO] [stderr] error: could not compile `recon` (bin "recon" test) due to 2 previous errors
[INFO] [stderr] warning: build failed, waiting for other jobs to finish...
[INFO] [stdout] error[E0599]: no associated function or constant named `from_wide` found for struct `OsString` in the current scope
[INFO] [stdout]   --> tools/recon/src/main.rs:34:15
[INFO] [stdout]    |
[INFO] [stdout] 34 |     OsString::from_wide(&buf[..n as usize])
[INFO] [stdout]    |               ^^^^^^^^^ associated function or constant not found in `OsString`
[INFO] [stdout]    |
[INFO] [stdout] note: if you're trying to build a new `OsString` consider using one of the following associated functions:
[INFO] [stdout]       OsString::new
[INFO] [stdout]       OsString::from_encoded_bytes_unchecked
[INFO] [stdout]       OsString::with_capacity
[INFO] [stdout]   --> /rustc/3154cc1a3e6424e44f438a95007d043ed5ceaaf6/library/std/src/ffi/os_str.rs:134:4
[INFO] [stdout] help: there is an associated function `from_iter` with a similar name
[INFO] [stdout]    |
[INFO] [stdout] 34 -     OsString::from_wide(&buf[..n as usize])
[INFO] [stdout] 34 +     OsString::from_iter(&buf[..n as usize])
[INFO] [stdout]    |
[INFO] [stdout] 
[INFO] [stdout] 
[INFO] [stdout] Some errors have detailed explanations: E0433, E0599.
[INFO] [stdout] 
[INFO] [stdout] For more information about an error, try `rustc --explain E0433`.
[INFO] [stdout] 
[INFO] [stderr] error: could not compile `recon` (bin "recon") due to 2 previous errors
[INFO] running `Command { std: "docker" "inspect" "3cfed69b4d8666715d5d2377319d9abb549b94747e5e35500c6af8426b09e3ae", kill_on_drop: false }`
[INFO] running `Command { std: "docker" "rm" "-f" "3cfed69b4d8666715d5d2377319d9abb549b94747e5e35500c6af8426b09e3ae", kill_on_drop: false }`
[INFO] [stdout] 3cfed69b4d8666715d5d2377319d9abb549b94747e5e35500c6af8426b09e3ae
