[INFO] cloning repository https://github.com/ytlds-64/EdgeMouse
[INFO] running `Command { std: "git" "-c" "credential.helper=" "-c" "credential.helper=/workspace/cargo-home/bin/git-credential-null" "clone" "--bare" "https://github.com/ytlds-64/EdgeMouse" "/workspace/cache/git-repos/https%3A%2F%2Fgithub.com%2Fytlds-64%2FEdgeMouse", kill_on_drop: false }`
[INFO] [stderr] Cloning into bare repository '/workspace/cache/git-repos/https%3A%2F%2Fgithub.com%2Fytlds-64%2FEdgeMouse'...
[INFO] running `Command { std: "git" "rev-parse" "HEAD", kill_on_drop: false }`
[INFO] [stdout] eb2796f7bf2e9a2ab6b6728f91397903b766b556
[INFO] checking ytlds-64/EdgeMouse against 3154cc1a3e6424e44f438a95007d043ed5ceaaf6+rustflags=-Znext-solver=coherence for pr-133502-30
[INFO] running `Command { std: "git" "clone" "/workspace/cache/git-repos/https%3A%2F%2Fgithub.com%2Fytlds-64%2FEdgeMouse" "/workspace/builds/worker-6-tc1/source", kill_on_drop: false }`
[INFO] [stderr] Cloning into '/workspace/builds/worker-6-tc1/source'...
[INFO] [stderr] done.
[INFO] started tweaking git repo https://github.com/ytlds-64/EdgeMouse
[INFO] finished tweaking git repo https://github.com/ytlds-64/EdgeMouse
[INFO] tweaked toml for git repo https://github.com/ytlds-64/EdgeMouse written to /workspace/builds/worker-6-tc1/source/Cargo.toml
[INFO] validating manifest of git repo https://github.com/ytlds-64/EdgeMouse on toolchain 3154cc1a3e6424e44f438a95007d043ed5ceaaf6
[INFO] running `Command { std: CARGO_HOME="/workspace/cargo-home" RUSTUP_HOME="/workspace/rustup-home" "/workspace/cargo-home/bin/cargo" "+3154cc1a3e6424e44f438a95007d043ed5ceaaf6" "metadata" "--manifest-path" "Cargo.toml" "--no-deps", kill_on_drop: false }`
[INFO] crate git repo https://github.com/ytlds-64/EdgeMouse already has a lockfile, it will not be regenerated
[INFO] running `Command { std: CARGO_HOME="/workspace/cargo-home" RUSTUP_HOME="/workspace/rustup-home" "/workspace/cargo-home/bin/cargo" "+3154cc1a3e6424e44f438a95007d043ed5ceaaf6" "fetch" "--manifest-path" "Cargo.toml", kill_on_drop: false }`
[INFO] [stderr] warning: missing `[lints]` to inherit `[workspace.lints]`
[INFO] [stderr]   --> crates/edgemouse-desktop/Cargo.toml
[INFO] [stderr]    = note: `cargo::missing_lints_inheritance` is set to `warn` by default
[INFO] [stderr] help: to inherit `workspace.lints, add:
[INFO] [stderr]    |
[INFO] [stderr] 35 ~ objc2-app-kit = { version = "0.3.2", default-features = false, features = ["std", "NSApplication", "NSRunningApplication", "NSResponder"] }
[INFO] [stderr] 36 + [lints]
[INFO] [stderr] 37 + workspace = true
[INFO] [stderr]    |
[INFO] [stderr] help: to clarify your intent to not inherit, add:
[INFO] [stderr]    |
[INFO] [stderr] 35 ~ objc2-app-kit = { version = "0.3.2", default-features = false, features = ["std", "NSApplication", "NSRunningApplication", "NSResponder"] }
[INFO] [stderr] 36 + [lints]
[INFO] [stderr]    |
[INFO] [stderr] warning: `edgemouse-desktop` (manifest) generated 1 warning
[INFO] [stderr]     Updating crates.io index
[INFO] [stderr]  Downloading crates ...
[INFO] [stderr]   Downloaded serde_with v3.17.0
[INFO] [stderr]   Downloaded serde_with_macros v3.17.0
[INFO] [stderr]   Downloaded tauri-plugin-single-instance v2.4.4
[INFO] [stderr]   Downloaded notify-rust v4.17.0
[INFO] [stderr]   Downloaded spake2 v0.5.0-pre.0
[INFO] [stderr]   Downloaded rcgen v0.14.7
[INFO] running `Command { std: "docker" "create" "-v" "/var/lib/crater-agent-workspace/builds/worker-6-tc1/source:/opt/rustwide/workdir:ro,Z" "-v" "/var/lib/crater-agent-workspace/builds/worker-6-tc1/target:/opt/rustwide/target:rw,Z" "-v" "/var/lib/crater-agent-workspace/cargo-home:/opt/rustwide/cargo-home:ro,Z" "-v" "/var/lib/crater-agent-workspace/rustup-home:/opt/rustwide/rustup-home:ro,Z" "-m" "1610612736" "--network" "none" "ghcr.io/rust-lang/crates-build-env/linux@sha256:77db811e55d90add9212f6832c23229e3de5f1c1f9905e8cb07319ea15df73ac" "sleep" "infinity", kill_on_drop: false }`
[INFO] [stdout] 69bfb4d020bc1cb9b07ea956f6d51c89d40e3761c9b5c247bd1720a5b4b2a581
[INFO] running `Command { std: "docker" "start" "69bfb4d020bc1cb9b07ea956f6d51c89d40e3761c9b5c247bd1720a5b4b2a581", kill_on_drop: false }`
[INFO] running `Command { std: "docker" "inspect" "69bfb4d020bc1cb9b07ea956f6d51c89d40e3761c9b5c247bd1720a5b4b2a581", kill_on_drop: false }`
[INFO] running `Command { std: "docker" "exec" "-e" "SOURCE_DIR=/opt/rustwide/workdir" "-e" "CARGO_HOME=/opt/rustwide/cargo-home" "-e" "RUSTUP_HOME=/opt/rustwide/rustup-home" "-e" "CARGO_TARGET_DIR=/opt/rustwide/target" "-w" "/opt/rustwide/workdir" "--user" "0:0" "69bfb4d020bc1cb9b07ea956f6d51c89d40e3761c9b5c247bd1720a5b4b2a581" "/opt/rustwide/cargo-home/bin/cargo" "+3154cc1a3e6424e44f438a95007d043ed5ceaaf6" "metadata" "--no-deps" "--format-version=1", kill_on_drop: false }`
[INFO] running `Command { std: "docker" "inspect" "69bfb4d020bc1cb9b07ea956f6d51c89d40e3761c9b5c247bd1720a5b4b2a581", kill_on_drop: false }`
[INFO] running `Command { std: "docker" "exec" "-e" "SOURCE_DIR=/opt/rustwide/workdir" "-e" "CARGO_HOME=/opt/rustwide/cargo-home" "-e" "RUSTUP_HOME=/opt/rustwide/rustup-home" "-e" "CARGO_TARGET_DIR=/opt/rustwide/target" "-e" "CARGO_INCREMENTAL=0" "-e" "RUST_BACKTRACE=full" "-e" "RUSTFLAGS=--cap-lints=forbid -Znext-solver=coherence" "-e" "RUSTDOCFLAGS=--cap-lints=forbid" "-w" "/opt/rustwide/workdir" "--user" "0:0" "69bfb4d020bc1cb9b07ea956f6d51c89d40e3761c9b5c247bd1720a5b4b2a581" "/opt/rustwide/cargo-home/bin/cargo" "+3154cc1a3e6424e44f438a95007d043ed5ceaaf6" "check" "--frozen" "--all" "--all-targets" "--message-format=json", kill_on_drop: false }`
[INFO] [stderr] warning: missing `[lints]` to inherit `[workspace.lints]`
[INFO] [stderr]   --> crates/edgemouse-desktop/Cargo.toml
[INFO] [stderr]    = note: `cargo::missing_lints_inheritance` is set to `warn` by default
[INFO] [stderr] help: to inherit `workspace.lints, add:
[INFO] [stderr]    |
[INFO] [stderr] 35 ~ objc2-app-kit = { version = "0.3.2", default-features = false, features = ["std", "NSApplication", "NSRunningApplication", "NSResponder"] }
[INFO] [stderr] 36 + [lints]
[INFO] [stderr] 37 + workspace = true
[INFO] [stderr]    |
[INFO] [stderr] help: to clarify your intent to not inherit, add:
[INFO] [stderr]    |
[INFO] [stderr] 35 ~ objc2-app-kit = { version = "0.3.2", default-features = false, features = ["std", "NSApplication", "NSRunningApplication", "NSResponder"] }
[INFO] [stderr] 36 + [lints]
[INFO] [stderr]    |
[INFO] [stderr] warning: `edgemouse-desktop` (manifest) generated 1 warning
[INFO] [stderr]    Compiling syn v3.0.3
[INFO] [stderr]    Compiling smallvec v1.16.0
[INFO] [stderr]    Compiling synstructure v0.13.2
[INFO] [stderr]    Compiling thiserror-impl v1.0.69
[INFO] [stderr]    Compiling time-core v0.1.7
[INFO] [stderr]    Compiling phf_macros v0.13.1
[INFO] [stderr]    Compiling darling_core v0.21.3
[INFO] [stderr]    Compiling icu_normalizer_data v2.1.1
[INFO] [stderr]    Compiling icu_properties_data v2.1.2
[INFO] [stderr]    Compiling cfg-expr v0.15.8
[INFO] [stderr]    Compiling parking_lot_core v0.9.12
[INFO] [stderr]    Compiling getrandom v0.4.3
[INFO] [stderr]    Compiling web_atoms v0.2.6
[INFO] [stderr]    Compiling derive_more-impl v2.1.1
[INFO] [stderr]    Compiling cssparser-macros v0.6.1
[INFO] [stderr]    Compiling serde_derive_internals v0.29.1
[INFO] [stderr]    Compiling regex v1.13.1
[INFO] [stderr]    Compiling time v0.3.45
[INFO] [stderr]    Compiling quick-xml v0.38.4
[INFO] [stderr]    Compiling uuid v1.26.0
[INFO] [stderr]     Checking mio v1.2.2
[INFO] [stderr]    Compiling parking_lot v0.12.5
[INFO] [stderr]     Checking deranged v0.5.8
[INFO] [stderr]    Compiling zerofrom-derive v0.1.7
[INFO] [stderr]    Compiling yoke-derive v0.8.2
[INFO] [stderr]    Compiling string_cache v0.9.0
[INFO] [stderr]    Compiling cfb v0.7.3
[INFO] [stderr]    Compiling phf v0.13.1
[INFO] [stderr]    Compiling schemars_derive v0.8.22
[INFO] [stderr]    Compiling time-macros v0.2.25
[INFO] [stderr]    Compiling brotli v8.0.4
[INFO] [stderr]    Compiling cssparser v0.36.0
[INFO] [stderr]    Compiling ring v0.17.14
[INFO] [stderr]    Compiling tracing-attributes v0.1.31
[INFO] [stderr]     Checking thiserror v1.0.69
[INFO] [stderr]    Compiling derive_more v2.1.1
[INFO] [stderr]    Compiling infer v0.19.0
[INFO] [stderr]     Checking subtle v2.6.1
[INFO] [stderr]    Compiling selectors v0.36.1
[INFO] [stderr]    Compiling gtk v0.18.2
[INFO] [stderr]    Compiling dirs-sys v0.5.0
[INFO] [stderr]    Compiling toml v0.9.12+spec-1.1.0
[INFO] [stderr]    Compiling embed-resource v3.0.11
[INFO] [stderr]     Checking serde_spanned v1.1.1
[INFO] [stderr]    Compiling rustix v1.1.4
[INFO] [stderr]    Compiling markup5ever v0.38.0
[INFO] [stderr]    Compiling dirs v6.0.0
[INFO] [stderr]     Checking toml_datetime v1.1.1+spec-1.1.0
[INFO] [stderr]    Compiling html5ever v0.38.0
[INFO] [stderr]    Compiling tauri-winres v0.3.6
[INFO] [stderr]     Checking toml v1.1.4+spec-1.1.0
[INFO] [stderr]     Checking tracing v0.1.44
[INFO] [stderr]    Compiling zerofrom v0.1.8
[INFO] [stderr]     Checking edgemouse-core v0.6.18 (/opt/rustwide/workdir/crates/edgemouse-core)
[INFO] [stderr]    Compiling yoke v0.8.3
[INFO] [stderr]    Compiling generic-array v0.14.7
[INFO] [stderr]    Compiling toml_edit v0.25.13+spec-1.1.0
[INFO] [stderr]    Compiling enumflags2_derive v0.7.12
[INFO] [stderr]     Checking regex-automata v0.4.18
[INFO] [stderr]     Checking x11 v2.21.0
[INFO] [stderr]    Compiling miniz_oxide v0.9.1
[INFO] [stderr]    Compiling dom_query v0.27.0
[INFO] [stderr]    Compiling crc32fast v1.5.1
[INFO] [stderr]     Checking concurrent-queue v2.5.0
[INFO] [stderr]     Checking phf_shared v0.13.1
[INFO] [stderr]     Checking erased-serde v0.4.10
[INFO] [stderr]    Compiling crypto-common v0.1.7
[INFO] [stderr]    Compiling block-buffer v0.10.4
[INFO] [stderr]     Checking digest v0.11.3
[INFO] [stderr]    Compiling fdeflate v0.3.7
[INFO] [stderr]     Checking futures-lite v2.6.1
[INFO] [stderr]    Compiling quinn-udp v0.5.15
[INFO] [stderr]    Compiling darling_macro v0.21.3
[INFO] [stderr]     Checking rand v0.10.2
[INFO] [stderr]    Compiling darling v0.21.3
[INFO] [stderr]    Compiling flate2 v1.1.10
[INFO] [stderr]    Compiling serde_with_macros v3.17.0
[INFO] [stderr]     Checking serde-untagged v0.1.9
[INFO] [stderr]    Compiling proc-macro-crate v3.5.0
[INFO] [stderr]    Compiling digest v0.10.7
[INFO] [stderr]     Checking x11-dl v2.21.0
[INFO] [stderr]     Checking getrandom v0.3.4
[INFO] [stderr]    Compiling quinn v0.11.11
[INFO] [stderr]     Checking rand_pcg v0.10.2
[INFO] [stderr]    Compiling png v0.17.16
[INFO] [stderr]     Checking semver v1.0.28
[INFO] [stderr]    Compiling dlopen2_derive v0.4.3
[INFO] [stderr]     Checking lru-slab v0.1.2
[INFO] [stderr]    Compiling rustls v0.23.43
[INFO] [stderr]    Compiling sha2 v0.10.9
[INFO] [stderr]     Checking syn v2.0.119
[INFO] [stderr]     Checking dbus v0.9.12
[INFO] [stderr]    Compiling serde_with v3.17.0
[INFO] [stderr]     Checking cookie v0.18.2
[INFO] [stderr]     Checking yasna v0.5.2
[INFO] [stderr]    Compiling curve25519-dalek v5.0.0
[INFO] [stderr]     Checking dlopen2 v0.8.2
[INFO] [stderr]     Checking png v0.18.1
[INFO] [stderr]     Checking hmac v0.13.0
[INFO] [stderr]     Checking async-channel v2.5.0
[INFO] [stderr]     Checking edgemouse-protocol v0.6.18 (/opt/rustwide/workdir/crates/edgemouse-protocol)
[INFO] [stderr]    Compiling serialize-to-javascript-impl v0.1.2
[INFO] [stderr]    Compiling curve25519-dalek-derive v0.1.1
[INFO] [stderr]     Checking hkdf v0.13.0
[INFO] [stderr]     Checking nix v0.31.3
[INFO] [stderr]     Checking sha2 v0.11.0
[INFO] [stderr]    Compiling ico v0.5.0
[INFO] [stderr]     Checking async-lock v3.4.2
[INFO] [stderr]     Checking piper v0.2.5
[INFO] [stderr]    Compiling edgemouse-agent v0.6.18 (/opt/rustwide/workdir/crates/edgemouse-agent)
[INFO] [stderr]     Checking rustls-webpki v0.103.14
[INFO] [stderr]     Checking rcgen v0.14.7
[INFO] [stderr]     Checking blocking v1.7.0
[INFO] [stderr]     Checking async-executor v1.14.0
[INFO] [stderr]     Checking rand_core v0.9.5
[INFO] [stderr]     Checking dirs-sys v0.3.7
[INFO] [stderr]     Checking dirs v4.0.0
[INFO] [stderr]     Checking ctrlc v3.5.2
[INFO] [stderr]     Checking rand_chacha v0.9.0
[INFO] [stderr]    Compiling zip v2.4.2
[INFO] [stderr]     Checking auto-launch v0.5.0
[INFO] [stderr]     Checking toml_datetime v0.7.5+spec-1.1.0
[INFO] [stderr]     Checking minisign-verify v0.2.5
[INFO] [stderr]     Checking edgemouse-platform-macos v0.6.18 (/opt/rustwide/workdir/crates/edgemouse-platform-macos)
[INFO] [stderr]    Compiling serde_derive v1.0.229
[INFO] [stderr]    Compiling zerovec-derive v0.11.6
[INFO] [stderr]    Compiling displaydoc v0.2.7
[INFO] [stderr]    Compiling thiserror-impl v2.0.20
[INFO] [stderr]    Compiling futures-macro v0.3.34
[INFO] [stderr]    Compiling tokio-macros v2.7.2
[INFO] [stderr]    Compiling serde_repr v0.1.21
[INFO] [stderr]     Checking spake2 v0.5.0-pre.0
[INFO] [stderr]    Compiling async-trait v0.1.92
[INFO] [stderr]     Checking rand v0.9.5
[INFO] [stderr]     Checking edgemouse-platform-windows v0.6.18 (/opt/rustwide/workdir/crates/edgemouse-platform-windows)
[INFO] [stderr]    Compiling zerotrie v0.2.5
[INFO] [stderr]     Checking tokio v1.53.1
[INFO] [stderr]     Checking futures-util v0.3.34
[INFO] [stderr]    Compiling thiserror v2.0.20
[INFO] [stderr]     Checking polling v3.11.0
[INFO] [stderr]     Checking xattr v1.6.1
[INFO] [stderr]     Checking tempfile v3.27.0
[INFO] [stderr]    Compiling zerovec v0.11.8
[INFO] [stderr]     Checking tar v0.4.46
[INFO] [stderr]     Checking async-io v2.6.0
[INFO] [stderr]     Checking async-signal v0.2.14
[INFO] [stderr]     Checking async-process v2.5.0
[INFO] [stderr]     Checking tinystr v0.8.4
[INFO] [stderr]     Checking potential_utf v0.1.6
[INFO] [stderr]     Checking icu_locale_core v2.1.1
[INFO] [stderr]     Checking icu_collections v2.1.1
[INFO] [stderr]     Checking quinn-proto v0.11.16
[INFO] [stderr]     Checking rustls-platform-verifier v0.7.0
[INFO] [stderr]     Checking icu_provider v2.1.1
[INFO] [stderr]     Checking futures-executor v0.3.34
[INFO] [stderr]     Checking icu_normalizer v2.1.1
[INFO] [stderr]     Checking icu_properties v2.1.2
[INFO] [stderr]    Compiling serde v1.0.229
[INFO] [stderr]    Compiling toml_datetime v0.6.3
[INFO] [stderr]    Compiling serde_spanned v0.6.9
[INFO] [stderr]    Compiling cargo-platform v0.1.9
[INFO] [stderr]    Compiling jsonptr v0.6.3
[INFO] [stderr]    Compiling indexmap v1.9.3
[INFO] [stderr]    Compiling plist v1.8.0
[INFO] [stderr]    Compiling cargo_toml v0.22.3
[INFO] [stderr]    Compiling zvariant_utils v3.3.0
[INFO] [stderr]    Compiling enumflags2 v0.7.12
[INFO] [stderr]     Checking dpi v0.1.2
[INFO] [stderr]    Compiling zvariant_derive v5.9.2
[INFO] [stderr]    Compiling toml_edit v0.20.2
[INFO] [stderr]    Compiling toml_edit v0.19.15
[INFO] [stderr]     Checking keyboard-types v0.7.0
[INFO] [stderr]     Checking idna_adapter v1.2.1
[INFO] [stderr]     Checking json-patch v3.0.1
[INFO] [stderr]    Compiling cargo_metadata v0.19.2
[INFO] [stderr]     Checking idna v1.1.0
[INFO] [stderr]     Checking url v2.5.8
[INFO] [stderr]     Checking serialize-to-javascript v0.1.2
[INFO] [stderr]    Compiling zvariant v5.9.2
[INFO] [stderr]     Checking hyper v1.11.1
[INFO] [stderr]     Checking tower v0.5.3
[INFO] [stderr]     Checking tokio-rustls v0.26.4
[INFO] [stderr]     Checking tokio-util v0.7.19
[INFO] [stderr]     Checking urlpattern v0.3.0
[INFO] [stderr]    Compiling schemars v0.8.22
[INFO] [stderr]     Checking edgemouse-transport v0.6.18 (/opt/rustwide/workdir/crates/edgemouse-transport)
[INFO] [stderr]     Checking tower-http v0.6.11
[INFO] [stdout] error[E0425]: cannot find value `displays` in this scope
[INFO] [stdout]   --> crates/edgemouse-agent/src/platform/mod.rs:26:39
[INFO] [stdout]    |
[INFO] [stdout] 26 |     let display_count = u32::try_from(displays.len())
[INFO] [stdout]    |                                       ^^^^^^^^ not found in this scope
[INFO] [stdout] 
[INFO] [stdout] 
[INFO] [stdout] error[E0425]: cannot find value `bounds` in this scope
[INFO] [stdout]   --> crates/edgemouse-agent/src/platform/mod.rs:30:9
[INFO] [stdout]    |
[INFO] [stdout] 30 |         bounds,
[INFO] [stdout]    |         ^^^^^^ not found in this scope
[INFO] [stdout] 
[INFO] [stdout] 
[INFO] [stdout] error[E0425]: cannot find value `scale_factor` in this scope
[INFO] [stdout]   --> crates/edgemouse-agent/src/platform/mod.rs:31:9
[INFO] [stdout]    |
[INFO] [stdout] 31 |         scale_factor,
[INFO] [stdout]    |         ^^^^^^^^^^^^ not found in this scope
[INFO] [stdout] 
[INFO] [stdout] 
[INFO] [stdout] error[E0425]: cannot find value `displays` in this scope
[INFO] [stdout]   --> crates/edgemouse-agent/src/platform/mod.rs:33:9
[INFO] [stdout]    |
[INFO] [stdout] 33 |         displays,
[INFO] [stdout]    |         ^^^^^^^^ not found in this scope
[INFO] [stdout] 
[INFO] [stdout] 
[INFO] [stdout] error[E0425]: cannot find value `displays` in this scope
[INFO] [stdout]   --> crates/edgemouse-agent/src/platform/mod.rs:26:39
[INFO] [stdout]    |
[INFO] [stdout] 26 |     let display_count = u32::try_from(displays.len())
[INFO] [stdout]    |                                       ^^^^^^^^ not found in this scope
[INFO] [stdout] 
[INFO] [stdout] 
[INFO] [stdout] error[E0425]: cannot find value `bounds` in this scope
[INFO] [stdout]   --> crates/edgemouse-agent/src/platform/mod.rs:30:9
[INFO] [stdout]    |
[INFO] [stdout] 30 |         bounds,
[INFO] [stdout]    |         ^^^^^^ not found in this scope
[INFO] [stdout] 
[INFO] [stdout] 
[INFO] [stdout] error[E0425]: cannot find value `scale_factor` in this scope
[INFO] [stdout]   --> crates/edgemouse-agent/src/platform/mod.rs:31:9
[INFO] [stdout]    |
[INFO] [stdout] 31 |         scale_factor,
[INFO] [stdout]    |         ^^^^^^^^^^^^ not found in this scope
[INFO] [stdout] 
[INFO] [stdout] 
[INFO] [stdout] error[E0425]: cannot find value `displays` in this scope
[INFO] [stdout]   --> crates/edgemouse-agent/src/platform/mod.rs:33:9
[INFO] [stdout]    |
[INFO] [stdout] 33 |         displays,
[INFO] [stdout]    |         ^^^^^^^^ not found in this scope
[INFO] [stdout] 
[INFO] [stdout] 
[INFO] [stderr]    Compiling toml v0.8.2
[INFO] [stderr]    Compiling proc-macro-crate v2.0.2
[INFO] [stderr]     Checking hyper-util v0.1.20
[INFO] [stderr]     Checking tauri-utils v2.9.3
[INFO] [stderr]    Compiling proc-macro-crate v1.3.1
[INFO] [stderr]    Compiling system-deps v6.2.2
[INFO] [stdout] warning: unused variable: `local_node`
[INFO] [stdout]    --> crates/edgemouse-agent/src/network.rs:285:13
[INFO] [stdout]     |
[INFO] [stdout] 285 |         let local_node = config.identity.node_id();
[INFO] [stdout]     |             ^^^^^^^^^^ help: if this is intentional, prefix it with an underscore: `_local_node`
[INFO] [stdout]     |
[INFO] [stdout]     = note: `#[warn(unused_variables)]` (part of `#[warn(unused)]`) on by default
[INFO] [stdout] 
[INFO] [stdout] 
[INFO] [stdout] warning: unused variable: `clipboard_preferences`
[INFO] [stdout]    --> crates/edgemouse-agent/src/network.rs:287:13
[INFO] [stdout]     |
[INFO] [stdout] 287 |         let clipboard_preferences = config_path.with_file_name("edgemouse-desktop.toml");
[INFO] [stdout]     |             ^^^^^^^^^^^^^^^^^^^^^ help: if this is intentional, prefix it with an underscore: `_clipboard_preferences`
[INFO] [stdout] 
[INFO] [stdout] 
[INFO] [stdout] For more information about this error, try `rustc --explain E0425`.
[INFO] [stdout] 
[INFO] [stderr] error: could not compile `edgemouse-agent` (lib) due to 4 previous errors; 2 warnings emitted
[INFO] [stderr] warning: build failed, waiting for other jobs to finish...
[INFO] [stdout] warning: unused variable: `local_node`
[INFO] [stdout]    --> crates/edgemouse-agent/src/network.rs:285:13
[INFO] [stdout]     |
[INFO] [stdout] 285 |         let local_node = config.identity.node_id();
[INFO] [stdout]     |             ^^^^^^^^^^ help: if this is intentional, prefix it with an underscore: `_local_node`
[INFO] [stdout]     |
[INFO] [stdout]     = note: `#[warn(unused_variables)]` (part of `#[warn(unused)]`) on by default
[INFO] [stdout] 
[INFO] [stdout] 
[INFO] [stdout] warning: unused variable: `clipboard_preferences`
[INFO] [stdout]    --> crates/edgemouse-agent/src/network.rs:287:13
[INFO] [stdout]     |
[INFO] [stdout] 287 |         let clipboard_preferences = config_path.with_file_name("edgemouse-desktop.toml");
[INFO] [stdout]     |             ^^^^^^^^^^^^^^^^^^^^^ help: if this is intentional, prefix it with an underscore: `_clipboard_preferences`
[INFO] [stdout] 
[INFO] [stdout] 
[INFO] [stdout] For more information about this error, try `rustc --explain E0425`.
[INFO] [stdout] 
[INFO] [stderr] error: could not compile `edgemouse-agent` (lib test) due to 4 previous errors; 2 warnings emitted
[INFO] [stderr] warning: unused dependency `edgemouse-core`
[INFO] [stderr]   --> crates/edgemouse-platform-macos/Cargo.toml:11:1
[INFO] [stderr]    |
[INFO] [stderr] 11 | edgemouse-core = { path = "../edgemouse-core" }
[INFO] [stderr]    | ^^^^^^^^^^^^^^^^^^^^^^^^^^^^^^^^^^^^^^^^^^^^^^^
[INFO] [stderr]    |
[INFO] [stderr]    = note: `cargo::unused_dependencies` is set to `warn` by default
[INFO] [stderr] help: consider removing the dependency on `edgemouse-core`
[INFO] [stderr] warning: `edgemouse-platform-macos` (manifest) generated 1 warning
[INFO] [stderr] warning: unused dependency `edgemouse-core`
[INFO] [stderr]   --> crates/edgemouse-platform-windows/Cargo.toml:11:1
[INFO] [stderr]    |
[INFO] [stderr] 11 | edgemouse-core = { path = "../edgemouse-core" }
[INFO] [stderr]    | ^^^^^^^^^^^^^^^^^^^^^^^^^^^^^^^^^^^^^^^^^^^^^^^
[INFO] [stderr]    |
[INFO] [stderr]    = note: `cargo::unused_dependencies` is set to `warn` by default
[INFO] [stderr] help: consider removing the dependency on `edgemouse-core`
[INFO] [stderr] warning: `edgemouse-platform-windows` (manifest) generated 1 warning
[INFO] running `Command { std: "docker" "inspect" "69bfb4d020bc1cb9b07ea956f6d51c89d40e3761c9b5c247bd1720a5b4b2a581", kill_on_drop: false }`
[INFO] running `Command { std: "docker" "rm" "-f" "69bfb4d020bc1cb9b07ea956f6d51c89d40e3761c9b5c247bd1720a5b4b2a581", kill_on_drop: false }`
[INFO] [stdout] 69bfb4d020bc1cb9b07ea956f6d51c89d40e3761c9b5c247bd1720a5b4b2a581
