[INFO] cloning repository https://github.com/yse-yoo/cargo-samples
[INFO] running `Command { std: "git" "-c" "credential.helper=" "-c" "credential.helper=/workspace/cargo-home/bin/git-credential-null" "clone" "--bare" "https://github.com/yse-yoo/cargo-samples" "/workspace/cache/git-repos/https%3A%2F%2Fgithub.com%2Fyse-yoo%2Fcargo-samples", kill_on_drop: false }`
[INFO] [stderr] Cloning into bare repository '/workspace/cache/git-repos/https%3A%2F%2Fgithub.com%2Fyse-yoo%2Fcargo-samples'...
[INFO] running `Command { std: "git" "rev-parse" "HEAD", kill_on_drop: false }`
[INFO] [stdout] 0435e1235908b6af144f9075c671d8a714e43349
[INFO] checking yse-yoo/cargo-samples against 3154cc1a3e6424e44f438a95007d043ed5ceaaf6+rustflags=-Znext-solver=coherence for pr-133502-30
[INFO] running `Command { std: "git" "clone" "/workspace/cache/git-repos/https%3A%2F%2Fgithub.com%2Fyse-yoo%2Fcargo-samples" "/workspace/builds/worker-7-tc1/source", kill_on_drop: false }`
[INFO] [stderr] Cloning into '/workspace/builds/worker-7-tc1/source'...
[INFO] [stderr] done.
[INFO] started tweaking git repo https://github.com/yse-yoo/cargo-samples
[INFO] finished tweaking git repo https://github.com/yse-yoo/cargo-samples
[INFO] tweaked toml for git repo https://github.com/yse-yoo/cargo-samples written to /workspace/builds/worker-7-tc1/source/Cargo.toml
[INFO] validating manifest of git repo https://github.com/yse-yoo/cargo-samples on toolchain 3154cc1a3e6424e44f438a95007d043ed5ceaaf6
[INFO] running `Command { std: CARGO_HOME="/workspace/cargo-home" RUSTUP_HOME="/workspace/rustup-home" "/workspace/cargo-home/bin/cargo" "+3154cc1a3e6424e44f438a95007d043ed5ceaaf6" "metadata" "--manifest-path" "Cargo.toml" "--no-deps", kill_on_drop: false }`
[INFO] crate git repo https://github.com/yse-yoo/cargo-samples already has a lockfile, it will not be regenerated
[INFO] running `Command { std: CARGO_HOME="/workspace/cargo-home" RUSTUP_HOME="/workspace/rustup-home" "/workspace/cargo-home/bin/cargo" "+3154cc1a3e6424e44f438a95007d043ed5ceaaf6" "fetch" "--manifest-path" "Cargo.toml", kill_on_drop: false }`
[INFO] [stderr]     Updating crates.io index
[INFO] [stderr]  Downloading crates ...
[INFO] [stderr]   Downloaded askama_web_derive v0.3.0
[INFO] [stderr]   Downloaded tower-livereload v0.10.3
[INFO] [stderr]   Downloaded askama_web v0.16.0
[INFO] [stderr]   Downloaded tower-http v0.7.0
[INFO] running `Command { std: "docker" "create" "-v" "/var/lib/crater-agent-workspace/builds/worker-7-tc1/source:/opt/rustwide/workdir:ro,Z" "-v" "/var/lib/crater-agent-workspace/builds/worker-7-tc1/target:/opt/rustwide/target:rw,Z" "-v" "/var/lib/crater-agent-workspace/cargo-home:/opt/rustwide/cargo-home:ro,Z" "-v" "/var/lib/crater-agent-workspace/rustup-home:/opt/rustwide/rustup-home:ro,Z" "-m" "1610612736" "--network" "none" "ghcr.io/rust-lang/crates-build-env/linux@sha256:77db811e55d90add9212f6832c23229e3de5f1c1f9905e8cb07319ea15df73ac" "sleep" "infinity", kill_on_drop: false }`
[INFO] [stdout] 0e66dab84531faf0316d0d1b7381e17d32d413453d7e6f72d11f4ad82f1978b4
[INFO] running `Command { std: "docker" "start" "0e66dab84531faf0316d0d1b7381e17d32d413453d7e6f72d11f4ad82f1978b4", kill_on_drop: false }`
[INFO] running `Command { std: "docker" "inspect" "0e66dab84531faf0316d0d1b7381e17d32d413453d7e6f72d11f4ad82f1978b4", kill_on_drop: false }`
[INFO] running `Command { std: "docker" "exec" "-e" "SOURCE_DIR=/opt/rustwide/workdir" "-e" "CARGO_HOME=/opt/rustwide/cargo-home" "-e" "RUSTUP_HOME=/opt/rustwide/rustup-home" "-e" "CARGO_TARGET_DIR=/opt/rustwide/target" "-w" "/opt/rustwide/workdir" "--user" "0:0" "0e66dab84531faf0316d0d1b7381e17d32d413453d7e6f72d11f4ad82f1978b4" "/opt/rustwide/cargo-home/bin/cargo" "+3154cc1a3e6424e44f438a95007d043ed5ceaaf6" "metadata" "--no-deps" "--format-version=1", kill_on_drop: false }`
[INFO] running `Command { std: "docker" "inspect" "0e66dab84531faf0316d0d1b7381e17d32d413453d7e6f72d11f4ad82f1978b4", kill_on_drop: false }`
[INFO] running `Command { std: "docker" "exec" "-e" "SOURCE_DIR=/opt/rustwide/workdir" "-e" "CARGO_HOME=/opt/rustwide/cargo-home" "-e" "RUSTUP_HOME=/opt/rustwide/rustup-home" "-e" "CARGO_TARGET_DIR=/opt/rustwide/target" "-e" "CARGO_INCREMENTAL=0" "-e" "RUST_BACKTRACE=full" "-e" "RUSTFLAGS=--cap-lints=forbid -Znext-solver=coherence" "-e" "RUSTDOCFLAGS=--cap-lints=forbid" "-w" "/opt/rustwide/workdir" "--user" "0:0" "0e66dab84531faf0316d0d1b7381e17d32d413453d7e6f72d11f4ad82f1978b4" "/opt/rustwide/cargo-home/bin/cargo" "+3154cc1a3e6424e44f438a95007d043ed5ceaaf6" "check" "--frozen" "--all" "--all-targets" "--message-format=json", kill_on_drop: false }`
[INFO] [stderr]    Compiling serde v1.0.228
[INFO] [stderr]    Compiling serde_core v1.0.228
[INFO] [stderr]    Compiling libc v0.2.186
[INFO] [stderr]    Compiling zerofrom v0.1.8
[INFO] [stderr]     Checking bytes v1.12.0
[INFO] [stderr]    Compiling ring v0.17.14
[INFO] [stderr]    Compiling yoke v0.8.3
[INFO] [stderr]    Compiling zerovec v0.11.6
[INFO] [stderr]    Compiling num-traits v0.2.19
[INFO] [stderr]    Compiling zerotrie v0.2.4
[INFO] [stderr]    Compiling hybrid-array v0.4.12
[INFO] [stderr]    Compiling tinystr v0.8.3
[INFO] [stderr]    Compiling potential_utf v0.1.5
[INFO] [stderr]    Compiling serde_json v1.0.150
[INFO] [stderr]    Compiling icu_locale_core v2.2.0
[INFO] [stderr]     Checking socket2 v0.6.4
[INFO] [stderr]     Checking mio v1.2.1
[INFO] [stderr]    Compiling icu_collections v2.2.0
[INFO] [stderr]    Compiling cmov v0.5.4
[INFO] [stderr]    Compiling rustls v0.23.41
[INFO] [stderr]     Checking tokio v1.52.3
[INFO] [stderr]    Compiling ctutils v0.4.2
[INFO] [stderr]    Compiling crypto-common v0.2.2
[INFO] [stderr]    Compiling block-buffer v0.12.1
[INFO] [stderr]     Checking tracing v0.1.44
[INFO] [stderr]    Compiling icu_provider v2.2.0
[INFO] [stderr]     Checking http v1.4.2
[INFO] [stderr]    Compiling generic-array v0.14.9
[INFO] [stderr]    Compiling zeroize v1.9.0
[INFO] [stderr]    Compiling futures-core v0.3.32
[INFO] [stderr]    Compiling rustls-pki-types v1.14.1
[INFO] [stderr]     Checking http-body v1.0.1
[INFO] [stderr]    Compiling icu_properties v2.2.0
[INFO] [stderr]    Compiling digest v0.11.3
[INFO] [stderr]    Compiling getrandom v0.2.17
[INFO] [stderr]     Checking smallvec v1.15.2
[INFO] [stderr]     Checking futures-task v0.3.32
[INFO] [stderr]    Compiling block-buffer v0.10.4
[INFO] [stderr]     Checking futures-util v0.3.32
[INFO] [stderr]    Compiling crypto-common v0.1.6
[INFO] [stderr]    Compiling icu_normalizer v2.2.0
[INFO] [stderr]    Compiling parking_lot_core v0.9.12
[INFO] [stderr]    Compiling tinyvec_macros v0.1.1
[INFO] [stderr]    Compiling futures-sink v0.3.32
[INFO] [stderr]    Compiling idna_adapter v1.2.2
[INFO] [stderr]    Compiling rand_core v0.10.1
[INFO] [stderr]    Compiling foldhash v0.2.0
[INFO] [stderr]    Compiling thiserror v2.0.18
[INFO] [stderr]    Compiling cpufeatures v0.3.0
[INFO] [stderr]    Compiling hashbrown v0.16.1
[INFO] [stderr]    Compiling form_urlencoded v1.2.2
[INFO] [stderr]    Compiling idna v1.1.0
[INFO] [stderr]    Compiling tinyvec v1.11.0
[INFO] [stderr]    Compiling rustls-webpki v0.103.13
[INFO] [stderr]    Compiling parking_lot v0.12.5
[INFO] [stderr]    Compiling digest v0.10.7
[INFO] [stderr]    Compiling tracing-core v0.1.36
[INFO] [stderr]    Compiling concurrent-queue v2.5.0
[INFO] [stderr]    Compiling zmij v1.0.21
[INFO] [stderr]    Compiling subtle v2.6.1
[INFO] [stderr]    Compiling crc-catalog v2.5.0
[INFO] [stderr]    Compiling futures-io v0.3.32
[INFO] [stderr]    Compiling event-listener v5.4.1
[INFO] [stderr]    Compiling crc v3.4.0
[INFO] [stderr]    Compiling chrono v0.4.45
[INFO] [stderr]    Compiling sha2 v0.10.9
[INFO] [stderr]    Compiling futures-intrusive v0.5.0
[INFO] [stderr]    Compiling hashlink v0.11.1
[INFO] [stderr]    Compiling unicode-normalization v0.1.25
[INFO] [stderr]    Compiling url v2.5.8
[INFO] [stderr]    Compiling chacha20 v0.10.0
[INFO] [stderr]    Compiling getrandom v0.4.3
[INFO] [stderr]    Compiling either v1.16.0
[INFO] [stderr]    Compiling webpki-roots v1.0.8
[INFO] [stderr]    Compiling hmac v0.13.0
[INFO] [stderr]     Checking futures-channel v0.3.32
[INFO] [stderr]    Compiling winnow v1.0.3
[INFO] [stderr]    Compiling base64 v0.22.1
[INFO] [stderr]    Compiling rustc-hash v2.1.2
[INFO] [stderr]    Compiling unicode-properties v0.1.4
[INFO] [stderr]    Compiling unicode-bidi v0.3.18
[INFO] [stderr]    Compiling hkdf v0.13.0
[INFO] [stderr]    Compiling stringprep v0.1.5
[INFO] [stderr]    Compiling rand v0.10.1
[INFO] [stderr]    Compiling askama_parser v0.16.0
[INFO] [stderr]    Compiling sha2 v0.11.0
[INFO] [stderr]    Compiling atoi v2.0.0
[INFO] [stderr]    Compiling basic-toml v0.1.10
[INFO] [stderr]    Compiling md-5 v0.11.0
[INFO] [stderr]     Checking http-body-util v0.1.3
[INFO] [stderr]    Compiling whoami v2.1.2
[INFO] [stderr]    Compiling bitflags v2.13.0
[INFO] [stderr]    Compiling tokio-stream v0.1.18
[INFO] [stderr]    Compiling glob v0.3.3
[INFO] [stderr]    Compiling mime_guess v2.0.5
[INFO] [stderr]     Checking indexmap v2.14.0
[INFO] [stderr]    Compiling sqlx-core v0.9.0
[INFO] [stderr]     Checking hyper v1.10.1
[INFO] [stderr]     Checking axum-core v0.5.6
[INFO] [stderr]     Checking tower v0.5.3
[INFO] [stderr]     Checking dotenvy v0.15.7
[INFO] [stderr]    Compiling askama_derive v0.16.0
[INFO] [stderr]     Checking serde_urlencoded v0.7.1
[INFO] [stderr]     Checking hyper-util v0.1.20
[INFO] [stderr]     Checking tokio-util v0.7.19
[INFO] [stderr]     Checking serde_path_to_error v0.1.20
[INFO] [stderr]    Compiling askama_web_derive v0.3.0
[INFO] [stderr]     Checking http-range-header v0.4.2
[INFO] [stderr]     Checking tracing-subscriber v0.3.23
[INFO] [stderr]     Checking tower-http v0.7.0
[INFO] [stderr]     Checking tower-livereload v0.10.3
[INFO] [stderr]     Checking axum v0.8.9
[INFO] [stderr]    Compiling sqlx-postgres v0.9.0
[INFO] [stderr]    Compiling askama_macros v0.16.0
[INFO] [stderr]     Checking askama v0.16.0
[INFO] [stderr]     Checking askama_web v0.16.0
[INFO] [stderr]    Compiling sqlx-macros-core v0.9.0
[INFO] [stderr]    Compiling sqlx-macros v0.9.0
[INFO] [stderr]     Checking sqlx v0.9.0
[INFO] [stderr]     Checking cargo-samples v0.1.0 (/opt/rustwide/workdir)
[INFO] [stdout] error: set `DATABASE_URL` to use query macros online, or run `cargo sqlx prepare` to update the query cache
[INFO] [stdout]   --> src/models/user.rs:14:21
[INFO] [stdout]    |
[INFO] [stdout] 14 |           let users = sqlx::query_as!(
[INFO] [stdout]    |  _____________________^
[INFO] [stdout] 15 | |             User,
[INFO] [stdout] 16 | |             r#"SELECT id, name, email, created_at FROM users ORDER BY id"#
[INFO] [stdout] 17 | |         )
[INFO] [stdout]    | |_________^
[INFO] [stdout]    |
[INFO] [stdout]    = note: this error originates in the macro `$crate::sqlx_macros::expand_query` which comes from the expansion of the macro `sqlx::query_as` (in Nightly builds, run with -Z macro-backtrace for more info)
[INFO] [stdout] 
[INFO] [stdout] 
[INFO] [stdout] error: set `DATABASE_URL` to use query macros online, or run `cargo sqlx prepare` to update the query cache
[INFO] [stdout]   --> src/models/user.rs:24:20
[INFO] [stdout]    |
[INFO] [stdout] 24 |           let user = sqlx::query_as!(
[INFO] [stdout]    |  ____________________^
[INFO] [stdout] 25 | |             User,
[INFO] [stdout] 26 | |             r#"SELECT id, name, email, created_at FROM users WHERE id = $1"#,
[INFO] [stdout] 27 | |             id
[INFO] [stdout] 28 | |         )
[INFO] [stdout]    | |_________^
[INFO] [stdout]    |
[INFO] [stdout]    = note: this error originates in the macro `$crate::sqlx_macros::expand_query` which comes from the expansion of the macro `sqlx::query_as` (in Nightly builds, run with -Z macro-backtrace for more info)
[INFO] [stdout] 
[INFO] [stdout] 
[INFO] [stdout] error: set `DATABASE_URL` to use query macros online, or run `cargo sqlx prepare` to update the query cache
[INFO] [stdout]   --> src/models/user.rs:36:20
[INFO] [stdout]    |
[INFO] [stdout] 36 |           let user = sqlx::query_as!(
[INFO] [stdout]    |  ____________________^
[INFO] [stdout] 37 | |             User,
[INFO] [stdout] 38 | |             r#"INSERT INTO users (name, email) VALUES ($1, $2)
[INFO] [stdout] 39 | |                RETURNING id, name, email, created_at"#,
[INFO] [stdout] 40 | |             name,
[INFO] [stdout] 41 | |             email
[INFO] [stdout] 42 | |         )
[INFO] [stdout]    | |_________^
[INFO] [stdout]    |
[INFO] [stdout]    = note: this error originates in the macro `$crate::sqlx_macros::expand_query` which comes from the expansion of the macro `sqlx::query_as` (in Nightly builds, run with -Z macro-backtrace for more info)
[INFO] [stdout] 
[INFO] [stdout] 
[INFO] [stdout] error: set `DATABASE_URL` to use query macros online, or run `cargo sqlx prepare` to update the query cache
[INFO] [stdout]   --> src/models/user.rs:49:20
[INFO] [stdout]    |
[INFO] [stdout] 49 |           let user = sqlx::query_as!(
[INFO] [stdout]    |  ____________________^
[INFO] [stdout] 50 | |             User,
[INFO] [stdout] 51 | |             r#"UPDATE users SET name = $1, email = $2 WHERE id = $3
[INFO] [stdout] 52 | |                RETURNING id, name, email, created_at"#,
[INFO] [stdout] ...  |
[INFO] [stdout] 55 | |             id
[INFO] [stdout] 56 | |         )
[INFO] [stdout]    | |_________^
[INFO] [stdout]    |
[INFO] [stdout]    = note: this error originates in the macro `$crate::sqlx_macros::expand_query` which comes from the expansion of the macro `sqlx::query_as` (in Nightly builds, run with -Z macro-backtrace for more info)
[INFO] [stdout] 
[INFO] [stdout] 
[INFO] [stdout] error: set `DATABASE_URL` to use query macros online, or run `cargo sqlx prepare` to update the query cache
[INFO] [stdout]   --> src/models/user.rs:64:22
[INFO] [stdout]    |
[INFO] [stdout] 64 |         let result = sqlx::query!(r#"DELETE FROM users WHERE id = $1"#, id)
[INFO] [stdout]    |                      ^^^^^^^^^^^^^^^^^^^^^^^^^^^^^^^^^^^^^^^^^^^^^^^^^^^^^^
[INFO] [stdout]    |
[INFO] [stdout]    = note: this error originates in the macro `$crate::sqlx_macros::expand_query` which comes from the expansion of the macro `sqlx::query` (in Nightly builds, run with -Z macro-backtrace for more info)
[INFO] [stdout] 
[INFO] [stdout] 
[INFO] [stdout] warning: method call on a diverging inference variable
[INFO] [stdout]   --> src/models/user.rs:31:10
[INFO] [stdout]    |
[INFO] [stdout] 31 |         .ok_or(AppError::NotFound)?;
[INFO] [stdout]    |          ^^^^^
[INFO] [stdout]    |
[INFO] [stdout]    = help: consider providing a type annotation
[INFO] [stdout]    = warning: this was previously accepted by the compiler but is being phased out; it will become a hard error in a future release!
[INFO] [stdout]    = note: for more information, see issue #156047 <https://github.com/rust-lang/rust/issues/156047>
[INFO] [stdout]    = note: `#[warn(method_call_on_diverging_infer_var)]` (part of `#[warn(future_incompatible)]`) on by default
[INFO] [stdout] 
[INFO] [stdout] 
[INFO] [stdout] error: set `DATABASE_URL` to use query macros online, or run `cargo sqlx prepare` to update the query cache
[INFO] [stdout]   --> src/models/user.rs:14:21
[INFO] [stdout]    |
[INFO] [stdout] 14 |           let users = sqlx::query_as!(
[INFO] [stdout]    |  _____________________^
[INFO] [stdout] 15 | |             User,
[INFO] [stdout] 16 | |             r#"SELECT id, name, email, created_at FROM users ORDER BY id"#
[INFO] [stdout] 17 | |         )
[INFO] [stdout]    | |_________^
[INFO] [stdout]    |
[INFO] [stdout]    = note: this error originates in the macro `$crate::sqlx_macros::expand_query` which comes from the expansion of the macro `sqlx::query_as` (in Nightly builds, run with -Z macro-backtrace for more info)
[INFO] [stdout] 
[INFO] [stdout] 
[INFO] [stdout] error: set `DATABASE_URL` to use query macros online, or run `cargo sqlx prepare` to update the query cache
[INFO] [stdout]   --> src/models/user.rs:24:20
[INFO] [stdout]    |
[INFO] [stdout] 24 |           let user = sqlx::query_as!(
[INFO] [stdout]    |  ____________________^
[INFO] [stdout] 25 | |             User,
[INFO] [stdout] 26 | |             r#"SELECT id, name, email, created_at FROM users WHERE id = $1"#,
[INFO] [stdout] 27 | |             id
[INFO] [stdout] 28 | |         )
[INFO] [stdout]    | |_________^
[INFO] [stdout]    |
[INFO] [stdout]    = note: this error originates in the macro `$crate::sqlx_macros::expand_query` which comes from the expansion of the macro `sqlx::query_as` (in Nightly builds, run with -Z macro-backtrace for more info)
[INFO] [stdout] 
[INFO] [stdout] 
[INFO] [stdout] error: set `DATABASE_URL` to use query macros online, or run `cargo sqlx prepare` to update the query cache
[INFO] [stdout]   --> src/models/user.rs:36:20
[INFO] [stdout]    |
[INFO] [stdout] 36 |           let user = sqlx::query_as!(
[INFO] [stdout]    |  ____________________^
[INFO] [stdout] 37 | |             User,
[INFO] [stdout] 38 | |             r#"INSERT INTO users (name, email) VALUES ($1, $2)
[INFO] [stdout] 39 | |                RETURNING id, name, email, created_at"#,
[INFO] [stdout] 40 | |             name,
[INFO] [stdout] 41 | |             email
[INFO] [stdout] 42 | |         )
[INFO] [stdout]    | |_________^
[INFO] [stdout]    |
[INFO] [stdout]    = note: this error originates in the macro `$crate::sqlx_macros::expand_query` which comes from the expansion of the macro `sqlx::query_as` (in Nightly builds, run with -Z macro-backtrace for more info)
[INFO] [stdout] 
[INFO] [stdout] 
[INFO] [stdout] error: set `DATABASE_URL` to use query macros online, or run `cargo sqlx prepare` to update the query cache
[INFO] [stdout]   --> src/models/user.rs:49:20
[INFO] [stdout]    |
[INFO] [stdout] 49 |           let user = sqlx::query_as!(
[INFO] [stdout]    |  ____________________^
[INFO] [stdout] 50 | |             User,
[INFO] [stdout] 51 | |             r#"UPDATE users SET name = $1, email = $2 WHERE id = $3
[INFO] [stdout] 52 | |                RETURNING id, name, email, created_at"#,
[INFO] [stdout] ...  |
[INFO] [stdout] 55 | |             id
[INFO] [stdout] 56 | |         )
[INFO] [stdout]    | |_________^
[INFO] [stdout]    |
[INFO] [stdout]    = note: this error originates in the macro `$crate::sqlx_macros::expand_query` which comes from the expansion of the macro `sqlx::query_as` (in Nightly builds, run with -Z macro-backtrace for more info)
[INFO] [stdout] 
[INFO] [stdout] 
[INFO] [stdout] error: set `DATABASE_URL` to use query macros online, or run `cargo sqlx prepare` to update the query cache
[INFO] [stdout]   --> src/models/user.rs:64:22
[INFO] [stdout]    |
[INFO] [stdout] 64 |         let result = sqlx::query!(r#"DELETE FROM users WHERE id = $1"#, id)
[INFO] [stdout]    |                      ^^^^^^^^^^^^^^^^^^^^^^^^^^^^^^^^^^^^^^^^^^^^^^^^^^^^^^
[INFO] [stdout]    |
[INFO] [stdout]    = note: this error originates in the macro `$crate::sqlx_macros::expand_query` which comes from the expansion of the macro `sqlx::query` (in Nightly builds, run with -Z macro-backtrace for more info)
[INFO] [stdout] 
[INFO] [stdout] 
[INFO] [stdout] warning: method call on a diverging inference variable
[INFO] [stdout]   --> src/models/user.rs:31:10
[INFO] [stdout]    |
[INFO] [stdout] 31 |         .ok_or(AppError::NotFound)?;
[INFO] [stdout]    |          ^^^^^
[INFO] [stdout]    |
[INFO] [stdout]    = help: consider providing a type annotation
[INFO] [stdout]    = warning: this was previously accepted by the compiler but is being phased out; it will become a hard error in a future release!
[INFO] [stdout]    = note: for more information, see issue #156047 <https://github.com/rust-lang/rust/issues/156047>
[INFO] [stdout]    = note: `#[warn(method_call_on_diverging_infer_var)]` (part of `#[warn(future_incompatible)]`) on by default
[INFO] [stdout] 
[INFO] [stdout] 
[INFO] [stdout] error[E0599]: no method named `ok_or` found for type `!` in the current scope
[INFO] [stdout]   --> src/models/user.rs:31:10
[INFO] [stdout]    |
[INFO] [stdout] 24 |         let user = sqlx::query_as!(
[INFO] [stdout] 25 |             User,
[INFO] [stdout] 26 |             r#"SELECT id, name, email, created_at FROM users WHERE id = $1"#,
[INFO] [stdout] 27 |             id
[INFO] [stdout] 28 |         )
[INFO] [stdout] 29 |         .fetch_optional(db)
[INFO] [stdout] 30 |         .await?
[INFO] [stdout] 31 |         .ok_or(AppError::NotFound)?;
[INFO] [stdout]    |          ^^^^^ method not found in `!`
[INFO] [stdout] 
[INFO] [stdout] 
[INFO] [stdout] warning: method call on a diverging inference variable
[INFO] [stdout]   --> src/models/user.rs:59:10
[INFO] [stdout]    |
[INFO] [stdout] 59 |         .ok_or(AppError::NotFound)?;
[INFO] [stdout]    |          ^^^^^
[INFO] [stdout]    |
[INFO] [stdout]    = help: consider providing a type annotation
[INFO] [stdout]    = warning: this was previously accepted by the compiler but is being phased out; it will become a hard error in a future release!
[INFO] [stdout]    = note: for more information, see issue #156047 <https://github.com/rust-lang/rust/issues/156047>
[INFO] [stdout] 
[INFO] [stdout] 
[INFO] [stdout] error[E0599]: no method named `ok_or` found for type `!` in the current scope
[INFO] [stdout]   --> src/models/user.rs:59:10
[INFO] [stdout]    |
[INFO] [stdout] 49 |         let user = sqlx::query_as!(
[INFO] [stdout] 50 |             User,
[INFO] [stdout] 51 |             r#"UPDATE users SET name = $1, email = $2 WHERE id = $3
[INFO] [stdout] 52 |                RETURNING id, name, email, created_at"#,
[INFO] [stdout] 53 |             name,
[INFO] [stdout] 54 |             email,
[INFO] [stdout] 55 |             id
[INFO] [stdout] 56 |         )
[INFO] [stdout] 57 |         .fetch_optional(db)
[INFO] [stdout] 58 |         .await?
[INFO] [stdout] 59 |         .ok_or(AppError::NotFound)?;
[INFO] [stdout]    |          ^^^^^ method not found in `!`
[INFO] [stdout] 
[INFO] [stdout] 
[INFO] [stdout] warning: method call on a diverging inference variable
[INFO] [stdout]   --> src/models/user.rs:67:19
[INFO] [stdout]    |
[INFO] [stdout] 67 |         if result.rows_affected() == 0 {
[INFO] [stdout]    |                   ^^^^^^^^^^^^^
[INFO] [stdout]    |
[INFO] [stdout]    = help: consider providing a type annotation
[INFO] [stdout]    = warning: this was previously accepted by the compiler but is being phased out; it will become a hard error in a future release!
[INFO] [stdout]    = note: for more information, see issue #156047 <https://github.com/rust-lang/rust/issues/156047>
[INFO] [stdout] 
[INFO] [stdout] 
[INFO] [stdout] error[E0599]: no method named `rows_affected` found for type `!` in the current scope
[INFO] [stdout]   --> src/models/user.rs:67:19
[INFO] [stdout]    |
[INFO] [stdout] 67 |         if result.rows_affected() == 0 {
[INFO] [stdout]    |                   ^^^^^^^^^^^^^ method not found in `!`
[INFO] [stdout] 
[INFO] [stdout] 
[INFO] [stdout] error[E0599]: no method named `ok_or` found for type `!` in the current scope
[INFO] [stdout]   --> src/models/user.rs:31:10
[INFO] [stdout]    |
[INFO] [stdout] 24 |         let user = sqlx::query_as!(
[INFO] [stdout] 25 |             User,
[INFO] [stdout] 26 |             r#"SELECT id, name, email, created_at FROM users WHERE id = $1"#,
[INFO] [stdout] 27 |             id
[INFO] [stdout] 28 |         )
[INFO] [stdout] 29 |         .fetch_optional(db)
[INFO] [stdout] 30 |         .await?
[INFO] [stdout] 31 |         .ok_or(AppError::NotFound)?;
[INFO] [stdout]    |          ^^^^^ method not found in `!`
[INFO] [stdout] 
[INFO] [stdout] 
[INFO] [stdout] warning: method call on a diverging inference variable
[INFO] [stdout]   --> src/models/user.rs:59:10
[INFO] [stdout]    |
[INFO] [stdout] 59 |         .ok_or(AppError::NotFound)?;
[INFO] [stdout]    |          ^^^^^
[INFO] [stdout]    |
[INFO] [stdout]    = help: consider providing a type annotation
[INFO] [stdout]    = warning: this was previously accepted by the compiler but is being phased out; it will become a hard error in a future release!
[INFO] [stdout]    = note: for more information, see issue #156047 <https://github.com/rust-lang/rust/issues/156047>
[INFO] [stdout] 
[INFO] [stdout] 
[INFO] [stdout] error[E0599]: no method named `ok_or` found for type `!` in the current scope
[INFO] [stdout]   --> src/models/user.rs:59:10
[INFO] [stdout]    |
[INFO] [stdout] 49 |         let user = sqlx::query_as!(
[INFO] [stdout] 50 |             User,
[INFO] [stdout] 51 |             r#"UPDATE users SET name = $1, email = $2 WHERE id = $3
[INFO] [stdout] 52 |                RETURNING id, name, email, created_at"#,
[INFO] [stdout] 53 |             name,
[INFO] [stdout] 54 |             email,
[INFO] [stdout] 55 |             id
[INFO] [stdout] 56 |         )
[INFO] [stdout] 57 |         .fetch_optional(db)
[INFO] [stdout] 58 |         .await?
[INFO] [stdout] 59 |         .ok_or(AppError::NotFound)?;
[INFO] [stdout]    |          ^^^^^ method not found in `!`
[INFO] [stdout] 
[INFO] [stdout] 
[INFO] [stdout] warning: method call on a diverging inference variable
[INFO] [stdout]   --> src/models/user.rs:67:19
[INFO] [stdout]    |
[INFO] [stdout] 67 |         if result.rows_affected() == 0 {
[INFO] [stdout]    |                   ^^^^^^^^^^^^^
[INFO] [stdout]    |
[INFO] [stdout]    = help: consider providing a type annotation
[INFO] [stdout]    = warning: this was previously accepted by the compiler but is being phased out; it will become a hard error in a future release!
[INFO] [stdout]    = note: for more information, see issue #156047 <https://github.com/rust-lang/rust/issues/156047>
[INFO] [stdout] 
[INFO] [stdout] 
[INFO] [stdout] error[E0599]: no method named `rows_affected` found for type `!` in the current scope
[INFO] [stdout]   --> src/models/user.rs:67:19
[INFO] [stdout]    |
[INFO] [stdout] 67 |         if result.rows_affected() == 0 {
[INFO] [stdout]    |                   ^^^^^^^^^^^^^ method not found in `!`
[INFO] [stdout] 
[INFO] [stdout] 
[INFO] [stdout] For more information about this error, try `rustc --explain E0599`.
[INFO] [stdout] 
[INFO] [stderr] error: could not compile `cargo-samples` (bin "cargo-samples" test) due to 8 previous errors; 6 warnings emitted
[INFO] [stderr] warning: build failed, waiting for other jobs to finish...
[INFO] [stdout] For more information about this error, try `rustc --explain E0599`.
[INFO] [stdout] 
[INFO] [stderr] error: could not compile `cargo-samples` (bin "cargo-samples") due to 8 previous errors; 6 warnings emitted
[INFO] running `Command { std: "docker" "inspect" "0e66dab84531faf0316d0d1b7381e17d32d413453d7e6f72d11f4ad82f1978b4", kill_on_drop: false }`
[INFO] running `Command { std: "docker" "rm" "-f" "0e66dab84531faf0316d0d1b7381e17d32d413453d7e6f72d11f4ad82f1978b4", kill_on_drop: false }`
[INFO] [stdout] 0e66dab84531faf0316d0d1b7381e17d32d413453d7e6f72d11f4ad82f1978b4
