[INFO] cloning repository https://github.com/youxkei/favjit
[INFO] running `Command { std: "git" "-c" "credential.helper=" "-c" "credential.helper=/workspace/cargo-home/bin/git-credential-null" "clone" "--bare" "https://github.com/youxkei/favjit" "/workspace/cache/git-repos/https%3A%2F%2Fgithub.com%2Fyouxkei%2Ffavjit", kill_on_drop: false }`
[INFO] [stderr] Cloning into bare repository '/workspace/cache/git-repos/https%3A%2F%2Fgithub.com%2Fyouxkei%2Ffavjit'...
[INFO] running `Command { std: "git" "rev-parse" "HEAD", kill_on_drop: false }`
[INFO] [stdout] 280ab47fd33f025860caf2c7eeb02ba6a760e39a
[INFO] checking youxkei/favjit against 3154cc1a3e6424e44f438a95007d043ed5ceaaf6 for pr-133502-30
[INFO] running `Command { std: "git" "clone" "/workspace/cache/git-repos/https%3A%2F%2Fgithub.com%2Fyouxkei%2Ffavjit" "/workspace/builds/worker-6-tc2/source", kill_on_drop: false }`
[INFO] [stderr] Cloning into '/workspace/builds/worker-6-tc2/source'...
[INFO] [stderr] done.
[INFO] removed /workspace/builds/worker-6-tc2/source/.cargo/config.toml
[INFO] started tweaking git repo https://github.com/youxkei/favjit
[INFO] finished tweaking git repo https://github.com/youxkei/favjit
[INFO] tweaked toml for git repo https://github.com/youxkei/favjit written to /workspace/builds/worker-6-tc2/source/Cargo.toml
[INFO] validating manifest of git repo https://github.com/youxkei/favjit on toolchain 3154cc1a3e6424e44f438a95007d043ed5ceaaf6
[INFO] running `Command { std: CARGO_HOME="/workspace/cargo-home" RUSTUP_HOME="/workspace/rustup-home" "/workspace/cargo-home/bin/cargo" "+3154cc1a3e6424e44f438a95007d043ed5ceaaf6" "metadata" "--manifest-path" "Cargo.toml" "--no-deps", kill_on_drop: false }`
[INFO] crate git repo https://github.com/youxkei/favjit already has a lockfile, it will not be regenerated
[INFO] running `Command { std: CARGO_HOME="/workspace/cargo-home" RUSTUP_HOME="/workspace/rustup-home" "/workspace/cargo-home/bin/cargo" "+3154cc1a3e6424e44f438a95007d043ed5ceaaf6" "fetch" "--manifest-path" "Cargo.toml", kill_on_drop: false }`
[INFO] [stderr] warning: unused workspace dependency `favjit-host-macos`
[INFO] [stderr]   --> Cargo.toml:20:25
[INFO] [stderr]    |
[INFO] [stderr] 20 | [workspace.dependencies.favjit-host-macos]
[INFO] [stderr]    |                         ^^^^^^^^^^^^^^^^^
[INFO] [stderr]    |
[INFO] [stderr]    = note: `cargo::unused_workspace_dependencies` is set to `warn` by default
[INFO] [stderr] help: consider removing the workspace dependency `favjit-host-macos`
[INFO] [stderr] warning: workspace (manifest) generated 1 warning
[INFO] [stderr]     Blocking waiting for file lock on package cache
[INFO] running `Command { std: "docker" "create" "-v" "/var/lib/crater-agent-workspace/builds/worker-6-tc2/source:/opt/rustwide/workdir:ro,Z" "-v" "/var/lib/crater-agent-workspace/builds/worker-6-tc2/target:/opt/rustwide/target:rw,Z" "-v" "/var/lib/crater-agent-workspace/cargo-home:/opt/rustwide/cargo-home:ro,Z" "-v" "/var/lib/crater-agent-workspace/rustup-home:/opt/rustwide/rustup-home:ro,Z" "-m" "1610612736" "--network" "none" "ghcr.io/rust-lang/crates-build-env/linux@sha256:77db811e55d90add9212f6832c23229e3de5f1c1f9905e8cb07319ea15df73ac" "sleep" "infinity", kill_on_drop: false }`
[INFO] [stdout] 075ec05bc1829bd7173782973a67e8301493758c4c2bb28d02fe5f5c69eaac67
[INFO] running `Command { std: "docker" "start" "075ec05bc1829bd7173782973a67e8301493758c4c2bb28d02fe5f5c69eaac67", kill_on_drop: false }`
[INFO] running `Command { std: "docker" "inspect" "075ec05bc1829bd7173782973a67e8301493758c4c2bb28d02fe5f5c69eaac67", kill_on_drop: false }`
[INFO] running `Command { std: "docker" "exec" "-e" "SOURCE_DIR=/opt/rustwide/workdir" "-e" "CARGO_HOME=/opt/rustwide/cargo-home" "-e" "RUSTUP_HOME=/opt/rustwide/rustup-home" "-e" "CARGO_TARGET_DIR=/opt/rustwide/target" "-w" "/opt/rustwide/workdir" "--user" "0:0" "075ec05bc1829bd7173782973a67e8301493758c4c2bb28d02fe5f5c69eaac67" "/opt/rustwide/cargo-home/bin/cargo" "+3154cc1a3e6424e44f438a95007d043ed5ceaaf6" "metadata" "--no-deps" "--format-version=1", kill_on_drop: false }`
[INFO] running `Command { std: "docker" "inspect" "075ec05bc1829bd7173782973a67e8301493758c4c2bb28d02fe5f5c69eaac67", kill_on_drop: false }`
[INFO] running `Command { std: "docker" "exec" "-e" "SOURCE_DIR=/opt/rustwide/workdir" "-e" "CARGO_HOME=/opt/rustwide/cargo-home" "-e" "RUSTUP_HOME=/opt/rustwide/rustup-home" "-e" "CARGO_TARGET_DIR=/opt/rustwide/target" "-e" "CARGO_INCREMENTAL=0" "-e" "RUST_BACKTRACE=full" "-e" "RUSTFLAGS=--cap-lints=forbid" "-e" "RUSTDOCFLAGS=--cap-lints=forbid" "-w" "/opt/rustwide/workdir" "--user" "0:0" "075ec05bc1829bd7173782973a67e8301493758c4c2bb28d02fe5f5c69eaac67" "/opt/rustwide/cargo-home/bin/cargo" "+3154cc1a3e6424e44f438a95007d043ed5ceaaf6" "check" "--frozen" "--all" "--all-targets" "--message-format=json", kill_on_drop: false }`
[INFO] [stderr] warning: unused workspace dependency `favjit-host-macos`
[INFO] [stderr]   --> Cargo.toml:20:25
[INFO] [stderr]    |
[INFO] [stderr] 20 | [workspace.dependencies.favjit-host-macos]
[INFO] [stderr]    |                         ^^^^^^^^^^^^^^^^^
[INFO] [stderr]    |
[INFO] [stderr]    = note: `cargo::unused_workspace_dependencies` is set to `warn` by default
[INFO] [stderr] help: consider removing the workspace dependency `favjit-host-macos`
[INFO] [stderr] warning: workspace (manifest) generated 1 warning
[INFO] [stderr]     Checking typenum v1.20.1
[INFO] [stderr]     Checking cfg-if v1.0.4
[INFO] [stderr]     Checking subtle v2.6.1
[INFO] [stderr]     Checking cpufeatures v0.2.17
[INFO] [stderr]     Checking favjit-host v0.1.0 (/opt/rustwide/workdir/crates/host)
[INFO] [stderr]     Checking zeroize v1.9.0
[INFO] [stderr]     Checking opaque-debug v0.3.1
[INFO] [stderr]     Checking rand_core v0.6.4
[INFO] [stderr]    Compiling libc v0.2.189
[INFO] [stderr]    Compiling serde_core v1.0.229
[INFO] [stderr]    Compiling getrandom v0.3.4
[INFO] [stderr]    Compiling generic-array v0.14.7
[INFO] [stderr]    Compiling curve25519-dalek v4.1.3
[INFO] [stderr]    Compiling snow v0.10.0
[INFO] [stderr]     Checking cmov v0.5.4
[INFO] [stderr]     Checking cpufeatures v0.3.1
[INFO] [stderr]     Checking favjit-hid v0.1.0 (/opt/rustwide/workdir/crates/hid)
[INFO] [stderr]    Compiling indexmap v2.14.1
[INFO] [stderr]    Compiling smallvec v1.16.0
[INFO] [stderr]    Compiling proc-macro2 v1.0.107
[INFO] [stderr]    Compiling quote v1.0.47
[INFO] [stderr]     Checking unicode-ident v1.0.24
[INFO] [stderr]     Checking favjit-e2e v0.1.0 (/opt/rustwide/workdir/crates/e2e)
[INFO] [stderr]    Compiling syn v3.0.4
[INFO] [stderr]     Checking memchr v2.8.3
[INFO] [stderr]     Checking favjit-discovery v0.1.0 (/opt/rustwide/workdir/crates/discovery)
[INFO] [stderr]     Checking log v0.4.34
[INFO] [stderr]     Checking ctutils v0.4.2
[INFO] [stderr]    Compiling proc-macro-error-attr v1.0.4
[INFO] [stderr]    Compiling syn v1.0.109
[INFO] [stderr]     Checking once_cell v1.21.4
[INFO] [stderr]    Compiling cfg-expr v0.15.8
[INFO] [stderr]     Checking futures-core v0.3.34
[INFO] [stderr]     Checking zerofrom v0.1.8
[INFO] [stderr]     Checking stable_deref_trait v1.2.1
[INFO] [stderr]     Checking slab v0.4.12
[INFO] [stderr]     Checking pin-project-lite v0.2.17
[INFO] [stderr]     Checking futures-task v0.3.34
[INFO] [stderr]    Compiling thiserror v1.0.69
[INFO] [stderr]    Compiling thiserror-impl v1.0.69
[INFO] [stderr]     Checking futures-channel v0.3.34
[INFO] [stderr]     Checking regex-syntax v0.8.11
[INFO] [stderr]     Checking yoke v0.8.3
[INFO] [stderr]     Checking utf8parse v0.2.2
[INFO] [stderr]    Compiling gio v0.18.4
[INFO] [stderr]     Checking anstyle-parse v1.0.0
[INFO] [stderr]     Checking anstyle v1.0.14
[INFO] [stderr]     Checking is_terminal_polyfill v1.70.2
[INFO] [stderr]     Checking anstyle-query v1.1.5
[INFO] [stderr]     Checking futures-io v0.3.34
[INFO] [stderr]     Checking jiff-core v0.1.0
[INFO] [stderr]     Checking colorchoice v1.0.5
[INFO] [stderr]    Compiling proc-macro-error v1.0.4
[INFO] [stderr]     Checking anstream v1.0.0
[INFO] [stderr]     Checking syn v2.0.119
[INFO] [stderr]     Checking aho-corasick v1.1.5
[INFO] [stderr]    Compiling x11 v2.21.0
[INFO] [stderr]     Checking writeable v0.6.4
[INFO] [stderr]     Checking litemap v0.8.3
[INFO] [stderr]    Compiling memoffset v0.9.1
[INFO] [stderr]     Checking utf8_iter v1.0.4
[INFO] [stderr]    Compiling icu_properties_data v2.3.0
[INFO] [stderr]    Compiling icu_normalizer_data v2.3.0
[INFO] [stderr]    Compiling field-offset v0.3.6
[INFO] [stderr]     Checking simd-adler32 v0.3.10
[INFO] [stderr]    Compiling crossbeam-utils v0.8.22
[INFO] [stderr]     Checking adler2 v2.0.1
[INFO] [stderr]    Compiling libxdo-sys v0.11.0
[INFO] [stderr]    Compiling crc32fast v1.5.1
[INFO] [stderr]    Compiling serde v1.0.229
[INFO] [stderr]    Compiling libdbus-sys v0.2.7
[INFO] [stderr]    Compiling thiserror v2.0.20
[INFO] [stderr]    Compiling parking_lot_core v0.9.12
[INFO] [stderr]     Checking miniz_oxide v0.9.1
[INFO] [stderr]     Checking libloading v0.7.4
[INFO] [stderr]     Checking dpi v0.1.2
[INFO] [stderr]     Checking unicode-segmentation v1.13.3
[INFO] [stderr]     Checking scopeguard v1.2.0
[INFO] [stderr]     Checking option-ext v0.2.0
[INFO] [stderr]     Checking getrandom v0.2.17
[INFO] [stderr]     Checking percent-encoding v2.3.2
[INFO] [stderr]     Checking dirs-sys v0.5.0
[INFO] [stderr]     Checking lock_api v0.4.14
[INFO] [stderr]     Checking form_urlencoded v1.2.2
[INFO] [stderr]    Compiling x11-dl v2.21.0
[INFO] [stderr]     Checking miniz_oxide v0.8.9
[INFO] [stderr]     Checking fdeflate v0.3.7
[INFO] [stderr]     Checking favjit-tray-wire v0.1.0 (/opt/rustwide/workdir/crates/tray-wire)
[INFO] [stderr]    Compiling dlopen2_derive v0.4.3
[INFO] [stderr]     Checking crossbeam-channel v0.5.16
[INFO] [stderr]     Checking parking_lot v0.12.5
[INFO] [stderr]     Checking dbus v0.9.12
[INFO] [stderr]     Checking flate2 v1.1.10
[INFO] [stderr]     Checking regex-automata v0.4.18
[INFO] [stderr]     Checking jiff v0.2.35
[INFO] [stderr]     Checking dirs v6.0.0
[INFO] [stderr]     Checking favjit-host-macos v0.1.0 (/opt/rustwide/workdir/crates/host-macos)
[INFO] [stderr]     Checking dlopen2 v0.8.2
[INFO] [stderr]     Checking raw-window-handle v0.6.2
[INFO] [stderr]     Checking favjit-host-windows v0.1.0 (/opt/rustwide/workdir/crates/host-windows)
[INFO] [stderr]     Checking xtask v0.1.0 (/opt/rustwide/workdir/crates/xtask)
[INFO] [stderr]     Checking hybrid-array v0.4.14
[INFO] [stderr]     Checking libxdo v0.6.0
[INFO] [stderr]     Checking bitflags v2.13.1
[INFO] [stderr]     Checking crypto-common v0.1.7
[INFO] [stderr]     Checking block-buffer v0.10.4
[INFO] [stderr]     Checking inout v0.1.4
[INFO] [stderr]     Checking universal-hash v0.5.1
[INFO] [stderr]     Checking cipher v0.4.4
[INFO] [stderr]     Checking aead v0.5.2
[INFO] [stderr]     Checking png v0.18.1
[INFO] [stderr]     Checking polyval v0.6.2
[INFO] [stderr]     Checking poly1305 v0.8.0
[INFO] [stderr]     Checking digest v0.10.7
[INFO] [stderr]     Checking ghash v0.5.1
[INFO] [stderr]     Checking aes v0.8.4
[INFO] [stderr]     Checking ctr v0.9.2
[INFO] [stderr]     Checking chacha20 v0.9.1
[INFO] [stderr]     Checking sha2 v0.10.9
[INFO] [stderr]     Checking blake2 v0.10.6
[INFO] [stderr]     Checking hmac v0.12.1
[INFO] [stderr]     Checking chacha20poly1305 v0.10.1
[INFO] [stderr]     Checking hkdf v0.12.4
[INFO] [stderr]     Checking spake2 v0.4.0
[INFO] [stderr]     Checking aes-gcm v0.10.3
[INFO] [stderr]     Checking crypto-common v0.2.2
[INFO] [stderr]     Checking inout v0.2.2
[INFO] [stderr]     Checking block-buffer v0.12.1
[INFO] [stderr]     Checking favjit-noise v0.1.0 (/opt/rustwide/workdir/crates/noise)
[INFO] [stderr]     Checking favjit-link-wire v0.1.0 (/opt/rustwide/workdir/crates/link-wire)
[INFO] [stderr]     Checking cipher v0.5.2
[INFO] [stderr]     Checking universal-hash v0.6.1
[INFO] [stderr]     Checking aead v0.6.1
[INFO] [stderr]     Checking poly1305 v0.9.1
[INFO] [stderr]    Compiling toml_datetime v0.6.3
[INFO] [stderr]    Compiling serde_spanned v0.6.9
[INFO] [stderr]    Compiling toml_edit v0.20.2
[INFO] [stderr]    Compiling toml_edit v0.19.15
[INFO] [stderr]     Checking chacha20 v0.10.2
[INFO] [stderr]     Checking chacha20poly1305 v0.11.0
[INFO] [stderr]     Checking favjit-pairing-exchange v0.1.0 (/opt/rustwide/workdir/crates/pairing-exchange)
[INFO] [stderr]     Checking favjit-engine v0.1.0 (/opt/rustwide/workdir/crates/engine)
[INFO] [stderr]     Checking favjit-host-sim v0.1.0 (/opt/rustwide/workdir/crates/host-sim)
[INFO] [stderr]    Compiling futures-macro v0.3.34
[INFO] [stderr]    Compiling zerovec-derive v0.11.6
[INFO] [stderr]    Compiling displaydoc v0.2.7
[INFO] [stderr]    Compiling serde_derive v1.0.229
[INFO] [stderr]    Compiling thiserror-impl v2.0.20
[INFO] [stderr]     Checking regex v1.13.1
[INFO] [stderr]     Checking zerotrie v0.2.5
[INFO] [stderr]     Checking env_filter v2.0.0
[INFO] [stderr]     Checking futures-util v0.3.34
[INFO] [stderr]     Checking env_logger v0.11.11
[INFO] [stderr]     Checking favjit-bin-macos v0.1.0 (/opt/rustwide/workdir/crates/bin-macos)
[INFO] [stderr]     Checking favjit-bin-windows v0.1.0 (/opt/rustwide/workdir/crates/bin-windows)
[INFO] [stderr]     Checking favjit-bin-watchdog v0.1.0 (/opt/rustwide/workdir/crates/bin-watchdog)
[INFO] [stdout] error[E0432]: unresolved import `favjit_host_macos::control`
[INFO] [stdout]   --> crates/bin-macos/src/install.rs:14:5
[INFO] [stdout]    |
[INFO] [stdout] 14 | use favjit_host_macos::control;
[INFO] [stdout]    |     ^^^^^^^^^^^^^^^^^^^-------
[INFO] [stdout]    |                        |
[INFO] [stdout]    |                        no `control` in the root
[INFO] [stdout]    |
[INFO] [stdout] help: consider importing this module instead
[INFO] [stdout]    |
[INFO] [stdout] 14 - use favjit_host_macos::control;
[INFO] [stdout] 14 + use favjit_engine::control;
[INFO] [stdout]    |
[INFO] [stdout] 
[INFO] [stdout] 
[INFO] [stdout] error[E0432]: unresolved import `favjit_host_macos::control`
[INFO] [stdout]   --> crates/bin-macos/src/install.rs:14:5
[INFO] [stdout]    |
[INFO] [stdout] 14 | use favjit_host_macos::control;
[INFO] [stdout]    |     ^^^^^^^^^^^^^^^^^^^-------
[INFO] [stdout]    |                        |
[INFO] [stdout]    |                        no `control` in the root
[INFO] [stdout]    |
[INFO] [stdout] help: consider importing this module instead
[INFO] [stdout]    |
[INFO] [stdout] 14 - use favjit_host_macos::control;
[INFO] [stdout] 14 + use favjit_engine::control;
[INFO] [stdout]    |
[INFO] [stdout] 
[INFO] [stdout] 
[INFO] [stdout] error[E0432]: unresolved imports `favjit_host_macos::ax_trusted`, `favjit_host_macos::ax_trusted_asking`, `favjit_host_macos::control`, `favjit_host_macos::do_not_block`, `favjit_host_macos::hid_access`, `favjit_host_macos::hid_systems`, `favjit_host_macos::link`, `favjit_host_macos::request_hid_access`, `favjit_host_macos::supervisor_descriptor`, `favjit_host_macos::DryRun`, `favjit_host_macos::HidAccess`, `favjit_host_macos::MacOsHost`, `favjit_host_macos::Supervisor`, `favjit_host_macos::VIRTUAL_KEYBOARD_PRODUCT`, `favjit_host_macos::VIRTUAL_KEYBOARD_VENDOR`
[INFO] [stdout]   --> crates/bin-macos/src/main.rs:29:5
[INFO] [stdout]    |
[INFO] [stdout] 29 |     ax_trusted, ax_trusted_asking, control, do_not_block, hid_access, hid_systems, link,
[INFO] [stdout]    |     ^^^^^^^^^^  ^^^^^^^^^^^^^^^^^  ^^^^^^^  ^^^^^^^^^^^^  ^^^^^^^^^^  ^^^^^^^^^^^  ^^^^ no `link` in the root
[INFO] [stdout]    |     |           |                  |        |             |           |
[INFO] [stdout]    |     |           |                  |        |             |           no `hid_systems` in the root
[INFO] [stdout]    |     |           |                  |        |             no `hid_access` in the root
[INFO] [stdout]    |     |           |                  |        no `do_not_block` in the root
[INFO] [stdout]    |     |           |                  no `control` in the root
[INFO] [stdout]    |     |           no `ax_trusted_asking` in the root
[INFO] [stdout]    |     no `ax_trusted` in the root
[INFO] [stdout] 30 |     request_hid_access, supervisor_descriptor, DryRun, HidAccess, MacOsHost, Supervisor,
[INFO] [stdout]    |     ^^^^^^^^^^^^^^^^^^  ^^^^^^^^^^^^^^^^^^^^^  ^^^^^^  ^^^^^^^^^  ^^^^^^^^^  ^^^^^^^^^^
[INFO] [stdout]    |     |                   |                      |
[INFO] [stdout]    |     |                   |                      no `DryRun` in the root
[INFO] [stdout]    |     |                   no `supervisor_descriptor` in the root
[INFO] [stdout]    |     no `request_hid_access` in the root
[INFO] [stdout] 31 |     VIRTUAL_KEYBOARD_PRODUCT, VIRTUAL_KEYBOARD_VENDOR,
[INFO] [stdout]    |     ^^^^^^^^^^^^^^^^^^^^^^^^  ^^^^^^^^^^^^^^^^^^^^^^^
[INFO] [stdout]    |
[INFO] [stdout]    = help: consider importing this module instead:
[INFO] [stdout]            favjit_engine::control
[INFO] [stdout]    = help: consider importing one of these modules instead:
[INFO] [stdout]            favjit_engine::link
[INFO] [stdout]            favjit_host::link
[INFO] [stdout]    = help: consider importing one of these variants instead:
[INFO] [stdout]            crate::Request::DryRun
[INFO] [stdout]            favjit_engine::sink::Request::DryRun
[INFO] [stdout]            favjit_engine::source::Request::DryRun
[INFO] [stdout] 
[INFO] [stdout] 
[INFO] [stdout] error[E0433]: cannot find `Region` in `favjit_host_macos`
[INFO] [stdout]    --> crates/bin-macos/src/main.rs:246:38
[INFO] [stdout]     |
[INFO] [stdout] 246 |             match favjit_host_macos::Region::from_fd(fd, favjit_engine::supervision::TRACE_BYTES) {
[INFO] [stdout]     |                                      ^^^^^^ could not find `Region` in `favjit_host_macos`
[INFO] [stdout] 
[INFO] [stdout] 
[INFO] [stdout] error[E0433]: cannot find `pairing` in `favjit_host_macos`
[INFO] [stdout]    --> crates/bin-macos/src/main.rs:458:39
[INFO] [stdout]     |
[INFO] [stdout] 458 |     let mut host = favjit_host_macos::pairing::Pairing::new();
[INFO] [stdout]     |                                       ^^^^^^^ could not find `pairing` in `favjit_host_macos`
[INFO] [stdout] 
[INFO] [stdout] 
[INFO] [stdout] error[E0425]: cannot find function `trace_descriptor` in crate `favjit_host_macos`
[INFO] [stdout]    --> crates/bin-macos/src/main.rs:243:47
[INFO] [stdout]     |
[INFO] [stdout] 243 |     let mut region = match favjit_host_macos::trace_descriptor(favjit_engine::supervision::TRACE) {
[INFO] [stdout]     |                                               ^^^^^^^^^^^^^^^^ not found in `favjit_host_macos`
[INFO] [stdout] 
[INFO] [stdout] 
[INFO] [stdout] error[E0432]: unresolved imports `favjit_host_macos::ax_trusted`, `favjit_host_macos::ax_trusted_asking`, `favjit_host_macos::control`, `favjit_host_macos::do_not_block`, `favjit_host_macos::hid_access`, `favjit_host_macos::hid_systems`, `favjit_host_macos::link`, `favjit_host_macos::request_hid_access`, `favjit_host_macos::supervisor_descriptor`, `favjit_host_macos::DryRun`, `favjit_host_macos::HidAccess`, `favjit_host_macos::MacOsHost`, `favjit_host_macos::Supervisor`, `favjit_host_macos::VIRTUAL_KEYBOARD_PRODUCT`, `favjit_host_macos::VIRTUAL_KEYBOARD_VENDOR`
[INFO] [stdout]   --> crates/bin-macos/src/main.rs:29:5
[INFO] [stdout]    |
[INFO] [stdout] 29 |     ax_trusted, ax_trusted_asking, control, do_not_block, hid_access, hid_systems, link,
[INFO] [stdout]    |     ^^^^^^^^^^  ^^^^^^^^^^^^^^^^^  ^^^^^^^  ^^^^^^^^^^^^  ^^^^^^^^^^  ^^^^^^^^^^^  ^^^^ no `link` in the root
[INFO] [stdout]    |     |           |                  |        |             |           |
[INFO] [stdout]    |     |           |                  |        |             |           no `hid_systems` in the root
[INFO] [stdout]    |     |           |                  |        |             no `hid_access` in the root
[INFO] [stdout]    |     |           |                  |        no `do_not_block` in the root
[INFO] [stdout]    |     |           |                  no `control` in the root
[INFO] [stdout]    |     |           no `ax_trusted_asking` in the root
[INFO] [stdout]    |     no `ax_trusted` in the root
[INFO] [stdout] 30 |     request_hid_access, supervisor_descriptor, DryRun, HidAccess, MacOsHost, Supervisor,
[INFO] [stdout]    |     ^^^^^^^^^^^^^^^^^^  ^^^^^^^^^^^^^^^^^^^^^  ^^^^^^  ^^^^^^^^^  ^^^^^^^^^  ^^^^^^^^^^
[INFO] [stdout]    |     |                   |                      |
[INFO] [stdout]    |     |                   |                      no `DryRun` in the root
[INFO] [stdout]    |     |                   no `supervisor_descriptor` in the root
[INFO] [stdout]    |     no `request_hid_access` in the root
[INFO] [stdout] 31 |     VIRTUAL_KEYBOARD_PRODUCT, VIRTUAL_KEYBOARD_VENDOR,
[INFO] [stdout]    |     ^^^^^^^^^^^^^^^^^^^^^^^^  ^^^^^^^^^^^^^^^^^^^^^^^
[INFO] [stdout]    |
[INFO] [stdout]    = help: consider importing this module instead:
[INFO] [stdout]            favjit_engine::control
[INFO] [stdout]    = note: unresolved item `crate::install::tests::control` exists but is inaccessible
[INFO] [stdout]    = help: consider importing one of these modules instead:
[INFO] [stdout]            favjit_engine::link
[INFO] [stdout]            favjit_host::link
[INFO] [stdout]    = help: consider importing one of these variants instead:
[INFO] [stdout]            crate::Request::DryRun
[INFO] [stdout]            favjit_engine::sink::Request::DryRun
[INFO] [stdout]            favjit_engine::source::Request::DryRun
[INFO] [stdout] 
[INFO] [stdout] 
[INFO] [stdout] error[E0433]: cannot find `Region` in `favjit_host_macos`
[INFO] [stdout]    --> crates/bin-macos/src/main.rs:246:38
[INFO] [stdout]     |
[INFO] [stdout] 246 |             match favjit_host_macos::Region::from_fd(fd, favjit_engine::supervision::TRACE_BYTES) {
[INFO] [stdout]     |                                      ^^^^^^ could not find `Region` in `favjit_host_macos`
[INFO] [stdout] 
[INFO] [stdout] 
[INFO] [stdout] error[E0433]: cannot find `pairing` in `favjit_host_macos`
[INFO] [stdout]    --> crates/bin-macos/src/main.rs:458:39
[INFO] [stdout]     |
[INFO] [stdout] 458 |     let mut host = favjit_host_macos::pairing::Pairing::new();
[INFO] [stdout]     |                                       ^^^^^^^ could not find `pairing` in `favjit_host_macos`
[INFO] [stdout] 
[INFO] [stdout] 
[INFO] [stdout] error[E0425]: cannot find function `trace_descriptor` in crate `favjit_host_macos`
[INFO] [stdout]    --> crates/bin-macos/src/main.rs:243:47
[INFO] [stdout]     |
[INFO] [stdout] 243 |     let mut region = match favjit_host_macos::trace_descriptor(favjit_engine::supervision::TRACE) {
[INFO] [stdout]     |                                               ^^^^^^^^^^^^^^^^ not found in `favjit_host_macos`
[INFO] [stdout] 
[INFO] [stdout] 
[INFO] [stdout] warning: method call on a diverging inference variable
[INFO] [stdout]    --> crates/bin-macos/src/main.rs:560:10
[INFO] [stdout]     |
[INFO] [stdout] 560 |         .nanos("HIDInitialKeyRepeat")
[INFO] [stdout]     |          ^^^^^
[INFO] [stdout]     |
[INFO] [stdout]     = help: consider providing a type annotation
[INFO] [stdout]     = warning: this was previously accepted by the compiler but is being phased out; it will become a hard error in a future release!
[INFO] [stdout]     = note: for more information, see issue #156047 <https://github.com/rust-lang/rust/issues/156047>
[INFO] [stdout]     = note: `#[warn(method_call_on_diverging_infer_var)]` (part of `#[warn(future_incompatible)]`) on by default
[INFO] [stdout] 
[INFO] [stdout] 
[INFO] [stdout] warning: method call on a diverging inference variable
[INFO] [stdout]    --> crates/bin-macos/src/main.rs:560:10
[INFO] [stdout]     |
[INFO] [stdout] 560 |         .nanos("HIDInitialKeyRepeat")
[INFO] [stdout]     |          ^^^^^
[INFO] [stdout]     |
[INFO] [stdout]     = help: consider providing a type annotation
[INFO] [stdout]     = warning: this was previously accepted by the compiler but is being phased out; it will become a hard error in a future release!
[INFO] [stdout]     = note: for more information, see issue #156047 <https://github.com/rust-lang/rust/issues/156047>
[INFO] [stdout]     = note: `#[warn(method_call_on_diverging_infer_var)]` (part of `#[warn(future_incompatible)]`) on by default
[INFO] [stdout] 
[INFO] [stdout] 
[INFO] [stdout] error[E0599]: no method named `nanos` found for type `!` in the current scope
[INFO] [stdout]    --> crates/bin-macos/src/main.rs:560:10
[INFO] [stdout]     |
[INFO] [stdout] 559 |     parameters
[INFO] [stdout] 560 |         .nanos("HIDInitialKeyRepeat")
[INFO] [stdout]     |          ^^^^^ method not found in `!`
[INFO] [stdout] 
[INFO] [stdout] 
[INFO] [stdout] error[E0599]: no method named `nanos` found for type `!` in the current scope
[INFO] [stdout]    --> crates/bin-macos/src/main.rs:561:25
[INFO] [stdout]     |
[INFO] [stdout] 561 |         .zip(parameters.nanos("HIDKeyRepeat"))
[INFO] [stdout]     |                         ^^^^^ method not found in `!`
[INFO] [stdout] 
[INFO] [stdout] 
[INFO] [stdout] warning: unreachable expression
[INFO] [stdout]    --> crates/bin-macos/src/main.rs:561:31
[INFO] [stdout]     |
[INFO] [stdout] 561 |         .zip(parameters.nanos("HIDKeyRepeat"))
[INFO] [stdout]     |              ----------       ^^^^^^^^^^^^^^ unreachable expression
[INFO] [stdout]     |              |
[INFO] [stdout]     |              any code following this expression is unreachable
[INFO] [stdout]     |
[INFO] [stdout]     = note: `#[warn(unreachable_code)]` (part of `#[warn(unused)]`) on by default
[INFO] [stdout] 
[INFO] [stdout] 
[INFO] [stdout] error[E0599]: no method named `nanos` found for type `!` in the current scope
[INFO] [stdout]    --> crates/bin-macos/src/main.rs:560:10
[INFO] [stdout]     |
[INFO] [stdout] 559 |     parameters
[INFO] [stdout] 560 |         .nanos("HIDInitialKeyRepeat")
[INFO] [stdout]     |          ^^^^^ method not found in `!`
[INFO] [stdout] 
[INFO] [stdout] 
[INFO] [stdout] error[E0599]: no method named `nanos` found for type `!` in the current scope
[INFO] [stdout]    --> crates/bin-macos/src/main.rs:561:25
[INFO] [stdout]     |
[INFO] [stdout] 561 |         .zip(parameters.nanos("HIDKeyRepeat"))
[INFO] [stdout]     |                         ^^^^^ method not found in `!`
[INFO] [stdout] 
[INFO] [stdout] 
[INFO] [stdout] warning: unreachable expression
[INFO] [stdout]    --> crates/bin-macos/src/main.rs:561:31
[INFO] [stdout]     |
[INFO] [stdout] 561 |         .zip(parameters.nanos("HIDKeyRepeat"))
[INFO] [stdout]     |              ----------       ^^^^^^^^^^^^^^ unreachable expression
[INFO] [stdout]     |              |
[INFO] [stdout]     |              any code following this expression is unreachable
[INFO] [stdout]     |
[INFO] [stdout]     = note: `#[warn(unreachable_code)]` (part of `#[warn(unused)]`) on by default
[INFO] [stdout] 
[INFO] [stdout] 
[INFO] [stdout] Some errors have detailed explanations: E0425, E0432, E0433, E0599.
[INFO] [stdout] 
[INFO] [stdout] For more information about an error, try `rustc --explain E0425`.
[INFO] [stdout] 
[INFO] [stderr]     Checking zerovec v0.11.8
[INFO] [stderr] error: could not compile `favjit-bin-macos` (bin "favjit") due to 7 previous errors; 3 warnings emitted
[INFO] [stderr] warning: build failed, waiting for other jobs to finish...
[INFO] [stdout] Some errors have detailed explanations: E0425, E0432, E0433, E0599.
[INFO] [stdout] 
[INFO] [stdout] For more information about an error, try `rustc --explain E0425`.
[INFO] [stdout] 
[INFO] [stderr] error: could not compile `favjit-bin-macos` (bin "favjit" test) due to 7 previous errors; 3 warnings emitted
[INFO] [stderr] warning: unused dependency `env_logger`
[INFO] [stderr]   --> crates/bin-windows/Cargo.toml:16:1
[INFO] [stderr]    |
[INFO] [stderr] 16 | env_logger = "0.11.11"
[INFO] [stderr]    | ^^^^^^^^^^^^^^^^^^^^^^
[INFO] [stderr]    |
[INFO] [stderr]    = note: `cargo::unused_dependencies` is set to `warn` by default
[INFO] [stderr] help: consider removing the dependency on `env_logger`
[INFO] [stderr] warning: unused dependency `favjit-engine`
[INFO] [stderr]   --> crates/bin-windows/Cargo.toml:18:1
[INFO] [stderr]    |
[INFO] [stderr] 18 | favjit-engine = { workspace = true, features = ["source"] }
[INFO] [stderr]    | ^^^^^^^^^^^^^^^^^^^^^^^^^^^^^^^^^^^^^^^^^^^^^^^^^^^^^^^^^^^
[INFO] [stderr]    |
[INFO] [stderr] help: consider removing the dependency on `favjit-engine`
[INFO] [stderr] warning: unused dependency `favjit-host-windows`
[INFO] [stderr]   --> crates/bin-windows/Cargo.toml:20:1
[INFO] [stderr]    |
[INFO] [stderr] 20 | favjit-host-windows = { workspace = true }
[INFO] [stderr]    | ^^^^^^^^^^^^^^^^^^^^^^^^^^^^^^^^^^^^^^^^^^
[INFO] [stderr]    |
[INFO] [stderr] help: consider removing the dependency on `favjit-host-windows`
[INFO] [stderr] warning: `favjit-bin-windows` (manifest) generated 3 warnings
[INFO] [stderr] warning: unused dependency `favjit-host`
[INFO] [stderr]  --> crates/host-macos/Cargo.toml:9:1
[INFO] [stderr]   |
[INFO] [stderr] 9 | favjit-host = { workspace = true }
[INFO] [stderr]   | ^^^^^^^^^^^^^^^^^^^^^^^^^^^^^^^^^^
[INFO] [stderr]   |
[INFO] [stderr]   = note: `cargo::unused_dependencies` is set to `warn` by default
[INFO] [stderr] help: consider removing the dependency on `favjit-host`
[INFO] [stderr] warning: unused dependency `getrandom`
[INFO] [stderr]   --> crates/host-macos/Cargo.toml:15:1
[INFO] [stderr]    |
[INFO] [stderr] 15 | getrandom = "0.2.17"
[INFO] [stderr]    | ^^^^^^^^^^^^^^^^^^^^
[INFO] [stderr]    |
[INFO] [stderr] help: consider removing the dependency on `getrandom`
[INFO] [stderr] warning: unused dependency `log`
[INFO] [stderr]   --> crates/host-macos/Cargo.toml:16:1
[INFO] [stderr]    |
[INFO] [stderr] 16 | log = "0.4.34"
[INFO] [stderr]    | ^^^^^^^^^^^^^^
[INFO] [stderr]    |
[INFO] [stderr] help: consider removing the dependency on `log`
[INFO] [stderr] warning: `favjit-host-macos` (manifest) generated 3 warnings
[INFO] [stderr] warning: unused dependency `favjit-tray-wire`
[INFO] [stderr]   --> crates/host-windows/Cargo.toml:15:1
[INFO] [stderr]    |
[INFO] [stderr] 15 | favjit-tray-wire = { workspace = true }
[INFO] [stderr]    | ^^^^^^^^^^^^^^^^^^^^^^^^^^^^^^^^^^^^^^^
[INFO] [stderr]    |
[INFO] [stderr]    = note: `cargo::unused_dependencies` is set to `warn` by default
[INFO] [stderr] help: consider removing the dependency on `favjit-tray-wire`
[INFO] [stderr] warning: unused dependency `log`
[INFO] [stderr]   --> crates/host-windows/Cargo.toml:22:1
[INFO] [stderr]    |
[INFO] [stderr] 22 | log = "0.4.34"
[INFO] [stderr]    | ^^^^^^^^^^^^^^
[INFO] [stderr]    |
[INFO] [stderr] help: consider removing the dependency on `log`
[INFO] [stderr] warning: `favjit-host-windows` (manifest) generated 2 warnings
[INFO] running `Command { std: "docker" "inspect" "075ec05bc1829bd7173782973a67e8301493758c4c2bb28d02fe5f5c69eaac67", kill_on_drop: false }`
[INFO] running `Command { std: "docker" "rm" "-f" "075ec05bc1829bd7173782973a67e8301493758c4c2bb28d02fe5f5c69eaac67", kill_on_drop: false }`
[INFO] [stdout] 075ec05bc1829bd7173782973a67e8301493758c4c2bb28d02fe5f5c69eaac67
