[INFO] cloning repository https://github.com/yizishun/termblog
[INFO] running `Command { std: "git" "-c" "credential.helper=" "-c" "credential.helper=/workspace/cargo-home/bin/git-credential-null" "clone" "--bare" "https://github.com/yizishun/termblog" "/workspace/cache/git-repos/https%3A%2F%2Fgithub.com%2Fyizishun%2Ftermblog", kill_on_drop: false }`
[INFO] [stderr] Cloning into bare repository '/workspace/cache/git-repos/https%3A%2F%2Fgithub.com%2Fyizishun%2Ftermblog'...
[INFO] running `Command { std: "git" "rev-parse" "HEAD", kill_on_drop: false }`
[INFO] [stdout] f6584b0f12bb2e89bd456591c1ce410500039567
[INFO] checking yizishun/termblog against 3154cc1a3e6424e44f438a95007d043ed5ceaaf6+rustflags=-Znext-solver=coherence for pr-133502-30
[INFO] running `Command { std: "git" "clone" "/workspace/cache/git-repos/https%3A%2F%2Fgithub.com%2Fyizishun%2Ftermblog" "/workspace/builds/worker-5-tc1/source", kill_on_drop: false }`
[INFO] [stderr] Cloning into '/workspace/builds/worker-5-tc1/source'...
[INFO] [stderr] done.
[INFO] started tweaking git repo https://github.com/yizishun/termblog
[INFO] finished tweaking git repo https://github.com/yizishun/termblog
[INFO] tweaked toml for git repo https://github.com/yizishun/termblog written to /workspace/builds/worker-5-tc1/source/Cargo.toml
[INFO] validating manifest of git repo https://github.com/yizishun/termblog on toolchain 3154cc1a3e6424e44f438a95007d043ed5ceaaf6
[INFO] running `Command { std: CARGO_HOME="/workspace/cargo-home" RUSTUP_HOME="/workspace/rustup-home" "/workspace/cargo-home/bin/cargo" "+3154cc1a3e6424e44f438a95007d043ed5ceaaf6" "metadata" "--manifest-path" "Cargo.toml" "--no-deps", kill_on_drop: false }`
[INFO] crate git repo https://github.com/yizishun/termblog already has a lockfile, it will not be regenerated
[INFO] running `Command { std: CARGO_HOME="/workspace/cargo-home" RUSTUP_HOME="/workspace/rustup-home" "/workspace/cargo-home/bin/cargo" "+3154cc1a3e6424e44f438a95007d043ed5ceaaf6" "fetch" "--manifest-path" "Cargo.toml", kill_on_drop: false }`
[INFO] [stderr]     Updating crates.io index
[INFO] [stderr]  Downloading crates ...
[INFO] [stderr]   Downloaded filedesc v0.6.3
[INFO] [stderr]   Downloaded lru v0.18.3
[INFO] [stderr]   Downloaded wnaf v0.14.0
[INFO] [stderr]   Downloaded pageant v0.2.2
[INFO] [stderr]   Downloaded unicode-truncate v2.0.1
[INFO] [stderr]   Downloaded line-clipping v0.3.8
[INFO] [stderr]   Downloaded instability v0.3.13
[INFO] [stderr]   Downloaded ratatui-crossterm v0.1.2
[INFO] [stderr]   Downloaded kasuari v0.4.12
[INFO] [stderr]   Downloaded tokio-seqpacket v0.9.1
[INFO] [stderr]   Downloaded argon2 v0.6.0-rc.8
[INFO] [stderr]   Downloaded blake2 v0.11.0-rc.6
[INFO] [stderr]   Downloaded ratatui-core v0.1.2
[INFO] [stderr]   Downloaded ratatui v0.30.2
[INFO] [stderr]   Downloaded futures-rustls v0.26.0
[INFO] [stderr]   Downloaded internal-russh-num-bigint v0.5.0
[INFO] [stderr]   Downloaded rustls-acme v0.15.4
[INFO] [stderr]   Downloaded aws-lc-rs v1.18.0
[INFO] [stderr]   Downloaded asn1-rs v0.7.2
[INFO] [stderr]   Downloaded ratatui-widgets v0.3.2
[INFO] [stderr]   Downloaded russh v0.63.1
[INFO] [stderr]   Downloaded fs-err v3.3.1
[INFO] [stderr]   Downloaded async-web-client v0.6.3
[INFO] [stderr]   Downloaded async-http-codec v0.8.0
[INFO] [stderr]   Downloaded axum-server v0.8.0
[INFO] [stderr]   Downloaded aws-lc-sys v0.44.0
[INFO] running `Command { std: "docker" "create" "-v" "/var/lib/crater-agent-workspace/builds/worker-5-tc1/source:/opt/rustwide/workdir:ro,Z" "-v" "/var/lib/crater-agent-workspace/builds/worker-5-tc1/target:/opt/rustwide/target:rw,Z" "-v" "/var/lib/crater-agent-workspace/cargo-home:/opt/rustwide/cargo-home:ro,Z" "-v" "/var/lib/crater-agent-workspace/rustup-home:/opt/rustwide/rustup-home:ro,Z" "-m" "1610612736" "--network" "none" "ghcr.io/rust-lang/crates-build-env/linux@sha256:77db811e55d90add9212f6832c23229e3de5f1c1f9905e8cb07319ea15df73ac" "sleep" "infinity", kill_on_drop: false }`
[INFO] [stdout] 47fe5337290be7259b25e7d6cd6d7bbf8724d0661078845d7050ca526e6e42b2
[INFO] running `Command { std: "docker" "start" "47fe5337290be7259b25e7d6cd6d7bbf8724d0661078845d7050ca526e6e42b2", kill_on_drop: false }`
[INFO] running `Command { std: "docker" "inspect" "47fe5337290be7259b25e7d6cd6d7bbf8724d0661078845d7050ca526e6e42b2", kill_on_drop: false }`
[INFO] running `Command { std: "docker" "exec" "-e" "SOURCE_DIR=/opt/rustwide/workdir" "-e" "CARGO_HOME=/opt/rustwide/cargo-home" "-e" "RUSTUP_HOME=/opt/rustwide/rustup-home" "-e" "CARGO_TARGET_DIR=/opt/rustwide/target" "-w" "/opt/rustwide/workdir" "--user" "0:0" "47fe5337290be7259b25e7d6cd6d7bbf8724d0661078845d7050ca526e6e42b2" "/opt/rustwide/cargo-home/bin/cargo" "+3154cc1a3e6424e44f438a95007d043ed5ceaaf6" "metadata" "--no-deps" "--format-version=1", kill_on_drop: false }`
[INFO] running `Command { std: "docker" "inspect" "47fe5337290be7259b25e7d6cd6d7bbf8724d0661078845d7050ca526e6e42b2", kill_on_drop: false }`
[INFO] running `Command { std: "docker" "exec" "-e" "SOURCE_DIR=/opt/rustwide/workdir" "-e" "CARGO_HOME=/opt/rustwide/cargo-home" "-e" "RUSTUP_HOME=/opt/rustwide/rustup-home" "-e" "CARGO_TARGET_DIR=/opt/rustwide/target" "-e" "CARGO_INCREMENTAL=0" "-e" "RUST_BACKTRACE=full" "-e" "RUSTFLAGS=--cap-lints=forbid -Znext-solver=coherence" "-e" "RUSTDOCFLAGS=--cap-lints=forbid" "-w" "/opt/rustwide/workdir" "--user" "0:0" "47fe5337290be7259b25e7d6cd6d7bbf8724d0661078845d7050ca526e6e42b2" "/opt/rustwide/cargo-home/bin/cargo" "+3154cc1a3e6424e44f438a95007d043ed5ceaaf6" "check" "--frozen" "--all" "--all-targets" "--message-format=json", kill_on_drop: false }`
[INFO] [stderr]     Checking subtle v2.6.1
[INFO] [stderr]    Compiling getrandom v0.4.3
[INFO] [stderr]     Checking errno v0.3.14
[INFO] [stderr]    Compiling serde_core v1.0.229
[INFO] [stderr]     Checking mio v1.2.2
[INFO] [stderr]     Checking foldhash v0.2.0
[INFO] [stderr]     Checking parking_lot_core v0.9.12
[INFO] [stderr]    Compiling libc v0.2.189
[INFO] [stderr]    Compiling syn v3.0.4
[INFO] [stderr]    Compiling syn v2.0.119
[INFO] [stderr]     Checking cpubits v0.1.1
[INFO] [stderr]     Checking futures-io v0.3.34
[INFO] [stderr]    Compiling serde_json v1.0.151
[INFO] [stderr]     Checking base64ct v1.8.3
[INFO] [stderr]    Compiling rustix v1.1.4
[INFO] [stderr]     Checking winnow v0.7.15
[INFO] [stderr]     Checking toml_write v0.1.2
[INFO] [stderr]     Checking ctutils v0.4.2
[INFO] [stderr]     Checking signal-hook-registry v1.4.8
[INFO] [stderr]     Checking hashbrown v0.17.1
[INFO] [stderr]     Checking linux-raw-sys v0.12.1
[INFO] [stderr]     Checking parking_lot v0.12.5
[INFO] [stderr]     Checking filedesc v0.6.3
[INFO] [stderr]     Checking digest v0.10.7
[INFO] [stderr]     Checking pem-rfc7468 v1.0.0
[INFO] [stderr]     Checking thread_local v1.1.10
[INFO] [stderr]    Compiling nix v0.29.0
[INFO] [stderr]     Checking chrono v0.4.45
[INFO] [stderr]     Checking hybrid-array v0.4.14
[INFO] [stderr]     Checking ff v0.14.0
[INFO] [stderr]     Checking tracing-subscriber v0.3.23
[INFO] [stderr]    Compiling crc32fast v1.5.1
[INFO] [stderr]    Compiling ahash v0.8.12
[INFO] [stderr]     Checking group v0.14.0
[INFO] [stderr]     Checking der v0.8.1
[INFO] [stderr]     Checking base16ct v1.0.0
[INFO] [stderr]     Checking indexmap v2.14.0
[INFO] [stderr]     Checking sha2 v0.10.9
[INFO] [stderr]     Checking num-integer v0.1.47
[INFO] [stderr]     Checking flate2 v1.1.9
[INFO] [stderr]     Checking parking v2.2.1
[INFO] [stderr]    Compiling crossbeam-utils v0.8.23
[INFO] [stderr]     Checking hashbrown v0.14.5
[INFO] [stderr]     Checking num-bigint v0.4.8
[INFO] [stderr]    Compiling jobserver v0.1.35
[INFO] [stderr]    Compiling fs_extra v1.3.0
[INFO] [stderr]    Compiling curve25519-dalek v5.0.0
[INFO] [stderr]    Compiling rustls v0.23.43
[INFO] [stderr]    Compiling cc v1.4.4
[INFO] [stderr]     Checking minimal-lexical v0.2.1
[INFO] [stderr]     Checking fallible-iterator v0.3.0
[INFO] [stderr]     Checking spki v0.8.0
[INFO] [stderr]     Checking fallible-streaming-iterator v0.1.9
[INFO] [stderr]     Checking crypto-common v0.2.2
[INFO] [stderr]     Checking block-buffer v0.12.1
[INFO] [stderr]     Checking block-padding v0.4.2
[INFO] [stderr]     Checking crypto-bigint v0.7.5
[INFO] [stderr]     Checking sec1 v0.8.1
[INFO] [stderr]     Checking inout v0.2.2
[INFO] [stderr]     Checking wnaf v0.14.0
[INFO] [stderr]     Checking hashlink v0.9.1
[INFO] [stderr]     Checking nom v7.1.3
[INFO] [stderr]     Checking event-listener v5.4.2
[INFO] [stderr]     Checking hmac v0.12.1
[INFO] [stderr]    Compiling nix v0.31.3
[INFO] [stderr]     Checking concurrent-queue v2.5.0
[INFO] [stderr]     Checking keccak v0.2.2
[INFO] [stderr]     Checking pkcs1 v0.8.0-rc.4
[INFO] [stderr]     Checking event-listener-strategy v0.5.4
[INFO] [stderr]     Checking futures-lite v2.6.1
[INFO] [stderr]     Checking itertools v0.14.0
[INFO] [stderr]     Checking ppv-lite86 v0.2.21
[INFO] [stderr]     Checking hashbrown v0.16.1
[INFO] [stderr]    Compiling cmake v0.1.58
[INFO] [stderr]    Compiling async-io v2.6.0
[INFO] [stderr]    Compiling aws-lc-rs v1.18.0
[INFO] [stderr]     Checking unicase v2.9.0
[INFO] [stderr]    Compiling instability v0.3.13
[INFO] [stderr]     Checking digest v0.11.3
[INFO] [stderr]     Checking cipher v0.5.2
[INFO] [stderr]     Checking universal-hash v0.6.1
[INFO] [stderr]     Checking hmac v0.13.0
[INFO] [stderr]     Checking sha2 v0.11.0
[INFO] [stderr]     Checking polyval v0.7.3
[INFO] [stderr]     Checking aead v0.6.1
[INFO] [stderr]     Checking pbkdf2 v0.13.0
[INFO] [stderr]     Checking signature v3.0.0
[INFO] [stderr]     Checking ctr v0.10.1
[INFO] [stderr]     Checking aes v0.9.2
[INFO] [stderr]     Checking ghash v0.6.0
[INFO] [stderr]     Checking salsa20 v0.11.0
[INFO] [stderr]     Checking cbc v0.2.1
[INFO] [stderr]    Compiling ring v0.17.14
[INFO] [stderr]     Checking hkdf v0.13.0
[INFO] [stderr]    Compiling libsqlite3-sys v0.30.1
[INFO] [stderr]    Compiling aws-lc-sys v0.44.0
[INFO] [stderr]     Checking chacha20 v0.10.1
[INFO] [stderr]     Checking rusticata-macros v4.1.0
[INFO] [stderr]     Checking blowfish v0.10.0
[INFO] [stderr]    Compiling darling_core v0.24.1
[INFO] [stderr]     Checking poly1305 v0.9.1
[INFO] [stderr]     Checking blake2 v0.11.0-rc.6
[INFO] [stderr]     Checking sha3 v0.11.0
[INFO] [stderr]     Checking rand v0.10.2
[INFO] [stderr]     Checking aes-gcm v0.11.1
[INFO] [stderr]     Checking argon2 v0.6.0-rc.8
[INFO] [stderr]     Checking scrypt v0.12.0
[INFO] [stderr]     Checking bcrypt-pbkdf v0.11.0
[INFO] [stderr]     Checking unicode-truncate v2.0.1
[INFO] [stderr]     Checking sha1 v0.11.0
[INFO] [stderr]     Checking kem v0.3.0
[INFO] [stderr]     Checking pkcs5 v0.8.1
[INFO] [stderr]     Checking rand_chacha v0.9.0
[INFO] [stderr]     Checking compact_str v0.9.1
[INFO] [stderr]     Checking async-channel v2.5.0
[INFO] [stderr]     Checking signal-hook v0.3.18
[INFO] [stderr]     Checking module-lattice v0.2.3
[INFO] [stderr]     Checking piper v0.2.5
[INFO] [stderr]     Checking lru v0.18.3
[INFO] [stderr]     Checking pkcs8 v0.11.0
[INFO] [stderr]    Compiling fs-err v3.3.1
[INFO] [stderr]     Checking async-task v4.7.1
[INFO] [stderr]     Checking sponge-cursor v0.1.0
[INFO] [stderr]    Compiling litrs v1.0.0
[INFO] [stderr]     Checking zune-core v0.5.3
[INFO] [stderr]     Checking untrusted v0.7.1
[INFO] [stderr]     Checking quick-error v2.0.1
[INFO] [stderr]    Compiling indoc v2.0.7
[INFO] [stderr]     Checking ed25519 v3.0.0
[INFO] [stderr]    Compiling oid-registry v0.8.1
[INFO] [stderr]     Checking color_quant v1.1.0
[INFO] [stderr]    Compiling synstructure v0.13.2
[INFO] [stderr]     Checking weezl v0.1.12
[INFO] [stderr]     Checking hex v0.4.3
[INFO] [stderr]     Checking elliptic-curve v0.14.1
[INFO] [stderr]     Checking rfc6979 v0.6.0
[INFO] [stderr]     Checking primefield v0.14.0
[INFO] [stderr]     Checking ssh-encoding v0.3.0
[INFO] [stderr]     Checking crypto-primes v0.7.2
[INFO] [stderr]     Checking gif v0.14.2
[INFO] [stderr]    Compiling document-features v0.2.12
[INFO] [stderr]    Compiling mime_guess v2.0.5
[INFO] [stderr]     Checking zune-jpeg v0.5.15
[INFO] [stderr]     Checking moxcms v0.8.1
[INFO] [stderr]     Checking ssh-cipher v0.3.0
[INFO] [stderr]     Checking primeorder v0.14.0
[INFO] [stderr]     Checking ecdsa v0.17.0
[INFO] [stderr]     Checking russh-cryptovec v0.62.0
[INFO] [stderr]     Checking image-webp v0.2.4
[INFO] [stderr]     Checking blocking v1.7.0
[INFO] [stderr]     Checking ml-kem v0.3.2
[INFO] [stderr]     Checking sha3 v0.12.0
[INFO] [stderr]     Checking signal-hook-mio v0.2.5
[INFO] [stderr]    Compiling serde_derive v1.0.229
[INFO] [stderr]    Compiling tokio-macros v2.7.2
[INFO] [stderr]    Compiling thiserror-impl v2.0.20
[INFO] [stderr]    Compiling futures-macro v0.3.34
[INFO] [stderr]    Compiling displaydoc v0.2.7
[INFO] [stderr]     Checking tempfile v3.27.0
[INFO] [stderr]     Checking polling v3.11.0
[INFO] [stderr]     Checking p521 v0.14.0
[INFO] [stderr]     Checking p384 v0.14.0
[INFO] [stderr]     Checking p256 v0.14.0
[INFO] [stderr]     Checking rsa v0.10.0-rc.18
[INFO] [stderr]    Compiling tracing-attributes v0.1.31
[INFO] [stderr]    Compiling curve25519-dalek-derive v0.1.1
[INFO] [stderr]     Checking tokio v1.53.1
[INFO] [stderr]    Compiling strum_macros v0.28.0
[INFO] [stderr]    Compiling asn1-rs-impl v0.2.0
[INFO] [stderr]     Checking futures-util v0.3.34
[INFO] [stderr]     Checking thiserror v2.0.20
[INFO] [stderr]    Compiling darling_macro v0.24.1
[INFO] [stderr]    Compiling asn1-rs-derive v0.6.0
[INFO] [stderr]     Checking kasuari v0.4.12
[INFO] [stderr]    Compiling derive_more-impl v2.1.1
[INFO] [stderr]    Compiling darling v0.24.1
[INFO] [stderr]    Compiling delegate v0.13.5
[INFO] [stderr]     Checking ed25519-dalek v3.0.0
[INFO] [stderr]     Checking tracing v0.1.44
[INFO] [stderr]    Compiling thiserror-impl v1.0.69
[INFO] [stderr]    Compiling enum_dispatch v0.3.13
[INFO] [stderr]     Checking png v0.18.1
[INFO] [stderr]     Checking derive_more v2.1.1
[INFO] [stderr]     Checking asn1-rs v0.7.2
[INFO] [stderr]     Checking rand v0.9.5
[INFO] [stderr]     Checking internal-russh-num-bigint v0.5.0
[INFO] [stderr]     Checking sha1 v0.10.7
[INFO] [stderr]     Checking generic-array v1.4.5
[INFO] [stderr]     Checking hex-literal v1.1.0
[INFO] [stderr]     Checking md5 v0.8.1
[INFO] [stderr]     Checking sync_wrapper v1.0.2
[INFO] [stderr]     Checking image v0.25.10
[INFO] [stderr]     Checking serde v1.0.229
[INFO] [stderr]     Checking der-parser v10.0.0
[INFO] [stderr]     Checking tungstenite v0.29.0
[INFO] [stderr]     Checking webpki-roots v0.26.11
[INFO] [stderr]     Checking thiserror v1.0.69
[INFO] [stderr]     Checking crossterm v0.29.0
[INFO] [stderr]     Checking async-net v2.0.0
[INFO] [stderr]     Checking strum v0.28.0
[INFO] [stderr]     Checking pem v3.0.6
[INFO] [stderr]     Checking yasna v0.5.2
[INFO] [stderr]     Checking arc-swap v1.9.2
[INFO] [stderr]     Checking ratatui-core v0.1.2
[INFO] [stderr]     Checking line-clipping v0.3.8
[INFO] [stderr]    Compiling pulldown-cmark v0.13.4
[INFO] [stderr]     Checking futures-executor v0.3.34
[INFO] [stderr]     Checking x509-parser v0.18.1
[INFO] [stderr]     Checking axum-core v0.5.6
[INFO] [stderr]     Checking futures v0.3.34
[INFO] [stderr]    Compiling async-trait v0.1.92
[INFO] [stderr]     Checking serde_path_to_error v0.1.20
[INFO] [stderr]     Checking async-http-codec v0.8.0
[INFO] [stderr]     Checking getopts v0.2.24
[INFO] [stderr]     Checking http-range-header v0.4.2
[INFO] [stderr]     Checking toml_datetime v0.6.11
[INFO] [stderr]     Checking serde_spanned v0.6.9
[INFO] [stderr]     Checking termblog-proto v0.1.0 (/opt/rustwide/workdir/crates/servers/proto)
[INFO] [stderr]     Checking termblog-content-model v0.1.0 (/opt/rustwide/workdir/crates/content-model)
[INFO] [stderr]     Checking serde_urlencoded v0.7.1
[INFO] [stderr]     Checking pulldown-cmark-escape v0.11.0
[INFO] [stderr]     Checking toml_edit v0.22.27
[INFO] [stderr]     Checking ratatui-widgets v0.3.2
[INFO] [stderr]     Checking tokio-seqpacket v0.9.1
[INFO] [stderr]     Checking tokio-util v0.7.19
[INFO] [stderr]     Checking russh-util v0.52.0
[INFO] [stderr]     Checking tokio-tungstenite v0.29.0
[INFO] [stderr]     Checking rustls-webpki v0.103.15
[INFO] [stderr]     Checking termblog-core v0.1.0 (/opt/rustwide/workdir/crates/servers/core)
[INFO] [stderr]     Checking rcgen v0.13.2
[INFO] [stderr]     Checking tower v0.5.3
[INFO] [stderr]     Checking ratatui-crossterm v0.1.2
[INFO] [stderr]     Checking h2 v0.4.19
[INFO] [stderr]     Checking tower-http v0.6.11
[INFO] [stderr]     Checking ratatui v0.30.2
[INFO] [stderr]     Checking termblog-jailbin v0.1.0 (/opt/rustwide/workdir/crates/tools/jailbin)
[INFO] [stderr]     Checking toml v0.8.23
[INFO] [stderr]     Checking termblog-config v0.1.0 (/opt/rustwide/workdir/crates/config)
[INFO] [stderr]     Checking termblog-commentd v0.1.0 (/opt/rustwide/workdir/crates/servers/commentd)
[INFO] [stderr]     Checking content-build v0.1.0 (/opt/rustwide/workdir/crates/tools/content-build)
[INFO] [stderr]     Checking ssh-key v0.7.0-rc.11
[INFO] [stderr]     Checking tokio-rustls v0.26.5
[INFO] [stderr]     Checking futures-rustls v0.26.0
[INFO] [stderr]     Checking async-web-client v0.6.3
[INFO] [stderr]     Checking rusqlite v0.32.1
[INFO] [stderr]     Checking hyper v1.11.0
[INFO] [stderr]     Checking termblog-statd v0.1.0 (/opt/rustwide/workdir/crates/servers/statd)
[INFO] [stderr]     Checking hyper-util v0.1.20
[INFO] [stderr]     Checking termblog-jaild v0.1.0 (/opt/rustwide/workdir/crates/servers/jaild)
[INFO] [stderr]     Checking axum-server v0.8.0
[INFO] [stderr]     Checking axum v0.8.9
[INFO] [stdout] error[E0425]: cannot find function `jail_attach` in crate `libc`
[INFO] [stdout]    --> crates/servers/jaild/src/jail.rs:503:22
[INFO] [stdout]     |
[INFO] [stdout] 503 |             if libc::jail_attach(jid) != 0 {
[INFO] [stdout]     |                      ^^^^^^^^^^^ not found in `libc`
[INFO] [stdout] 
[INFO] [stdout] 
[INFO] [stdout] error[E0425]: cannot find function `closefrom` in crate `libc`
[INFO] [stdout]     --> crates/servers/jaild/src/jail.rs:542:11
[INFO] [stdout]      |
[INFO] [stdout]  542 |     libc::closefrom(3);
[INFO] [stdout]      |           ^^^^^^^^^ not found in `libc`
[INFO] [stdout]      |
[INFO] [stdout] note: similarly named function `closelog` defined here
[INFO] [stdout]     --> /opt/rustwide/cargo-home/registry/src/index.crates.io-1949cf8c6b5b557f/libc-0.2.189/src/unix/mod.rs:2101:5
[INFO] [stdout]      |
[INFO] [stdout] 2101 |     pub fn closelog();
[INFO] [stdout]      |     ^^^^^^^^^^^^^^^^^^
[INFO] [stdout] help: a function with a similar name exists
[INFO] [stdout]      |
[INFO] [stdout]  542 -     libc::closefrom(3);
[INFO] [stdout]  542 +     libc::closelog(3);
[INFO] [stdout]      |
[INFO] [stdout] 
[INFO] [stdout] 
[INFO] [stdout] error[E0425]: cannot find function `jail_attach` in crate `libc`
[INFO] [stdout]    --> crates/servers/jaild/src/jail.rs:503:22
[INFO] [stdout]     |
[INFO] [stdout] 503 |             if libc::jail_attach(jid) != 0 {
[INFO] [stdout]     |                      ^^^^^^^^^^^ not found in `libc`
[INFO] [stdout] 
[INFO] [stdout] 
[INFO] [stdout] error[E0425]: cannot find function `closefrom` in crate `libc`
[INFO] [stdout]     --> crates/servers/jaild/src/jail.rs:542:11
[INFO] [stdout]      |
[INFO] [stdout]  542 |     libc::closefrom(3);
[INFO] [stdout]      |           ^^^^^^^^^ not found in `libc`
[INFO] [stdout]      |
[INFO] [stdout] note: similarly named function `closelog` defined here
[INFO] [stdout]     --> /opt/rustwide/cargo-home/registry/src/index.crates.io-1949cf8c6b5b557f/libc-0.2.189/src/unix/mod.rs:2101:5
[INFO] [stdout]      |
[INFO] [stdout] 2101 |     pub fn closelog();
[INFO] [stdout]      |     ^^^^^^^^^^^^^^^^^^
[INFO] [stdout] help: a function with a similar name exists
[INFO] [stdout]      |
[INFO] [stdout]  542 -     libc::closefrom(3);
[INFO] [stdout]  542 +     libc::closelog(3);
[INFO] [stdout]      |
[INFO] [stdout] 
[INFO] [stdout] 
[INFO] [stdout] warning: use of deprecated method `std::sync::atomic::Atomic::<usize>::fetch_update`: renamed to `try_update` for consistency
[INFO] [stdout]    --> crates/servers/jaild/src/session.rs:640:25
[INFO] [stdout]     |
[INFO] [stdout] 640 |     let slot = accepted.fetch_update(Ordering::Relaxed, Ordering::Relaxed, |n| {
[INFO] [stdout]     |                         ^^^^^^^^^^^^
[INFO] [stdout]     |
[INFO] [stdout]     = note: `#[warn(deprecated)]` on by default
[INFO] [stdout] help: replace the use of the deprecated method
[INFO] [stdout]     |
[INFO] [stdout] 640 -     let slot = accepted.fetch_update(Ordering::Relaxed, Ordering::Relaxed, |n| {
[INFO] [stdout] 640 +     let slot = accepted.try_update(Ordering::Relaxed, Ordering::Relaxed, |n| {
[INFO] [stdout]     |
[INFO] [stdout] 
[INFO] [stdout] 
[INFO] [stdout] warning: use of deprecated method `std::sync::atomic::Atomic::<usize>::fetch_update`: renamed to `try_update` for consistency
[INFO] [stdout]    --> crates/servers/jaild/src/session.rs:640:25
[INFO] [stdout]     |
[INFO] [stdout] 640 |     let slot = accepted.fetch_update(Ordering::Relaxed, Ordering::Relaxed, |n| {
[INFO] [stdout]     |                         ^^^^^^^^^^^^
[INFO] [stdout]     |
[INFO] [stdout]     = note: `#[warn(deprecated)]` on by default
[INFO] [stdout] help: replace the use of the deprecated method
[INFO] [stdout]     |
[INFO] [stdout] 640 -     let slot = accepted.fetch_update(Ordering::Relaxed, Ordering::Relaxed, |n| {
[INFO] [stdout] 640 +     let slot = accepted.try_update(Ordering::Relaxed, Ordering::Relaxed, |n| {
[INFO] [stdout]     |
[INFO] [stdout] 
[INFO] [stdout] 
[INFO] [stderr]     Checking rustls-acme v0.15.4
[INFO] [stdout] For more information about this error, try `rustc --explain E0425`.
[INFO] [stdout] 
[INFO] [stderr] error: could not compile `termblog-jaild` (bin "termblog-jaild" test) due to 2 previous errors; 1 warning emitted
[INFO] [stderr] warning: build failed, waiting for other jobs to finish...
[INFO] [stdout] For more information about this error, try `rustc --explain E0425`.
[INFO] [stdout] 
[INFO] [stderr] error: could not compile `termblog-jaild` (bin "termblog-jaild") due to 2 previous errors; 1 warning emitted
[INFO] [stderr] warning: unused dependency `tracing`
[INFO] [stderr]   --> crates/servers/core/Cargo.toml:11:1
[INFO] [stderr]    |
[INFO] [stderr] 11 | tracing.workspace = true
[INFO] [stderr]    | ^^^^^^^
[INFO] [stderr]    |
[INFO] [stderr]    = note: `cargo::unused_dependencies` is set to `warn` by default
[INFO] [stderr] help: consider removing the dependency on `tracing`
[INFO] [stderr] warning: `termblog-core` (manifest) generated 1 warning
[INFO] [stderr] warning: unused dependency `anyhow`
[INFO] [stderr]   --> crates/tools/jailbin/Cargo.toml:11:1
[INFO] [stderr]    |
[INFO] [stderr] 11 | anyhow.workspace = true
[INFO] [stderr]    | ^^^^^^
[INFO] [stderr]    |
[INFO] [stderr]    = note: `cargo::unused_dependencies` is set to `warn` by default
[INFO] [stderr] help: consider removing the dependency on `anyhow`
[INFO] [stderr] warning: `termblog-jailbin` (manifest) generated 1 warning
[INFO] running `Command { std: "docker" "inspect" "47fe5337290be7259b25e7d6cd6d7bbf8724d0661078845d7050ca526e6e42b2", kill_on_drop: false }`
[INFO] running `Command { std: "docker" "rm" "-f" "47fe5337290be7259b25e7d6cd6d7bbf8724d0661078845d7050ca526e6e42b2", kill_on_drop: false }`
[INFO] [stdout] 47fe5337290be7259b25e7d6cd6d7bbf8724d0661078845d7050ca526e6e42b2
