[INFO] cloning repository https://github.com/yinnho/aginxos
[INFO] running `Command { std: "git" "-c" "credential.helper=" "-c" "credential.helper=/workspace/cargo-home/bin/git-credential-null" "clone" "--bare" "https://github.com/yinnho/aginxos" "/workspace/cache/git-repos/https%3A%2F%2Fgithub.com%2Fyinnho%2Faginxos", kill_on_drop: false }`
[INFO] [stderr] Cloning into bare repository '/workspace/cache/git-repos/https%3A%2F%2Fgithub.com%2Fyinnho%2Faginxos'...
[INFO] running `Command { std: "git" "rev-parse" "HEAD", kill_on_drop: false }`
[INFO] [stdout] 0534ea8ac02da7f1cb741f5b460fab480f478469
[INFO] checking yinnho/aginxos against 3154cc1a3e6424e44f438a95007d043ed5ceaaf6+rustflags=-Znext-solver=coherence for pr-133502-30
[INFO] running `Command { std: "git" "clone" "/workspace/cache/git-repos/https%3A%2F%2Fgithub.com%2Fyinnho%2Faginxos" "/workspace/builds/worker-2-tc1/source", kill_on_drop: false }`
[INFO] [stderr] Cloning into '/workspace/builds/worker-2-tc1/source'...
[INFO] [stderr] done.
[INFO] [stderr] Updating files:  85% (600/701)
Updating files:  86% (603/701)
Updating files:  87% (610/701)
Updating files:  88% (617/701)
Updating files:  89% (624/701)
Updating files:  90% (631/701)
Updating files:  91% (638/701)
Updating files:  92% (645/701)
Updating files:  93% (652/701)
Updating files:  94% (659/701)
Updating files:  95% (666/701)
Updating files:  96% (673/701)
Updating files:  97% (680/701)
Updating files:  98% (687/701)
Updating files:  99% (694/701)
Updating files: 100% (701/701)
Updating files: 100% (701/701), done.
[INFO] removed /workspace/builds/worker-2-tc1/source/.cargo/config.toml
[INFO] started tweaking git repo https://github.com/yinnho/aginxos
[INFO] finished tweaking git repo https://github.com/yinnho/aginxos
[INFO] tweaked toml for git repo https://github.com/yinnho/aginxos written to /workspace/builds/worker-2-tc1/source/Cargo.toml
[INFO] validating manifest of git repo https://github.com/yinnho/aginxos on toolchain 3154cc1a3e6424e44f438a95007d043ed5ceaaf6
[INFO] running `Command { std: CARGO_HOME="/workspace/cargo-home" RUSTUP_HOME="/workspace/rustup-home" "/workspace/cargo-home/bin/cargo" "+3154cc1a3e6424e44f438a95007d043ed5ceaaf6" "metadata" "--manifest-path" "Cargo.toml" "--no-deps", kill_on_drop: false }`
[INFO] crate git repo https://github.com/yinnho/aginxos already has a lockfile, it will not be regenerated
[INFO] running `Command { std: CARGO_HOME="/workspace/cargo-home" RUSTUP_HOME="/workspace/rustup-home" "/workspace/cargo-home/bin/cargo" "+3154cc1a3e6424e44f438a95007d043ed5ceaaf6" "fetch" "--manifest-path" "Cargo.toml", kill_on_drop: false }`
[INFO] [stderr] warning: unused workspace dependency `thiserror`
[INFO] [stderr]   --> Cargo.toml:15:1
[INFO] [stderr]    |
[INFO] [stderr] 15 | thiserror = "1"
[INFO] [stderr]    | ^^^^^^^^^
[INFO] [stderr]    |
[INFO] [stderr]    = note: `cargo::unused_workspace_dependencies` is set to `warn` by default
[INFO] [stderr] help: consider removing the workspace dependency `thiserror`
[INFO] [stderr] warning: workspace (manifest) generated 1 warning
[INFO] [stderr]     Updating crates.io index
[INFO] [stderr]  Downloading crates ...
[INFO] [stderr]   Downloaded vte v0.13.1
[INFO] [stderr]   Downloaded vte_generate_state_changes v0.1.2
[INFO] [stderr]   Downloaded quircs v0.10.3
[INFO] running `Command { std: "docker" "create" "-v" "/var/lib/crater-agent-workspace/builds/worker-2-tc1/source:/opt/rustwide/workdir:ro,Z" "-v" "/var/lib/crater-agent-workspace/builds/worker-2-tc1/target:/opt/rustwide/target:rw,Z" "-v" "/var/lib/crater-agent-workspace/cargo-home:/opt/rustwide/cargo-home:ro,Z" "-v" "/var/lib/crater-agent-workspace/rustup-home:/opt/rustwide/rustup-home:ro,Z" "-m" "1610612736" "--network" "none" "ghcr.io/rust-lang/crates-build-env/linux@sha256:77db811e55d90add9212f6832c23229e3de5f1c1f9905e8cb07319ea15df73ac" "sleep" "infinity", kill_on_drop: false }`
[INFO] [stdout] 1eec0364b3eef47f587262d2dae62695577deac240283c8f6ce713cce0db1357
[INFO] running `Command { std: "docker" "start" "1eec0364b3eef47f587262d2dae62695577deac240283c8f6ce713cce0db1357", kill_on_drop: false }`
[INFO] running `Command { std: "docker" "inspect" "1eec0364b3eef47f587262d2dae62695577deac240283c8f6ce713cce0db1357", kill_on_drop: false }`
[INFO] running `Command { std: "docker" "exec" "-e" "SOURCE_DIR=/opt/rustwide/workdir" "-e" "CARGO_HOME=/opt/rustwide/cargo-home" "-e" "RUSTUP_HOME=/opt/rustwide/rustup-home" "-e" "CARGO_TARGET_DIR=/opt/rustwide/target" "-w" "/opt/rustwide/workdir" "--user" "0:0" "1eec0364b3eef47f587262d2dae62695577deac240283c8f6ce713cce0db1357" "/opt/rustwide/cargo-home/bin/cargo" "+3154cc1a3e6424e44f438a95007d043ed5ceaaf6" "metadata" "--no-deps" "--format-version=1", kill_on_drop: false }`
[INFO] running `Command { std: "docker" "inspect" "1eec0364b3eef47f587262d2dae62695577deac240283c8f6ce713cce0db1357", kill_on_drop: false }`
[INFO] running `Command { std: "docker" "exec" "-e" "SOURCE_DIR=/opt/rustwide/workdir" "-e" "CARGO_HOME=/opt/rustwide/cargo-home" "-e" "RUSTUP_HOME=/opt/rustwide/rustup-home" "-e" "CARGO_TARGET_DIR=/opt/rustwide/target" "-e" "CARGO_INCREMENTAL=0" "-e" "RUST_BACKTRACE=full" "-e" "RUSTFLAGS=--cap-lints=forbid -Znext-solver=coherence" "-e" "RUSTDOCFLAGS=--cap-lints=forbid" "-w" "/opt/rustwide/workdir" "--user" "0:0" "1eec0364b3eef47f587262d2dae62695577deac240283c8f6ce713cce0db1357" "/opt/rustwide/cargo-home/bin/cargo" "+3154cc1a3e6424e44f438a95007d043ed5ceaaf6" "check" "--frozen" "--all" "--all-targets" "--message-format=json", kill_on_drop: false }`
[INFO] [stderr] warning: unused workspace dependency `thiserror`
[INFO] [stderr]   --> Cargo.toml:15:1
[INFO] [stderr]    |
[INFO] [stderr] 15 | thiserror = "1"
[INFO] [stderr]    | ^^^^^^^^^
[INFO] [stderr]    |
[INFO] [stderr]    = note: `cargo::unused_workspace_dependencies` is set to `warn` by default
[INFO] [stderr] help: consider removing the workspace dependency `thiserror`
[INFO] [stderr] warning: workspace (manifest) generated 1 warning
[INFO] [stderr]    Compiling serde_core v1.0.229
[INFO] [stderr]     Checking signature v2.2.0
[INFO] [stderr]     Checking testkit v0.1.0 (/opt/rustwide/workdir/crates/testkit)
[INFO] [stderr]    Compiling agimg v0.1.0 (/opt/rustwide/workdir/crates/agimg)
[INFO] [stderr]     Checking rand_core v0.6.4
[INFO] [stderr]    Compiling ring v0.17.14
[INFO] [stderr]    Compiling rustix v1.1.4
[INFO] [stderr]     Checking agsvc v0.1.0 (/opt/rustwide/workdir/crates/agsvc)
[INFO] [stderr]    Compiling curve25519-dalek v4.1.3
[INFO] [stderr]    Compiling syn v3.0.3
[INFO] [stderr]    Compiling syn v2.0.119
[INFO] [stderr]     Checking crypto-common v0.1.7
[INFO] [stderr]     Checking http v1.5.0
[INFO] [stderr]     Checking filetime v0.2.29
[INFO] [stderr]     Checking once_cell v1.21.4
[INFO] [stderr]     Checking smallvec v1.15.2
[INFO] [stderr]    Compiling vte_generate_state_changes v0.1.2
[INFO] [stderr]     Checking ed25519 v2.2.3
[INFO] [stderr]     Checking qrcodegen v1.8.0
[INFO] [stderr]     Checking digest v0.10.7
[INFO] [stderr]     Checking parking_lot_core v0.9.12
[INFO] [stderr]     Checking aginxos-probe v0.1.0 (/opt/rustwide/workdir/crates/aginxos-probe)
[INFO] [stderr]     Checking vte v0.13.1
[INFO] [stdout] error[E0308]: mismatched types
[INFO] [stdout]     --> crates/agsvc/src/main.rs:752:43
[INFO] [stdout]      |
[INFO] [stdout]  752 |         let rc = unsafe { libc::ioctl(fd, WDIOC_SETTIMEOUT, &mut t as *mut libc::c_int) };
[INFO] [stdout]      |                           -----------     ^^^^^^^^^^^^^^^^ expected `u64`, found `i32`
[INFO] [stdout]      |                           |
[INFO] [stdout]      |                           arguments to this function are incorrect
[INFO] [stdout]      |
[INFO] [stdout] note: function defined here
[INFO] [stdout]     --> /opt/rustwide/cargo-home/registry/src/index.crates.io-1949cf8c6b5b557f/libc-0.2.189/src/unix/linux_like/mod.rs:1756:20
[INFO] [stdout]      |
[INFO] [stdout] 1756 |             pub fn ioctl(fd: c_int, request: Ioctl, ...) -> c_int;
[INFO] [stdout]      |                    ^^^^^
[INFO] [stdout] help: you can convert an `i32` to a `u64` and panic if the converted value doesn't fit
[INFO] [stdout]      |
[INFO] [stdout]  752 |         let rc = unsafe { libc::ioctl(fd, WDIOC_SETTIMEOUT.try_into().unwrap(), &mut t as *mut libc::c_int) };
[INFO] [stdout]      |                                                           ++++++++++++++++++++
[INFO] [stdout] 
[INFO] [stdout] 
[INFO] [stderr]     Checking aginxos-init v0.7.0 (/opt/rustwide/workdir/crates/aginxos-init)
[INFO] [stdout] error[E0308]: mismatched types
[INFO] [stdout]     --> crates/agsvc/src/main.rs:775:37
[INFO] [stdout]      |
[INFO] [stdout]  775 |         if unsafe { libc::ioctl(fd, WDIOC_KEEPALIVE, 0) } < 0 && !self.warned {
[INFO] [stdout]      |                     -----------     ^^^^^^^^^^^^^^^ expected `u64`, found `i32`
[INFO] [stdout]      |                     |
[INFO] [stdout]      |                     arguments to this function are incorrect
[INFO] [stdout]      |
[INFO] [stdout] note: function defined here
[INFO] [stdout]     --> /opt/rustwide/cargo-home/registry/src/index.crates.io-1949cf8c6b5b557f/libc-0.2.189/src/unix/linux_like/mod.rs:1756:20
[INFO] [stdout]      |
[INFO] [stdout] 1756 |             pub fn ioctl(fd: c_int, request: Ioctl, ...) -> c_int;
[INFO] [stdout]      |                    ^^^^^
[INFO] [stdout] help: you can convert an `i32` to a `u64` and panic if the converted value doesn't fit
[INFO] [stdout]      |
[INFO] [stdout]  775 |         if unsafe { libc::ioctl(fd, WDIOC_KEEPALIVE.try_into().unwrap(), 0) } < 0 && !self.warned {
[INFO] [stdout]      |                                                    ++++++++++++++++++++
[INFO] [stdout] 
[INFO] [stdout] 
[INFO] [stdout] error[E0308]: mismatched types
[INFO] [stdout]     --> crates/agsvc/src/main.rs:752:43
[INFO] [stdout]      |
[INFO] [stdout]  752 |         let rc = unsafe { libc::ioctl(fd, WDIOC_SETTIMEOUT, &mut t as *mut libc::c_int) };
[INFO] [stdout]      |                           -----------     ^^^^^^^^^^^^^^^^ expected `u64`, found `i32`
[INFO] [stdout]      |                           |
[INFO] [stdout]      |                           arguments to this function are incorrect
[INFO] [stdout]      |
[INFO] [stdout] note: function defined here
[INFO] [stdout]     --> /opt/rustwide/cargo-home/registry/src/index.crates.io-1949cf8c6b5b557f/libc-0.2.189/src/unix/linux_like/mod.rs:1756:20
[INFO] [stdout]      |
[INFO] [stdout] 1756 |             pub fn ioctl(fd: c_int, request: Ioctl, ...) -> c_int;
[INFO] [stdout]      |                    ^^^^^
[INFO] [stdout] help: you can convert an `i32` to a `u64` and panic if the converted value doesn't fit
[INFO] [stdout]      |
[INFO] [stdout]  752 |         let rc = unsafe { libc::ioctl(fd, WDIOC_SETTIMEOUT.try_into().unwrap(), &mut t as *mut libc::c_int) };
[INFO] [stdout]      |                                                           ++++++++++++++++++++
[INFO] [stdout] 
[INFO] [stdout] 
[INFO] [stdout] error[E0308]: mismatched types
[INFO] [stdout]     --> crates/agsvc/src/main.rs:775:37
[INFO] [stdout]      |
[INFO] [stdout]  775 |         if unsafe { libc::ioctl(fd, WDIOC_KEEPALIVE, 0) } < 0 && !self.warned {
[INFO] [stdout]      |                     -----------     ^^^^^^^^^^^^^^^ expected `u64`, found `i32`
[INFO] [stdout]      |                     |
[INFO] [stdout]      |                     arguments to this function are incorrect
[INFO] [stdout]      |
[INFO] [stdout] note: function defined here
[INFO] [stdout]     --> /opt/rustwide/cargo-home/registry/src/index.crates.io-1949cf8c6b5b557f/libc-0.2.189/src/unix/linux_like/mod.rs:1756:20
[INFO] [stdout]      |
[INFO] [stdout] 1756 |             pub fn ioctl(fd: c_int, request: Ioctl, ...) -> c_int;
[INFO] [stdout]      |                    ^^^^^
[INFO] [stdout] help: you can convert an `i32` to a `u64` and panic if the converted value doesn't fit
[INFO] [stdout]      |
[INFO] [stdout]  775 |         if unsafe { libc::ioctl(fd, WDIOC_KEEPALIVE.try_into().unwrap(), 0) } < 0 && !self.warned {
[INFO] [stdout]      |                                                    ++++++++++++++++++++
[INFO] [stdout] 
[INFO] [stdout] 
[INFO] [stdout] warning: unused import: `std::os::unix::process::CommandExt`
[INFO] [stdout]   --> crates/aginxos-init/src/main.rs:21:5
[INFO] [stdout]    |
[INFO] [stdout] 21 | use std::os::unix::process::CommandExt;
[INFO] [stdout]    |     ^^^^^^^^^^^^^^^^^^^^^^^^^^^^^^^^^^
[INFO] [stdout]    |
[INFO] [stdout]    = note: `#[warn(unused_imports)]` (part of `#[warn(unused)]`) on by default
[INFO] [stdout] 
[INFO] [stdout] 
[INFO] [stdout] warning: unused import: `std::process::Command`
[INFO] [stdout]   --> crates/aginxos-init/src/main.rs:23:5
[INFO] [stdout]    |
[INFO] [stdout] 23 | use std::process::Command;
[INFO] [stdout]    |     ^^^^^^^^^^^^^^^^^^^^^
[INFO] [stdout] 
[INFO] [stdout] 
[INFO] [stderr]     Checking sha2 v0.10.9
[INFO] [stdout] For more information about this error, try `rustc --explain E0308`.
[INFO] [stdout] 
[INFO] [stdout] error[E0308]: mismatched types
[INFO] [stdout]     --> crates/aginxos-probe/src/vidc.rs:258:30
[INFO] [stdout]      |
[INFO] [stdout]  258 |     unsafe { libc::ioctl(fd, req, arg as *mut libc::c_void) }
[INFO] [stdout]      |              -----------     ^^^ expected `u64`, found `i32`
[INFO] [stdout]      |              |
[INFO] [stdout]      |              arguments to this function are incorrect
[INFO] [stdout]      |
[INFO] [stdout] note: function defined here
[INFO] [stdout]     --> /opt/rustwide/cargo-home/registry/src/index.crates.io-1949cf8c6b5b557f/libc-0.2.189/src/unix/linux_like/mod.rs:1756:20
[INFO] [stdout]      |
[INFO] [stdout] 1756 |             pub fn ioctl(fd: c_int, request: Ioctl, ...) -> c_int;
[INFO] [stdout]      |                    ^^^^^
[INFO] [stdout] help: you can convert an `i32` to a `u64` and panic if the converted value doesn't fit
[INFO] [stdout]      |
[INFO] [stdout]  258 |     unsafe { libc::ioctl(fd, req.try_into().unwrap(), arg as *mut libc::c_void) }
[INFO] [stdout]      |                                 ++++++++++++++++++++
[INFO] [stdout] 
[INFO] [stdout] 
[INFO] [stderr] error: could not compile `agsvc` (bin "agsvc" test) due to 2 previous errors
[INFO] [stderr] warning: build failed, waiting for other jobs to finish...
[INFO] [stdout] For more information about this error, try `rustc --explain E0308`.
[INFO] [stdout] 
[INFO] [stdout] error[E0308]: mismatched types
[INFO] [stdout]     --> crates/aginxos-probe/src/vidc.rs:258:30
[INFO] [stdout]      |
[INFO] [stdout]  258 |     unsafe { libc::ioctl(fd, req, arg as *mut libc::c_void) }
[INFO] [stdout]      |              -----------     ^^^ expected `u64`, found `i32`
[INFO] [stdout]      |              |
[INFO] [stdout]      |              arguments to this function are incorrect
[INFO] [stdout]      |
[INFO] [stdout] note: function defined here
[INFO] [stdout]     --> /opt/rustwide/cargo-home/registry/src/index.crates.io-1949cf8c6b5b557f/libc-0.2.189/src/unix/linux_like/mod.rs:1756:20
[INFO] [stdout]      |
[INFO] [stdout] 1756 |             pub fn ioctl(fd: c_int, request: Ioctl, ...) -> c_int;
[INFO] [stdout]      |                    ^^^^^
[INFO] [stdout] help: you can convert an `i32` to a `u64` and panic if the converted value doesn't fit
[INFO] [stdout]      |
[INFO] [stdout]  258 |     unsafe { libc::ioctl(fd, req.try_into().unwrap(), arg as *mut libc::c_void) }
[INFO] [stdout]      |                                 ++++++++++++++++++++
[INFO] [stdout] 
[INFO] [stdout] 
[INFO] [stderr] error: could not compile `agsvc` (bin "agsvc") due to 2 previous errors
[INFO] [stdout] warning: value assigned to `prev` is never read
[INFO] [stdout]    --> crates/aginxos-init/src/main.rs:434:13
[INFO] [stdout]     |
[INFO] [stdout] 434 |             prev = None; // corrupted read — require two fresh identical ones
[INFO] [stdout]     |             ^^^^
[INFO] [stdout]     |
[INFO] [stdout]     = help: maybe it is overwritten before being read?
[INFO] [stdout]     = note: `#[warn(unused_assignments)]` (part of `#[warn(unused)]`) on by default
[INFO] [stdout] 
[INFO] [stdout] 
[INFO] [stdout] warning: variable does not need to be mutable
[INFO] [stdout]     --> crates/aginxos-init/src/main.rs:1077:9
[INFO] [stdout]      |
[INFO] [stdout] 1077 |     let mut mount_once = || unsafe {
[INFO] [stdout]      |         ----^^^^^^^^^^
[INFO] [stdout]      |         |
[INFO] [stdout]      |         help: remove this `mut`
[INFO] [stdout]      |
[INFO] [stdout]      = note: `#[warn(unused_mut)]` (part of `#[warn(unused)]`) on by default
[INFO] [stdout] 
[INFO] [stdout] 
[INFO] [stdout] For more information about this error, try `rustc --explain E0308`.
[INFO] [stdout] 
[INFO] [stderr] error: could not compile `aginxos-probe` (bin "aginxos-probe" test) due to 1 previous error
[INFO] [stdout] For more information about this error, try `rustc --explain E0308`.
[INFO] [stdout] 
[INFO] [stderr] error: could not compile `aginxos-probe` (bin "aginxos-probe") due to 1 previous error
[INFO] [stderr] warning: unused dependency `anyhow`
[INFO] [stderr]   --> crates/aginxos-probe/Cargo.toml:15:1
[INFO] [stderr]    |
[INFO] [stderr] 15 | anyhow = { workspace = true }
[INFO] [stderr]    | ^^^^^^^^^^^^^^^^^^^^^^^^^^^^^
[INFO] [stderr]    |
[INFO] [stderr]    = note: `cargo::unused_dependencies` is set to `warn` by default
[INFO] [stderr] help: consider removing the dependency on `anyhow`
[INFO] [stderr] warning: `aginxos-probe` (manifest) generated 1 warning
[INFO] running `Command { std: "docker" "inspect" "1eec0364b3eef47f587262d2dae62695577deac240283c8f6ce713cce0db1357", kill_on_drop: false }`
[INFO] running `Command { std: "docker" "rm" "-f" "1eec0364b3eef47f587262d2dae62695577deac240283c8f6ce713cce0db1357", kill_on_drop: false }`
[INFO] [stdout] 1eec0364b3eef47f587262d2dae62695577deac240283c8f6ce713cce0db1357
