[INFO] cloning repository https://github.com/yimi1mi/monkey-fence
[INFO] running `Command { std: "git" "-c" "credential.helper=" "-c" "credential.helper=/workspace/cargo-home/bin/git-credential-null" "clone" "--bare" "https://github.com/yimi1mi/monkey-fence" "/workspace/cache/git-repos/https%3A%2F%2Fgithub.com%2Fyimi1mi%2Fmonkey-fence", kill_on_drop: false }`
[INFO] [stderr] Cloning into bare repository '/workspace/cache/git-repos/https%3A%2F%2Fgithub.com%2Fyimi1mi%2Fmonkey-fence'...
[INFO] running `Command { std: "git" "rev-parse" "HEAD", kill_on_drop: false }`
[INFO] [stdout] 422c1cddce4e3b21e7225b5b0e6ead530cd045e0
[INFO] checking yimi1mi/monkey-fence against 3154cc1a3e6424e44f438a95007d043ed5ceaaf6+rustflags=-Znext-solver=coherence for pr-133502-30
[INFO] running `Command { std: "git" "clone" "/workspace/cache/git-repos/https%3A%2F%2Fgithub.com%2Fyimi1mi%2Fmonkey-fence" "/workspace/builds/worker-0-tc1/source", kill_on_drop: false }`
[INFO] [stderr] Cloning into '/workspace/builds/worker-0-tc1/source'...
[INFO] [stderr] done.
[INFO] started tweaking git repo https://github.com/yimi1mi/monkey-fence
[INFO] finished tweaking git repo https://github.com/yimi1mi/monkey-fence
[INFO] tweaked toml for git repo https://github.com/yimi1mi/monkey-fence written to /workspace/builds/worker-0-tc1/source/Cargo.toml
[INFO] validating manifest of git repo https://github.com/yimi1mi/monkey-fence on toolchain 3154cc1a3e6424e44f438a95007d043ed5ceaaf6
[INFO] running `Command { std: CARGO_HOME="/workspace/cargo-home" RUSTUP_HOME="/workspace/rustup-home" "/workspace/cargo-home/bin/cargo" "+3154cc1a3e6424e44f438a95007d043ed5ceaaf6" "metadata" "--manifest-path" "Cargo.toml" "--no-deps", kill_on_drop: false }`
[INFO] crate git repo https://github.com/yimi1mi/monkey-fence already has a lockfile, it will not be regenerated
[INFO] running `Command { std: CARGO_HOME="/workspace/cargo-home" RUSTUP_HOME="/workspace/rustup-home" "/workspace/cargo-home/bin/cargo" "+3154cc1a3e6424e44f438a95007d043ed5ceaaf6" "fetch" "--manifest-path" "Cargo.toml", kill_on_drop: false }`
[INFO] [stderr] warning: unused workspace dependency `ignore`
[INFO] [stderr]   --> Cargo.toml:21:1
[INFO] [stderr]    |
[INFO] [stderr] 21 | ignore = "0.4"
[INFO] [stderr]    | ^^^^^^
[INFO] [stderr]    |
[INFO] [stderr]    = note: `cargo::unused_workspace_dependencies` is set to `warn` by default
[INFO] [stderr] help: consider removing the workspace dependency `ignore`
[INFO] [stderr] warning: unused workspace dependency `mf-companions`
[INFO] [stderr]   --> Cargo.toml:42:25
[INFO] [stderr]    |
[INFO] [stderr] 42 | [workspace.dependencies.mf-companions]
[INFO] [stderr]    |                         ^^^^^^^^^^^^^
[INFO] [stderr]    |
[INFO] [stderr] help: consider removing the workspace dependency `mf-companions`
[INFO] [stderr] warning: unused workspace dependency `mf-web`
[INFO] [stderr]   --> Cargo.toml:66:25
[INFO] [stderr]    |
[INFO] [stderr] 66 | [workspace.dependencies.mf-web]
[INFO] [stderr]    |                         ^^^^^^
[INFO] [stderr]    |
[INFO] [stderr] help: consider removing the workspace dependency `mf-web`
[INFO] [stderr] warning: unused workspace dependency `notify`
[INFO] [stderr]   --> Cargo.toml:24:1
[INFO] [stderr]    |
[INFO] [stderr] 24 | notify = "6"
[INFO] [stderr]    | ^^^^^^
[INFO] [stderr]    |
[INFO] [stderr] help: consider removing the workspace dependency `notify`
[INFO] [stderr] warning: unused workspace dependency `nucleo-matcher`
[INFO] [stderr]   --> Cargo.toml:25:1
[INFO] [stderr]    |
[INFO] [stderr] 25 | nucleo-matcher = "0.3"
[INFO] [stderr]    | ^^^^^^^^^^^^^^
[INFO] [stderr]    |
[INFO] [stderr] help: consider removing the workspace dependency `nucleo-matcher`
[INFO] [stderr] warning: unused workspace dependency `regex`
[INFO] [stderr]   --> Cargo.toml:27:1
[INFO] [stderr]    |
[INFO] [stderr] 27 | regex = "1"
[INFO] [stderr]    | ^^^^^
[INFO] [stderr]    |
[INFO] [stderr] help: consider removing the workspace dependency `regex`
[INFO] [stderr] warning: unused workspace dependency `ropey`
[INFO] [stderr]   --> Cargo.toml:28:1
[INFO] [stderr]    |
[INFO] [stderr] 28 | ropey = "1.6"
[INFO] [stderr]    | ^^^^^
[INFO] [stderr]    |
[INFO] [stderr] help: consider removing the workspace dependency `ropey`
[INFO] [stderr] warning: unused workspace dependency `similar`
[INFO] [stderr]   --> Cargo.toml:31:1
[INFO] [stderr]    |
[INFO] [stderr] 31 | similar = "2"
[INFO] [stderr]    | ^^^^^^^
[INFO] [stderr]    |
[INFO] [stderr] help: consider removing the workspace dependency `similar`
[INFO] [stderr] warning: workspace (manifest) generated 8 warnings
[INFO] [stderr]     Blocking waiting for file lock on package cache
[INFO] [stderr]     Updating crates.io index
[INFO] [stderr]  Downloading crates ...
[INFO] [stderr]   Downloaded wasm-bindgen v0.2.127
[INFO] [stderr]   Downloaded wasm-bindgen-macro v0.2.127
[INFO] [stderr]   Downloaded wasm-bindgen-shared v0.2.127
[INFO] [stderr]   Downloaded ghash v0.5.1
[INFO] [stderr]   Downloaded wasm-bindgen-macro-support v0.2.127
[INFO] [stderr]   Downloaded toml_write v0.1.2
[INFO] [stderr]   Downloaded libredox v0.1.20
[INFO] [stderr]   Downloaded fallible-streaming-iterator v0.1.9
[INFO] [stderr]   Downloaded uuid v1.25.0
[INFO] [stderr]   Downloaded fallible-iterator v0.3.0
[INFO] [stderr]   Downloaded toml v0.8.23
[INFO] [stderr]   Downloaded find-msvc-tools v0.1.11
[INFO] [stderr]   Downloaded hashlink v0.9.1
[INFO] [stderr]   Downloaded keyring v3.6.3
[INFO] [stderr]   Downloaded toml_edit v0.22.27
[INFO] [stderr]   Downloaded rand v0.8.8
[INFO] [stderr]   Downloaded js-sys v0.3.104
[INFO] [stderr]   Downloaded cc v1.4.4
[INFO] [stderr]   Downloaded ureq v2.12.1
[INFO] [stderr]   Downloaded zerocopy-derive v0.8.56
[INFO] [stderr]   Downloaded rusqlite v0.32.1
[INFO] [stderr]   Downloaded aes-gcm v0.10.3
[INFO] [stderr]   Downloaded axum v0.8.9
[INFO] [stderr]   Downloaded hyper v1.11.1
[INFO] [stderr]   Downloaded winnow v0.7.15
[INFO] [stderr]   Downloaded webpki-roots v1.0.9
[INFO] [stderr]   Downloaded zerocopy v0.8.56
[INFO] [stderr]   Downloaded syn v3.0.4
[INFO] [stderr]   Downloaded rustls v0.23.43
[INFO] running `Command { std: "docker" "create" "-v" "/var/lib/crater-agent-workspace/builds/worker-0-tc1/source:/opt/rustwide/workdir:ro,Z" "-v" "/var/lib/crater-agent-workspace/builds/worker-0-tc1/target:/opt/rustwide/target:rw,Z" "-v" "/var/lib/crater-agent-workspace/cargo-home:/opt/rustwide/cargo-home:ro,Z" "-v" "/var/lib/crater-agent-workspace/rustup-home:/opt/rustwide/rustup-home:ro,Z" "-m" "1610612736" "--network" "none" "ghcr.io/rust-lang/crates-build-env/linux@sha256:77db811e55d90add9212f6832c23229e3de5f1c1f9905e8cb07319ea15df73ac" "sleep" "infinity", kill_on_drop: false }`
[INFO] [stdout] cdd1771f75aea6a13426667a4305e5cd89069611a0ccd114536624633a00772c
[INFO] running `Command { std: "docker" "start" "cdd1771f75aea6a13426667a4305e5cd89069611a0ccd114536624633a00772c", kill_on_drop: false }`
[INFO] running `Command { std: "docker" "inspect" "cdd1771f75aea6a13426667a4305e5cd89069611a0ccd114536624633a00772c", kill_on_drop: false }`
[INFO] running `Command { std: "docker" "exec" "-e" "SOURCE_DIR=/opt/rustwide/workdir" "-e" "CARGO_HOME=/opt/rustwide/cargo-home" "-e" "RUSTUP_HOME=/opt/rustwide/rustup-home" "-e" "CARGO_TARGET_DIR=/opt/rustwide/target" "-w" "/opt/rustwide/workdir" "--user" "0:0" "cdd1771f75aea6a13426667a4305e5cd89069611a0ccd114536624633a00772c" "/opt/rustwide/cargo-home/bin/cargo" "+3154cc1a3e6424e44f438a95007d043ed5ceaaf6" "metadata" "--no-deps" "--format-version=1", kill_on_drop: false }`
[INFO] running `Command { std: "docker" "inspect" "cdd1771f75aea6a13426667a4305e5cd89069611a0ccd114536624633a00772c", kill_on_drop: false }`
[INFO] running `Command { std: "docker" "exec" "-e" "SOURCE_DIR=/opt/rustwide/workdir" "-e" "CARGO_HOME=/opt/rustwide/cargo-home" "-e" "RUSTUP_HOME=/opt/rustwide/rustup-home" "-e" "CARGO_TARGET_DIR=/opt/rustwide/target" "-e" "CARGO_INCREMENTAL=0" "-e" "RUST_BACKTRACE=full" "-e" "RUSTFLAGS=--cap-lints=forbid -Znext-solver=coherence" "-e" "RUSTDOCFLAGS=--cap-lints=forbid" "-w" "/opt/rustwide/workdir" "--user" "0:0" "cdd1771f75aea6a13426667a4305e5cd89069611a0ccd114536624633a00772c" "/opt/rustwide/cargo-home/bin/cargo" "+3154cc1a3e6424e44f438a95007d043ed5ceaaf6" "check" "--frozen" "--all" "--all-targets" "--message-format=json", kill_on_drop: false }`
[INFO] [stderr] warning: unused workspace dependency `ignore`
[INFO] [stderr]   --> Cargo.toml:21:1
[INFO] [stderr]    |
[INFO] [stderr] 21 | ignore = "0.4"
[INFO] [stderr]    | ^^^^^^
[INFO] [stderr]    |
[INFO] [stderr]    = note: `cargo::unused_workspace_dependencies` is set to `warn` by default
[INFO] [stderr] help: consider removing the workspace dependency `ignore`
[INFO] [stderr] warning: unused workspace dependency `mf-companions`
[INFO] [stderr]   --> Cargo.toml:42:25
[INFO] [stderr]    |
[INFO] [stderr] 42 | [workspace.dependencies.mf-companions]
[INFO] [stderr]    |                         ^^^^^^^^^^^^^
[INFO] [stderr]    |
[INFO] [stderr] help: consider removing the workspace dependency `mf-companions`
[INFO] [stderr] warning: unused workspace dependency `mf-web`
[INFO] [stderr]   --> Cargo.toml:66:25
[INFO] [stderr]    |
[INFO] [stderr] 66 | [workspace.dependencies.mf-web]
[INFO] [stderr]    |                         ^^^^^^
[INFO] [stderr]    |
[INFO] [stderr] help: consider removing the workspace dependency `mf-web`
[INFO] [stderr] warning: unused workspace dependency `notify`
[INFO] [stderr]   --> Cargo.toml:24:1
[INFO] [stderr]    |
[INFO] [stderr] 24 | notify = "6"
[INFO] [stderr]    | ^^^^^^
[INFO] [stderr]    |
[INFO] [stderr] help: consider removing the workspace dependency `notify`
[INFO] [stderr] warning: unused workspace dependency `nucleo-matcher`
[INFO] [stderr]   --> Cargo.toml:25:1
[INFO] [stderr]    |
[INFO] [stderr] 25 | nucleo-matcher = "0.3"
[INFO] [stderr]    | ^^^^^^^^^^^^^^
[INFO] [stderr]    |
[INFO] [stderr] help: consider removing the workspace dependency `nucleo-matcher`
[INFO] [stderr] warning: unused workspace dependency `regex`
[INFO] [stderr]   --> Cargo.toml:27:1
[INFO] [stderr]    |
[INFO] [stderr] 27 | regex = "1"
[INFO] [stderr]    | ^^^^^
[INFO] [stderr]    |
[INFO] [stderr] help: consider removing the workspace dependency `regex`
[INFO] [stderr] warning: unused workspace dependency `ropey`
[INFO] [stderr]   --> Cargo.toml:28:1
[INFO] [stderr]    |
[INFO] [stderr] 28 | ropey = "1.6"
[INFO] [stderr]    | ^^^^^
[INFO] [stderr]    |
[INFO] [stderr] help: consider removing the workspace dependency `ropey`
[INFO] [stderr] warning: unused workspace dependency `similar`
[INFO] [stderr]   --> Cargo.toml:31:1
[INFO] [stderr]    |
[INFO] [stderr] 31 | similar = "2"
[INFO] [stderr]    | ^^^^^^^
[INFO] [stderr]    |
[INFO] [stderr] help: consider removing the workspace dependency `similar`
[INFO] [stderr] warning: workspace (manifest) generated 8 warnings
[INFO] [stderr]    Compiling libc v0.2.189
[INFO] [stderr]    Compiling proc-macro2 v1.0.107
[INFO] [stderr]    Compiling unicode-ident v1.0.24
[INFO] [stderr]    Compiling quote v1.0.47
[INFO] [stderr]     Checking cfg-if v1.0.4
[INFO] [stderr]    Compiling version_check v0.9.5
[INFO] [stderr]    Compiling serde_core v1.0.229
[INFO] [stderr]    Compiling serde v1.0.229
[INFO] [stderr]     Checking itoa v1.0.18
[INFO] [stderr]     Checking typenum v1.20.1
[INFO] [stderr]    Compiling find-msvc-tools v0.1.11
[INFO] [stderr]     Checking once_cell v1.21.4
[INFO] [stderr]    Compiling shlex v2.0.1
[INFO] [stderr]    Compiling anyhow v1.0.104
[INFO] [stderr]    Compiling getrandom v0.4.3
[INFO] [stderr]     Checking stable_deref_trait v1.2.1
[INFO] [stderr]    Compiling thiserror v2.0.20
[INFO] [stderr]    Compiling zmij v1.0.23
[INFO] [stderr]    Compiling serde_json v1.0.151
[INFO] [stderr]     Checking subtle v2.6.1
[INFO] [stderr]     Checking memchr v2.8.3
[INFO] [stderr]     Checking smallvec v1.15.2
[INFO] [stderr]     Checking bitflags v2.13.1
[INFO] [stderr]    Compiling generic-array v0.14.7
[INFO] [stderr]    Compiling zerocopy v0.8.56
[INFO] [stderr]    Compiling pkg-config v0.3.34
[INFO] [stderr]     Checking log v0.4.34
[INFO] [stderr]    Compiling vcpkg v0.2.15
[INFO] [stderr]     Checking cpufeatures v0.2.17
[INFO] [stderr]     Checking litemap v0.8.3
[INFO] [stderr]     Checking writeable v0.6.4
[INFO] [stderr]    Compiling icu_normalizer_data v2.3.0
[INFO] [stderr]     Checking utf8_iter v1.0.4
[INFO] [stderr]    Compiling icu_properties_data v2.3.0
[INFO] [stderr]    Compiling autocfg v1.5.1
[INFO] [stderr]     Checking percent-encoding v2.3.2
[INFO] [stderr]     Checking iana-time-zone v0.1.65
[INFO] [stderr]     Checking zeroize v1.9.0
[INFO] [stderr]    Compiling ahash v0.8.12
[INFO] [stderr]     Checking form_urlencoded v1.2.2
[INFO] [stderr]     Checking hashbrown v0.17.1
[INFO] [stderr]     Checking equivalent v1.0.2
[INFO] [stderr]     Checking rustls-pki-types v1.15.1
[INFO] [stderr]    Compiling parking_lot_core v0.9.12
[INFO] [stderr]     Checking winnow v0.7.15
[INFO] [stderr]    Compiling crc32fast v1.5.1
[INFO] [stderr]     Checking scopeguard v1.2.0
[INFO] [stderr]     Checking option-ext v0.2.0
[INFO] [stderr]    Compiling num-traits v0.2.19
[INFO] [stderr]     Checking untrusted v0.9.0
[INFO] [stderr]     Checking toml_write v0.1.2
[INFO] [stderr]     Checking lock_api v0.4.14
[INFO] [stderr]    Compiling crossbeam-utils v0.8.22
[INFO] [stderr]     Checking adler2 v2.0.1
[INFO] [stderr]     Checking simd-adler32 v0.3.10
[INFO] [stderr]    Compiling rustls v0.23.43
[INFO] [stderr]     Checking webpki-roots v1.0.9
[INFO] [stderr]     Checking base64 v0.22.1
[INFO] [stderr]     Checking webpki-roots v0.26.11
[INFO] [stderr]     Checking getrandom v0.2.17
[INFO] [stderr]    Compiling syn v3.0.4
[INFO] [stderr]     Checking rand_core v0.6.4
[INFO] [stderr]    Compiling syn v2.0.119
[INFO] [stderr]     Checking dirs-sys v0.4.1
[INFO] [stderr]     Checking miniz_oxide v0.8.9
[INFO] [stderr]     Checking dirs v5.0.1
[INFO] [stderr]     Checking encoding_rs v0.8.35
[INFO] [stderr]     Checking fallible-iterator v0.3.0
[INFO] [stderr]     Checking opaque-debug v0.3.1
[INFO] [stderr]     Checking parking_lot v0.12.5
[INFO] [stderr]     Checking fallible-streaming-iterator v0.1.9
[INFO] [stderr]    Compiling mf-vcs v0.1.0 (/opt/rustwide/workdir/crates/mf-vcs)
[INFO] [stderr]     Checking indexmap v2.14.0
[INFO] [stderr]     Checking crypto-common v0.1.7
[INFO] [stderr]     Checking block-buffer v0.10.4
[INFO] [stderr]     Checking inout v0.1.4
[INFO] [stderr]     Checking universal-hash v0.5.1
[INFO] [stderr]     Checking cipher v0.4.4
[INFO] [stderr]     Checking digest v0.10.7
[INFO] [stderr]     Checking crossbeam-channel v0.5.16
[INFO] [stderr]     Checking polyval v0.6.2
[INFO] [stderr]     Checking aead v0.5.2
[INFO] [stderr]     Checking flate2 v1.1.9
[INFO] [stderr]    Compiling rustix v1.1.4
[INFO] [stderr]     Checking sha2 v0.10.9
[INFO] [stderr]    Compiling jobserver v0.1.35
[INFO] [stderr]     Checking chrono v0.4.45
[INFO] [stderr]     Checking errno v0.3.14
[INFO] [stderr]     Checking aes v0.8.4
[INFO] [stderr]     Checking ghash v0.5.1
[INFO] [stderr]     Checking ctr v0.9.2
[INFO] [stderr]     Checking keyring v3.6.3
[INFO] [stderr]     Checking linux-raw-sys v0.12.1
[INFO] [stderr]     Checking fastrand v2.5.0
[INFO] [stderr]     Checking hmac v0.12.1
[INFO] [stderr]    Compiling cc v1.4.4
[INFO] [stderr]     Checking bytes v1.12.1
[INFO] [stderr]     Checking pin-project-lite v0.2.17
[INFO] [stderr]     Checking futures-core v0.3.34
[INFO] [stderr]    Compiling getrandom v0.3.4
[INFO] [stderr]    Compiling httparse v1.10.1
[INFO] [stderr]     Checking mio v1.2.2
[INFO] [stderr]     Checking socket2 v0.6.5
[INFO] [stderr]     Checking aes-gcm v0.10.3
[INFO] [stderr]     Checking tracing-core v0.1.36
[INFO] [stderr]     Checking tower-service v0.3.3
[INFO] [stderr]     Checking futures-sink v0.3.34
[INFO] [stderr]     Checking futures-task v0.3.34
[INFO] [stderr]     Checking slab v0.4.12
[INFO] [stderr]     Checking tracing v0.1.44
[INFO] [stderr]     Checking futures-channel v0.3.34
[INFO] [stderr]     Checking futures-util v0.3.34
[INFO] [stderr]     Checking rand_core v0.9.5
[INFO] [stderr]     Checking sha1 v0.10.7
[INFO] [stderr]     Checking tower-layer v0.3.3
[INFO] [stderr]     Checking httpdate v1.0.3
[INFO] [stderr]     Checking atomic-waker v1.1.2
[INFO] [stderr]     Checking sync_wrapper v1.0.2
[INFO] [stderr]     Checking data-encoding v2.11.1
[INFO] [stderr]     Checking mime v0.3.17
[INFO] [stderr]    Compiling windows_x86_64_gnu v0.52.6
[INFO] [stderr]     Checking ryu v1.0.23
[INFO] [stderr]     Checking matchit v0.8.4
[INFO] [stderr]     Checking http v1.5.0
[INFO] [stderr]     Checking windows-targets v0.52.6
[INFO] [stderr]     Checking windows-sys v0.59.0
[INFO] [stderr]    Compiling ring v0.17.14
[INFO] [stderr]    Compiling libz-sys v1.1.29
[INFO] [stderr]    Compiling libgit2-sys v0.17.0+1.8.1
[INFO] [stderr]    Compiling libsqlite3-sys v0.30.1
[INFO] [stderr]     Checking http-body v1.1.0
[INFO] [stderr]     Checking uuid v1.25.0
[INFO] [stderr]     Checking serde_path_to_error v0.1.20
[INFO] [stderr]     Checking http-body-util v0.1.5
[INFO] [stderr]    Compiling synstructure v0.13.2
[INFO] [stderr]     Checking axum-core v0.5.6
[INFO] [stderr]     Checking tempfile v3.27.0
[INFO] [stderr]    Compiling zerofrom-derive v0.1.7
[INFO] [stderr]    Compiling yoke-derive v0.8.2
[INFO] [stderr]     Checking zerofrom v0.1.8
[INFO] [stderr]     Checking yoke v0.8.3
[INFO] [stderr]     Checking ppv-lite86 v0.2.21
[INFO] [stderr]     Checking hashbrown v0.14.5
[INFO] [stderr]     Checking rand_chacha v0.3.1
[INFO] [stderr]     Checking rand_chacha v0.9.0
[INFO] [stderr]    Compiling serde_derive v1.0.229
[INFO] [stderr]    Compiling thiserror-impl v2.0.20
[INFO] [stderr]    Compiling zerovec-derive v0.11.6
[INFO] [stderr]    Compiling displaydoc v0.2.7
[INFO] [stderr]    Compiling tokio-macros v2.7.2
[INFO] [stderr]     Checking rustls-webpki v0.103.15
[INFO] [stderr]     Checking hashlink v0.9.1
[INFO] [stderr]     Checking rand v0.8.8
[INFO] [stderr]     Checking rand v0.9.5
[INFO] [stderr]     Checking zerotrie v0.2.5
[INFO] [stderr]     Checking tokio v1.53.1
[INFO] [stderr]     Checking zerovec v0.11.8
[INFO] [stderr]     Checking tungstenite v0.29.0
[INFO] [stderr]     Checking tinystr v0.8.4
[INFO] [stderr]     Checking potential_utf v0.1.6
[INFO] [stderr]     Checking icu_locale_core v2.3.0
[INFO] [stderr]     Checking icu_collections v2.3.0
[INFO] [stderr]     Checking icu_provider v2.3.1
[INFO] [stderr]     Checking icu_properties v2.3.0
[INFO] [stderr]     Checking icu_normalizer v2.3.0
[INFO] [stderr]     Checking serde_spanned v0.6.9
[INFO] [stderr]     Checking toml_datetime v0.6.11
[INFO] [stderr]     Checking mf-elevated v0.1.0 (/opt/rustwide/workdir/crates/mf-elevated)
[INFO] [stderr]     Checking mf-installer v0.1.0 (/opt/rustwide/workdir/crates/mf-installer)
[INFO] [stderr]     Checking serde_urlencoded v0.7.1
[INFO] [stdout] warning: unused import: `HostReceipt`
[INFO] [stdout]   --> crates/mf-elevated/src/root_execution.rs:14:37
[INFO] [stdout]    |
[INFO] [stdout] 14 | use crate::protocol::{CoreIdentity, HostReceipt, RequestNonce, RootEpoch, SessionCapability};
[INFO] [stdout]    |                                     ^^^^^^^^^^^
[INFO] [stdout]    |
[INFO] [stdout]    = note: `#[warn(unused_imports)]` (part of `#[warn(unused)]`) on by default
[INFO] [stdout] 
[INFO] [stdout] 
[INFO] [stdout] warning: unused import: `HostReceipt`
[INFO] [stdout]   --> crates/mf-elevated/src/root_execution.rs:14:37
[INFO] [stdout]    |
[INFO] [stdout] 14 | use crate::protocol::{CoreIdentity, HostReceipt, RequestNonce, RootEpoch, SessionCapability};
[INFO] [stdout]    |                                     ^^^^^^^^^^^
[INFO] [stdout]    |
[INFO] [stdout]    = note: `#[warn(unused_imports)]` (part of `#[warn(unused)]`) on by default
[INFO] [stdout] 
[INFO] [stdout] 
[INFO] [stderr]     Checking toml_edit v0.22.27
[INFO] [stderr]     Checking idna_adapter v1.2.2
[INFO] [stderr]     Checking idna v1.1.0
[INFO] [stdout] warning: method `resolve` is never used
[INFO] [stdout]   --> crates/mf-installer/tests/contract/discovery.rs:42:8
[INFO] [stdout]    |
[INFO] [stdout] 22 | impl FakeFs {
[INFO] [stdout]    | ----------- method in this implementation
[INFO] [stdout] ...
[INFO] [stdout] 42 |     fn resolve(&self, path: &Path) -> Option<PathBuf> {
[INFO] [stdout]    |        ^^^^^^^
[INFO] [stdout]    |
[INFO] [stdout]    = note: `#[warn(dead_code)]` (part of `#[warn(unused)]`) on by default
[INFO] [stdout] 
[INFO] [stdout] 
[INFO] [stdout] warning: fields `plan_handle`, `recipe_digest`, and `catalog_revision` are never read
[INFO] [stdout]   --> crates/mf-installer/tests/contract/install_pipeline.rs:67:5
[INFO] [stdout]    |
[INFO] [stdout] 66 | struct PlanTicketShim {
[INFO] [stdout]    |        -------------- fields in this struct
[INFO] [stdout] 67 |     plan_handle: String,
[INFO] [stdout]    |     ^^^^^^^^^^^
[INFO] [stdout] 68 |     recipe_digest: String,
[INFO] [stdout]    |     ^^^^^^^^^^^^^
[INFO] [stdout] 69 |     catalog_revision: u64,
[INFO] [stdout]    |     ^^^^^^^^^^^^^^^^
[INFO] [stdout]    |
[INFO] [stdout]    = note: `PlanTicketShim` has derived impls for the traits `Clone` and `Debug`, but these are intentionally ignored during dead code analysis
[INFO] [stdout] 
[INFO] [stdout] 
[INFO] [stdout] warning: field `slept` is never read
[INFO] [stdout]   --> crates/mf-installer/tests/contract/provider_probe.rs:15:5
[INFO] [stdout]    |
[INFO] [stdout] 12 | struct ScriptedFetch {
[INFO] [stdout]    |        ------------- field in this struct
[INFO] [stdout] ...
[INFO] [stdout] 15 |     slept: Vec<Duration>,
[INFO] [stdout]    |     ^^^^^
[INFO] [stdout] 
[INFO] [stdout] 
[INFO] [stderr]     Checking url v2.5.8
[INFO] [stdout] warning: irrefutable `if let` pattern
[INFO] [stdout]    --> crates/mf-elevated/tests/contract/owner_epoch.rs:106:8
[INFO] [stdout]     |
[INFO] [stdout] 106 |       if let BrokerRequest::LaunchRootHost { protocol, .. } =
[INFO] [stdout]     |  ________^
[INFO] [stdout] 107 | |         (&mut bad_protocol) as &mut BrokerRequest
[INFO] [stdout]     | |_________________________________________________^
[INFO] [stdout]     |
[INFO] [stdout]     = note: this pattern will always match, so the `if let` is useless
[INFO] [stdout]     = help: consider replacing the `if let` with a `let`
[INFO] [stdout]     = note: `#[warn(irrefutable_let_patterns)]` on by default
[INFO] [stdout] 
[INFO] [stdout] 
[INFO] [stderr]     Checking ureq v2.12.1
[INFO] [stderr]     Checking git2 v0.19.0
[INFO] [stderr]     Checking toml v0.8.23
[INFO] [stderr]     Checking hyper v1.11.1
[INFO] [stderr]     Checking tokio-tungstenite v0.29.0
[INFO] [stderr]     Checking tower v0.5.3
[INFO] [stderr]     Checking mf-skills v0.1.0 (/opt/rustwide/workdir/crates/mf-skills)
[INFO] [stderr]     Checking hyper-util v0.1.20
[INFO] [stderr]     Checking axum v0.8.9
[INFO] [stdout] warning: unused import: `anyhow`
[INFO] [stdout]  --> crates/mf-vcs/src/git.rs:1:14
[INFO] [stdout]   |
[INFO] [stdout] 1 | use anyhow::{anyhow, Context, Result};
[INFO] [stdout]   |              ^^^^^^
[INFO] [stdout]   |
[INFO] [stdout]   = note: `#[warn(unused_imports)]` (part of `#[warn(unused)]`) on by default
[INFO] [stdout] 
[INFO] [stdout] 
[INFO] [stdout] warning: unused import: `anyhow`
[INFO] [stdout]  --> crates/mf-vcs/src/git.rs:1:14
[INFO] [stdout]   |
[INFO] [stdout] 1 | use anyhow::{anyhow, Context, Result};
[INFO] [stdout]   |              ^^^^^^
[INFO] [stdout]   |
[INFO] [stdout]   = note: `#[warn(unused_imports)]` (part of `#[warn(unused)]`) on by default
[INFO] [stdout] 
[INFO] [stdout] 
[INFO] [stdout] warning: unused variable: `kind`
[INFO] [stdout]    --> crates/mf-vcs/src/git.rs:119:30
[INFO] [stdout]     |
[INFO] [stdout] 119 |             let (Some(path), kind) = (path, s) else {
[INFO] [stdout]     |                              ^^^^ help: if this is intentional, prefix it with an underscore: `_kind`
[INFO] [stdout]     |
[INFO] [stdout]     = note: `#[warn(unused_variables)]` (part of `#[warn(unused)]`) on by default
[INFO] [stdout] 
[INFO] [stdout] 
[INFO] [stdout] warning: unused variable: `e`
[INFO] [stdout]    --> crates/mf-vcs/src/git.rs:564:28
[INFO] [stdout]     |
[INFO] [stdout] 564 |                 if let Err(e) = std::fs::remove_dir_all(p) {
[INFO] [stdout]     |                            ^ help: if this is intentional, prefix it with an underscore: `_e`
[INFO] [stdout] 
[INFO] [stdout] 
[INFO] [stdout] warning: unused variable: `kind`
[INFO] [stdout]    --> crates/mf-vcs/src/git.rs:119:30
[INFO] [stdout]     |
[INFO] [stdout] 119 |             let (Some(path), kind) = (path, s) else {
[INFO] [stdout]     |                              ^^^^ help: if this is intentional, prefix it with an underscore: `_kind`
[INFO] [stdout]     |
[INFO] [stdout]     = note: `#[warn(unused_variables)]` (part of `#[warn(unused)]`) on by default
[INFO] [stdout] 
[INFO] [stdout] 
[INFO] [stdout] warning: unused variable: `e`
[INFO] [stdout]    --> crates/mf-vcs/src/git.rs:564:28
[INFO] [stdout]     |
[INFO] [stdout] 564 |                 if let Err(e) = std::fs::remove_dir_all(p) {
[INFO] [stdout]     |                            ^ help: if this is intentional, prefix it with an underscore: `_e`
[INFO] [stdout] 
[INFO] [stdout] 
[INFO] [stderr]     Checking rusqlite v0.32.1
[INFO] [stderr]     Checking mf-agent v0.1.0 (/opt/rustwide/workdir/crates/mf-agent)
[INFO] [stdout] warning: unused import: `InputBinding`
[INFO] [stdout]  --> crates/mf-agent/src/node_input.rs:7:38
[INFO] [stdout]   |
[INFO] [stdout] 7 | use crate::workflow::{ContextPolicy, InputBinding, WorkflowNodeSnapshot};
[INFO] [stdout]   |                                      ^^^^^^^^^^^^
[INFO] [stdout]   |
[INFO] [stdout]   = note: `#[warn(unused_imports)]` (part of `#[warn(unused)]`) on by default
[INFO] [stdout] 
[INFO] [stdout] 
[INFO] [stdout] warning: variable does not need to be mutable
[INFO] [stdout]    --> crates/mf-agent/src/execution_directory.rs:241:9
[INFO] [stdout]     |
[INFO] [stdout] 241 |     let mut check = |path: &Path| -> Result<()> {
[INFO] [stdout]     |         ----^^^^^
[INFO] [stdout]     |         |
[INFO] [stdout]     |         help: remove this `mut`
[INFO] [stdout]     |
[INFO] [stdout]     = note: `#[warn(unused_mut)]` (part of `#[warn(unused)]`) on by default
[INFO] [stdout] 
[INFO] [stdout] 
[INFO] [stdout] warning: value assigned to `drafts` is never read
[INFO] [stdout]     --> crates/mf-agent/src/store.rs:2128:55
[INFO] [stdout]      |
[INFO] [stdout] 2128 |             let mut drafts: Vec<(i64, String, i64)> = Vec::new();
[INFO] [stdout]      |                                                       ^^^^^^^^^^ this value is reassigned later and never used
[INFO] [stdout] ...
[INFO] [stdout] 2139 |                 drafts = rows;
[INFO] [stdout]      |                 ------ `drafts` is overwritten here before the previous value is read
[INFO] [stdout]      |
[INFO] [stdout]      = note: `#[warn(unused_assignments)]` (part of `#[warn(unused)]`) on by default
[INFO] [stdout] 
[INFO] [stdout] 
[INFO] [stdout] warning: variable does not need to be mutable
[INFO] [stdout]     --> crates/mf-agent/src/store.rs:3811:13
[INFO] [stdout]      |
[INFO] [stdout] 3811 |         let mut new_id_of_key: HashMap<String, i64> = c
[INFO] [stdout]      |             ----^^^^^^^^^^^^^
[INFO] [stdout]      |             |
[INFO] [stdout]      |             help: remove this `mut`
[INFO] [stdout] 
[INFO] [stdout] 
[INFO] [stderr]     Checking mf-plugins v0.1.0 (/opt/rustwide/workdir/crates/mf-plugins)
[INFO] [stderr]     Checking mfctl v0.1.0 (/opt/rustwide/workdir/crates/mfctl)
[INFO] [stdout] warning: unused import: `Arc`
[INFO] [stdout]   --> crates/mf-plugins/src/builtin_secret_store.rs:18:17
[INFO] [stdout]    |
[INFO] [stdout] 18 | use std::sync::{Arc, OnceLock};
[INFO] [stdout]    |                 ^^^
[INFO] [stdout]    |
[INFO] [stdout]    = note: `#[warn(unused_imports)]` (part of `#[warn(unused)]`) on by default
[INFO] [stdout] 
[INFO] [stdout] 
[INFO] [stdout] warning: unused import: `AsRawFd`
[INFO] [stdout]   --> crates/mf-plugins/src/fs_safe.rs:54:23
[INFO] [stdout]    |
[INFO] [stdout] 54 |     use std::os::fd::{AsRawFd, FromRawFd, RawFd};
[INFO] [stdout]    |                       ^^^^^^^
[INFO] [stdout] 
[INFO] [stdout] 
[INFO] [stdout] warning: unused import: `std::path::PathBuf`
[INFO] [stdout]   --> crates/mf-plugins/src/project_directory_provider.rs:12:5
[INFO] [stdout]    |
[INFO] [stdout] 12 | use std::path::PathBuf;
[INFO] [stdout]    |     ^^^^^^^^^^^^^^^^^^
[INFO] [stdout] 
[INFO] [stdout] 
[INFO] [stdout] error[E0433]: cannot find module or crate `windows_sys` in this scope
[INFO] [stdout]     --> crates/mf-plugins/src/fs_safe.rs:1029:40
[INFO] [stdout]      |
[INFO] [stdout] 1029 |     pub(crate) fn handle_raw(&self) -> windows_sys::Win32::Foundation::HANDLE {
[INFO] [stdout]      |                                        ^^^^^^^^^^^ use of unresolved module or unlinked crate `windows_sys`
[INFO] [stdout]      |
[INFO] [stdout]      = help: if you wanted to use a crate named `windows_sys`, use `cargo add windows_sys` to add it to your `Cargo.toml`
[INFO] [stdout] 
[INFO] [stdout] 
[INFO] [stdout] warning: unused import: `Arc`
[INFO] [stdout]   --> crates/mf-plugins/src/builtin_secret_store.rs:18:17
[INFO] [stdout]    |
[INFO] [stdout] 18 | use std::sync::{Arc, OnceLock};
[INFO] [stdout]    |                 ^^^
[INFO] [stdout]    |
[INFO] [stdout]    = note: `#[warn(unused_imports)]` (part of `#[warn(unused)]`) on by default
[INFO] [stdout] 
[INFO] [stdout] 
[INFO] [stdout] warning: unused import: `AsRawFd`
[INFO] [stdout]   --> crates/mf-plugins/src/fs_safe.rs:54:23
[INFO] [stdout]    |
[INFO] [stdout] 54 |     use std::os::fd::{AsRawFd, FromRawFd, RawFd};
[INFO] [stdout]    |                       ^^^^^^^
[INFO] [stdout] 
[INFO] [stdout] 
[INFO] [stdout] warning: field `file` is never read
[INFO] [stdout]   --> crates/mf-plugins/src/fs_atomic.rs:93:5
[INFO] [stdout]    |
[INFO] [stdout] 91 | pub struct FileLock {
[INFO] [stdout]    |            -------- field in this struct
[INFO] [stdout] 92 |     #[cfg(not(windows))]
[INFO] [stdout] 93 |     file: std::fs::File,
[INFO] [stdout]    |     ^^^^
[INFO] [stdout]    |
[INFO] [stdout]    = note: `#[warn(dead_code)]` (part of `#[warn(unused)]`) on by default
[INFO] [stdout] 
[INFO] [stdout] 
[INFO] [stdout] warning: field `kind` is never read
[INFO] [stdout]   --> crates/mf-plugins/src/worker_directory_provider.rs:58:5
[INFO] [stdout]    |
[INFO] [stdout] 56 | pub struct WorkerDirectoryProvider {
[INFO] [stdout]    |            ----------------------- field in this struct
[INFO] [stdout] 57 |     full_contribution_id: String,
[INFO] [stdout] 58 |     kind: String,
[INFO] [stdout]    |     ^^^^
[INFO] [stdout] 
[INFO] [stdout] 
[INFO] [stderr]     Checking mf-terminal v0.1.0 (/opt/rustwide/workdir/crates/mf-terminal)
[INFO] [stdout] warning: unused import: `mf_agent::workflow::PluginSourcePin`
[INFO] [stdout]   --> crates/mf-agent/tests/provider_pin_full_chain.rs:14:5
[INFO] [stdout]    |
[INFO] [stdout] 14 | use mf_agent::workflow::PluginSourcePin;
[INFO] [stdout]    |     ^^^^^^^^^^^^^^^^^^^^^^^^^^^^^^^^^^^
[INFO] [stdout]    |
[INFO] [stdout]    = note: `#[warn(unused_imports)]` (part of `#[warn(unused)]`) on by default
[INFO] [stdout] 
[INFO] [stdout] 
[INFO] [stdout] warning: unused imports: `Capabilities`, `InstallerContribution`, and `ManifestHeader`
[INFO] [stdout]  --> crates/mf-plugins/tests/manifest_v3.rs:9:5
[INFO] [stdout]   |
[INFO] [stdout] 9 |     Capabilities, DiscoveryContribution, InstallerContribution, ManifestHeader, PluginManifest,
[INFO] [stdout]   |     ^^^^^^^^^^^^                         ^^^^^^^^^^^^^^^^^^^^^  ^^^^^^^^^^^^^^
[INFO] [stdout]   |
[INFO] [stdout]   = note: `#[warn(unused_imports)]` (part of `#[warn(unused)]`) on by default
[INFO] [stdout] 
[INFO] [stdout] 
[INFO] [stdout] warning: unused import: `CatalogStore as _`
[INFO] [stdout]     --> crates/mf-terminal/src/session_runtime.rs:3792:16
[INFO] [stdout]      |
[INFO] [stdout] 3792 | use mf_agent::{CatalogStore as _, Store};
[INFO] [stdout]      |                ^^^^^^^^^^^^^^^^^
[INFO] [stdout]      |
[INFO] [stdout]      = note: `#[warn(unused_imports)]` (part of `#[warn(unused)]`) on by default
[INFO] [stdout] 
[INFO] [stdout] 
[INFO] [stdout] warning: unused variable: `b1_run`
[INFO] [stdout]    --> crates/mf-agent/tests/v2.rs:970:9
[INFO] [stdout]     |
[INFO] [stdout] 970 |     let b1_run = host
[INFO] [stdout]     |         ^^^^^^ help: if this is intentional, prefix it with an underscore: `_b1_run`
[INFO] [stdout]     |
[INFO] [stdout]     = note: `#[warn(unused_variables)]` (part of `#[warn(unused)]`) on by default
[INFO] [stdout] 
[INFO] [stdout] 
[INFO] [stdout] warning: function `answer_question` is never used
[INFO] [stdout]   --> crates/mf-agent/tests/common/run_lifecycle.rs:59:8
[INFO] [stdout]    |
[INFO] [stdout] 59 | pub fn answer_question(orchestrator: &Orchestrator, question_id: i64, answer: &str) -> Result<()> {
[INFO] [stdout]    |        ^^^^^^^^^^^^^^^
[INFO] [stdout]    |
[INFO] [stdout]    = note: `#[warn(dead_code)]` (part of `#[warn(unused)]`) on by default
[INFO] [stdout] 
[INFO] [stdout] 
[INFO] [stdout] warning: function `scripted_routing` is never used
[INFO] [stdout]    --> crates/mf-agent/tests/common/mod.rs:161:8
[INFO] [stdout]     |
[INFO] [stdout] 161 | pub fn scripted_routing() -> mf_agent::orchestrator::DirectoryRouting {
[INFO] [stdout]     |        ^^^^^^^^^^^^^^^^
[INFO] [stdout]     |
[INFO] [stdout]     = note: `#[warn(dead_code)]` (part of `#[warn(unused)]`) on by default
[INFO] [stdout] 
[INFO] [stdout] 
[INFO] [stdout] warning: function `pinned_routing` is never used
[INFO] [stdout]    --> crates/mf-agent/tests/common/mod.rs:169:8
[INFO] [stdout]     |
[INFO] [stdout] 169 | pub fn pinned_routing(full_id: &str, hash: &str) -> mf_agent::orchestrator::DirectoryRouting {
[INFO] [stdout]     |        ^^^^^^^^^^^^^^
[INFO] [stdout] 
[INFO] [stdout] 
[INFO] [stdout] warning: method `fail_on` is never used
[INFO] [stdout]    --> crates/mf-agent/tests/common/mod.rs:206:12
[INFO] [stdout]     |
[INFO] [stdout] 202 | impl FakePins {
[INFO] [stdout]     | ------------- method in this implementation
[INFO] [stdout] ...
[INFO] [stdout] 206 |     pub fn fail_on(&self, full_id: &str) {
[INFO] [stdout]     |            ^^^^^^^
[INFO] [stdout] 
[INFO] [stdout] 
[INFO] [stdout] warning: method `set_isolates` is never used
[INFO] [stdout]    --> crates/mf-agent/tests/common/mod.rs:265:12
[INFO] [stdout]     |
[INFO] [stdout] 249 | impl ScriptedDirectory {
[INFO] [stdout]     | ---------------------- method in this implementation
[INFO] [stdout] ...
[INFO] [stdout] 265 |     pub fn set_isolates(&self, v: bool) {
[INFO] [stdout]     |            ^^^^^^^^^^^^
[INFO] [stdout] 
[INFO] [stdout] 
[INFO] [stdout] warning: unused variable: `revision_id`
[INFO] [stdout]    --> crates/mf-agent/tests/node_input_flow.rs:545:18
[INFO] [stdout]     |
[INFO] [stdout] 545 |         let (id, revision_id) = step_view;
[INFO] [stdout]     |                  ^^^^^^^^^^^ help: if this is intentional, prefix it with an underscore: `_revision_id`
[INFO] [stdout]     |
[INFO] [stdout]     = note: `#[warn(unused_variables)]` (part of `#[warn(unused)]`) on by default
[INFO] [stdout] 
[INFO] [stdout] 
[INFO] [stdout] warning: field `directory` is never read
[INFO] [stdout]   --> crates/mf-agent/tests/common/mod.rs:95:9
[INFO] [stdout]    |
[INFO] [stdout] 92 | pub struct Fixture {
[INFO] [stdout]    |            ------- field in this struct
[INFO] [stdout] ...
[INFO] [stdout] 95 |     pub directory: Arc<ScriptedDirectory>,
[INFO] [stdout]    |         ^^^^^^^^^
[INFO] [stdout]    |
[INFO] [stdout]    = note: `#[warn(dead_code)]` (part of `#[warn(unused)]`) on by default
[INFO] [stdout] 
[INFO] [stdout] 
[INFO] [stdout] warning: function `scripted_routing` is never used
[INFO] [stdout]    --> crates/mf-agent/tests/common/mod.rs:161:8
[INFO] [stdout]     |
[INFO] [stdout] 161 | pub fn scripted_routing() -> mf_agent::orchestrator::DirectoryRouting {
[INFO] [stdout]     |        ^^^^^^^^^^^^^^^^
[INFO] [stdout] 
[INFO] [stdout] 
[INFO] [stdout] warning: function `pinned_routing` is never used
[INFO] [stdout]    --> crates/mf-agent/tests/common/mod.rs:169:8
[INFO] [stdout]     |
[INFO] [stdout] 169 | pub fn pinned_routing(full_id: &str, hash: &str) -> mf_agent::orchestrator::DirectoryRouting {
[INFO] [stdout]     |        ^^^^^^^^^^^^^^
[INFO] [stdout] 
[INFO] [stdout] 
[INFO] [stdout] warning: method `fail_on` is never used
[INFO] [stdout]    --> crates/mf-agent/tests/common/mod.rs:206:12
[INFO] [stdout]     |
[INFO] [stdout] 202 | impl FakePins {
[INFO] [stdout]     | ------------- method in this implementation
[INFO] [stdout] ...
[INFO] [stdout] 206 |     pub fn fail_on(&self, full_id: &str) {
[INFO] [stdout]     |            ^^^^^^^
[INFO] [stdout] 
[INFO] [stdout] 
[INFO] [stdout] warning: method `set_isolates` is never used
[INFO] [stdout]    --> crates/mf-agent/tests/common/mod.rs:265:12
[INFO] [stdout]     |
[INFO] [stdout] 249 | impl ScriptedDirectory {
[INFO] [stdout]     | ---------------------- method in this implementation
[INFO] [stdout] ...
[INFO] [stdout] 265 |     pub fn set_isolates(&self, v: bool) {
[INFO] [stdout]     |            ^^^^^^^^^^^^
[INFO] [stdout] 
[INFO] [stdout] 
[INFO] [stdout] warning: fields `catalog` and `directory` are never read
[INFO] [stdout]   --> crates/mf-agent/tests/common/mod.rs:93:9
[INFO] [stdout]    |
[INFO] [stdout] 92 | pub struct Fixture {
[INFO] [stdout]    |            ------- fields in this struct
[INFO] [stdout] 93 |     pub catalog: Arc<CatalogStore>,
[INFO] [stdout]    |         ^^^^^^^
[INFO] [stdout] 94 |     pub pins: Arc<FakePins>,
[INFO] [stdout] 95 |     pub directory: Arc<ScriptedDirectory>,
[INFO] [stdout]    |         ^^^^^^^^^
[INFO] [stdout]    |
[INFO] [stdout]    = note: `#[warn(dead_code)]` (part of `#[warn(unused)]`) on by default
[INFO] [stdout] 
[INFO] [stdout] 
[INFO] [stdout] warning: methods `template` and `assign_and_run` are never used
[INFO] [stdout]    --> crates/mf-agent/tests/common/mod.rs:102:12
[INFO] [stdout]     |
[INFO] [stdout] 101 | impl Fixture {
[INFO] [stdout]     | ------------ methods in this implementation
[INFO] [stdout] 102 |     pub fn template(&self, key: &str, nodes: Vec<WorkflowNodeDraft>) -> WorkflowTemplateVersion {
[INFO] [stdout]     |            ^^^^^^^^
[INFO] [stdout] ...
[INFO] [stdout] 113 |     pub fn assign_and_run(&self, task_id: i64, version: &WorkflowTemplateVersion) {
[INFO] [stdout]     |            ^^^^^^^^^^^^^^
[INFO] [stdout] 
[INFO] [stdout] 
[INFO] [stdout] warning: function `scripted_routing` is never used
[INFO] [stdout]    --> crates/mf-agent/tests/common/mod.rs:161:8
[INFO] [stdout]     |
[INFO] [stdout] 161 | pub fn scripted_routing() -> mf_agent::orchestrator::DirectoryRouting {
[INFO] [stdout]     |        ^^^^^^^^^^^^^^^^
[INFO] [stdout] 
[INFO] [stdout] 
[INFO] [stdout] warning: function `pinned_routing` is never used
[INFO] [stdout]    --> crates/mf-agent/tests/common/mod.rs:169:8
[INFO] [stdout]     |
[INFO] [stdout] 169 | pub fn pinned_routing(full_id: &str, hash: &str) -> mf_agent::orchestrator::DirectoryRouting {
[INFO] [stdout]     |        ^^^^^^^^^^^^^^
[INFO] [stdout] 
[INFO] [stdout] 
[INFO] [stdout] warning: method `fail_on` is never used
[INFO] [stdout]    --> crates/mf-agent/tests/common/mod.rs:206:12
[INFO] [stdout]     |
[INFO] [stdout] 202 | impl FakePins {
[INFO] [stdout]     | ------------- method in this implementation
[INFO] [stdout] ...
[INFO] [stdout] 206 |     pub fn fail_on(&self, full_id: &str) {
[INFO] [stdout]     |            ^^^^^^^
[INFO] [stdout] 
[INFO] [stdout] 
[INFO] [stdout] warning: method `set_isolates` is never used
[INFO] [stdout]    --> crates/mf-agent/tests/common/mod.rs:265:12
[INFO] [stdout]     |
[INFO] [stdout] 249 | impl ScriptedDirectory {
[INFO] [stdout]     | ---------------------- method in this implementation
[INFO] [stdout] ...
[INFO] [stdout] 265 |     pub fn set_isolates(&self, v: bool) {
[INFO] [stdout]     |            ^^^^^^^^^^^^
[INFO] [stdout] 
[INFO] [stdout] 
[INFO] [stdout] warning: function `token_of_node` is never used
[INFO] [stdout]    --> crates/mf-agent/tests/common/mod.rs:381:8
[INFO] [stdout]     |
[INFO] [stdout] 381 | pub fn token_of_node(orch: &Orchestrator, task_id: i64, key: &str) -> String {
[INFO] [stdout]     |        ^^^^^^^^^^^^^
[INFO] [stdout] 
[INFO] [stdout] 
[INFO] [stdout] warning: function `pinned_routing` is never used
[INFO] [stdout]    --> crates/mf-agent/tests/common/mod.rs:169:8
[INFO] [stdout]     |
[INFO] [stdout] 169 | pub fn pinned_routing(full_id: &str, hash: &str) -> mf_agent::orchestrator::DirectoryRouting {
[INFO] [stdout]     |        ^^^^^^^^^^^^^^
[INFO] [stdout]     |
[INFO] [stdout]     = note: `#[warn(dead_code)]` (part of `#[warn(unused)]`) on by default
[INFO] [stdout] 
[INFO] [stdout] 
[INFO] [stdout] warning: method `fail_on` is never used
[INFO] [stdout]    --> crates/mf-agent/tests/common/mod.rs:206:12
[INFO] [stdout]     |
[INFO] [stdout] 202 | impl FakePins {
[INFO] [stdout]     | ------------- method in this implementation
[INFO] [stdout] ...
[INFO] [stdout] 206 |     pub fn fail_on(&self, full_id: &str) {
[INFO] [stdout]     |            ^^^^^^^
[INFO] [stdout] 
[INFO] [stdout] 
[INFO] [stdout] warning: method `set_isolates` is never used
[INFO] [stdout]    --> crates/mf-agent/tests/common/mod.rs:265:12
[INFO] [stdout]     |
[INFO] [stdout] 249 | impl ScriptedDirectory {
[INFO] [stdout]     | ---------------------- method in this implementation
[INFO] [stdout] ...
[INFO] [stdout] 265 |     pub fn set_isolates(&self, v: bool) {
[INFO] [stdout]     |            ^^^^^^^^^^^^
[INFO] [stdout] 
[INFO] [stdout] 
[INFO] [stdout] warning: field `directory` is never read
[INFO] [stdout]   --> crates/mf-agent/tests/common/mod.rs:95:9
[INFO] [stdout]    |
[INFO] [stdout] 92 | pub struct Fixture {
[INFO] [stdout]    |            ------- field in this struct
[INFO] [stdout] ...
[INFO] [stdout] 95 |     pub directory: Arc<ScriptedDirectory>,
[INFO] [stdout]    |         ^^^^^^^^^
[INFO] [stdout]    |
[INFO] [stdout]    = note: `#[warn(dead_code)]` (part of `#[warn(unused)]`) on by default
[INFO] [stdout] 
[INFO] [stdout] 
[INFO] [stdout] warning: function `scripted_routing` is never used
[INFO] [stdout]    --> crates/mf-agent/tests/common/mod.rs:161:8
[INFO] [stdout]     |
[INFO] [stdout] 161 | pub fn scripted_routing() -> mf_agent::orchestrator::DirectoryRouting {
[INFO] [stdout]     |        ^^^^^^^^^^^^^^^^
[INFO] [stdout] 
[INFO] [stdout] 
[INFO] [stdout] warning: function `pinned_routing` is never used
[INFO] [stdout]    --> crates/mf-agent/tests/common/mod.rs:169:8
[INFO] [stdout]     |
[INFO] [stdout] 169 | pub fn pinned_routing(full_id: &str, hash: &str) -> mf_agent::orchestrator::DirectoryRouting {
[INFO] [stdout]     |        ^^^^^^^^^^^^^^
[INFO] [stdout] 
[INFO] [stdout] 
[INFO] [stdout] warning: method `fail_on` is never used
[INFO] [stdout]    --> crates/mf-agent/tests/common/mod.rs:206:12
[INFO] [stdout]     |
[INFO] [stdout] 202 | impl FakePins {
[INFO] [stdout]     | ------------- method in this implementation
[INFO] [stdout] ...
[INFO] [stdout] 206 |     pub fn fail_on(&self, full_id: &str) {
[INFO] [stdout]     |            ^^^^^^^
[INFO] [stdout] 
[INFO] [stdout] 
[INFO] [stdout] warning: method `set_isolates` is never used
[INFO] [stdout]    --> crates/mf-agent/tests/common/mod.rs:265:12
[INFO] [stdout]     |
[INFO] [stdout] 249 | impl ScriptedDirectory {
[INFO] [stdout]     | ---------------------- method in this implementation
[INFO] [stdout] ...
[INFO] [stdout] 265 |     pub fn set_isolates(&self, v: bool) {
[INFO] [stdout]     |            ^^^^^^^^^^^^
[INFO] [stdout] 
[INFO] [stdout] 
[INFO] [stdout] warning: struct `Fixture` is never constructed
[INFO] [stdout]   --> crates/mf-agent/tests/common/mod.rs:92:12
[INFO] [stdout]    |
[INFO] [stdout] 92 | pub struct Fixture {
[INFO] [stdout]    |            ^^^^^^^
[INFO] [stdout]    |
[INFO] [stdout]    = note: `#[warn(dead_code)]` (part of `#[warn(unused)]`) on by default
[INFO] [stdout] 
[INFO] [stdout] 
[INFO] [stdout] warning: methods `template` and `assign_and_run` are never used
[INFO] [stdout]    --> crates/mf-agent/tests/common/mod.rs:102:12
[INFO] [stdout]     |
[INFO] [stdout] 101 | impl Fixture {
[INFO] [stdout]     | ------------ methods in this implementation
[INFO] [stdout] 102 |     pub fn template(&self, key: &str, nodes: Vec<WorkflowNodeDraft>) -> WorkflowTemplateVersion {
[INFO] [stdout]     |            ^^^^^^^^
[INFO] [stdout] ...
[INFO] [stdout] 113 |     pub fn assign_and_run(&self, task_id: i64, version: &WorkflowTemplateVersion) {
[INFO] [stdout]     |            ^^^^^^^^^^^^^^
[INFO] [stdout] 
[INFO] [stdout] 
[INFO] [stdout] warning: function `fixture` is never used
[INFO] [stdout]    --> crates/mf-agent/tests/common/mod.rs:121:8
[INFO] [stdout]     |
[INFO] [stdout] 121 | pub fn fixture(dir: &Path) -> Fixture {
[INFO] [stdout]     |        ^^^^^^^
[INFO] [stdout] 
[INFO] [stdout] 
[INFO] [stdout] warning: function `scripted_routing` is never used
[INFO] [stdout]    --> crates/mf-agent/tests/common/mod.rs:161:8
[INFO] [stdout]     |
[INFO] [stdout] 161 | pub fn scripted_routing() -> mf_agent::orchestrator::DirectoryRouting {
[INFO] [stdout]     |        ^^^^^^^^^^^^^^^^
[INFO] [stdout] 
[INFO] [stdout] 
[INFO] [stdout] warning: function `pinned_routing` is never used
[INFO] [stdout]    --> crates/mf-agent/tests/common/mod.rs:169:8
[INFO] [stdout]     |
[INFO] [stdout] 169 | pub fn pinned_routing(full_id: &str, hash: &str) -> mf_agent::orchestrator::DirectoryRouting {
[INFO] [stdout]     |        ^^^^^^^^^^^^^^
[INFO] [stdout] 
[INFO] [stdout] 
[INFO] [stdout] warning: method `fail_on` is never used
[INFO] [stdout]    --> crates/mf-agent/tests/common/mod.rs:206:12
[INFO] [stdout]     |
[INFO] [stdout] 202 | impl FakePins {
[INFO] [stdout]     | ------------- method in this implementation
[INFO] [stdout] ...
[INFO] [stdout] 206 |     pub fn fail_on(&self, full_id: &str) {
[INFO] [stdout]     |            ^^^^^^^
[INFO] [stdout] 
[INFO] [stdout] 
[INFO] [stdout] warning: method `set_isolates` is never used
[INFO] [stdout]    --> crates/mf-agent/tests/common/mod.rs:265:12
[INFO] [stdout]     |
[INFO] [stdout] 249 | impl ScriptedDirectory {
[INFO] [stdout]     | ---------------------- method in this implementation
[INFO] [stdout] ...
[INFO] [stdout] 265 |     pub fn set_isolates(&self, v: bool) {
[INFO] [stdout]     |            ^^^^^^^^^^^^
[INFO] [stdout] 
[INFO] [stdout] 
[INFO] [stdout] warning: field `directory` is never read
[INFO] [stdout]   --> crates/mf-agent/tests/common/mod.rs:95:9
[INFO] [stdout]    |
[INFO] [stdout] 92 | pub struct Fixture {
[INFO] [stdout]    |            ------- field in this struct
[INFO] [stdout] ...
[INFO] [stdout] 95 |     pub directory: Arc<ScriptedDirectory>,
[INFO] [stdout]    |         ^^^^^^^^^
[INFO] [stdout]    |
[INFO] [stdout]    = note: `#[warn(dead_code)]` (part of `#[warn(unused)]`) on by default
[INFO] [stdout] 
[INFO] [stdout] 
[INFO] [stdout] warning: function `scripted_routing` is never used
[INFO] [stdout]    --> crates/mf-agent/tests/common/mod.rs:161:8
[INFO] [stdout]     |
[INFO] [stdout] 161 | pub fn scripted_routing() -> mf_agent::orchestrator::DirectoryRouting {
[INFO] [stdout]     |        ^^^^^^^^^^^^^^^^
[INFO] [stdout] 
[INFO] [stdout] 
[INFO] [stdout] warning: function `pinned_routing` is never used
[INFO] [stdout]    --> crates/mf-agent/tests/common/mod.rs:169:8
[INFO] [stdout]     |
[INFO] [stdout] 169 | pub fn pinned_routing(full_id: &str, hash: &str) -> mf_agent::orchestrator::DirectoryRouting {
[INFO] [stdout]     |        ^^^^^^^^^^^^^^
[INFO] [stdout] 
[INFO] [stdout] 
[INFO] [stdout] warning: method `fail_on` is never used
[INFO] [stdout]    --> crates/mf-agent/tests/common/mod.rs:206:12
[INFO] [stdout]     |
[INFO] [stdout] 202 | impl FakePins {
[INFO] [stdout]     | ------------- method in this implementation
[INFO] [stdout] ...
[INFO] [stdout] 206 |     pub fn fail_on(&self, full_id: &str) {
[INFO] [stdout]     |            ^^^^^^^
[INFO] [stdout] 
[INFO] [stdout] 
[INFO] [stdout] warning: method `set_isolates` is never used
[INFO] [stdout]    --> crates/mf-agent/tests/common/mod.rs:265:12
[INFO] [stdout]     |
[INFO] [stdout] 249 | impl ScriptedDirectory {
[INFO] [stdout]     | ---------------------- method in this implementation
[INFO] [stdout] ...
[INFO] [stdout] 265 |     pub fn set_isolates(&self, v: bool) {
[INFO] [stdout]     |            ^^^^^^^^^^^^
[INFO] [stdout] 
[INFO] [stdout] 
[INFO] [stdout] warning: function `answer_question` is never used
[INFO] [stdout]   --> crates/mf-agent/tests/common/run_lifecycle.rs:59:8
[INFO] [stdout]    |
[INFO] [stdout] 59 | pub fn answer_question(orchestrator: &Orchestrator, question_id: i64, answer: &str) -> Result<()> {
[INFO] [stdout]    |        ^^^^^^^^^^^^^^^
[INFO] [stdout] 
[INFO] [stdout] 
[INFO] [stdout] warning: function `retry_step` is never used
[INFO] [stdout]   --> crates/mf-agent/tests/common/run_lifecycle.rs:14:8
[INFO] [stdout]    |
[INFO] [stdout] 14 | pub fn retry_step(orchestrator: &Orchestrator, step_id: i64, mode: RetryMode) -> Result<StepView> {
[INFO] [stdout]    |        ^^^^^^^^^^
[INFO] [stdout]    |
[INFO] [stdout]    = note: `#[warn(dead_code)]` (part of `#[warn(unused)]`) on by default
[INFO] [stdout] 
[INFO] [stdout] 
[INFO] [stdout] warning: unused import: `std::path::PathBuf`
[INFO] [stdout]   --> crates/mf-agent/tests/restart_recovery.rs:17:5
[INFO] [stdout]    |
[INFO] [stdout] 17 | use std::path::PathBuf;
[INFO] [stdout]    |     ^^^^^^^^^^^^^^^^^^
[INFO] [stdout]    |
[INFO] [stdout]    = note: `#[warn(unused_imports)]` (part of `#[warn(unused)]`) on by default
[INFO] [stdout] 
[INFO] [stdout] 
[INFO] [stdout] warning: field `directory` is never read
[INFO] [stdout]   --> crates/mf-agent/tests/common/mod.rs:95:9
[INFO] [stdout]    |
[INFO] [stdout] 92 | pub struct Fixture {
[INFO] [stdout]    |            ------- field in this struct
[INFO] [stdout] ...
[INFO] [stdout] 95 |     pub directory: Arc<ScriptedDirectory>,
[INFO] [stdout]    |         ^^^^^^^^^
[INFO] [stdout]    |
[INFO] [stdout]    = note: `#[warn(dead_code)]` (part of `#[warn(unused)]`) on by default
[INFO] [stdout] 
[INFO] [stdout] 
[INFO] [stdout] warning: function `fixture` is never used
[INFO] [stdout]    --> crates/mf-agent/tests/common/mod.rs:121:8
[INFO] [stdout]     |
[INFO] [stdout] 121 | pub fn fixture(dir: &Path) -> Fixture {
[INFO] [stdout]     |        ^^^^^^^
[INFO] [stdout] 
[INFO] [stdout] 
[INFO] [stdout] warning: function `pinned_routing` is never used
[INFO] [stdout]    --> crates/mf-agent/tests/common/mod.rs:169:8
[INFO] [stdout]     |
[INFO] [stdout] 169 | pub fn pinned_routing(full_id: &str, hash: &str) -> mf_agent::orchestrator::DirectoryRouting {
[INFO] [stdout]     |        ^^^^^^^^^^^^^^
[INFO] [stdout] 
[INFO] [stdout] 
[INFO] [stdout] warning: method `fail_on` is never used
[INFO] [stdout]    --> crates/mf-agent/tests/common/mod.rs:206:12
[INFO] [stdout]     |
[INFO] [stdout] 202 | impl FakePins {
[INFO] [stdout]     | ------------- method in this implementation
[INFO] [stdout] ...
[INFO] [stdout] 206 |     pub fn fail_on(&self, full_id: &str) {
[INFO] [stdout]     |            ^^^^^^^
[INFO] [stdout] 
[INFO] [stdout] 
[INFO] [stdout] warning: method `set_isolates` is never used
[INFO] [stdout]    --> crates/mf-agent/tests/common/mod.rs:265:12
[INFO] [stdout]     |
[INFO] [stdout] 249 | impl ScriptedDirectory {
[INFO] [stdout]     | ---------------------- method in this implementation
[INFO] [stdout] ...
[INFO] [stdout] 265 |     pub fn set_isolates(&self, v: bool) {
[INFO] [stdout]     |            ^^^^^^^^^^^^
[INFO] [stdout] 
[INFO] [stdout] 
[INFO] [stdout] warning: variable does not need to be mutable
[INFO] [stdout]     --> crates/mf-terminal/src/session_runtime.rs:1169:21
[INFO] [stdout]      |
[INFO] [stdout] 1169 |         if let Some(mut child) = child_slot.lock().take() {
[INFO] [stdout]      |                     ----^^^^^
[INFO] [stdout]      |                     |
[INFO] [stdout]      |                     help: remove this `mut`
[INFO] [stdout]      |
[INFO] [stdout]      = note: `#[warn(unused_mut)]` (part of `#[warn(unused)]`) on by default
[INFO] [stdout] 
[INFO] [stdout] 
[INFO] [stdout] warning: variable does not need to be mutable
[INFO] [stdout]     --> crates/mf-terminal/src/session_runtime.rs:1173:21
[INFO] [stdout]      |
[INFO] [stdout] 1173 |         if let Some(mut killer) = session.killer.lock().take() {
[INFO] [stdout]      |                     ----^^^^^^
[INFO] [stdout]      |                     |
[INFO] [stdout]      |                     help: remove this `mut`
[INFO] [stdout] 
[INFO] [stdout] 
[INFO] [stdout] warning: variable does not need to be mutable
[INFO] [stdout]     --> crates/mf-terminal/src/session_runtime.rs:1188:21
[INFO] [stdout]      |
[INFO] [stdout] 1188 |         if let Some(mut killer) = session.killer.lock().take() {
[INFO] [stdout]      |                     ----^^^^^^
[INFO] [stdout]      |                     |
[INFO] [stdout]      |                     help: remove this `mut`
[INFO] [stdout] 
[INFO] [stdout] 
[INFO] [stdout] warning: variable does not need to be mutable
[INFO] [stdout]     --> crates/mf-terminal/src/session_runtime.rs:1220:9
[INFO] [stdout]      |
[INFO] [stdout] 1220 |     let mut check = |path: &Path| -> Result<()> {
[INFO] [stdout]      |         ----^^^^^
[INFO] [stdout]      |         |
[INFO] [stdout]      |         help: remove this `mut`
[INFO] [stdout] 
[INFO] [stdout] 
[INFO] [stdout] warning: variable does not need to be mutable
[INFO] [stdout]     --> crates/mf-terminal/src/session_runtime.rs:1286:25
[INFO] [stdout]      |
[INFO] [stdout] 1286 |             if let Some(mut killer) = session.killer.lock().take() {
[INFO] [stdout]      |                         ----^^^^^^
[INFO] [stdout]      |                         |
[INFO] [stdout]      |                         help: remove this `mut`
[INFO] [stdout] 
[INFO] [stdout] 
[INFO] [stdout] warning: unused variable: `waiter`
[INFO] [stdout]     --> crates/mf-terminal/src/session_runtime.rs:1413:9
[INFO] [stdout]      |
[INFO] [stdout] 1413 |     let waiter = std::thread::Builder::new()
[INFO] [stdout]      |         ^^^^^^ help: if this is intentional, prefix it with an underscore: `_waiter`
[INFO] [stdout]      |
[INFO] [stdout]      = note: `#[warn(unused_variables)]` (part of `#[warn(unused)]`) on by default
[INFO] [stdout] 
[INFO] [stdout] 
[INFO] [stdout] warning: function `validate_no_nul` is never used
[INFO] [stdout]   --> crates/mf-terminal/src/pty/mod.rs:95:4
[INFO] [stdout]    |
[INFO] [stdout] 95 | fn validate_no_nul(value_display: &str) -> Result<()> {
[INFO] [stdout]    |    ^^^^^^^^^^^^^^^
[INFO] [stdout]    |
[INFO] [stdout]    = note: `#[warn(dead_code)]` (part of `#[warn(unused)]`) on by default
[INFO] [stdout] 
[INFO] [stdout] 
[INFO] [stdout] warning: field `session_id` is never read
[INFO] [stdout]    --> crates/mf-terminal/src/session_runtime.rs:170:5
[INFO] [stdout]     |
[INFO] [stdout] 169 | struct HttpSession {
[INFO] [stdout]     |        ----------- field in this struct
[INFO] [stdout] 170 |     session_id: i64,
[INFO] [stdout]     |     ^^^^^^^^^^
[INFO] [stdout] 
[INFO] [stdout] 
[INFO] [stdout] warning: trait `CanonReason` is never used
[INFO] [stdout]    --> crates/mf-terminal/src/writer_lease.rs:612:7
[INFO] [stdout]     |
[INFO] [stdout] 612 | trait CanonReason {
[INFO] [stdout]     |       ^^^^^^^^^^^
[INFO] [stdout] 
[INFO] [stdout] 
[INFO] [stdout] warning: function `answer_question` is never used
[INFO] [stdout]   --> crates/mf-agent/tests/common/run_lifecycle.rs:59:8
[INFO] [stdout]    |
[INFO] [stdout] 59 | pub fn answer_question(orchestrator: &Orchestrator, question_id: i64, answer: &str) -> Result<()> {
[INFO] [stdout]    |        ^^^^^^^^^^^^^^^
[INFO] [stdout]    |
[INFO] [stdout]    = note: `#[warn(dead_code)]` (part of `#[warn(unused)]`) on by default
[INFO] [stdout] 
[INFO] [stdout] 
[INFO] [stderr]     Checking mf-kernel v0.1.0 (/opt/rustwide/workdir/crates/mf-kernel)
[INFO] [stdout] warning: unused import: `RunMode`
[INFO] [stdout]   --> crates/mf-agent/tests/retry_and_handoff.rs:14:44
[INFO] [stdout]    |
[INFO] [stdout] 14 | use mf_agent::{AdHocLaunchSpec, RetryMode, RunMode};
[INFO] [stdout]    |                                            ^^^^^^^
[INFO] [stdout]    |
[INFO] [stdout]    = note: `#[warn(unused_imports)]` (part of `#[warn(unused)]`) on by default
[INFO] [stdout] 
[INFO] [stdout] 
[INFO] [stdout] warning: function `scripted_routing` is never used
[INFO] [stdout]    --> crates/mf-agent/tests/common/mod.rs:161:8
[INFO] [stdout]     |
[INFO] [stdout] 161 | pub fn scripted_routing() -> mf_agent::orchestrator::DirectoryRouting {
[INFO] [stdout]     |        ^^^^^^^^^^^^^^^^
[INFO] [stdout]     |
[INFO] [stdout]     = note: `#[warn(dead_code)]` (part of `#[warn(unused)]`) on by default
[INFO] [stdout] 
[INFO] [stdout] 
[INFO] [stdout] warning: function `pinned_routing` is never used
[INFO] [stdout]    --> crates/mf-agent/tests/common/mod.rs:169:8
[INFO] [stdout]     |
[INFO] [stdout] 169 | pub fn pinned_routing(full_id: &str, hash: &str) -> mf_agent::orchestrator::DirectoryRouting {
[INFO] [stdout]     |        ^^^^^^^^^^^^^^
[INFO] [stdout] 
[INFO] [stdout] 
[INFO] [stdout] warning: method `fail_on` is never used
[INFO] [stdout]    --> crates/mf-agent/tests/common/mod.rs:206:12
[INFO] [stdout]     |
[INFO] [stdout] 202 | impl FakePins {
[INFO] [stdout]     | ------------- method in this implementation
[INFO] [stdout] ...
[INFO] [stdout] 206 |     pub fn fail_on(&self, full_id: &str) {
[INFO] [stdout]     |            ^^^^^^^
[INFO] [stdout] 
[INFO] [stdout] 
[INFO] [stdout] warning: method `set_isolates` is never used
[INFO] [stdout]    --> crates/mf-agent/tests/common/mod.rs:265:12
[INFO] [stdout]     |
[INFO] [stdout] 249 | impl ScriptedDirectory {
[INFO] [stdout]     | ---------------------- method in this implementation
[INFO] [stdout] ...
[INFO] [stdout] 265 |     pub fn set_isolates(&self, v: bool) {
[INFO] [stdout]     |            ^^^^^^^^^^^^
[INFO] [stdout] 
[INFO] [stdout] 
[INFO] [stdout] warning: function `scripted_routing` is never used
[INFO] [stdout]    --> crates/mf-agent/tests/common/mod.rs:161:8
[INFO] [stdout]     |
[INFO] [stdout] 161 | pub fn scripted_routing() -> mf_agent::orchestrator::DirectoryRouting {
[INFO] [stdout]     |        ^^^^^^^^^^^^^^^^
[INFO] [stdout]     |
[INFO] [stdout]     = note: `#[warn(dead_code)]` (part of `#[warn(unused)]`) on by default
[INFO] [stdout] 
[INFO] [stdout] 
[INFO] [stdout] warning: method `fail_on` is never used
[INFO] [stdout]    --> crates/mf-agent/tests/common/mod.rs:206:12
[INFO] [stdout]     |
[INFO] [stdout] 202 | impl FakePins {
[INFO] [stdout]     | ------------- method in this implementation
[INFO] [stdout] ...
[INFO] [stdout] 206 |     pub fn fail_on(&self, full_id: &str) {
[INFO] [stdout]     |            ^^^^^^^
[INFO] [stdout] 
[INFO] [stdout] 
[INFO] [stdout] warning: method `set_isolates` is never used
[INFO] [stdout]    --> crates/mf-agent/tests/common/mod.rs:265:12
[INFO] [stdout]     |
[INFO] [stdout] 249 | impl ScriptedDirectory {
[INFO] [stdout]     | ---------------------- method in this implementation
[INFO] [stdout] ...
[INFO] [stdout] 265 |     pub fn set_isolates(&self, v: bool) {
[INFO] [stdout]     |            ^^^^^^^^^^^^
[INFO] [stdout] 
[INFO] [stdout] 
[INFO] [stdout] For more information about this error, try `rustc --explain E0433`.
[INFO] [stdout] 
[INFO] [stderr] error: could not compile `mf-plugins` (lib test) due to 1 previous error; 2 warnings emitted
[INFO] [stderr] warning: build failed, waiting for other jobs to finish...
[INFO] [stdout] error[E0425]: cannot find function `test_lock` in this scope
[INFO] [stdout]    --> crates/mf-terminal/src/pty/mod.rs:329:26
[INFO] [stdout]     |
[INFO] [stdout] 329 |             let _guard = test_lock().lock();
[INFO] [stdout]     |                          ^^^^^^^^^ not found in this scope
[INFO] [stdout]     |
[INFO] [stdout] help: consider importing this function
[INFO] [stdout]     |
[INFO] [stdout] 323 +         use crate::pty::tests::test_lock;
[INFO] [stdout]     |
[INFO] [stdout] 
[INFO] [stdout] 
[INFO] [stdout] error[E0425]: cannot find function `test_lock` in this scope
[INFO] [stdout]    --> crates/mf-terminal/src/pty/mod.rs:348:26
[INFO] [stdout]     |
[INFO] [stdout] 348 |             let _guard = test_lock().lock();
[INFO] [stdout]     |                          ^^^^^^^^^ not found in this scope
[INFO] [stdout]     |
[INFO] [stdout] help: consider importing this function
[INFO] [stdout]     |
[INFO] [stdout] 323 +         use crate::pty::tests::test_lock;
[INFO] [stdout]     |
[INFO] [stdout] 
[INFO] [stdout] 
[INFO] [stdout] error[E0425]: cannot find function `test_lock` in this scope
[INFO] [stdout]    --> crates/mf-terminal/src/pty/mod.rs:386:26
[INFO] [stdout]     |
[INFO] [stdout] 386 |             let _guard = test_lock().lock();
[INFO] [stdout]     |                          ^^^^^^^^^ not found in this scope
[INFO] [stdout]     |
[INFO] [stdout] help: consider importing this function
[INFO] [stdout]     |
[INFO] [stdout] 323 +         use crate::pty::tests::test_lock;
[INFO] [stdout]     |
[INFO] [stdout] 
[INFO] [stdout] 
[INFO] [stdout] warning: struct `Fixture` is never constructed
[INFO] [stdout]   --> crates/mf-agent/tests/common/mod.rs:92:12
[INFO] [stdout]    |
[INFO] [stdout] 92 | pub struct Fixture {
[INFO] [stdout]    |            ^^^^^^^
[INFO] [stdout]    |
[INFO] [stdout]    = note: `#[warn(dead_code)]` (part of `#[warn(unused)]`) on by default
[INFO] [stdout] 
[INFO] [stdout] 
[INFO] [stdout] warning: methods `template` and `assign_and_run` are never used
[INFO] [stdout]    --> crates/mf-agent/tests/common/mod.rs:102:12
[INFO] [stdout]     |
[INFO] [stdout] 101 | impl Fixture {
[INFO] [stdout]     | ------------ methods in this implementation
[INFO] [stdout] 102 |     pub fn template(&self, key: &str, nodes: Vec<WorkflowNodeDraft>) -> WorkflowTemplateVersion {
[INFO] [stdout]     |            ^^^^^^^^
[INFO] [stdout] ...
[INFO] [stdout] 113 |     pub fn assign_and_run(&self, task_id: i64, version: &WorkflowTemplateVersion) {
[INFO] [stdout]     |            ^^^^^^^^^^^^^^
[INFO] [stdout] 
[INFO] [stdout] 
[INFO] [stdout] warning: function `fixture` is never used
[INFO] [stdout]    --> crates/mf-agent/tests/common/mod.rs:121:8
[INFO] [stdout]     |
[INFO] [stdout] 121 | pub fn fixture(dir: &Path) -> Fixture {
[INFO] [stdout]     |        ^^^^^^^
[INFO] [stdout] 
[INFO] [stdout] 
[INFO] [stdout] warning: function `scripted_routing` is never used
[INFO] [stdout]    --> crates/mf-agent/tests/common/mod.rs:161:8
[INFO] [stdout]     |
[INFO] [stdout] 161 | pub fn scripted_routing() -> mf_agent::orchestrator::DirectoryRouting {
[INFO] [stdout]     |        ^^^^^^^^^^^^^^^^
[INFO] [stdout] 
[INFO] [stdout] 
[INFO] [stdout] warning: function `pinned_routing` is never used
[INFO] [stdout]    --> crates/mf-agent/tests/common/mod.rs:169:8
[INFO] [stdout]     |
[INFO] [stdout] 169 | pub fn pinned_routing(full_id: &str, hash: &str) -> mf_agent::orchestrator::DirectoryRouting {
[INFO] [stdout]     |        ^^^^^^^^^^^^^^
[INFO] [stdout] 
[INFO] [stdout] 
[INFO] [stdout] warning: method `fail_on` is never used
[INFO] [stdout]    --> crates/mf-agent/tests/common/mod.rs:206:12
[INFO] [stdout]     |
[INFO] [stdout] 202 | impl FakePins {
[INFO] [stdout]     | ------------- method in this implementation
[INFO] [stdout] ...
[INFO] [stdout] 206 |     pub fn fail_on(&self, full_id: &str) {
[INFO] [stdout]     |            ^^^^^^^
[INFO] [stdout] 
[INFO] [stdout] 
[INFO] [stdout] warning: struct `ScriptedDirectory` is never constructed
[INFO] [stdout]    --> crates/mf-agent/tests/common/mod.rs:234:12
[INFO] [stdout]     |
[INFO] [stdout] 234 | pub struct ScriptedDirectory {
[INFO] [stdout]     |            ^^^^^^^^^^^^^^^^^
[INFO] [stdout] 
[INFO] [stdout] 
[INFO] [stdout] warning: associated items `new` and `set_isolates` are never used
[INFO] [stdout]    --> crates/mf-agent/tests/common/mod.rs:250:12
[INFO] [stdout]     |
[INFO] [stdout] 249 | impl ScriptedDirectory {
[INFO] [stdout]     | ---------------------- associated items in this implementation
[INFO] [stdout] 250 |     pub fn new(root: &Path) -> ScriptedDirectory {
[INFO] [stdout]     |            ^^^
[INFO] [stdout] ...
[INFO] [stdout] 265 |     pub fn set_isolates(&self, v: bool) {
[INFO] [stdout]     |            ^^^^^^^^^^^^
[INFO] [stdout] 
[INFO] [stdout] 
[INFO] [stdout] warning: unused import: `CatalogStore as _`
[INFO] [stdout]     --> crates/mf-terminal/src/session_runtime.rs:3792:16
[INFO] [stdout]      |
[INFO] [stdout] 3792 | use mf_agent::{CatalogStore as _, Store};
[INFO] [stdout]      |                ^^^^^^^^^^^^^^^^^
[INFO] [stdout]      |
[INFO] [stdout]      = note: `#[warn(unused_imports)]` (part of `#[warn(unused)]`) on by default
[INFO] [stdout] 
[INFO] [stdout] 
[INFO] [stdout] warning: function `answer_question` is never used
[INFO] [stdout]   --> crates/mf-agent/tests/common/run_lifecycle.rs:59:8
[INFO] [stdout]    |
[INFO] [stdout] 59 | pub fn answer_question(orchestrator: &Orchestrator, question_id: i64, answer: &str) -> Result<()> {
[INFO] [stdout]    |        ^^^^^^^^^^^^^^^
[INFO] [stdout]    |
[INFO] [stdout]    = note: `#[warn(dead_code)]` (part of `#[warn(unused)]`) on by default
[INFO] [stdout] 
[INFO] [stdout] 
[INFO] [stdout] warning: variable does not need to be mutable
[INFO] [stdout]    --> crates/mf-agent/tests/workflow_run.rs:773:9
[INFO] [stdout]     |
[INFO] [stdout] 773 |     let mut fx = Fixture::new(tmp.path());
[INFO] [stdout]     |         ----^^
[INFO] [stdout]     |         |
[INFO] [stdout]     |         help: remove this `mut`
[INFO] [stdout]     |
[INFO] [stdout]     = note: `#[warn(unused_mut)]` (part of `#[warn(unused)]`) on by default
[INFO] [stdout] 
[INFO] [stdout] 
[INFO] [stdout] warning: unused import: `PathBuf`
[INFO] [stdout]  --> crates/mf-kernel/src/app_runtime.rs:9:23
[INFO] [stdout]   |
[INFO] [stdout] 9 | use std::path::{Path, PathBuf};
[INFO] [stdout]   |                       ^^^^^^^
[INFO] [stdout]   |
[INFO] [stdout]   = note: `#[warn(unused_imports)]` (part of `#[warn(unused)]`) on by default
[INFO] [stdout] 
[INFO] [stdout] 
[INFO] [stdout] warning: unused import: `Weak`
[INFO] [stdout]   --> crates/mf-kernel/src/app_runtime.rs:10:22
[INFO] [stdout]    |
[INFO] [stdout] 10 | use std::sync::{Arc, Weak};
[INFO] [stdout]    |                      ^^^^
[INFO] [stdout] 
[INFO] [stdout] 
[INFO] [stdout] warning: unused import: `crate::projection::EventCursor`
[INFO] [stdout]   --> crates/mf-kernel/src/app_runtime.rs:18:5
[INFO] [stdout]    |
[INFO] [stdout] 18 | use crate::projection::EventCursor;
[INFO] [stdout]    |     ^^^^^^^^^^^^^^^^^^^^^^^^^^^^^^
[INFO] [stdout] 
[INFO] [stdout] 
[INFO] [stdout] warning: unused import: `ShutdownIntent`
[INFO] [stdout]   --> crates/mf-kernel/src/app_runtime.rs:19:43
[INFO] [stdout]    |
[INFO] [stdout] 19 | use crate::shutdown::{ShutdownAssessment, ShutdownIntent};
[INFO] [stdout]    |                                           ^^^^^^^^^^^^^^
[INFO] [stdout] 
[INFO] [stdout] 
[INFO] [stdout] warning: unused import: `TranscriptSink`
[INFO] [stdout]   --> crates/mf-kernel/src/app_runtime.rs:21:60
[INFO] [stdout]    |
[INFO] [stdout] 21 |     RuntimeHostImpl, SessionRegistry, StoreTranscriptSink, TranscriptSink,
[INFO] [stdout]    |                                                            ^^^^^^^^^^^^^^
[INFO] [stdout] 
[INFO] [stdout] 
[INFO] [stdout] warning: unused import: `std::time::Instant`
[INFO] [stdout]   --> crates/mf-kernel/src/core_lifecycle.rs:10:5
[INFO] [stdout]    |
[INFO] [stdout] 10 | use std::time::Instant;
[INFO] [stdout]    |     ^^^^^^^^^^^^^^^^^^
[INFO] [stdout] 
[INFO] [stdout] 
[INFO] [stdout] warning: unused import: `crate::command::ReconcileOutcome`
[INFO] [stdout]   --> crates/mf-kernel/src/kernel.rs:18:5
[INFO] [stdout]    |
[INFO] [stdout] 18 | use crate::command::ReconcileOutcome;
[INFO] [stdout]    |     ^^^^^^^^^^^^^^^^^^^^^^^^^^^^^^^^
[INFO] [stdout] 
[INFO] [stdout] 
[INFO] [stdout] warning: unused import: `TerminalChannel`
[INFO] [stdout]   --> crates/mf-kernel/src/legacy_transport.rs:19:5
[INFO] [stdout]    |
[INFO] [stdout] 19 |     TerminalChannel,
[INFO] [stdout]    |     ^^^^^^^^^^^^^^^
[INFO] [stdout] 
[INFO] [stdout] 
[INFO] [stdout] warning: function `instance_draft` is never used
[INFO] [stdout]   --> crates/mf-agent/tests/common/mod.rs:26:8
[INFO] [stdout]    |
[INFO] [stdout] 26 | pub fn instance_draft(name: &str, executable: &str) -> AgentInstanceDraft {
[INFO] [stdout]    |        ^^^^^^^^^^^^^^
[INFO] [stdout]    |
[INFO] [stdout]    = note: `#[warn(dead_code)]` (part of `#[warn(unused)]`) on by default
[INFO] [stdout] 
[INFO] [stdout] 
[INFO] [stdout] warning: function `catalog_with_worker_instance` is never used
[INFO] [stdout]   --> crates/mf-agent/tests/common/mod.rs:44:8
[INFO] [stdout]    |
[INFO] [stdout] 44 | pub fn catalog_with_worker_instance() -> Arc<CatalogStore> {
[INFO] [stdout]    |        ^^^^^^^^^^^^^^^^^^^^^^^^^^^^
[INFO] [stdout] 
[INFO] [stdout] 
[INFO] [stdout] warning: function `fx_instance_id` is never used
[INFO] [stdout]   --> crates/mf-agent/tests/common/mod.rs:53:8
[INFO] [stdout]    |
[INFO] [stdout] 53 | pub fn fx_instance_id(catalog: &Arc<CatalogStore>) -> String {
[INFO] [stdout]    |        ^^^^^^^^^^^^^^
[INFO] [stdout] 
[INFO] [stdout] 
[INFO] [stdout] warning: function `plugin_index` is never used
[INFO] [stdout]   --> crates/mf-agent/tests/common/mod.rs:72:8
[INFO] [stdout]    |
[INFO] [stdout] 72 | pub fn plugin_index() -> HashMap<String, PluginSourcePin> {
[INFO] [stdout]    |        ^^^^^^^^^^^^
[INFO] [stdout] 
[INFO] [stdout] 
[INFO] [stdout] warning: function `node` is never used
[INFO] [stdout]   --> crates/mf-agent/tests/common/mod.rs:81:8
[INFO] [stdout]    |
[INFO] [stdout] 81 | pub fn node(key: &str, deps: &[&str], instructions: &str, instance: &str) -> WorkflowNodeDraft {
[INFO] [stdout]    |        ^^^^
[INFO] [stdout] 
[INFO] [stdout] 
[INFO] [stdout] warning: struct `Fixture` is never constructed
[INFO] [stdout]   --> crates/mf-agent/tests/common/mod.rs:92:12
[INFO] [stdout]    |
[INFO] [stdout] 92 | pub struct Fixture {
[INFO] [stdout]    |            ^^^^^^^
[INFO] [stdout] 
[INFO] [stdout] 
[INFO] [stdout] warning: methods `template` and `assign_and_run` are never used
[INFO] [stdout]    --> crates/mf-agent/tests/common/mod.rs:102:12
[INFO] [stdout]     |
[INFO] [stdout] 101 | impl Fixture {
[INFO] [stdout]     | ------------ methods in this implementation
[INFO] [stdout] 102 |     pub fn template(&self, key: &str, nodes: Vec<WorkflowNodeDraft>) -> WorkflowTemplateVersion {
[INFO] [stdout]     |            ^^^^^^^^
[INFO] [stdout] ...
[INFO] [stdout] 113 |     pub fn assign_and_run(&self, task_id: i64, version: &WorkflowTemplateVersion) {
[INFO] [stdout]     |            ^^^^^^^^^^^^^^
[INFO] [stdout] 
[INFO] [stdout] 
[INFO] [stdout] warning: function `fixture` is never used
[INFO] [stdout]    --> crates/mf-agent/tests/common/mod.rs:121:8
[INFO] [stdout]     |
[INFO] [stdout] 121 | pub fn fixture(dir: &Path) -> Fixture {
[INFO] [stdout]     |        ^^^^^^^
[INFO] [stdout] 
[INFO] [stdout] 
[INFO] [stdout] warning: function `empty_profiles` is never used
[INFO] [stdout]    --> crates/mf-agent/tests/common/mod.rs:178:8
[INFO] [stdout]     |
[INFO] [stdout] 178 | pub fn empty_profiles() -> Arc<RwLock<ProfileCatalog>> {
[INFO] [stdout]     |        ^^^^^^^^^^^^^^
[INFO] [stdout] 
[INFO] [stdout] 
[INFO] [stdout] warning: function `wait_until` is never used
[INFO] [stdout]    --> crates/mf-agent/tests/common/mod.rs:182:8
[INFO] [stdout]     |
[INFO] [stdout] 182 | pub fn wait_until(timeout: Duration, mut cond: impl FnMut() -> bool) -> bool {
[INFO] [stdout]     |        ^^^^^^^^^^
[INFO] [stdout] 
[INFO] [stdout] 
[INFO] [stdout] warning: struct `FakePins` is never constructed
[INFO] [stdout]    --> crates/mf-agent/tests/common/mod.rs:195:12
[INFO] [stdout]     |
[INFO] [stdout] 195 | pub struct FakePins {
[INFO] [stdout]     |            ^^^^^^^^
[INFO] [stdout] 
[INFO] [stdout] 
[INFO] [stdout] warning: methods `resolve_ok` and `fail_on` are never used
[INFO] [stdout]    --> crates/mf-agent/tests/common/mod.rs:203:12
[INFO] [stdout]     |
[INFO] [stdout] 202 | impl FakePins {
[INFO] [stdout]     | ------------- methods in this implementation
[INFO] [stdout] 203 |     pub fn resolve_ok(&self, ok: bool) {
[INFO] [stdout]     |            ^^^^^^^^^^
[INFO] [stdout] ...
[INFO] [stdout] 206 |     pub fn fail_on(&self, full_id: &str) {
[INFO] [stdout]     |            ^^^^^^^
[INFO] [stdout] 
[INFO] [stdout] 
[INFO] [stdout] warning: struct `ScriptedDirectory` is never constructed
[INFO] [stdout]    --> crates/mf-agent/tests/common/mod.rs:234:12
[INFO] [stdout]     |
[INFO] [stdout] 234 | pub struct ScriptedDirectory {
[INFO] [stdout]     |            ^^^^^^^^^^^^^^^^^
[INFO] [stdout] 
[INFO] [stdout] 
[INFO] [stdout] warning: associated items `new` and `set_isolates` are never used
[INFO] [stdout]    --> crates/mf-agent/tests/common/mod.rs:250:12
[INFO] [stdout]     |
[INFO] [stdout] 249 | impl ScriptedDirectory {
[INFO] [stdout]     | ---------------------- associated items in this implementation
[INFO] [stdout] 250 |     pub fn new(root: &Path) -> ScriptedDirectory {
[INFO] [stdout]     |            ^^^
[INFO] [stdout] ...
[INFO] [stdout] 265 |     pub fn set_isolates(&self, v: bool) {
[INFO] [stdout]     |            ^^^^^^^^^^^^
[INFO] [stdout] 
[INFO] [stdout] 
[INFO] [stdout] warning: struct `RecordingHost` is never constructed
[INFO] [stdout]    --> crates/mf-agent/tests/common/mod.rs:315:12
[INFO] [stdout]     |
[INFO] [stdout] 315 | pub struct RecordingHost {
[INFO] [stdout]     |            ^^^^^^^^^^^^^
[INFO] [stdout] 
[INFO] [stdout] 
[INFO] [stdout] warning: function `token_of_node` is never used
[INFO] [stdout]    --> crates/mf-agent/tests/common/mod.rs:381:8
[INFO] [stdout]     |
[INFO] [stdout] 381 | pub fn token_of_node(orch: &Orchestrator, task_id: i64, key: &str) -> String {
[INFO] [stdout]     |        ^^^^^^^^^^^^^
[INFO] [stdout] 
[INFO] [stdout] 
[INFO] [stdout] error[E0599]: no associated function or constant named `create` found for struct `JobGuard` in the current scope
[INFO] [stdout]     --> crates/mf-terminal/src/session_runtime.rs:3078:49
[INFO] [stdout]      |
[INFO] [stdout] 3078 |             job: Mutex::new(Some(pty::JobGuard::create().unwrap())),
[INFO] [stdout]      |                                                 ^^^^^^ associated function or constant not found in `JobGuard`
[INFO] [stdout]      |
[INFO] [stdout]     ::: crates/mf-terminal/src/pty/unix.rs:138:1
[INFO] [stdout]      |
[INFO] [stdout]  138 | pub struct JobGuard {
[INFO] [stdout]      | ------------------- associated function or constant `create` not found for this struct
[INFO] [stdout] 
[INFO] [stdout] 
[INFO] [stdout] error[E0133]: call to unsafe function `zeroed` is unsafe and requires unsafe function or block
[INFO] [stdout]    --> crates/mf-terminal/src/pty/unix.rs:633:37
[INFO] [stdout]     |
[INFO] [stdout] 633 |         let mut ws: libc::winsize = std::mem::zeroed();
[INFO] [stdout]     |                                     ^^^^^^^^^^^^^^^^^^ call to unsafe function
[INFO] [stdout]     |
[INFO] [stdout]     = note: consult the function's documentation for information on how to avoid undefined behavior
[INFO] [stdout] 
[INFO] [stdout] 
[INFO] [stdout] warning: variable does not need to be mutable
[INFO] [stdout]     --> crates/mf-terminal/src/session_runtime.rs:1169:21
[INFO] [stdout]      |
[INFO] [stdout] 1169 |         if let Some(mut child) = child_slot.lock().take() {
[INFO] [stdout]      |                     ----^^^^^
[INFO] [stdout]      |                     |
[INFO] [stdout]      |                     help: remove this `mut`
[INFO] [stdout]      |
[INFO] [stdout]      = note: `#[warn(unused_mut)]` (part of `#[warn(unused)]`) on by default
[INFO] [stdout] 
[INFO] [stdout] 
[INFO] [stdout] warning: variable does not need to be mutable
[INFO] [stdout]     --> crates/mf-terminal/src/session_runtime.rs:1173:21
[INFO] [stdout]      |
[INFO] [stdout] 1173 |         if let Some(mut killer) = session.killer.lock().take() {
[INFO] [stdout]      |                     ----^^^^^^
[INFO] [stdout]      |                     |
[INFO] [stdout]      |                     help: remove this `mut`
[INFO] [stdout] 
[INFO] [stdout] 
[INFO] [stdout] warning: variable does not need to be mutable
[INFO] [stdout]     --> crates/mf-terminal/src/session_runtime.rs:1188:21
[INFO] [stdout]      |
[INFO] [stdout] 1188 |         if let Some(mut killer) = session.killer.lock().take() {
[INFO] [stdout]      |                     ----^^^^^^
[INFO] [stdout]      |                     |
[INFO] [stdout]      |                     help: remove this `mut`
[INFO] [stdout] 
[INFO] [stdout] 
[INFO] [stdout] warning: unused import: `PathBuf`
[INFO] [stdout]  --> crates/mf-kernel/src/app_runtime.rs:9:23
[INFO] [stdout]   |
[INFO] [stdout] 9 | use std::path::{Path, PathBuf};
[INFO] [stdout]   |                       ^^^^^^^
[INFO] [stdout]   |
[INFO] [stdout]   = note: `#[warn(unused_imports)]` (part of `#[warn(unused)]`) on by default
[INFO] [stdout] 
[INFO] [stdout] 
[INFO] [stdout] warning: variable does not need to be mutable
[INFO] [stdout]     --> crates/mf-terminal/src/session_runtime.rs:1220:9
[INFO] [stdout]      |
[INFO] [stdout] 1220 |     let mut check = |path: &Path| -> Result<()> {
[INFO] [stdout]      |         ----^^^^^
[INFO] [stdout]      |         |
[INFO] [stdout]      |         help: remove this `mut`
[INFO] [stdout] 
[INFO] [stdout] 
[INFO] [stdout] warning: unused import: `Weak`
[INFO] [stdout]   --> crates/mf-kernel/src/app_runtime.rs:10:22
[INFO] [stdout]    |
[INFO] [stdout] 10 | use std::sync::{Arc, Weak};
[INFO] [stdout]    |                      ^^^^
[INFO] [stdout] 
[INFO] [stdout] 
[INFO] [stdout] warning: unused import: `crate::projection::EventCursor`
[INFO] [stdout]   --> crates/mf-kernel/src/app_runtime.rs:18:5
[INFO] [stdout]    |
[INFO] [stdout] 18 | use crate::projection::EventCursor;
[INFO] [stdout]    |     ^^^^^^^^^^^^^^^^^^^^^^^^^^^^^^
[INFO] [stdout] 
[INFO] [stdout] 
[INFO] [stdout] warning: unused import: `ShutdownIntent`
[INFO] [stdout]   --> crates/mf-kernel/src/app_runtime.rs:19:43
[INFO] [stdout]    |
[INFO] [stdout] 19 | use crate::shutdown::{ShutdownAssessment, ShutdownIntent};
[INFO] [stdout]    |                                           ^^^^^^^^^^^^^^
[INFO] [stdout] 
[INFO] [stdout] 
[INFO] [stdout] warning: unused import: `TranscriptSink`
[INFO] [stdout]   --> crates/mf-kernel/src/app_runtime.rs:21:60
[INFO] [stdout]    |
[INFO] [stdout] 21 |     RuntimeHostImpl, SessionRegistry, StoreTranscriptSink, TranscriptSink,
[INFO] [stdout]    |                                                            ^^^^^^^^^^^^^^
[INFO] [stdout] 
[INFO] [stdout] 
[INFO] [stdout] warning: unused import: `std::time::Instant`
[INFO] [stdout]   --> crates/mf-kernel/src/core_lifecycle.rs:10:5
[INFO] [stdout]    |
[INFO] [stdout] 10 | use std::time::Instant;
[INFO] [stdout]    |     ^^^^^^^^^^^^^^^^^^
[INFO] [stdout] 
[INFO] [stdout] 
[INFO] [stdout] warning: variable does not need to be mutable
[INFO] [stdout]     --> crates/mf-terminal/src/session_runtime.rs:1286:25
[INFO] [stdout]      |
[INFO] [stdout] 1286 |             if let Some(mut killer) = session.killer.lock().take() {
[INFO] [stdout]      |                         ----^^^^^^
[INFO] [stdout]      |                         |
[INFO] [stdout]      |                         help: remove this `mut`
[INFO] [stdout] 
[INFO] [stdout] 
[INFO] [stdout] warning: constant `GENERATOR_VERSION` is never used
[INFO] [stdout]   --> crates/mf-agent/tests/contract/../common/baseline.rs:27:11
[INFO] [stdout]    |
[INFO] [stdout] 27 | pub const GENERATOR_VERSION: &str = "2";
[INFO] [stdout]    |           ^^^^^^^^^^^^^^^^^
[INFO] [stdout]    |
[INFO] [stdout]    = note: `#[warn(dead_code)]` (part of `#[warn(unused)]`) on by default
[INFO] [stdout] 
[INFO] [stdout] 
[INFO] [stdout] warning: constant `FROZEN_PROJECT_SCHEMA_VERSION` is never used
[INFO] [stdout]   --> crates/mf-agent/tests/contract/../common/baseline.rs:28:11
[INFO] [stdout]    |
[INFO] [stdout] 28 | pub const FROZEN_PROJECT_SCHEMA_VERSION: i64 = 6;
[INFO] [stdout]    |           ^^^^^^^^^^^^^^^^^^^^^^^^^^^^^
[INFO] [stdout] 
[INFO] [stdout] 
[INFO] [stdout] warning: constant `FROZEN_CATALOG_SCHEMA_VERSION` is never used
[INFO] [stdout]   --> crates/mf-agent/tests/contract/../common/baseline.rs:29:11
[INFO] [stdout]    |
[INFO] [stdout] 29 | pub const FROZEN_CATALOG_SCHEMA_VERSION: i64 = 1;
[INFO] [stdout]    |           ^^^^^^^^^^^^^^^^^^^^^^^^^^^^^
[INFO] [stdout] 
[INFO] [stdout] 
[INFO] [stdout] warning: constant `PROJECT_FIXTURE` is never used
[INFO] [stdout]   --> crates/mf-agent/tests/contract/../common/baseline.rs:31:11
[INFO] [stdout]    |
[INFO] [stdout] 31 | pub const PROJECT_FIXTURE: &str = "project-v6.db";
[INFO] [stdout]    |           ^^^^^^^^^^^^^^^
[INFO] [stdout] 
[INFO] [stdout] 
[INFO] [stdout] warning: unused variable: `waiter`
[INFO] [stdout]     --> crates/mf-terminal/src/session_runtime.rs:1413:9
[INFO] [stdout]      |
[INFO] [stdout] 1413 |     let waiter = std::thread::Builder::new()
[INFO] [stdout]      |         ^^^^^^ help: if this is intentional, prefix it with an underscore: `_waiter`
[INFO] [stdout]      |
[INFO] [stdout]      = note: `#[warn(unused_variables)]` (part of `#[warn(unused)]`) on by default
[INFO] [stdout] 
[INFO] [stdout] 
[INFO] [stdout] warning: constant `CATALOG_FIXTURE` is never used
[INFO] [stdout]   --> crates/mf-agent/tests/contract/../common/baseline.rs:32:11
[INFO] [stdout]    |
[INFO] [stdout] 32 | pub const CATALOG_FIXTURE: &str = "catalog-v1.db";
[INFO] [stdout]    |           ^^^^^^^^^^^^^^^
[INFO] [stdout] 
[INFO] [stdout] 
[INFO] [stdout] warning: constant `SESSION_FIXTURE` is never used
[INFO] [stdout]   --> crates/mf-agent/tests/contract/../common/baseline.rs:33:11
[INFO] [stdout]    |
[INFO] [stdout] 33 | pub const SESSION_FIXTURE: &str = "session.json";
[INFO] [stdout]    |           ^^^^^^^^^^^^^^^
[INFO] [stdout] 
[INFO] [stdout] 
[INFO] [stdout] warning: function `canonical_compact_json` is never used
[INFO] [stdout]   --> crates/mf-agent/tests/contract/../common/baseline.rs:59:4
[INFO] [stdout]    |
[INFO] [stdout] 59 | fn canonical_compact_json(value: &serde_json::Value) -> Result<String> {
[INFO] [stdout]    |    ^^^^^^^^^^^^^^^^^^^^^^
[INFO] [stdout] 
[INFO] [stdout] 
[INFO] [stdout] warning: constant `T_CREATED` is never used
[INFO] [stdout]   --> crates/mf-agent/tests/contract/../common/baseline.rs:64:7
[INFO] [stdout]    |
[INFO] [stdout] 64 | const T_CREATED: &str = "2026-01-01T00:00:00+00:00";
[INFO] [stdout]    |       ^^^^^^^^^
[INFO] [stdout] 
[INFO] [stdout] 
[INFO] [stdout] warning: constant `T_UPDATED` is never used
[INFO] [stdout]   --> crates/mf-agent/tests/contract/../common/baseline.rs:65:7
[INFO] [stdout]    |
[INFO] [stdout] 65 | const T_UPDATED: &str = "2026-01-02T00:00:00+00:00";
[INFO] [stdout]    |       ^^^^^^^^^
[INFO] [stdout] 
[INFO] [stdout] 
[INFO] [stdout] warning: constant `T_STARTED` is never used
[INFO] [stdout]   --> crates/mf-agent/tests/contract/../common/baseline.rs:66:7
[INFO] [stdout]    |
[INFO] [stdout] 66 | const T_STARTED: &str = "2026-01-01T01:00:00+00:00";
[INFO] [stdout]    |       ^^^^^^^^^
[INFO] [stdout] 
[INFO] [stdout] 
[INFO] [stdout] warning: constant `T_ENDED` is never used
[INFO] [stdout]   --> crates/mf-agent/tests/contract/../common/baseline.rs:67:7
[INFO] [stdout]    |
[INFO] [stdout] 67 | const T_ENDED: &str = "2026-01-01T02:00:00+00:00";
[INFO] [stdout]    |       ^^^^^^^
[INFO] [stdout] 
[INFO] [stdout] 
[INFO] [stdout] warning: constant `SESSION_PROJECT_ALPHA` is never used
[INFO] [stdout]   --> crates/mf-agent/tests/contract/../common/baseline.rs:69:11
[INFO] [stdout]    |
[INFO] [stdout] 69 | pub const SESSION_PROJECT_ALPHA: &str = "/mf-fixture/baseline-alpha";
[INFO] [stdout]    |           ^^^^^^^^^^^^^^^^^^^^^
[INFO] [stdout] 
[INFO] [stdout] 
[INFO] [stdout] warning: constant `SESSION_MISSING_PROJECT` is never used
[INFO] [stdout]   --> crates/mf-agent/tests/contract/../common/baseline.rs:70:11
[INFO] [stdout]    |
[INFO] [stdout] 70 | pub const SESSION_MISSING_PROJECT: &str = "/mf-fixture/__missing_project__";
[INFO] [stdout]    |           ^^^^^^^^^^^^^^^^^^^^^^^
[INFO] [stdout] 
[INFO] [stdout] 
[INFO] [stdout] warning: constant `AGENT_PLUGIN_ID` is never used
[INFO] [stdout]   --> crates/mf-agent/tests/contract/../common/baseline.rs:72:7
[INFO] [stdout]    |
[INFO] [stdout] 72 | const AGENT_PLUGIN_ID: &str = "monkeyfence.builtin/generic-command";
[INFO] [stdout]    |       ^^^^^^^^^^^^^^^
[INFO] [stdout] 
[INFO] [stdout] 
[INFO] [stdout] warning: constant `DIRECTORY_PLUGIN_ID` is never used
[INFO] [stdout]   --> crates/mf-agent/tests/contract/../common/baseline.rs:73:7
[INFO] [stdout]    |
[INFO] [stdout] 73 | const DIRECTORY_PLUGIN_ID: &str = "monkeyfence.builtin/project-dir";
[INFO] [stdout]    |       ^^^^^^^^^^^^^^^^^^^
[INFO] [stdout] 
[INFO] [stdout] 
[INFO] [stdout] warning: function `plugin_pin` is never used
[INFO] [stdout]   --> crates/mf-agent/tests/contract/../common/baseline.rs:75:4
[INFO] [stdout]    |
[INFO] [stdout] 75 | fn plugin_pin(full_id: &str, contribution_id: &str) -> PluginSourcePin {
[INFO] [stdout]    |    ^^^^^^^^^^
[INFO] [stdout] 
[INFO] [stdout] 
[INFO] [stdout] warning: function `agent_plugin_pin` is never used
[INFO] [stdout]   --> crates/mf-agent/tests/contract/../common/baseline.rs:84:4
[INFO] [stdout]    |
[INFO] [stdout] 84 | fn agent_plugin_pin() -> PluginSourcePin {
[INFO] [stdout]    |    ^^^^^^^^^^^^^^^^
[INFO] [stdout] 
[INFO] [stdout] 
[INFO] [stdout] warning: function `directory_plugin_pin` is never used
[INFO] [stdout]   --> crates/mf-agent/tests/contract/../common/baseline.rs:88:4
[INFO] [stdout]    |
[INFO] [stdout] 88 | fn directory_plugin_pin() -> PluginSourcePin {
[INFO] [stdout]    |    ^^^^^^^^^^^^^^^^^^^^
[INFO] [stdout] 
[INFO] [stdout] 
[INFO] [stdout] warning: function `fixture_pin_run_key` is never used
[INFO] [stdout]   --> crates/mf-agent/tests/contract/../common/baseline.rs:92:8
[INFO] [stdout]    |
[INFO] [stdout] 92 | pub fn fixture_pin_run_key(task_id: i64, revision_id: i64) -> String {
[INFO] [stdout]    |        ^^^^^^^^^^^^^^^^^^^
[INFO] [stdout] 
[INFO] [stdout] 
[INFO] [stdout] warning: function `sha256_hex` is never used
[INFO] [stdout]    --> crates/mf-agent/tests/contract/../common/baseline.rs:108:8
[INFO] [stdout]     |
[INFO] [stdout] 108 | pub fn sha256_hex(bytes: &[u8]) -> String {
[INFO] [stdout]     |        ^^^^^^^^^^
[INFO] [stdout] 
[INFO] [stdout] 
[INFO] [stdout] warning: function `generate_project_db` is never used
[INFO] [stdout]    --> crates/mf-agent/tests/contract/../common/baseline.rs:123:8
[INFO] [stdout]     |
[INFO] [stdout] 123 | pub fn generate_project_db(path: &Path) -> Result<()> {
[INFO] [stdout]     |        ^^^^^^^^^^^^^^^^^^^
[INFO] [stdout] 
[INFO] [stdout] 
[INFO] [stdout] warning: function `build_project_data` is never used
[INFO] [stdout]    --> crates/mf-agent/tests/contract/../common/baseline.rs:136:4
[INFO] [stdout]     |
[INFO] [stdout] 136 | fn build_project_data(conn: &mut Connection) -> Result<()> {
[INFO] [stdout]     |    ^^^^^^^^^^^^^^^^^^
[INFO] [stdout] 
[INFO] [stdout] 
[INFO] [stdout] warning: function `fixture_template_nodes` is never used
[INFO] [stdout]    --> crates/mf-agent/tests/contract/../common/baseline.rs:319:4
[INFO] [stdout]     |
[INFO] [stdout] 319 | fn fixture_template_nodes() -> Vec<WorkflowNodeDraft> {
[INFO] [stdout]     |    ^^^^^^^^^^^^^^^^^^^^^^
[INFO] [stdout] 
[INFO] [stdout] 
[INFO] [stdout] warning: function `version_payload` is never used
[INFO] [stdout]    --> crates/mf-agent/tests/contract/../common/baseline.rs:330:4
[INFO] [stdout]     |
[INFO] [stdout] 330 | fn version_payload(name: &str, argv: &str) -> serde_json::Value {
[INFO] [stdout]     |    ^^^^^^^^^^^^^^^
[INFO] [stdout] 
[INFO] [stdout] 
[INFO] [stdout] warning: function `generate_catalog_db` is never used
[INFO] [stdout]    --> crates/mf-agent/tests/contract/../common/baseline.rs:344:8
[INFO] [stdout]     |
[INFO] [stdout] 344 | pub fn generate_catalog_db(path: &Path) -> Result<()> {
[INFO] [stdout]     |        ^^^^^^^^^^^^^^^^^^^
[INFO] [stdout] 
[INFO] [stdout] 
[INFO] [stdout] warning: function `build_catalog_data` is never used
[INFO] [stdout]    --> crates/mf-agent/tests/contract/../common/baseline.rs:356:4
[INFO] [stdout]     |
[INFO] [stdout] 356 | fn build_catalog_data(conn: &mut Connection) -> Result<()> {
[INFO] [stdout]     |    ^^^^^^^^^^^^^^^^^^
[INFO] [stdout] 
[INFO] [stdout] 
[INFO] [stdout] warning: function `generate_session_json` is never used
[INFO] [stdout]    --> crates/mf-agent/tests/contract/../common/baseline.rs:426:8
[INFO] [stdout]     |
[INFO] [stdout] 426 | pub fn generate_session_json() -> String {
[INFO] [stdout]     |        ^^^^^^^^^^^^^^^^^^^^^
[INFO] [stdout] 
[INFO] [stdout] 
[INFO] [stdout] warning: function `dump_catalog` is never used
[INFO] [stdout]    --> crates/mf-agent/tests/contract/../common/baseline.rs:658:8
[INFO] [stdout]     |
[INFO] [stdout] 658 | pub fn dump_catalog(catalog: &CatalogStore) -> Result<serde_json::Value> {
[INFO] [stdout]     |        ^^^^^^^^^^^^
[INFO] [stdout] 
[INFO] [stdout] 
[INFO] [stdout] warning: function `dump_session` is never used
[INFO] [stdout]    --> crates/mf-agent/tests/contract/../common/baseline.rs:740:8
[INFO] [stdout]     |
[INFO] [stdout] 740 | pub fn dump_session(raw: &str) -> Result<serde_json::Value> {
[INFO] [stdout]     |        ^^^^^^^^^^^^
[INFO] [stdout] 
[INFO] [stdout] 
[INFO] [stdout] warning: function `write_baseline` is never used
[INFO] [stdout]    --> crates/mf-agent/tests/contract/../common/baseline.rs:758:8
[INFO] [stdout]     |
[INFO] [stdout] 758 | pub fn write_baseline(dir: &Path) -> Result<()> {
[INFO] [stdout]     |        ^^^^^^^^^^^^^^
[INFO] [stdout] 
[INFO] [stdout] 
[INFO] [stdout] warning: function `write_baseline_with_workflow_goldens` is never used
[INFO] [stdout]    --> crates/mf-agent/tests/contract/../common/baseline.rs:775:8
[INFO] [stdout]     |
[INFO] [stdout] 775 | pub fn write_baseline_with_workflow_goldens(
[INFO] [stdout]     |        ^^^^^^^^^^^^^^^^^^^^^^^^^^^^^^^^^^^^
[INFO] [stdout] 
[INFO] [stdout] 
[INFO] [stdout] warning: function `write_manifest` is never used
[INFO] [stdout]    --> crates/mf-agent/tests/contract/../common/baseline.rs:799:4
[INFO] [stdout]     |
[INFO] [stdout] 799 | fn write_manifest(dir: &Path) -> Result<()> {
[INFO] [stdout]     |    ^^^^^^^^^^^^^^
[INFO] [stdout] 
[INFO] [stdout] 
[INFO] [stdout] warning: function `write_baseline_contents` is never used
[INFO] [stdout]    --> crates/mf-agent/tests/contract/../common/baseline.rs:820:4
[INFO] [stdout]     |
[INFO] [stdout] 820 | fn write_baseline_contents(dir: &Path) -> Result<()> {
[INFO] [stdout]     |    ^^^^^^^^^^^^^^^^^^^^^^^
[INFO] [stdout] 
[INFO] [stdout] 
[INFO] [stdout] warning: function `fixture_file_paths` is never used
[INFO] [stdout]    --> crates/mf-agent/tests/contract/../common/baseline.rs:864:8
[INFO] [stdout]     |
[INFO] [stdout] 864 | pub fn fixture_file_paths(dir: &Path) -> Result<Vec<PathBuf>> {
[INFO] [stdout]     |        ^^^^^^^^^^^^^^^^^^
[INFO] [stdout] 
[INFO] [stdout] 
[INFO] [stdout] warning: function `install_baseline_directory` is never used
[INFO] [stdout]    --> crates/mf-agent/tests/contract/../common/baseline.rs:886:4
[INFO] [stdout]     |
[INFO] [stdout] 886 | fn install_baseline_directory(staging: tempfile::TempDir, target: &Path) -> Result<()> {
[INFO] [stdout]     |    ^^^^^^^^^^^^^^^^^^^^^^^^^^
[INFO] [stdout] 
[INFO] [stdout] 
[INFO] [stdout] warning: function `read_manifest` is never used
[INFO] [stdout]    --> crates/mf-agent/tests/contract/../common/baseline.rs:919:8
[INFO] [stdout]     |
[INFO] [stdout] 919 | pub fn read_manifest(dir: &Path) -> Result<serde_json::Value> {
[INFO] [stdout]     |        ^^^^^^^^^^^^^
[INFO] [stdout] 
[INFO] [stdout] 
[INFO] [stdout] warning: unused import: `OwnerMutexSource`
[INFO] [stdout]  --> crates/mf-kernel/src/../tests/contract/owner_handoff.rs:8:40
[INFO] [stdout]   |
[INFO] [stdout] 8 | use crate::singleton::{FakeOwnerMutex, OwnerMutexSource};
[INFO] [stdout]   |                                        ^^^^^^^^^^^^^^^^
[INFO] [stdout] 
[INFO] [stdout] 
[INFO] [stdout] warning: variable does not need to be mutable
[INFO] [stdout]     --> crates/mf-terminal/src/session_runtime.rs:2773:13
[INFO] [stdout]      |
[INFO] [stdout] 2773 |         let mut pair = pty::openpty(pty::PtySize {
[INFO] [stdout]      |             ----^^^^
[INFO] [stdout]      |             |
[INFO] [stdout]      |             help: remove this `mut`
[INFO] [stdout] 
[INFO] [stdout] 
[INFO] [stdout] Some errors have detailed explanations: E0133, E0425, E0599.
[INFO] [stdout] 
[INFO] [stdout] For more information about an error, try `rustc --explain E0133`.
[INFO] [stdout] 
[INFO] [stderr] error: could not compile `mf-terminal` (lib test) due to 5 previous errors; 8 warnings emitted
[INFO] [stdout] warning: unused import: `Write`
[INFO] [stdout]  --> crates/mf-kernel/src/legacy_transport.rs:9:35
[INFO] [stdout]   |
[INFO] [stdout] 9 | use std::io::{BufRead, BufReader, Write};
[INFO] [stdout]   |                                   ^^^^^
[INFO] [stdout] 
[INFO] [stdout] 
[INFO] [stdout] warning: unused import: `Write`
[INFO] [stdout]  --> crates/mf-kernel/src/legacy_transport_client.rs:9:35
[INFO] [stdout]   |
[INFO] [stdout] 9 | use std::io::{BufRead, BufReader, Write};
[INFO] [stdout]   |                                   ^^^^^
[INFO] [stdout] 
[INFO] [stdout] 
[INFO] [stdout] warning: unused variable: `error`
[INFO] [stdout]     --> crates/mf-kernel/src/kernel.rs:2905:23
[INFO] [stdout]      |
[INFO] [stdout] 2905 |             .map_err(|error| KernelProblem::ResourceNotFound)?;
[INFO] [stdout]      |                       ^^^^^ help: if this is intentional, prefix it with an underscore: `_error`
[INFO] [stdout]      |
[INFO] [stdout]      = note: `#[warn(unused_variables)]` (part of `#[warn(unused)]`) on by default
[INFO] [stdout] 
[INFO] [stdout] 
[INFO] [stdout] warning: unused variable: `revision`
[INFO] [stdout]     --> crates/mf-kernel/src/kernel.rs:4631:17
[INFO] [stdout]      |
[INFO] [stdout] 4631 |             let revision = u64::try_from(view.revision)
[INFO] [stdout]      |                 ^^^^^^^^ help: if this is intentional, prefix it with an underscore: `_revision`
[INFO] [stdout] 
[INFO] [stdout] 
[INFO] [stdout] warning: variable does not need to be mutable
[INFO] [stdout]    --> crates/mf-agent/src/execution_directory.rs:241:9
[INFO] [stdout]     |
[INFO] [stdout] 241 |     let mut check = |path: &Path| -> Result<()> {
[INFO] [stdout]     |         ----^^^^^
[INFO] [stdout]     |         |
[INFO] [stdout]     |         help: remove this `mut`
[INFO] [stdout]     |
[INFO] [stdout]     = note: `#[warn(unused_mut)]` (part of `#[warn(unused)]`) on by default
[INFO] [stdout] 
[INFO] [stdout] 
[INFO] [stdout] warning: unused variable: `service_path`
[INFO] [stdout]   --> crates/mf-kernel/src/singleton.rs:70:28
[INFO] [stdout]    |
[INFO] [stdout] 70 | pub fn core_mutex_name_for(service_path: &std::path::Path) -> String {
[INFO] [stdout]    |                            ^^^^^^^^^^^^ help: if this is intentional, prefix it with an underscore: `_service_path`
[INFO] [stdout] 
[INFO] [stdout] 
[INFO] [stdout] warning: field `kernel` is never read
[INFO] [stdout]   --> crates/mf-kernel/src/app_runtime.rs:34:5
[INFO] [stdout]    |
[INFO] [stdout] 31 | pub struct AppRuntime {
[INFO] [stdout]    |            ---------- field in this struct
[INFO] [stdout] ...
[INFO] [stdout] 34 |     kernel: Arc<InProcessCoreKernelHandle>,
[INFO] [stdout]    |     ^^^^^^
[INFO] [stdout]    |
[INFO] [stdout]    = note: `#[warn(dead_code)]` (part of `#[warn(unused)]`) on by default
[INFO] [stdout] 
[INFO] [stdout] 
[INFO] [stdout] warning: associated function `new` is never used
[INFO] [stdout]     --> crates/mf-kernel/src/kernel.rs:1147:19
[INFO] [stdout]      |
[INFO] [stdout] 1146 | impl InProcessCoreKernel {
[INFO] [stdout]      | ------------------------ associated function in this implementation
[INFO] [stdout] 1147 |     pub(crate) fn new(service: Arc<ServiceStore>, idempotency_key: ServiceIdempotencyKey) -> Self {
[INFO] [stdout]      |                   ^^^
[INFO] [stdout] 
[INFO] [stdout] 
[INFO] [stdout] warning: method `as_str` is never used
[INFO] [stdout]   --> crates/mf-kernel/src/project_registry.rs:64:14
[INFO] [stdout]    |
[INFO] [stdout] 63 | impl FolderKind {
[INFO] [stdout]    | --------------- method in this implementation
[INFO] [stdout] 64 |     const fn as_str(self) -> &'static str {
[INFO] [stdout]    |              ^^^^^^
[INFO] [stdout] 
[INFO] [stdout] 
[INFO] [stdout] warning: unused import: `Write`
[INFO] [stdout]  --> crates/mf-kernel/src/legacy_transport.rs:9:35
[INFO] [stdout]   |
[INFO] [stdout] 9 | use std::io::{BufRead, BufReader, Write};
[INFO] [stdout]   |                                   ^^^^^
[INFO] [stdout] 
[INFO] [stdout] 
[INFO] [stdout] warning: unused import: `Write`
[INFO] [stdout]  --> crates/mf-kernel/src/legacy_transport_client.rs:9:35
[INFO] [stdout]   |
[INFO] [stdout] 9 | use std::io::{BufRead, BufReader, Write};
[INFO] [stdout]   |                                   ^^^^^
[INFO] [stdout] 
[INFO] [stdout] 
[INFO] [stdout] warning: unused variable: `error`
[INFO] [stdout]     --> crates/mf-kernel/src/kernel.rs:2905:23
[INFO] [stdout]      |
[INFO] [stdout] 2905 |             .map_err(|error| KernelProblem::ResourceNotFound)?;
[INFO] [stdout]      |                       ^^^^^ help: if this is intentional, prefix it with an underscore: `_error`
[INFO] [stdout]      |
[INFO] [stdout]      = note: `#[warn(unused_variables)]` (part of `#[warn(unused)]`) on by default
[INFO] [stdout] 
[INFO] [stdout] 
[INFO] [stdout] warning: unused variable: `revision`
[INFO] [stdout]     --> crates/mf-kernel/src/kernel.rs:4631:17
[INFO] [stdout]      |
[INFO] [stdout] 4631 |             let revision = u64::try_from(view.revision)
[INFO] [stdout]      |                 ^^^^^^^^ help: if this is intentional, prefix it with an underscore: `_revision`
[INFO] [stdout] 
[INFO] [stdout] 
[INFO] [stdout] warning: value assigned to `drafts` is never read
[INFO] [stdout]     --> crates/mf-agent/src/store.rs:2128:55
[INFO] [stdout]      |
[INFO] [stdout] 2128 |             let mut drafts: Vec<(i64, String, i64)> = Vec::new();
[INFO] [stdout]      |                                                       ^^^^^^^^^^ this value is reassigned later and never used
[INFO] [stdout] ...
[INFO] [stdout] 2139 |                 drafts = rows;
[INFO] [stdout]      |                 ------ `drafts` is overwritten here before the previous value is read
[INFO] [stdout]      |
[INFO] [stdout]      = note: `#[warn(unused_assignments)]` (part of `#[warn(unused)]`) on by default
[INFO] [stdout] 
[INFO] [stdout] 
[INFO] [stdout] warning: variable does not need to be mutable
[INFO] [stdout]     --> crates/mf-agent/src/store.rs:3811:13
[INFO] [stdout]      |
[INFO] [stdout] 3811 |         let mut new_id_of_key: HashMap<String, i64> = c
[INFO] [stdout]      |             ----^^^^^^^^^^^^^
[INFO] [stdout]      |             |
[INFO] [stdout]      |             help: remove this `mut`
[INFO] [stdout] 
[INFO] [stdout] 
[INFO] [stdout] warning: unused variable: `service_path`
[INFO] [stdout]   --> crates/mf-kernel/src/singleton.rs:70:28
[INFO] [stdout]    |
[INFO] [stdout] 70 | pub fn core_mutex_name_for(service_path: &std::path::Path) -> String {
[INFO] [stdout]    |                            ^^^^^^^^^^^^ help: if this is intentional, prefix it with an underscore: `_service_path`
[INFO] [stdout] 
[INFO] [stdout] 
[INFO] [stdout] warning: unused variable: `handle_before`
[INFO] [stdout]    --> crates/mf-kernel/src/../tests/contract/project_workflow_commands.rs:412:9
[INFO] [stdout]     |
[INFO] [stdout] 412 |     let handle_before = f
[INFO] [stdout]     |         ^^^^^^^^^^^^^ help: if this is intentional, prefix it with an underscore: `_handle_before`
[INFO] [stdout] 
[INFO] [stdout] 
[INFO] [stdout] warning: field `kernel` is never read
[INFO] [stdout]   --> crates/mf-kernel/src/app_runtime.rs:34:5
[INFO] [stdout]    |
[INFO] [stdout] 31 | pub struct AppRuntime {
[INFO] [stdout]    |            ---------- field in this struct
[INFO] [stdout] ...
[INFO] [stdout] 34 |     kernel: Arc<InProcessCoreKernelHandle>,
[INFO] [stdout]    |     ^^^^^^
[INFO] [stdout]    |
[INFO] [stdout]    = note: `#[warn(dead_code)]` (part of `#[warn(unused)]`) on by default
[INFO] [stdout] 
[INFO] [stdout] 
[INFO] [stdout] warning: method `as_str` is never used
[INFO] [stdout]   --> crates/mf-kernel/src/project_registry.rs:64:14
[INFO] [stdout]    |
[INFO] [stdout] 63 | impl FolderKind {
[INFO] [stdout]    | --------------- method in this implementation
[INFO] [stdout] 64 |     const fn as_str(self) -> &'static str {
[INFO] [stdout]    |              ^^^^^^
[INFO] [stdout] 
[INFO] [stdout] 
[INFO] [stdout] warning: unused `std::result::Result` that must be used
[INFO] [stdout]   --> crates/mf-kernel/src/../tests/contract/owner_handoff.rs:55:17
[INFO] [stdout]    |
[INFO] [stdout] 55 | /                 self.core
[INFO] [stdout] 56 | |                     .update_discovery(
[INFO] [stdout] 57 | |                         Some(&DiscoveryRecord {
[INFO] [stdout] 58 | |                             owner_epoch: 0,
[INFO] [stdout] ...  |
[INFO] [stdout] 66 | |                     .map_err(|e| e.to_string());
[INFO] [stdout]    | |_______________________________________________^
[INFO] [stdout]    |
[INFO] [stdout]    = note: this `Result` may be an `Err` variant, which should be handled
[INFO] [stdout]    = note: `#[warn(unused_must_use)]` (part of `#[warn(unused)]`) on by default
[INFO] [stdout] help: use `let _ = ...` to ignore the resulting value
[INFO] [stdout]    |
[INFO] [stdout] 55 |                 let _ = self.core
[INFO] [stdout]    |                 +++++++
[INFO] [stdout] 
[INFO] [stdout] 
[INFO] [stderr] warning: unused dependency `anyhow`
[INFO] [stderr]  --> crates/mf-elevated/Cargo.toml:8:1
[INFO] [stderr]   |
[INFO] [stderr] 8 | anyhow.workspace = true
[INFO] [stderr]   | ^^^^^^
[INFO] [stderr]   |
[INFO] [stderr]   = note: `cargo::unused_dependencies` is set to `warn` by default
[INFO] [stderr] help: consider removing the dependency on `anyhow`
[INFO] [stderr] warning: unused dependency `serde_json`
[INFO] [stderr]   --> crates/mf-elevated/Cargo.toml:11:1
[INFO] [stderr]    |
[INFO] [stderr] 11 | serde_json.workspace = true
[INFO] [stderr]    | ^^^^^^^^^^
[INFO] [stderr]    |
[INFO] [stderr] help: consider removing the dependency on `serde_json`
[INFO] [stderr] warning: `mf-elevated` (manifest) generated 2 warnings
[INFO] [stderr] warning: unused dependency `chrono`
[INFO] [stderr]   --> crates/mf-vcs/Cargo.toml:11:1
[INFO] [stderr]    |
[INFO] [stderr] 11 | chrono.workspace = true
[INFO] [stderr]    | ^^^^^^
[INFO] [stderr]    |
[INFO] [stderr]    = note: `cargo::unused_dependencies` is set to `warn` by default
[INFO] [stderr] help: consider removing the dependency on `chrono`
[INFO] [stderr] warning: unused dependency `parking_lot`
[INFO] [stderr]   --> crates/mf-vcs/Cargo.toml:12:1
[INFO] [stderr]    |
[INFO] [stderr] 12 | parking_lot.workspace = true
[INFO] [stderr]    | ^^^^^^^^^^^
[INFO] [stderr]    |
[INFO] [stderr] help: consider removing the dependency on `parking_lot`
[INFO] [stderr] warning: unused dependency `serde`
[INFO] [stderr]   --> crates/mf-vcs/Cargo.toml:10:1
[INFO] [stderr]    |
[INFO] [stderr] 10 | serde.workspace = true
[INFO] [stderr]    | ^^^^^
[INFO] [stderr]    |
[INFO] [stderr] help: consider removing the dependency on `serde`
[INFO] [stderr] warning: `mf-vcs` (manifest) generated 3 warnings
[INFO] running `Command { std: "docker" "inspect" "cdd1771f75aea6a13426667a4305e5cd89069611a0ccd114536624633a00772c", kill_on_drop: false }`
[INFO] running `Command { std: "docker" "rm" "-f" "cdd1771f75aea6a13426667a4305e5cd89069611a0ccd114536624633a00772c", kill_on_drop: false }`
[INFO] [stdout] cdd1771f75aea6a13426667a4305e5cd89069611a0ccd114536624633a00772c
