[INFO] cloning repository https://github.com/wwog/dsh-webview
[INFO] running `Command { std: "git" "-c" "credential.helper=" "-c" "credential.helper=/workspace/cargo-home/bin/git-credential-null" "clone" "--bare" "https://github.com/wwog/dsh-webview" "/workspace/cache/git-repos/https%3A%2F%2Fgithub.com%2Fwwog%2Fdsh-webview", kill_on_drop: false }`
[INFO] [stderr] Cloning into bare repository '/workspace/cache/git-repos/https%3A%2F%2Fgithub.com%2Fwwog%2Fdsh-webview'...
[INFO] running `Command { std: "git" "rev-parse" "HEAD", kill_on_drop: false }`
[INFO] [stdout] b4a852291a46691e268dcef79d0ef10c36b55ddd
[INFO] checking wwog/dsh-webview against 3154cc1a3e6424e44f438a95007d043ed5ceaaf6 for pr-133502-30
[INFO] running `Command { std: "git" "clone" "/workspace/cache/git-repos/https%3A%2F%2Fgithub.com%2Fwwog%2Fdsh-webview" "/workspace/builds/worker-5-tc2/source", kill_on_drop: false }`
[INFO] [stderr] Cloning into '/workspace/builds/worker-5-tc2/source'...
[INFO] [stderr] done.
[INFO] started tweaking git repo https://github.com/wwog/dsh-webview
[INFO] finished tweaking git repo https://github.com/wwog/dsh-webview
[INFO] tweaked toml for git repo https://github.com/wwog/dsh-webview written to /workspace/builds/worker-5-tc2/source/Cargo.toml
[INFO] validating manifest of git repo https://github.com/wwog/dsh-webview on toolchain 3154cc1a3e6424e44f438a95007d043ed5ceaaf6
[INFO] running `Command { std: CARGO_HOME="/workspace/cargo-home" RUSTUP_HOME="/workspace/rustup-home" "/workspace/cargo-home/bin/cargo" "+3154cc1a3e6424e44f438a95007d043ed5ceaaf6" "metadata" "--manifest-path" "Cargo.toml" "--no-deps", kill_on_drop: false }`
[INFO] crate git repo https://github.com/wwog/dsh-webview already has a lockfile, it will not be regenerated
[INFO] running `Command { std: CARGO_HOME="/workspace/cargo-home" RUSTUP_HOME="/workspace/rustup-home" "/workspace/cargo-home/bin/cargo" "+3154cc1a3e6424e44f438a95007d043ed5ceaaf6" "fetch" "--manifest-path" "Cargo.toml", kill_on_drop: false }`
[INFO] running `Command { std: "docker" "create" "-v" "/var/lib/crater-agent-workspace/builds/worker-5-tc2/source:/opt/rustwide/workdir:ro,Z" "-v" "/var/lib/crater-agent-workspace/builds/worker-5-tc2/target:/opt/rustwide/target:rw,Z" "-v" "/var/lib/crater-agent-workspace/cargo-home:/opt/rustwide/cargo-home:ro,Z" "-v" "/var/lib/crater-agent-workspace/rustup-home:/opt/rustwide/rustup-home:ro,Z" "-m" "1610612736" "--network" "none" "ghcr.io/rust-lang/crates-build-env/linux@sha256:77db811e55d90add9212f6832c23229e3de5f1c1f9905e8cb07319ea15df73ac" "sleep" "infinity", kill_on_drop: false }`
[INFO] [stdout] 2e9450d0ca2b6d95942473aca18e1ea96c8e069637ee895795954dcda45d662a
[INFO] running `Command { std: "docker" "start" "2e9450d0ca2b6d95942473aca18e1ea96c8e069637ee895795954dcda45d662a", kill_on_drop: false }`
[INFO] running `Command { std: "docker" "inspect" "2e9450d0ca2b6d95942473aca18e1ea96c8e069637ee895795954dcda45d662a", kill_on_drop: false }`
[INFO] running `Command { std: "docker" "exec" "-e" "SOURCE_DIR=/opt/rustwide/workdir" "-e" "CARGO_HOME=/opt/rustwide/cargo-home" "-e" "RUSTUP_HOME=/opt/rustwide/rustup-home" "-e" "CARGO_TARGET_DIR=/opt/rustwide/target" "-w" "/opt/rustwide/workdir" "--user" "0:0" "2e9450d0ca2b6d95942473aca18e1ea96c8e069637ee895795954dcda45d662a" "/opt/rustwide/cargo-home/bin/cargo" "+3154cc1a3e6424e44f438a95007d043ed5ceaaf6" "metadata" "--no-deps" "--format-version=1", kill_on_drop: false }`
[INFO] running `Command { std: "docker" "inspect" "2e9450d0ca2b6d95942473aca18e1ea96c8e069637ee895795954dcda45d662a", kill_on_drop: false }`
[INFO] running `Command { std: "docker" "exec" "-e" "SOURCE_DIR=/opt/rustwide/workdir" "-e" "CARGO_HOME=/opt/rustwide/cargo-home" "-e" "RUSTUP_HOME=/opt/rustwide/rustup-home" "-e" "CARGO_TARGET_DIR=/opt/rustwide/target" "-e" "CARGO_INCREMENTAL=0" "-e" "RUST_BACKTRACE=full" "-e" "RUSTFLAGS=--cap-lints=forbid" "-e" "RUSTDOCFLAGS=--cap-lints=forbid" "-w" "/opt/rustwide/workdir" "--user" "0:0" "2e9450d0ca2b6d95942473aca18e1ea96c8e069637ee895795954dcda45d662a" "/opt/rustwide/cargo-home/bin/cargo" "+3154cc1a3e6424e44f438a95007d043ed5ceaaf6" "check" "--frozen" "--all" "--all-targets" "--message-format=json", kill_on_drop: false }`
[INFO] [stderr]    Compiling gio v0.18.4
[INFO] [stderr]    Compiling toml_datetime v0.6.3
[INFO] [stderr]    Compiling serde_spanned v0.6.9
[INFO] [stderr]    Compiling x11 v2.21.0
[INFO] [stderr]    Compiling futures-macro v0.3.34
[INFO] [stderr]    Compiling thiserror-impl v1.0.69
[INFO] [stderr]    Compiling zerovec-derive v0.11.4
[INFO] [stderr]    Compiling displaydoc v0.2.7
[INFO] [stderr]    Compiling zstd-sys v2.0.16+zstd.1.5.7
[INFO] [stderr]     Checking rustls-pki-types v1.15.1
[INFO] [stderr]    Compiling gtk v0.18.2
[INFO] [stderr]     Checking digest v0.10.7
[INFO] [stderr]    Compiling lzma-sys v0.1.20
[INFO] [stderr]    Compiling bzip2-sys v0.1.13+1.0.8
[INFO] [stderr]    Compiling libdbus-sys v0.2.7
[INFO] [stderr]     Checking time v0.3.55
[INFO] [stderr]    Compiling x11-dl v2.21.0
[INFO] [stderr]    Compiling toml_edit v0.20.2
[INFO] [stderr]    Compiling toml_edit v0.19.15
[INFO] [stderr]     Checking inout v0.1.4
[INFO] [stderr]    Compiling cookie v0.18.2
[INFO] [stderr]    Compiling getrandom v0.3.4
[INFO] [stderr]    Compiling rustls v0.23.43
[INFO] [stderr]    Compiling serde_core v1.0.229
[INFO] [stderr]     Checking crc v3.4.0
[INFO] [stderr]     Checking cipher v0.4.4
[INFO] [stderr]     Checking hmac v0.12.1
[INFO] [stderr]     Checking thiserror v2.0.20
[INFO] [stderr]    Compiling dlopen2_derive v0.4.3
[INFO] [stderr]     Checking rustls-webpki v0.103.14
[INFO] [stderr]     Checking webpki-roots v1.0.9
[INFO] [stderr]    Compiling zip v2.4.2
[INFO] [stderr]    Compiling wry v0.56.1
[INFO] [stderr]     Checking webpki-roots v0.26.11
[INFO] [stderr]     Checking lzma-rs v0.3.0
[INFO] [stderr]     Checking zopfli v0.8.3
[INFO] [stderr]     Checking aes v0.8.4
[INFO] [stderr]     Checking zerotrie v0.2.5
[INFO] [stderr]     Checking pbkdf2 v0.12.2
[INFO] [stderr]     Checking futures-util v0.3.34
[INFO] [stderr]     Checking dbus v0.9.12
[INFO] [stderr]     Checking xz2 v0.1.7
[INFO] [stderr]     Checking bzip2 v0.5.2
[INFO] [stderr]     Checking dlopen2 v0.8.2
[INFO] [stderr]     Checking sha1 v0.10.7
[INFO] [stderr]     Checking deflate64 v0.1.12
[INFO] [stderr]     Checking png v0.18.1
[INFO] [stderr]     Checking zerovec v0.11.7
[INFO] [stderr]     Checking thiserror v1.0.69
[INFO] [stderr]     Checking tinystr v0.8.4
[INFO] [stderr]     Checking potential_utf v0.1.6
[INFO] [stderr]     Checking icu_locale_core v2.3.0
[INFO] [stderr]     Checking icu_collections v2.3.0
[INFO] [stderr]    Compiling toml v0.8.2
[INFO] [stderr]    Compiling proc-macro-crate v2.0.2
[INFO] [stderr]    Compiling proc-macro-crate v1.3.1
[INFO] [stderr]     Checking futures-executor v0.3.34
[INFO] [stderr]     Checking icu_provider v2.3.0
[INFO] [stderr]    Compiling system-deps v6.2.2
[INFO] [stderr]     Checking icu_properties v2.3.0
[INFO] [stderr]     Checking icu_normalizer v2.3.0
[INFO] [stderr]    Compiling glib-macros v0.18.5
[INFO] [stderr]    Compiling gtk3-macros v0.18.2
[INFO] [stderr]    Compiling glib-sys v0.18.1
[INFO] [stderr]    Compiling gobject-sys v0.18.0
[INFO] [stderr]    Compiling gio-sys v0.18.1
[INFO] [stderr]    Compiling gdk-sys v0.18.2
[INFO] [stderr]    Compiling cairo-sys-rs v0.18.2
[INFO] [stderr]    Compiling gdk-pixbuf-sys v0.18.0
[INFO] [stderr]    Compiling pango-sys v0.18.0
[INFO] [stderr]    Compiling atk-sys v0.18.2
[INFO] [stderr]    Compiling gtk-sys v0.18.2
[INFO] [stderr]    Compiling javascriptcore-rs-sys v1.1.1
[INFO] [stderr]    Compiling soup3-sys v0.5.0
[INFO] [stderr]    Compiling gdkx11-sys v0.18.2
[INFO] [stderr]    Compiling webkit2gtk-sys v2.0.2
[INFO] [stderr]     Checking serde_json v1.0.151
[INFO] [stderr]     Checking idna_adapter v1.2.2
[INFO] [stderr]     Checking idna v1.1.0
[INFO] [stderr]     Checking url v2.5.8
[INFO] [stderr]    Compiling zstd-safe v7.2.4
[INFO] [stderr]     Checking ureq v2.12.1
[INFO] [stderr]     Checking zstd v0.13.3
[INFO] [stderr]     Checking gdkwayland-sys v0.18.2
[INFO] [stderr]     Checking glib v0.18.5
[INFO] [stderr]     Checking cairo-rs v0.18.5
[INFO] [stderr]     Checking atk v0.18.2
[INFO] [stderr]     Checking javascriptcore-rs v1.1.2
[INFO] [stderr]     Checking gdk-pixbuf v0.18.5
[INFO] [stderr]     Checking pango v0.18.3
[INFO] [stderr]     Checking soup3 v0.5.0
[INFO] [stderr]     Checking gdk v0.18.2
[INFO] [stderr]     Checking gdkx11 v0.18.2
[INFO] [stderr]     Checking webkit2gtk v2.0.2
[INFO] [stderr]     Checking tao v0.36.0
[INFO] [stderr]     Checking dsh-webview v0.1.0 (/opt/rustwide/workdir)
[INFO] [stdout] warning: variants `ShowSuccess`, `ShowWarning`, `ShowInfo`, `ShowError`, and `ShowConfirm` are never constructed
[INFO] [stdout]   --> examples/island_demo.rs:21:5
[INFO] [stdout]    |
[INFO] [stdout] 19 | enum DemoEvent {
[INFO] [stdout]    |      --------- variants in this enum
[INFO] [stdout] 20 |     Island(IslandEvent),
[INFO] [stdout] 21 |     ShowSuccess,
[INFO] [stdout]    |     ^^^^^^^^^^^
[INFO] [stdout] 22 |     ShowWarning,
[INFO] [stdout]    |     ^^^^^^^^^^^
[INFO] [stdout] 23 |     ShowInfo,
[INFO] [stdout]    |     ^^^^^^^^
[INFO] [stdout] 24 |     ShowError,
[INFO] [stdout]    |     ^^^^^^^^^
[INFO] [stdout] 25 |     ShowConfirm,
[INFO] [stdout]    |     ^^^^^^^^^^^
[INFO] [stdout]    |
[INFO] [stdout]    = note: `DemoEvent` has a derived impl for the trait `Debug`, but this is intentionally ignored during dead code analysis
[INFO] [stdout]    = note: `#[warn(dead_code)]` (part of `#[warn(unused)]`) on by default
[INFO] [stdout] 
[INFO] [stdout] 
[INFO] [stdout] error[E0433]: cannot find module or crate `llama` in this scope
[INFO] [stdout]    --> src/main.rs:262:5
[INFO] [stdout]     |
[INFO] [stdout] 262 |     llama::ensure_state_file(&app_dir);
[INFO] [stdout]     |     ^^^^^ use of unresolved module or unlinked crate `llama`
[INFO] [stdout]     |
[INFO] [stdout] note: found an item that was configured out
[INFO] [stdout]    --> src/main.rs:21:5
[INFO] [stdout]     |
[INFO] [stdout]  20 | #[cfg(target_os = "macos")]
[INFO] [stdout]     |       ------------------- the item is gated behind the `macos` feature
[INFO] [stdout]  21 | mod llama;
[INFO] [stdout]     |     ^^^^^
[INFO] [stdout] help: to make use of source file src/llama.rs, use `mod llama` in this file to declare the module
[INFO] [stdout]     |
[INFO] [stdout]  18 + mod llama;
[INFO] [stdout]     |
[INFO] [stdout] 
[INFO] [stdout] 
[INFO] [stdout] error[E0433]: cannot find module or crate `llama` in this scope
[INFO] [stdout]    --> src/main.rs:266:9
[INFO] [stdout]     |
[INFO] [stdout] 266 |     if !llama::auto_start_enabled(&app_dir) {
[INFO] [stdout]     |         ^^^^^ use of unresolved module or unlinked crate `llama`
[INFO] [stdout]     |
[INFO] [stdout] note: found an item that was configured out
[INFO] [stdout]    --> src/main.rs:21:5
[INFO] [stdout]     |
[INFO] [stdout]  20 | #[cfg(target_os = "macos")]
[INFO] [stdout]     |       ------------------- the item is gated behind the `macos` feature
[INFO] [stdout]  21 | mod llama;
[INFO] [stdout]     |     ^^^^^
[INFO] [stdout] help: to make use of source file src/llama.rs, use `mod llama` in this file to declare the module
[INFO] [stdout]     |
[INFO] [stdout]  18 + mod llama;
[INFO] [stdout]     |
[INFO] [stdout] 
[INFO] [stdout] 
[INFO] [stdout] error[E0433]: cannot find module or crate `llama` in this scope
[INFO] [stdout]    --> src/main.rs:267:9
[INFO] [stdout]     |
[INFO] [stdout] 267 |         llama::set_runtime_disabled(&app_dir);
[INFO] [stdout]     |         ^^^^^ use of unresolved module or unlinked crate `llama`
[INFO] [stdout]     |
[INFO] [stdout] note: found an item that was configured out
[INFO] [stdout]    --> src/main.rs:21:5
[INFO] [stdout]     |
[INFO] [stdout]  20 | #[cfg(target_os = "macos")]
[INFO] [stdout]     |       ------------------- the item is gated behind the `macos` feature
[INFO] [stdout]  21 | mod llama;
[INFO] [stdout]     |     ^^^^^
[INFO] [stdout] help: to make use of source file src/llama.rs, use `mod llama` in this file to declare the module
[INFO] [stdout]     |
[INFO] [stdout]  18 + mod llama;
[INFO] [stdout]     |
[INFO] [stdout] 
[INFO] [stdout] 
[INFO] [stdout] error[E0433]: cannot find module or crate `llama` in this scope
[INFO] [stdout]    --> src/main.rs:570:32
[INFO] [stdout]     |
[INFO] [stdout] 570 | ...                   if llama::auto_start_enabled(&app_dir) {
[INFO] [stdout]     |                          ^^^^^ use of unresolved module or unlinked crate `llama`
[INFO] [stdout]     |
[INFO] [stdout] note: found an item that was configured out
[INFO] [stdout]    --> src/main.rs:21:5
[INFO] [stdout]     |
[INFO] [stdout]  20 | #[cfg(target_os = "macos")]
[INFO] [stdout]     |       ------------------- the item is gated behind the `macos` feature
[INFO] [stdout]  21 | mod llama;
[INFO] [stdout]     |     ^^^^^
[INFO] [stdout] help: to make use of source file src/llama.rs, use `mod llama` in this file to declare the module
[INFO] [stdout]     |
[INFO] [stdout]  18 + mod llama;
[INFO] [stdout]     |
[INFO] [stdout] 
[INFO] [stdout] 
[INFO] [stdout] error[E0433]: cannot find module or crate `llama` in this scope
[INFO] [stdout]    --> src/main.rs:262:5
[INFO] [stdout]     |
[INFO] [stdout] 262 |     llama::ensure_state_file(&app_dir);
[INFO] [stdout]     |     ^^^^^ use of unresolved module or unlinked crate `llama`
[INFO] [stdout]     |
[INFO] [stdout] note: found an item that was configured out
[INFO] [stdout]    --> src/main.rs:21:5
[INFO] [stdout]     |
[INFO] [stdout]  20 | #[cfg(target_os = "macos")]
[INFO] [stdout]     |       ------------------- the item is gated behind the `macos` feature
[INFO] [stdout]  21 | mod llama;
[INFO] [stdout]     |     ^^^^^
[INFO] [stdout] help: to make use of source file src/llama.rs, use `mod llama` in this file to declare the module
[INFO] [stdout]     |
[INFO] [stdout]  18 + mod llama;
[INFO] [stdout]     |
[INFO] [stdout] 
[INFO] [stdout] 
[INFO] [stdout] error[E0433]: cannot find module or crate `llama` in this scope
[INFO] [stdout]    --> src/main.rs:266:9
[INFO] [stdout]     |
[INFO] [stdout] 266 |     if !llama::auto_start_enabled(&app_dir) {
[INFO] [stdout]     |         ^^^^^ use of unresolved module or unlinked crate `llama`
[INFO] [stdout]     |
[INFO] [stdout] note: found an item that was configured out
[INFO] [stdout]    --> src/main.rs:21:5
[INFO] [stdout]     |
[INFO] [stdout]  20 | #[cfg(target_os = "macos")]
[INFO] [stdout]     |       ------------------- the item is gated behind the `macos` feature
[INFO] [stdout]  21 | mod llama;
[INFO] [stdout]     |     ^^^^^
[INFO] [stdout] help: to make use of source file src/llama.rs, use `mod llama` in this file to declare the module
[INFO] [stdout]     |
[INFO] [stdout]  18 + mod llama;
[INFO] [stdout]     |
[INFO] [stdout] 
[INFO] [stdout] 
[INFO] [stdout] error[E0433]: cannot find module or crate `llama` in this scope
[INFO] [stdout]    --> src/main.rs:267:9
[INFO] [stdout]     |
[INFO] [stdout] 267 |         llama::set_runtime_disabled(&app_dir);
[INFO] [stdout]     |         ^^^^^ use of unresolved module or unlinked crate `llama`
[INFO] [stdout]     |
[INFO] [stdout] note: found an item that was configured out
[INFO] [stdout]    --> src/main.rs:21:5
[INFO] [stdout]     |
[INFO] [stdout]  20 | #[cfg(target_os = "macos")]
[INFO] [stdout]     |       ------------------- the item is gated behind the `macos` feature
[INFO] [stdout]  21 | mod llama;
[INFO] [stdout]     |     ^^^^^
[INFO] [stdout] help: to make use of source file src/llama.rs, use `mod llama` in this file to declare the module
[INFO] [stdout]     |
[INFO] [stdout]  18 + mod llama;
[INFO] [stdout]     |
[INFO] [stdout] 
[INFO] [stdout] 
[INFO] [stdout] error[E0433]: cannot find module or crate `llama` in this scope
[INFO] [stdout]    --> src/main.rs:690:25
[INFO] [stdout]     |
[INFO] [stdout] 690 |                         llama::set_runtime_failed(&app_dir, &message);
[INFO] [stdout]     |                         ^^^^^ use of unresolved module or unlinked crate `llama`
[INFO] [stdout]     |
[INFO] [stdout] note: found an item that was configured out
[INFO] [stdout]    --> src/main.rs:21:5
[INFO] [stdout]     |
[INFO] [stdout]  20 | #[cfg(target_os = "macos")]
[INFO] [stdout]     |       ------------------- the item is gated behind the `macos` feature
[INFO] [stdout]  21 | mod llama;
[INFO] [stdout]     |     ^^^^^
[INFO] [stdout] help: to make use of source file src/llama.rs, use `mod llama` in this file to declare the module
[INFO] [stdout]     |
[INFO] [stdout]  18 + mod llama;
[INFO] [stdout]     |
[INFO] [stdout] 
[INFO] [stdout] 
[INFO] [stdout] error[E0433]: cannot find module or crate `llama` in this scope
[INFO] [stdout]    --> src/main.rs:946:13
[INFO] [stdout]     |
[INFO] [stdout] 946 |             llama::save_config(app_dir, &config);
[INFO] [stdout]     |             ^^^^^ use of unresolved module or unlinked crate `llama`
[INFO] [stdout]     |
[INFO] [stdout] note: found an item that was configured out
[INFO] [stdout]    --> src/main.rs:21:5
[INFO] [stdout]     |
[INFO] [stdout]  20 | #[cfg(target_os = "macos")]
[INFO] [stdout]     |       ------------------- the item is gated behind the `macos` feature
[INFO] [stdout]  21 | mod llama;
[INFO] [stdout]     |     ^^^^^
[INFO] [stdout] help: to make use of source file src/llama.rs, use `mod llama` in this file to declare the module
[INFO] [stdout]     |
[INFO] [stdout]  18 + mod llama;
[INFO] [stdout]     |
[INFO] [stdout] 
[INFO] [stdout] 
[INFO] [stdout] error[E0433]: cannot find module or crate `llama` in this scope
[INFO] [stdout]    --> src/main.rs:965:13
[INFO] [stdout]     |
[INFO] [stdout] 965 |             llama::set_runtime_disabled(app_dir);
[INFO] [stdout]     |             ^^^^^ use of unresolved module or unlinked crate `llama`
[INFO] [stdout]     |
[INFO] [stdout] note: found an item that was configured out
[INFO] [stdout]    --> src/main.rs:21:5
[INFO] [stdout]     |
[INFO] [stdout]  20 | #[cfg(target_os = "macos")]
[INFO] [stdout]     |       ------------------- the item is gated behind the `macos` feature
[INFO] [stdout]  21 | mod llama;
[INFO] [stdout]     |     ^^^^^
[INFO] [stdout] help: to make use of source file src/llama.rs, use `mod llama` in this file to declare the module
[INFO] [stdout]     |
[INFO] [stdout]  18 + mod llama;
[INFO] [stdout]     |
[INFO] [stdout] 
[INFO] [stdout] 
[INFO] [stdout] error[E0433]: cannot find module or crate `llama` in this scope
[INFO] [stdout]    --> src/main.rs:983:23
[INFO] [stdout]     |
[INFO] [stdout] 983 |                 match llama::install_engine_explicit(&app_dir, &version, &progress) {
[INFO] [stdout]     |                       ^^^^^ use of unresolved module or unlinked crate `llama`
[INFO] [stdout]     |
[INFO] [stdout] note: found an item that was configured out
[INFO] [stdout]    --> src/main.rs:21:5
[INFO] [stdout]     |
[INFO] [stdout]  20 | #[cfg(target_os = "macos")]
[INFO] [stdout]     |       ------------------- the item is gated behind the `macos` feature
[INFO] [stdout]  21 | mod llama;
[INFO] [stdout]     |     ^^^^^
[INFO] [stdout] help: to make use of source file src/llama.rs, use `mod llama` in this file to declare the module
[INFO] [stdout]     |
[INFO] [stdout]  18 + mod llama;
[INFO] [stdout]     |
[INFO] [stdout] 
[INFO] [stdout] 
[INFO] [stdout] error[E0433]: cannot find module or crate `llama` in this scope
[INFO] [stdout]     --> src/main.rs:1002:54
[INFO] [stdout]      |
[INFO] [stdout] 1002 |         LlamaRequest::RemoveEngine(version) => match llama::remove_engine(app_dir, &version) {
[INFO] [stdout]      |                                                      ^^^^^ use of unresolved module or unlinked crate `llama`
[INFO] [stdout]      |
[INFO] [stdout] note: found an item that was configured out
[INFO] [stdout]     --> src/main.rs:21:5
[INFO] [stdout]      |
[INFO] [stdout]   20 | #[cfg(target_os = "macos")]
[INFO] [stdout]      |       ------------------- the item is gated behind the `macos` feature
[INFO] [stdout]   21 | mod llama;
[INFO] [stdout]      |     ^^^^^
[INFO] [stdout] help: to make use of source file src/llama.rs, use `mod llama` in this file to declare the module
[INFO] [stdout]      |
[INFO] [stdout]   18 + mod llama;
[INFO] [stdout]      |
[INFO] [stdout] 
[INFO] [stdout] 
[INFO] [stdout] error[E0433]: cannot find module or crate `llama` in this scope
[INFO] [stdout]    --> src/main.rs:570:32
[INFO] [stdout]     |
[INFO] [stdout] 570 | ...                   if llama::auto_start_enabled(&app_dir) {
[INFO] [stdout]     |                          ^^^^^ use of unresolved module or unlinked crate `llama`
[INFO] [stdout]     |
[INFO] [stdout] note: found an item that was configured out
[INFO] [stdout]    --> src/main.rs:21:5
[INFO] [stdout]     |
[INFO] [stdout]  20 | #[cfg(target_os = "macos")]
[INFO] [stdout]     |       ------------------- the item is gated behind the `macos` feature
[INFO] [stdout]  21 | mod llama;
[INFO] [stdout]     |     ^^^^^
[INFO] [stdout] help: to make use of source file src/llama.rs, use `mod llama` in this file to declare the module
[INFO] [stdout]     |
[INFO] [stdout]  18 + mod llama;
[INFO] [stdout]     |
[INFO] [stdout] 
[INFO] [stdout] 
[INFO] [stdout] error[E0433]: cannot find module or crate `llama` in this scope
[INFO] [stdout]    --> src/main.rs:690:25
[INFO] [stdout]     |
[INFO] [stdout] 690 |                         llama::set_runtime_failed(&app_dir, &message);
[INFO] [stdout]     |                         ^^^^^ use of unresolved module or unlinked crate `llama`
[INFO] [stdout]     |
[INFO] [stdout] note: found an item that was configured out
[INFO] [stdout]    --> src/main.rs:21:5
[INFO] [stdout]     |
[INFO] [stdout]  20 | #[cfg(target_os = "macos")]
[INFO] [stdout]     |       ------------------- the item is gated behind the `macos` feature
[INFO] [stdout]  21 | mod llama;
[INFO] [stdout]     |     ^^^^^
[INFO] [stdout] help: to make use of source file src/llama.rs, use `mod llama` in this file to declare the module
[INFO] [stdout]     |
[INFO] [stdout]  18 + mod llama;
[INFO] [stdout]     |
[INFO] [stdout] 
[INFO] [stdout] 
[INFO] [stdout] error[E0433]: cannot find module or crate `llama` in this scope
[INFO] [stdout]    --> src/main.rs:946:13
[INFO] [stdout]     |
[INFO] [stdout] 946 |             llama::save_config(app_dir, &config);
[INFO] [stdout]     |             ^^^^^ use of unresolved module or unlinked crate `llama`
[INFO] [stdout]     |
[INFO] [stdout] note: found an item that was configured out
[INFO] [stdout]    --> src/main.rs:21:5
[INFO] [stdout]     |
[INFO] [stdout]  20 | #[cfg(target_os = "macos")]
[INFO] [stdout]     |       ------------------- the item is gated behind the `macos` feature
[INFO] [stdout]  21 | mod llama;
[INFO] [stdout]     |     ^^^^^
[INFO] [stdout] help: to make use of source file src/llama.rs, use `mod llama` in this file to declare the module
[INFO] [stdout]     |
[INFO] [stdout]  18 + mod llama;
[INFO] [stdout]     |
[INFO] [stdout] 
[INFO] [stdout] 
[INFO] [stdout] error[E0433]: cannot find module or crate `llama` in this scope
[INFO] [stdout]    --> src/main.rs:965:13
[INFO] [stdout]     |
[INFO] [stdout] 965 |             llama::set_runtime_disabled(app_dir);
[INFO] [stdout]     |             ^^^^^ use of unresolved module or unlinked crate `llama`
[INFO] [stdout]     |
[INFO] [stdout] note: found an item that was configured out
[INFO] [stdout]    --> src/main.rs:21:5
[INFO] [stdout]     |
[INFO] [stdout]  20 | #[cfg(target_os = "macos")]
[INFO] [stdout]     |       ------------------- the item is gated behind the `macos` feature
[INFO] [stdout]  21 | mod llama;
[INFO] [stdout]     |     ^^^^^
[INFO] [stdout] help: to make use of source file src/llama.rs, use `mod llama` in this file to declare the module
[INFO] [stdout]     |
[INFO] [stdout]  18 + mod llama;
[INFO] [stdout]     |
[INFO] [stdout] 
[INFO] [stdout] 
[INFO] [stdout] error[E0433]: cannot find module or crate `llama` in this scope
[INFO] [stdout]    --> src/main.rs:983:23
[INFO] [stdout]     |
[INFO] [stdout] 983 |                 match llama::install_engine_explicit(&app_dir, &version, &progress) {
[INFO] [stdout]     |                       ^^^^^ use of unresolved module or unlinked crate `llama`
[INFO] [stdout]     |
[INFO] [stdout] note: found an item that was configured out
[INFO] [stdout]    --> src/main.rs:21:5
[INFO] [stdout]     |
[INFO] [stdout]  20 | #[cfg(target_os = "macos")]
[INFO] [stdout]     |       ------------------- the item is gated behind the `macos` feature
[INFO] [stdout]  21 | mod llama;
[INFO] [stdout]     |     ^^^^^
[INFO] [stdout] help: to make use of source file src/llama.rs, use `mod llama` in this file to declare the module
[INFO] [stdout]     |
[INFO] [stdout]  18 + mod llama;
[INFO] [stdout]     |
[INFO] [stdout] 
[INFO] [stdout] 
[INFO] [stdout] error[E0433]: cannot find module or crate `llama` in this scope
[INFO] [stdout]     --> src/main.rs:1002:54
[INFO] [stdout]      |
[INFO] [stdout] 1002 |         LlamaRequest::RemoveEngine(version) => match llama::remove_engine(app_dir, &version) {
[INFO] [stdout]      |                                                      ^^^^^ use of unresolved module or unlinked crate `llama`
[INFO] [stdout]      |
[INFO] [stdout] note: found an item that was configured out
[INFO] [stdout]     --> src/main.rs:21:5
[INFO] [stdout]      |
[INFO] [stdout]   20 | #[cfg(target_os = "macos")]
[INFO] [stdout]      |       ------------------- the item is gated behind the `macos` feature
[INFO] [stdout]   21 | mod llama;
[INFO] [stdout]      |     ^^^^^
[INFO] [stdout] help: to make use of source file src/llama.rs, use `mod llama` in this file to declare the module
[INFO] [stdout]      |
[INFO] [stdout]   18 + mod llama;
[INFO] [stdout]      |
[INFO] [stdout] 
[INFO] [stdout] 
[INFO] [stdout] error[E0277]: the size for values of type `str` cannot be known at compilation time
[INFO] [stdout]     --> src/main.rs:1013:17
[INFO] [stdout]      |
[INFO] [stdout] 1013 |             Err(err) => {
[INFO] [stdout]      |                 ^^^ doesn't have a size known at compile-time
[INFO] [stdout]      |
[INFO] [stdout]      = help: the trait `Sized` is not implemented for `str`
[INFO] [stdout]      = note: all local variables must have a statically known size
[INFO] [stdout] 
[INFO] [stdout] 
[INFO] [stdout] error[E0277]: the size for values of type `str` cannot be known at compilation time
[INFO] [stdout]     --> src/main.rs:1013:17
[INFO] [stdout]      |
[INFO] [stdout] 1013 |             Err(err) => {
[INFO] [stdout]      |                 ^^^ doesn't have a size known at compile-time
[INFO] [stdout]      |
[INFO] [stdout]      = help: the trait `Sized` is not implemented for `str`
[INFO] [stdout]      = note: all local variables must have a statically known size
[INFO] [stdout] 
[INFO] [stdout] 
[INFO] [stdout] error[E0277]: the size for values of type `str` cannot be known at compilation time
[INFO] [stdout]     --> src/main.rs:1013:13
[INFO] [stdout]      |
[INFO] [stdout] 1013 |             Err(err) => {
[INFO] [stdout]      |             ^^^^^^^^ doesn't have a size known at compile-time
[INFO] [stdout]      |
[INFO] [stdout]      = help: the trait `Sized` is not implemented for `str`
[INFO] [stdout] note: required by a bound in `Err`
[INFO] [stdout]     --> /rustc/3154cc1a3e6424e44f438a95007d043ed5ceaaf6/library/core/src/result.rs:567:4
[INFO] [stdout] 
[INFO] [stdout] 
[INFO] [stdout] error[E0433]: cannot find module or crate `llama` in this scope
[INFO] [stdout]     --> src/main.rs:1023:46
[INFO] [stdout]      |
[INFO] [stdout] 1023 |             std::thread::spawn(move || match llama::check_versions(&app_dir) {
[INFO] [stdout]      |                                              ^^^^^ use of unresolved module or unlinked crate `llama`
[INFO] [stdout]      |
[INFO] [stdout] note: found an item that was configured out
[INFO] [stdout]     --> src/main.rs:21:5
[INFO] [stdout]      |
[INFO] [stdout]   20 | #[cfg(target_os = "macos")]
[INFO] [stdout]      |       ------------------- the item is gated behind the `macos` feature
[INFO] [stdout]   21 | mod llama;
[INFO] [stdout]      |     ^^^^^
[INFO] [stdout] help: to make use of source file src/llama.rs, use `mod llama` in this file to declare the module
[INFO] [stdout]      |
[INFO] [stdout]   18 + mod llama;
[INFO] [stdout]      |
[INFO] [stdout] 
[INFO] [stdout] 
[INFO] [stdout] error[E0277]: the size for values of type `str` cannot be known at compilation time
[INFO] [stdout]     --> src/main.rs:1013:13
[INFO] [stdout]      |
[INFO] [stdout] 1013 |             Err(err) => {
[INFO] [stdout]      |             ^^^^^^^^ doesn't have a size known at compile-time
[INFO] [stdout]      |
[INFO] [stdout]      = help: the trait `Sized` is not implemented for `str`
[INFO] [stdout] note: required by a bound in `Err`
[INFO] [stdout]     --> /rustc/3154cc1a3e6424e44f438a95007d043ed5ceaaf6/library/core/src/result.rs:567:4
[INFO] [stdout] 
[INFO] [stdout] 
[INFO] [stdout] error[E0433]: cannot find module or crate `llama` in this scope
[INFO] [stdout]     --> src/main.rs:1023:46
[INFO] [stdout]      |
[INFO] [stdout] 1023 |             std::thread::spawn(move || match llama::check_versions(&app_dir) {
[INFO] [stdout]      |                                              ^^^^^ use of unresolved module or unlinked crate `llama`
[INFO] [stdout]      |
[INFO] [stdout] note: found an item that was configured out
[INFO] [stdout]     --> src/main.rs:21:5
[INFO] [stdout]      |
[INFO] [stdout]   20 | #[cfg(target_os = "macos")]
[INFO] [stdout]      |       ------------------- the item is gated behind the `macos` feature
[INFO] [stdout]   21 | mod llama;
[INFO] [stdout]      |     ^^^^^
[INFO] [stdout] help: to make use of source file src/llama.rs, use `mod llama` in this file to declare the module
[INFO] [stdout]      |
[INFO] [stdout]   18 + mod llama;
[INFO] [stdout]      |
[INFO] [stdout] 
[INFO] [stdout] 
[INFO] [stdout] error[E0433]: cannot find module or crate `llama` in this scope
[INFO] [stdout]     --> src/main.rs:1064:15
[INFO] [stdout]      |
[INFO] [stdout] 1064 |         match llama::run_enable_lifecycle(&app_dir, &handle, epoch, &epoch_cell, cb) {
[INFO] [stdout]      |               ^^^^^ use of unresolved module or unlinked crate `llama`
[INFO] [stdout]      |
[INFO] [stdout] note: found an item that was configured out
[INFO] [stdout]     --> src/main.rs:21:5
[INFO] [stdout]      |
[INFO] [stdout]   20 | #[cfg(target_os = "macos")]
[INFO] [stdout]      |       ------------------- the item is gated behind the `macos` feature
[INFO] [stdout]   21 | mod llama;
[INFO] [stdout]      |     ^^^^^
[INFO] [stdout] help: to make use of source file src/llama.rs, use `mod llama` in this file to declare the module
[INFO] [stdout]      |
[INFO] [stdout]   18 + mod llama;
[INFO] [stdout]      |
[INFO] [stdout] 
[INFO] [stdout] 
[INFO] [stdout] error[E0433]: cannot find module or crate `llama` in this scope
[INFO] [stdout]     --> src/main.rs:1064:15
[INFO] [stdout]      |
[INFO] [stdout] 1064 |         match llama::run_enable_lifecycle(&app_dir, &handle, epoch, &epoch_cell, cb) {
[INFO] [stdout]      |               ^^^^^ use of unresolved module or unlinked crate `llama`
[INFO] [stdout]      |
[INFO] [stdout] note: found an item that was configured out
[INFO] [stdout]     --> src/main.rs:21:5
[INFO] [stdout]      |
[INFO] [stdout]   20 | #[cfg(target_os = "macos")]
[INFO] [stdout]      |       ------------------- the item is gated behind the `macos` feature
[INFO] [stdout]   21 | mod llama;
[INFO] [stdout]      |     ^^^^^
[INFO] [stdout] help: to make use of source file src/llama.rs, use `mod llama` in this file to declare the module
[INFO] [stdout]      |
[INFO] [stdout]   18 + mod llama;
[INFO] [stdout]      |
[INFO] [stdout] 
[INFO] [stdout] 
[INFO] [stdout] error[E0433]: cannot find module or crate `llama` in this scope
[INFO] [stdout]     --> src/main.rs:1063:18
[INFO] [stdout]      |
[INFO] [stdout] 1063 |         let cb = llama::Callbacks { progress, log, on_ended };
[INFO] [stdout]      |                  ^^^^^ use of unresolved module or unlinked crate `llama`
[INFO] [stdout]      |
[INFO] [stdout] note: found an item that was configured out
[INFO] [stdout]     --> src/main.rs:21:5
[INFO] [stdout]      |
[INFO] [stdout]   20 | #[cfg(target_os = "macos")]
[INFO] [stdout]      |       ------------------- the item is gated behind the `macos` feature
[INFO] [stdout]   21 | mod llama;
[INFO] [stdout]      |     ^^^^^
[INFO] [stdout] help: to make use of source file src/llama.rs, use `mod llama` in this file to declare the module
[INFO] [stdout]      |
[INFO] [stdout]   18 + mod llama;
[INFO] [stdout]      |
[INFO] [stdout] 
[INFO] [stdout] 
[INFO] [stdout] Some errors have detailed explanations: E0277, E0433.
[INFO] [stdout] 
[INFO] [stdout] For more information about an error, try `rustc --explain E0277`.
[INFO] [stdout] 
[INFO] [stdout] error[E0433]: cannot find module or crate `llama` in this scope
[INFO] [stdout]     --> src/main.rs:1063:18
[INFO] [stdout]      |
[INFO] [stdout] 1063 |         let cb = llama::Callbacks { progress, log, on_ended };
[INFO] [stdout]      |                  ^^^^^ use of unresolved module or unlinked crate `llama`
[INFO] [stdout]      |
[INFO] [stdout] note: found an item that was configured out
[INFO] [stdout]     --> src/main.rs:21:5
[INFO] [stdout]      |
[INFO] [stdout]   20 | #[cfg(target_os = "macos")]
[INFO] [stdout]      |       ------------------- the item is gated behind the `macos` feature
[INFO] [stdout]   21 | mod llama;
[INFO] [stdout]      |     ^^^^^
[INFO] [stdout] help: to make use of source file src/llama.rs, use `mod llama` in this file to declare the module
[INFO] [stdout]      |
[INFO] [stdout]   18 + mod llama;
[INFO] [stdout]      |
[INFO] [stdout] 
[INFO] [stdout] 
[INFO] [stdout] Some errors have detailed explanations: E0277, E0433.
[INFO] [stdout] 
[INFO] [stdout] For more information about an error, try `rustc --explain E0277`.
[INFO] [stdout] 
[INFO] [stderr] error: could not compile `dsh-webview` (bin "dsh-webview") due to 14 previous errors
[INFO] [stderr] warning: build failed, waiting for other jobs to finish...
[INFO] [stderr] error: could not compile `dsh-webview` (bin "dsh-webview" test) due to 14 previous errors
[INFO] [stderr] warning: unused dependency `tar`
[INFO] [stderr]   --> Cargo.toml:11:1
[INFO] [stderr]    |
[INFO] [stderr] 11 | tar = "0.4"
[INFO] [stderr]    | ^^^^^^^^^^^
[INFO] [stderr]    |
[INFO] [stderr]    = note: `cargo::unused_dependencies` is set to `warn` by default
[INFO] [stderr] help: consider removing the dependency on `tar`
[INFO] [stderr] warning: unused dependency `ureq`
[INFO] [stderr]   --> Cargo.toml:12:1
[INFO] [stderr]    |
[INFO] [stderr] 12 | ureq = "2"
[INFO] [stderr]    | ^^^^^^^^^^
[INFO] [stderr]    |
[INFO] [stderr] help: consider removing the dependency on `ureq`
[INFO] [stderr] warning: unused dependency `zip`
[INFO] [stderr]   --> Cargo.toml:14:1
[INFO] [stderr]    |
[INFO] [stderr] 14 | zip = "2"
[INFO] [stderr]    | ^^^^^^^^^
[INFO] [stderr]    |
[INFO] [stderr] help: consider removing the dependency on `zip`
[INFO] [stderr] warning: `dsh-webview` (manifest) generated 3 warnings
[INFO] running `Command { std: "docker" "inspect" "2e9450d0ca2b6d95942473aca18e1ea96c8e069637ee895795954dcda45d662a", kill_on_drop: false }`
[INFO] running `Command { std: "docker" "rm" "-f" "2e9450d0ca2b6d95942473aca18e1ea96c8e069637ee895795954dcda45d662a", kill_on_drop: false }`
[INFO] [stdout] 2e9450d0ca2b6d95942473aca18e1ea96c8e069637ee895795954dcda45d662a
