[INFO] cloning repository https://github.com/wuhaiqi0621/Insta360Linker
[INFO] running `Command { std: "git" "-c" "credential.helper=" "-c" "credential.helper=/workspace/cargo-home/bin/git-credential-null" "clone" "--bare" "https://github.com/wuhaiqi0621/Insta360Linker" "/workspace/cache/git-repos/https%3A%2F%2Fgithub.com%2Fwuhaiqi0621%2FInsta360Linker", kill_on_drop: false }`
[INFO] [stderr] Cloning into bare repository '/workspace/cache/git-repos/https%3A%2F%2Fgithub.com%2Fwuhaiqi0621%2FInsta360Linker'...
[INFO] running `Command { std: "git" "rev-parse" "HEAD", kill_on_drop: false }`
[INFO] [stdout] c065204d4376efd6d8c460ac64411ea5b0304535
[INFO] checking wuhaiqi0621/Insta360Linker against 3154cc1a3e6424e44f438a95007d043ed5ceaaf6+rustflags=-Znext-solver=coherence for pr-133502-30
[INFO] running `Command { std: "git" "clone" "/workspace/cache/git-repos/https%3A%2F%2Fgithub.com%2Fwuhaiqi0621%2FInsta360Linker" "/workspace/builds/worker-1-tc1/source", kill_on_drop: false }`
[INFO] [stderr] Cloning into '/workspace/builds/worker-1-tc1/source'...
[INFO] [stderr] done.
[INFO] started tweaking git repo https://github.com/wuhaiqi0621/Insta360Linker
[INFO] finished tweaking git repo https://github.com/wuhaiqi0621/Insta360Linker
[INFO] tweaked toml for git repo https://github.com/wuhaiqi0621/Insta360Linker written to /workspace/builds/worker-1-tc1/source/Cargo.toml
[INFO] validating manifest of git repo https://github.com/wuhaiqi0621/Insta360Linker on toolchain 3154cc1a3e6424e44f438a95007d043ed5ceaaf6
[INFO] running `Command { std: CARGO_HOME="/workspace/cargo-home" RUSTUP_HOME="/workspace/rustup-home" "/workspace/cargo-home/bin/cargo" "+3154cc1a3e6424e44f438a95007d043ed5ceaaf6" "metadata" "--manifest-path" "Cargo.toml" "--no-deps", kill_on_drop: false }`
[INFO] crate git repo https://github.com/wuhaiqi0621/Insta360Linker already has a lockfile, it will not be regenerated
[INFO] running `Command { std: CARGO_HOME="/workspace/cargo-home" RUSTUP_HOME="/workspace/rustup-home" "/workspace/cargo-home/bin/cargo" "+3154cc1a3e6424e44f438a95007d043ed5ceaaf6" "fetch" "--manifest-path" "Cargo.toml", kill_on_drop: false }`
[INFO] [stderr]     Updating crates.io index
[INFO] [stderr]  Downloading crates ...
[INFO] [stderr]   Downloaded libredox v0.1.19
[INFO] [stderr]   Downloaded rfd v0.15.4
[INFO] [stderr]   Downloaded mutate_once v0.1.2
[INFO] [stderr]   Downloaded kamadak-exif v0.6.1
[INFO] [stderr]   Downloaded egui_glow v0.35.0
[INFO] [stderr]   Downloaded jni v0.19.0
[INFO] [stderr]   Downloaded objc2-core-bluetooth v0.2.2
[INFO] [stderr]   Downloaded btleplug v0.12.0
[INFO] [stderr]   Downloaded bluez-async v0.8.2
[INFO] [stderr]   Downloaded dbus-tokio v0.7.6
[INFO] [stderr]   Downloaded xml v1.4.0
[INFO] [stderr]   Downloaded bluez-generated v0.4.0
[INFO] [stderr]   Downloaded serde-xml-rs v0.8.2
[INFO] running `Command { std: "docker" "create" "-v" "/var/lib/crater-agent-workspace/builds/worker-1-tc1/source:/opt/rustwide/workdir:ro,Z" "-v" "/var/lib/crater-agent-workspace/builds/worker-1-tc1/target:/opt/rustwide/target:rw,Z" "-v" "/var/lib/crater-agent-workspace/cargo-home:/opt/rustwide/cargo-home:ro,Z" "-v" "/var/lib/crater-agent-workspace/rustup-home:/opt/rustwide/rustup-home:ro,Z" "-m" "1610612736" "--network" "none" "ghcr.io/rust-lang/crates-build-env/linux@sha256:77db811e55d90add9212f6832c23229e3de5f1c1f9905e8cb07319ea15df73ac" "sleep" "infinity", kill_on_drop: false }`
[INFO] [stdout] f88bab9da92869512cdf861fa41a1262109410b209d58d0b968ccb05db1a6c23
[INFO] running `Command { std: "docker" "start" "f88bab9da92869512cdf861fa41a1262109410b209d58d0b968ccb05db1a6c23", kill_on_drop: false }`
[INFO] running `Command { std: "docker" "inspect" "f88bab9da92869512cdf861fa41a1262109410b209d58d0b968ccb05db1a6c23", kill_on_drop: false }`
[INFO] running `Command { std: "docker" "exec" "-e" "SOURCE_DIR=/opt/rustwide/workdir" "-e" "CARGO_HOME=/opt/rustwide/cargo-home" "-e" "RUSTUP_HOME=/opt/rustwide/rustup-home" "-e" "CARGO_TARGET_DIR=/opt/rustwide/target" "-w" "/opt/rustwide/workdir" "--user" "0:0" "f88bab9da92869512cdf861fa41a1262109410b209d58d0b968ccb05db1a6c23" "/opt/rustwide/cargo-home/bin/cargo" "+3154cc1a3e6424e44f438a95007d043ed5ceaaf6" "metadata" "--no-deps" "--format-version=1", kill_on_drop: false }`
[INFO] running `Command { std: "docker" "inspect" "f88bab9da92869512cdf861fa41a1262109410b209d58d0b968ccb05db1a6c23", kill_on_drop: false }`
[INFO] running `Command { std: "docker" "exec" "-e" "SOURCE_DIR=/opt/rustwide/workdir" "-e" "CARGO_HOME=/opt/rustwide/cargo-home" "-e" "RUSTUP_HOME=/opt/rustwide/rustup-home" "-e" "CARGO_TARGET_DIR=/opt/rustwide/target" "-e" "CARGO_INCREMENTAL=0" "-e" "RUST_BACKTRACE=full" "-e" "RUSTFLAGS=--cap-lints=forbid -Znext-solver=coherence" "-e" "RUSTDOCFLAGS=--cap-lints=forbid" "-w" "/opt/rustwide/workdir" "--user" "0:0" "f88bab9da92869512cdf861fa41a1262109410b209d58d0b968ccb05db1a6c23" "/opt/rustwide/cargo-home/bin/cargo" "+3154cc1a3e6424e44f438a95007d043ed5ceaaf6" "check" "--frozen" "--all" "--all-targets" "--message-format=json", kill_on_drop: false }`
[INFO] [stderr]    Compiling proc-macro2 v1.0.107
[INFO] [stderr]    Compiling libc v0.2.189
[INFO] [stderr]     Checking bytes v1.12.1
[INFO] [stderr]     Checking memchr v2.8.3
[INFO] [stderr]     Checking futures-core v0.3.33
[INFO] [stderr]     Checking smallvec v1.15.2
[INFO] [stderr]    Compiling cc v1.4.0
[INFO] [stderr]    Compiling serde_core v1.0.229
[INFO] [stderr]     Checking futures-sink v0.3.33
[INFO] [stderr]     Checking zeroize v1.9.0
[INFO] [stderr]     Checking futures-task v0.3.33
[INFO] [stderr]     Checking slab v0.4.12
[INFO] [stderr]     Checking futures-io v0.3.33
[INFO] [stderr]    Compiling rustls v0.23.43
[INFO] [stderr]    Compiling winnow v1.0.4
[INFO] [stderr]     Checking simd-adler32 v0.3.10
[INFO] [stderr]    Compiling num-traits v0.2.19
[INFO] [stderr]     Checking rustls-pki-types v1.15.1
[INFO] [stderr]     Checking futures-channel v0.3.33
[INFO] [stderr]     Checking form_urlencoded v1.2.2
[INFO] [stderr]     Checking tracing-core v0.1.36
[INFO] [stderr]    Compiling serde v1.0.229
[INFO] [stderr]     Checking bitflags v2.13.1
[INFO] [stderr]     Checking miniz_oxide v0.8.9
[INFO] [stderr]     Checking sync_wrapper v1.0.2
[INFO] [stderr]     Checking ipnet v2.12.1
[INFO] [stderr]    Compiling serde_json v1.0.151
[INFO] [stderr]    Compiling quote v1.0.47
[INFO] [stderr]    Compiling toml_parser v1.1.3+spec-1.1.0
[INFO] [stderr]     Checking webpki-roots v1.0.9
[INFO] [stderr]     Checking fdeflate v0.3.7
[INFO] [stderr]     Checking regex-syntax v0.8.11
[INFO] [stderr]    Compiling syn v2.0.119
[INFO] [stderr]    Compiling syn v3.0.3
[INFO] [stderr]     Checking tracing v0.1.44
[INFO] [stderr]    Compiling anyhow v1.0.104
[INFO] [stderr]     Checking http v1.5.0
[INFO] [stderr]     Checking futures-util v0.3.33
[INFO] [stderr]     Checking aho-corasick v1.1.5
[INFO] [stderr]     Checking flate2 v1.1.9
[INFO] [stderr]     Checking pxfm v0.1.30
[INFO] [stderr]     Checking log v0.4.33
[INFO] [stderr]     Checking bytemuck v1.25.2
[INFO] [stderr]     Checking mutate_once v0.1.2
[INFO] [stderr]     Checking kamadak-exif v0.6.1
[INFO] [stderr]     Checking png v0.18.1
[INFO] [stderr]     Checking socket2 v0.6.5
[INFO] [stderr]     Checking mio v1.2.2
[INFO] [stderr]     Checking getrandom v0.2.17
[INFO] [stderr]     Checking http-body v1.1.0
[INFO] [stderr]    Compiling ring v0.17.14
[INFO] [stderr]     Checking http-body-util v0.1.4
[INFO] [stderr]     Checking tokio v1.53.1
[INFO] [stderr]     Checking regex-automata v0.4.18
[INFO] [stderr]    Compiling serde_spanned v1.1.1
[INFO] [stderr]    Compiling toml_datetime v1.1.1+spec-1.1.0
[INFO] [stderr]    Compiling toml v1.1.4+spec-1.1.0
[INFO] [stderr]    Compiling displaydoc v0.2.7
[INFO] [stderr]    Compiling serde_derive v1.0.229
[INFO] [stderr]     Checking moxcms v0.8.1
[INFO] [stderr]    Compiling winresource v0.1.31
[INFO] [stderr]    Compiling insta360_linker v0.1.1 (/opt/rustwide/workdir)
[INFO] [stderr]    Compiling synstructure v0.13.2
[INFO] [stderr]    Compiling zerovec-derive v0.11.3
[INFO] [stderr]    Compiling zerofrom-derive v0.1.7
[INFO] [stderr]    Compiling yoke-derive v0.8.2
[INFO] [stderr]     Checking regex v1.13.1
[INFO] [stderr]     Checking zerofrom v0.1.8
[INFO] [stderr]     Checking yoke v0.8.3
[INFO] [stderr]     Checking zerotrie v0.2.4
[INFO] [stderr]     Checking zerovec v0.11.6
[INFO] [stderr]     Checking tinystr v0.8.3
[INFO] [stderr]     Checking potential_utf v0.1.5
[INFO] [stderr]     Checking icu_collections v2.2.0
[INFO] [stderr]     Checking icu_locale_core v2.2.0
[INFO] [stderr]     Checking rustls-webpki v0.103.13
[INFO] [stderr]     Checking hyper v1.11.0
[INFO] [stderr]     Checking tower v0.5.3
[INFO] [stderr]     Checking icu_provider v2.2.0
[INFO] [stderr]     Checking serde_urlencoded v0.7.1
[INFO] [stderr]     Checking icu_properties v2.2.0
[INFO] [stderr]     Checking icu_normalizer v2.2.0
[INFO] [stderr]     Checking hyper-util v0.1.20
[INFO] [stderr]     Checking image v0.25.10
[INFO] [stderr]     Checking idna_adapter v1.2.2
[INFO] [stderr]     Checking idna v1.1.0
[INFO] [stderr]     Checking url v2.5.8
[INFO] [stderr]     Checking tower-http v0.6.11
[INFO] [stderr]     Checking tokio-rustls v0.26.4
[INFO] [stderr]     Checking hyper-rustls v0.27.9
[INFO] [stderr]     Checking reqwest v0.12.28
[INFO] [stdout] error[E0433]: cannot find module or crate `btleplug` in this scope
[INFO] [stdout]  --> src/bin/../adapters/mic_ble.rs:2:5
[INFO] [stdout]   |
[INFO] [stdout] 2 | use btleplug::api::{Central, CharPropFlags, Manager as _, Peripheral as _, ScanFilter, WriteType};
[INFO] [stdout]   |     ^^^^^^^^ use of unresolved module or unlinked crate `btleplug`
[INFO] [stdout]   |
[INFO] [stdout]   = help: if you wanted to use a crate named `btleplug`, use `cargo add btleplug` to add it to your `Cargo.toml`
[INFO] [stdout] 
[INFO] [stdout] 
[INFO] [stdout] error[E0433]: cannot find module or crate `btleplug` in this scope
[INFO] [stdout]  --> src/bin/../adapters/mic_ble.rs:3:5
[INFO] [stdout]   |
[INFO] [stdout] 3 | use btleplug::platform::Manager;
[INFO] [stdout]   |     ^^^^^^^^ use of unresolved module or unlinked crate `btleplug`
[INFO] [stdout]   |
[INFO] [stdout]   = help: if you wanted to use a crate named `btleplug`, use `cargo add btleplug` to add it to your `Cargo.toml`
[INFO] [stdout] 
[INFO] [stdout] 
[INFO] [stdout] error[E0433]: cannot find module or crate `tao` in this scope
[INFO] [stdout]   --> src/bin/html_app.rs:45:5
[INFO] [stdout]    |
[INFO] [stdout] 45 | use tao::dpi::LogicalSize;
[INFO] [stdout]    |     ^^^ use of unresolved module or unlinked crate `tao`
[INFO] [stdout]    |
[INFO] [stdout]    = help: if you wanted to use a crate named `tao`, use `cargo add tao` to add it to your `Cargo.toml`
[INFO] [stdout] 
[INFO] [stdout] 
[INFO] [stdout] error[E0433]: cannot find module or crate `tao` in this scope
[INFO] [stdout]   --> src/bin/html_app.rs:47:5
[INFO] [stdout]    |
[INFO] [stdout] 47 | use tao::event::{Event, WindowEvent};
[INFO] [stdout]    |     ^^^ use of unresolved module or unlinked crate `tao`
[INFO] [stdout]    |
[INFO] [stdout]    = help: if you wanted to use a crate named `tao`, use `cargo add tao` to add it to your `Cargo.toml`
[INFO] [stdout] 
[INFO] [stdout] 
[INFO] [stdout] error[E0433]: cannot find module or crate `tao` in this scope
[INFO] [stdout]   --> src/bin/html_app.rs:49:5
[INFO] [stdout]    |
[INFO] [stdout] 49 | use tao::event_loop::{ControlFlow, EventLoopBuilder, EventLoopProxy};
[INFO] [stdout]    |     ^^^ use of unresolved module or unlinked crate `tao`
[INFO] [stdout]    |
[INFO] [stdout]    = help: if you wanted to use a crate named `tao`, use `cargo add tao` to add it to your `Cargo.toml`
[INFO] [stdout] 
[INFO] [stdout] 
[INFO] [stdout] error[E0433]: cannot find module or crate `tao` in this scope
[INFO] [stdout]   --> src/bin/html_app.rs:54:5
[INFO] [stdout]    |
[INFO] [stdout] 54 | use tao::window::WindowBuilder;
[INFO] [stdout]    |     ^^^ use of unresolved module or unlinked crate `tao`
[INFO] [stdout]    |
[INFO] [stdout]    = help: if you wanted to use a crate named `tao`, use `cargo add tao` to add it to your `Cargo.toml`
[INFO] [stdout] 
[INFO] [stdout] 
[INFO] [stdout] error[E0433]: cannot find module or crate `wry` in this scope
[INFO] [stdout]   --> src/bin/html_app.rs:56:5
[INFO] [stdout]    |
[INFO] [stdout] 56 | use wry::{WebViewBuilder, http::Request};
[INFO] [stdout]    |     ^^^ use of unresolved module or unlinked crate `wry`
[INFO] [stdout]    |
[INFO] [stdout]    = help: if you wanted to use a crate named `wry`, use `cargo add wry` to add it to your `Cargo.toml`
[INFO] [stdout] 
[INFO] [stdout] 
[INFO] [stdout] error[E0432]: unresolved import `wry`
[INFO] [stdout]   --> src/bin/html_app.rs:56:5
[INFO] [stdout]    |
[INFO] [stdout] 56 | use wry::{WebViewBuilder, http::Request};
[INFO] [stdout]    |     ^^^ use of unresolved module or unlinked crate `wry`
[INFO] [stdout]    |
[INFO] [stdout]    = help: if you wanted to use a crate named `wry`, use `cargo add wry` to add it to your `Cargo.toml`
[INFO] [stdout] 
[INFO] [stdout] 
[INFO] [stdout] error[E0433]: cannot find module or crate `btleplug` in this scope
[INFO] [stdout]  --> src/bin/../adapters/mic_ble.rs:2:5
[INFO] [stdout]   |
[INFO] [stdout] 2 | use btleplug::api::{Central, CharPropFlags, Manager as _, Peripheral as _, ScanFilter, WriteType};
[INFO] [stdout]   |     ^^^^^^^^ use of unresolved module or unlinked crate `btleplug`
[INFO] [stdout]   |
[INFO] [stdout]   = help: if you wanted to use a crate named `btleplug`, use `cargo add btleplug` to add it to your `Cargo.toml`
[INFO] [stdout] 
[INFO] [stdout] 
[INFO] [stdout] error[E0433]: cannot find module or crate `btleplug` in this scope
[INFO] [stdout]  --> src/bin/../adapters/mic_ble.rs:3:5
[INFO] [stdout]   |
[INFO] [stdout] 3 | use btleplug::platform::Manager;
[INFO] [stdout]   |     ^^^^^^^^ use of unresolved module or unlinked crate `btleplug`
[INFO] [stdout]   |
[INFO] [stdout]   = help: if you wanted to use a crate named `btleplug`, use `cargo add btleplug` to add it to your `Cargo.toml`
[INFO] [stdout] 
[INFO] [stdout] 
[INFO] [stdout] error[E0433]: cannot find module or crate `tao` in this scope
[INFO] [stdout]   --> src/bin/html_app.rs:45:5
[INFO] [stdout]    |
[INFO] [stdout] 45 | use tao::dpi::LogicalSize;
[INFO] [stdout]    |     ^^^ use of unresolved module or unlinked crate `tao`
[INFO] [stdout]    |
[INFO] [stdout]    = help: if you wanted to use a crate named `tao`, use `cargo add tao` to add it to your `Cargo.toml`
[INFO] [stdout] 
[INFO] [stdout] 
[INFO] [stdout] error[E0433]: cannot find module or crate `tao` in this scope
[INFO] [stdout]   --> src/bin/html_app.rs:47:5
[INFO] [stdout]    |
[INFO] [stdout] 47 | use tao::event::{Event, WindowEvent};
[INFO] [stdout]    |     ^^^ use of unresolved module or unlinked crate `tao`
[INFO] [stdout]    |
[INFO] [stdout]    = help: if you wanted to use a crate named `tao`, use `cargo add tao` to add it to your `Cargo.toml`
[INFO] [stdout] 
[INFO] [stdout] 
[INFO] [stdout] error[E0433]: cannot find module or crate `tao` in this scope
[INFO] [stdout]   --> src/bin/html_app.rs:49:5
[INFO] [stdout]    |
[INFO] [stdout] 49 | use tao::event_loop::{ControlFlow, EventLoopBuilder, EventLoopProxy};
[INFO] [stdout]    |     ^^^ use of unresolved module or unlinked crate `tao`
[INFO] [stdout]    |
[INFO] [stdout]    = help: if you wanted to use a crate named `tao`, use `cargo add tao` to add it to your `Cargo.toml`
[INFO] [stdout] 
[INFO] [stdout] 
[INFO] [stdout] error[E0433]: cannot find module or crate `tao` in this scope
[INFO] [stdout]   --> src/bin/html_app.rs:54:5
[INFO] [stdout]    |
[INFO] [stdout] 54 | use tao::window::WindowBuilder;
[INFO] [stdout]    |     ^^^ use of unresolved module or unlinked crate `tao`
[INFO] [stdout]    |
[INFO] [stdout]    = help: if you wanted to use a crate named `tao`, use `cargo add tao` to add it to your `Cargo.toml`
[INFO] [stdout] 
[INFO] [stdout] 
[INFO] [stdout] error[E0433]: cannot find module or crate `wry` in this scope
[INFO] [stdout]   --> src/bin/html_app.rs:56:5
[INFO] [stdout]    |
[INFO] [stdout] 56 | use wry::{WebViewBuilder, http::Request};
[INFO] [stdout]    |     ^^^ use of unresolved module or unlinked crate `wry`
[INFO] [stdout]    |
[INFO] [stdout]    = help: if you wanted to use a crate named `wry`, use `cargo add wry` to add it to your `Cargo.toml`
[INFO] [stdout] 
[INFO] [stdout] 
[INFO] [stdout] error[E0432]: unresolved import `wry`
[INFO] [stdout]   --> src/bin/html_app.rs:56:5
[INFO] [stdout]    |
[INFO] [stdout] 56 | use wry::{WebViewBuilder, http::Request};
[INFO] [stdout]    |     ^^^ use of unresolved module or unlinked crate `wry`
[INFO] [stdout]    |
[INFO] [stdout]    = help: if you wanted to use a crate named `wry`, use `cargo add wry` to add it to your `Cargo.toml`
[INFO] [stdout] 
[INFO] [stdout] 
[INFO] [stdout] error[E0433]: cannot find module or crate `btleplug` in this scope
[INFO] [stdout]   --> src/bin/../adapters/mic_ble.rs:94:48
[INFO] [stdout]    |
[INFO] [stdout] 94 | async fn find(address: &str) -> anyhow::Result<btleplug::platform::Peripheral> {
[INFO] [stdout]    |                                                ^^^^^^^^ use of unresolved module or unlinked crate `btleplug`
[INFO] [stdout]    |
[INFO] [stdout]    = help: if you wanted to use a crate named `btleplug`, use `cargo add btleplug` to add it to your `Cargo.toml`
[INFO] [stdout] 
[INFO] [stdout] 
[INFO] [stdout] error[E0433]: cannot find module or crate `btleplug` in this scope
[INFO] [stdout]   --> src/bin/../adapters/mic_ble.rs:94:48
[INFO] [stdout]    |
[INFO] [stdout] 94 | async fn find(address: &str) -> anyhow::Result<btleplug::platform::Peripheral> {
[INFO] [stdout]    |                                                ^^^^^^^^ use of unresolved module or unlinked crate `btleplug`
[INFO] [stdout]    |
[INFO] [stdout]    = help: if you wanted to use a crate named `btleplug`, use `cargo add btleplug` to add it to your `Cargo.toml`
[INFO] [stdout] 
[INFO] [stdout] 
[INFO] [stdout] error[E0433]: cannot find module or crate `tao` in this scope
[INFO] [stdout]    --> src/bin/html_app.rs:361:35
[INFO] [stdout]     |
[INFO] [stdout] 361 | fn prepare_mica_surface(_window: &tao::window::Window) -> bool {
[INFO] [stdout]     |                                   ^^^ use of unresolved module or unlinked crate `tao`
[INFO] [stdout]     |
[INFO] [stdout]     = help: if you wanted to use a crate named `tao`, use `cargo add tao` to add it to your `Cargo.toml`
[INFO] [stdout] 
[INFO] [stdout] 
[INFO] [stdout] error[E0433]: cannot find module or crate `tao` in this scope
[INFO] [stdout]    --> src/bin/html_app.rs:425:25
[INFO] [stdout]     |
[INFO] [stdout] 425 | fn apply_mica(_window: &tao::window::Window) -> bool {
[INFO] [stdout]     |                         ^^^ use of unresolved module or unlinked crate `tao`
[INFO] [stdout]     |
[INFO] [stdout]     = help: if you wanted to use a crate named `tao`, use `cargo add tao` to add it to your `Cargo.toml`
[INFO] [stdout] 
[INFO] [stdout] 
[INFO] [stdout] error[E0433]: cannot find module or crate `tao` in this scope
[INFO] [stdout]    --> src/bin/html_app.rs:361:35
[INFO] [stdout]     |
[INFO] [stdout] 361 | fn prepare_mica_surface(_window: &tao::window::Window) -> bool {
[INFO] [stdout]     |                                   ^^^ use of unresolved module or unlinked crate `tao`
[INFO] [stdout]     |
[INFO] [stdout]     = help: if you wanted to use a crate named `tao`, use `cargo add tao` to add it to your `Cargo.toml`
[INFO] [stdout] 
[INFO] [stdout] 
[INFO] [stdout] error[E0433]: cannot find module or crate `tao` in this scope
[INFO] [stdout]    --> src/bin/html_app.rs:425:25
[INFO] [stdout]     |
[INFO] [stdout] 425 | fn apply_mica(_window: &tao::window::Window) -> bool {
[INFO] [stdout]     |                         ^^^ use of unresolved module or unlinked crate `tao`
[INFO] [stdout]     |
[INFO] [stdout]     = help: if you wanted to use a crate named `tao`, use `cargo add tao` to add it to your `Cargo.toml`
[INFO] [stdout] 
[INFO] [stdout] 
[INFO] [stdout] error[E0433]: cannot find module or crate `rfd` in this scope
[INFO] [stdout]     --> src/bin/html_app.rs:1559:21
[INFO] [stdout]      |
[INFO] [stdout] 1559 |             "path": rfd::FileDialog::new()
[INFO] [stdout]      |                     ^^^ use of unresolved module or unlinked crate `rfd`
[INFO] [stdout]      |
[INFO] [stdout]      = help: if you wanted to use a crate named `rfd`, use `cargo add rfd` to add it to your `Cargo.toml`
[INFO] [stdout] 
[INFO] [stdout] 
[INFO] [stdout] error[E0433]: cannot find module or crate `rfd` in this scope
[INFO] [stdout]     --> src/bin/html_app.rs:1566:21
[INFO] [stdout]      |
[INFO] [stdout] 1566 |             "path": rfd::FileDialog::new()
[INFO] [stdout]      |                     ^^^ use of unresolved module or unlinked crate `rfd`
[INFO] [stdout]      |
[INFO] [stdout]      = help: if you wanted to use a crate named `rfd`, use `cargo add rfd` to add it to your `Cargo.toml`
[INFO] [stdout] 
[INFO] [stdout] 
[INFO] [stdout] error[E0433]: cannot find module or crate `rfd` in this scope
[INFO] [stdout]     --> src/bin/html_app.rs:1559:21
[INFO] [stdout]      |
[INFO] [stdout] 1559 |             "path": rfd::FileDialog::new()
[INFO] [stdout]      |                     ^^^ use of unresolved module or unlinked crate `rfd`
[INFO] [stdout]      |
[INFO] [stdout]      = help: if you wanted to use a crate named `rfd`, use `cargo add rfd` to add it to your `Cargo.toml`
[INFO] [stdout] 
[INFO] [stdout] 
[INFO] [stdout] error[E0433]: cannot find module or crate `rfd` in this scope
[INFO] [stdout]     --> src/bin/html_app.rs:1595:26
[INFO] [stdout]      |
[INFO] [stdout] 1595 |             let dialog = rfd::FileDialog::new().set_file_name(file_name);
[INFO] [stdout]      |                          ^^^ use of unresolved module or unlinked crate `rfd`
[INFO] [stdout]      |
[INFO] [stdout]      = help: if you wanted to use a crate named `rfd`, use `cargo add rfd` to add it to your `Cargo.toml`
[INFO] [stdout] 
[INFO] [stdout] 
[INFO] [stdout] error[E0433]: cannot find module or crate `rfd` in this scope
[INFO] [stdout]     --> src/bin/html_app.rs:1566:21
[INFO] [stdout]      |
[INFO] [stdout] 1566 |             "path": rfd::FileDialog::new()
[INFO] [stdout]      |                     ^^^ use of unresolved module or unlinked crate `rfd`
[INFO] [stdout]      |
[INFO] [stdout]      = help: if you wanted to use a crate named `rfd`, use `cargo add rfd` to add it to your `Cargo.toml`
[INFO] [stdout] 
[INFO] [stdout] 
[INFO] [stdout] error[E0433]: cannot find module or crate `rfd` in this scope
[INFO] [stdout]     --> src/bin/html_app.rs:1610:21
[INFO] [stdout]      |
[INFO] [stdout] 1610 |             "path": rfd::FileDialog::new()
[INFO] [stdout]      |                     ^^^ use of unresolved module or unlinked crate `rfd`
[INFO] [stdout]      |
[INFO] [stdout]      = help: if you wanted to use a crate named `rfd`, use `cargo add rfd` to add it to your `Cargo.toml`
[INFO] [stdout] 
[INFO] [stdout] 
[INFO] [stdout] error[E0433]: cannot find module or crate `rfd` in this scope
[INFO] [stdout]     --> src/bin/html_app.rs:1595:26
[INFO] [stdout]      |
[INFO] [stdout] 1595 |             let dialog = rfd::FileDialog::new().set_file_name(file_name);
[INFO] [stdout]      |                          ^^^ use of unresolved module or unlinked crate `rfd`
[INFO] [stdout]      |
[INFO] [stdout]      = help: if you wanted to use a crate named `rfd`, use `cargo add rfd` to add it to your `Cargo.toml`
[INFO] [stdout] 
[INFO] [stdout] 
[INFO] [stdout] warning: unused imports: `BufReader` and `BufWriter`
[INFO] [stdout]   --> src/bin/html_app.rs:35:24
[INFO] [stdout]    |
[INFO] [stdout] 35 | use std::io::{BufRead, BufReader, BufWriter, Read, Write};
[INFO] [stdout]    |                        ^^^^^^^^^  ^^^^^^^^^
[INFO] [stdout]    |
[INFO] [stdout]    = note: `#[warn(unused_imports)]` (part of `#[warn(unused)]`) on by default
[INFO] [stdout] 
[INFO] [stdout] 
[INFO] [stdout] error[E0433]: cannot find module or crate `rfd` in this scope
[INFO] [stdout]     --> src/bin/html_app.rs:1610:21
[INFO] [stdout]      |
[INFO] [stdout] 1610 |             "path": rfd::FileDialog::new()
[INFO] [stdout]      |                     ^^^ use of unresolved module or unlinked crate `rfd`
[INFO] [stdout]      |
[INFO] [stdout]      = help: if you wanted to use a crate named `rfd`, use `cargo add rfd` to add it to your `Cargo.toml`
[INFO] [stdout] 
[INFO] [stdout] 
[INFO] [stdout] warning: unused imports: `BufReader` and `BufWriter`
[INFO] [stdout]   --> src/bin/html_app.rs:35:24
[INFO] [stdout]    |
[INFO] [stdout] 35 | use std::io::{BufRead, BufReader, BufWriter, Read, Write};
[INFO] [stdout]    |                        ^^^^^^^^^  ^^^^^^^^^
[INFO] [stdout]    |
[INFO] [stdout]    = note: `#[warn(unused_imports)]` (part of `#[warn(unused)]`) on by default
[INFO] [stdout] 
[INFO] [stdout] 
[INFO] [stdout] warning: method call on a diverging inference variable
[INFO] [stdout]   --> src/bin/../adapters/mic_ble.rs:22:28
[INFO] [stdout]    |
[INFO] [stdout] 22 |     let adapters = manager.adapters().await?;
[INFO] [stdout]    |                            ^^^^^^^^
[INFO] [stdout]    |
[INFO] [stdout]    = help: consider providing a type annotation
[INFO] [stdout]    = warning: this was previously accepted by the compiler but is being phased out; it will become a hard error in a future release!
[INFO] [stdout]    = note: for more information, see issue #156047 <https://github.com/rust-lang/rust/issues/156047>
[INFO] [stdout]    = note: `#[warn(method_call_on_diverging_infer_var)]` (part of `#[warn(future_incompatible)]`) on by default
[INFO] [stdout] 
[INFO] [stdout] 
[INFO] [stdout] warning: method call on a diverging inference variable
[INFO] [stdout]   --> src/bin/../adapters/mic_ble.rs:22:28
[INFO] [stdout]    |
[INFO] [stdout] 22 |     let adapters = manager.adapters().await?;
[INFO] [stdout]    |                            ^^^^^^^^
[INFO] [stdout]    |
[INFO] [stdout]    = help: consider providing a type annotation
[INFO] [stdout]    = warning: this was previously accepted by the compiler but is being phased out; it will become a hard error in a future release!
[INFO] [stdout]    = note: for more information, see issue #156047 <https://github.com/rust-lang/rust/issues/156047>
[INFO] [stdout]    = note: `#[warn(method_call_on_diverging_infer_var)]` (part of `#[warn(future_incompatible)]`) on by default
[INFO] [stdout] 
[INFO] [stdout] 
[INFO] [stdout] error[E0599]: no method named `adapters` found for type `!` in the current scope
[INFO] [stdout]   --> src/bin/../adapters/mic_ble.rs:22:28
[INFO] [stdout]    |
[INFO] [stdout] 22 |     let adapters = manager.adapters().await?;
[INFO] [stdout]    |                            ^^^^^^^^ method not found in `!`
[INFO] [stdout] 
[INFO] [stdout] 
[INFO] [stdout] warning: method call on a diverging inference variable
[INFO] [stdout]   --> src/bin/../adapters/mic_ble.rs:24:10
[INFO] [stdout]    |
[INFO] [stdout] 24 |         .into_iter()
[INFO] [stdout]    |          ^^^^^^^^^
[INFO] [stdout]    |
[INFO] [stdout]    = help: consider providing a type annotation
[INFO] [stdout]    = warning: this was previously accepted by the compiler but is being phased out; it will become a hard error in a future release!
[INFO] [stdout]    = note: for more information, see issue #156047 <https://github.com/rust-lang/rust/issues/156047>
[INFO] [stdout] 
[INFO] [stdout] 
[INFO] [stdout] error[E0599]: no method named `adapters` found for type `!` in the current scope
[INFO] [stdout]   --> src/bin/../adapters/mic_ble.rs:22:28
[INFO] [stdout]    |
[INFO] [stdout] 22 |     let adapters = manager.adapters().await?;
[INFO] [stdout]    |                            ^^^^^^^^ method not found in `!`
[INFO] [stdout] 
[INFO] [stdout] 
[INFO] [stdout] error[E0599]: `!` is not an iterator
[INFO] [stdout]   --> src/bin/../adapters/mic_ble.rs:24:10
[INFO] [stdout]    |
[INFO] [stdout] 23 |     let adapter = adapters
[INFO] [stdout] 24 |         .into_iter()
[INFO] [stdout]    |          ^^^^^^^^^ `!` is not an iterator
[INFO] [stdout]    |
[INFO] [stdout]    = note: the following trait bounds were not satisfied:
[INFO] [stdout]            `!: Iterator`
[INFO] [stdout]            which is required by `!: IntoIterator`
[INFO] [stdout]            `&!: Iterator`
[INFO] [stdout]            which is required by `&!: IntoIterator`
[INFO] [stdout]            `&mut !: Iterator`
[INFO] [stdout]            which is required by `&mut !: IntoIterator`
[INFO] [stdout] 
[INFO] [stdout] 
[INFO] [stdout] warning: method call on a diverging inference variable
[INFO] [stdout]   --> src/bin/../adapters/mic_ble.rs:24:10
[INFO] [stdout]    |
[INFO] [stdout] 24 |         .into_iter()
[INFO] [stdout]    |          ^^^^^^^^^
[INFO] [stdout]    |
[INFO] [stdout]    = help: consider providing a type annotation
[INFO] [stdout]    = warning: this was previously accepted by the compiler but is being phased out; it will become a hard error in a future release!
[INFO] [stdout]    = note: for more information, see issue #156047 <https://github.com/rust-lang/rust/issues/156047>
[INFO] [stdout] 
[INFO] [stdout] 
[INFO] [stdout] warning: method call on a diverging inference variable
[INFO] [stdout]   --> src/bin/../adapters/mic_ble.rs:31:52
[INFO] [stdout]    |
[INFO] [stdout] 31 |         let props = peripheral.properties().await?.unwrap_or_default();
[INFO] [stdout]    |                                                    ^^^^^^^^^^^^^^^^^
[INFO] [stdout]    |
[INFO] [stdout]    = help: consider providing a type annotation
[INFO] [stdout]    = warning: this was previously accepted by the compiler but is being phased out; it will become a hard error in a future release!
[INFO] [stdout]    = note: for more information, see issue #156047 <https://github.com/rust-lang/rust/issues/156047>
[INFO] [stdout] 
[INFO] [stdout] 
[INFO] [stdout] error[E0599]: no method named `unwrap_or_default` found for type `!` in the current scope
[INFO] [stdout]   --> src/bin/../adapters/mic_ble.rs:31:52
[INFO] [stdout]    |
[INFO] [stdout] 31 |         let props = peripheral.properties().await?.unwrap_or_default();
[INFO] [stdout]    |                                                    ^^^^^^^^^^^^^^^^^ method not found in `!`
[INFO] [stdout] 
[INFO] [stdout] 
[INFO] [stdout] warning: method call on a diverging inference variable
[INFO] [stdout]   --> src/bin/../adapters/mic_ble.rs:51:16
[INFO] [stdout]    |
[INFO] [stdout] 51 |     peripheral.connect().await?;
[INFO] [stdout]    |                ^^^^^^^
[INFO] [stdout]    |
[INFO] [stdout]    = help: consider providing a type annotation
[INFO] [stdout]    = warning: this was previously accepted by the compiler but is being phased out; it will become a hard error in a future release!
[INFO] [stdout]    = note: for more information, see issue #156047 <https://github.com/rust-lang/rust/issues/156047>
[INFO] [stdout] 
[INFO] [stdout] 
[INFO] [stdout] error[E0599]: `!` is not an iterator
[INFO] [stdout]   --> src/bin/../adapters/mic_ble.rs:24:10
[INFO] [stdout]    |
[INFO] [stdout] 23 |     let adapter = adapters
[INFO] [stdout] 24 |         .into_iter()
[INFO] [stdout]    |          ^^^^^^^^^ `!` is not an iterator
[INFO] [stdout]    |
[INFO] [stdout]    = note: the following trait bounds were not satisfied:
[INFO] [stdout]            `!: Iterator`
[INFO] [stdout]            which is required by `!: IntoIterator`
[INFO] [stdout]            `&!: Iterator`
[INFO] [stdout]            which is required by `&!: IntoIterator`
[INFO] [stdout]            `&mut !: Iterator`
[INFO] [stdout]            which is required by `&mut !: IntoIterator`
[INFO] [stdout] 
[INFO] [stdout] 
[INFO] [stdout] warning: method call on a diverging inference variable
[INFO] [stdout]   --> src/bin/../adapters/mic_ble.rs:31:52
[INFO] [stdout]    |
[INFO] [stdout] 31 |         let props = peripheral.properties().await?.unwrap_or_default();
[INFO] [stdout]    |                                                    ^^^^^^^^^^^^^^^^^
[INFO] [stdout]    |
[INFO] [stdout]    = help: consider providing a type annotation
[INFO] [stdout]    = warning: this was previously accepted by the compiler but is being phased out; it will become a hard error in a future release!
[INFO] [stdout]    = note: for more information, see issue #156047 <https://github.com/rust-lang/rust/issues/156047>
[INFO] [stdout] 
[INFO] [stdout] 
[INFO] [stdout] error[E0599]: no method named `unwrap_or_default` found for type `!` in the current scope
[INFO] [stdout]   --> src/bin/../adapters/mic_ble.rs:31:52
[INFO] [stdout]    |
[INFO] [stdout] 31 |         let props = peripheral.properties().await?.unwrap_or_default();
[INFO] [stdout]    |                                                    ^^^^^^^^^^^^^^^^^ method not found in `!`
[INFO] [stdout] 
[INFO] [stdout] 
[INFO] [stdout] warning: method call on a diverging inference variable
[INFO] [stdout]   --> src/bin/../adapters/mic_ble.rs:51:16
[INFO] [stdout]    |
[INFO] [stdout] 51 |     peripheral.connect().await?;
[INFO] [stdout]    |                ^^^^^^^
[INFO] [stdout]    |
[INFO] [stdout]    = help: consider providing a type annotation
[INFO] [stdout]    = warning: this was previously accepted by the compiler but is being phased out; it will become a hard error in a future release!
[INFO] [stdout]    = note: for more information, see issue #156047 <https://github.com/rust-lang/rust/issues/156047>
[INFO] [stdout] 
[INFO] [stdout] 
[INFO] [stdout] error[E0599]: no method named `connect` found for type `!` in the current scope
[INFO] [stdout]   --> src/bin/../adapters/mic_ble.rs:51:16
[INFO] [stdout]    |
[INFO] [stdout] 51 |     peripheral.connect().await?;
[INFO] [stdout]    |                ^^^^^^^ method not found in `!`
[INFO] [stdout] 
[INFO] [stdout] 
[INFO] [stdout] error[E0599]: no method named `discover_services` found for type `!` in the current scope
[INFO] [stdout]   --> src/bin/../adapters/mic_ble.rs:52:16
[INFO] [stdout]    |
[INFO] [stdout] 52 |     peripheral.discover_services().await?;
[INFO] [stdout]    |                ^^^^^^^^^^^^^^^^^ method not found in `!`
[INFO] [stdout] 
[INFO] [stdout] 
[INFO] [stdout] warning: unreachable call
[INFO] [stdout]   --> src/bin/../adapters/mic_ble.rs:52:16
[INFO] [stdout]    |
[INFO] [stdout] 52 |     peripheral.discover_services().await?;
[INFO] [stdout]    |     ---------- ^^^^^^^^^^^^^^^^^ unreachable call
[INFO] [stdout]    |     |
[INFO] [stdout]    |     any code following this expression is unreachable
[INFO] [stdout]    |
[INFO] [stdout]    = note: `#[warn(unreachable_code)]` (part of `#[warn(unused)]`) on by default
[INFO] [stdout] 
[INFO] [stdout] 
[INFO] [stdout] error[E0599]: no method named `connect` found for type `!` in the current scope
[INFO] [stdout]   --> src/bin/../adapters/mic_ble.rs:51:16
[INFO] [stdout]    |
[INFO] [stdout] 51 |     peripheral.connect().await?;
[INFO] [stdout]    |                ^^^^^^^ method not found in `!`
[INFO] [stdout] 
[INFO] [stdout] 
[INFO] [stdout] error[E0599]: no method named `services` found for type `!` in the current scope
[INFO] [stdout]   --> src/bin/../adapters/mic_ble.rs:54:31
[INFO] [stdout]    |
[INFO] [stdout] 54 |     for service in peripheral.services() {
[INFO] [stdout]    |                               ^^^^^^^^ method not found in `!`
[INFO] [stdout] 
[INFO] [stdout] 
[INFO] [stdout] warning: unreachable call
[INFO] [stdout]   --> src/bin/../adapters/mic_ble.rs:54:31
[INFO] [stdout]    |
[INFO] [stdout] 54 |     for service in peripheral.services() {
[INFO] [stdout]    |                    ---------- ^^^^^^^^ unreachable call
[INFO] [stdout]    |                    |
[INFO] [stdout]    |                    any code following this expression is unreachable
[INFO] [stdout] 
[INFO] [stdout] 
[INFO] [stdout] error[E0599]: no method named `discover_services` found for type `!` in the current scope
[INFO] [stdout]   --> src/bin/../adapters/mic_ble.rs:52:16
[INFO] [stdout]    |
[INFO] [stdout] 52 |     peripheral.discover_services().await?;
[INFO] [stdout]    |                ^^^^^^^^^^^^^^^^^ method not found in `!`
[INFO] [stdout] 
[INFO] [stdout] 
[INFO] [stdout] warning: unreachable call
[INFO] [stdout]   --> src/bin/../adapters/mic_ble.rs:52:16
[INFO] [stdout]    |
[INFO] [stdout] 52 |     peripheral.discover_services().await?;
[INFO] [stdout]    |     ---------- ^^^^^^^^^^^^^^^^^ unreachable call
[INFO] [stdout]    |     |
[INFO] [stdout]    |     any code following this expression is unreachable
[INFO] [stdout]    |
[INFO] [stdout]    = note: `#[warn(unreachable_code)]` (part of `#[warn(unused)]`) on by default
[INFO] [stdout] 
[INFO] [stdout] 
[INFO] [stdout] error[E0599]: no method named `disconnect` found for type `!` in the current scope
[INFO] [stdout]   --> src/bin/../adapters/mic_ble.rs:63:24
[INFO] [stdout]    |
[INFO] [stdout] 63 |     let _ = peripheral.disconnect().await;
[INFO] [stdout]    |                        ^^^^^^^^^^ method not found in `!`
[INFO] [stdout] 
[INFO] [stdout] 
[INFO] [stdout] error[E0599]: no method named `services` found for type `!` in the current scope
[INFO] [stdout]   --> src/bin/../adapters/mic_ble.rs:54:31
[INFO] [stdout]    |
[INFO] [stdout] 54 |     for service in peripheral.services() {
[INFO] [stdout]    |                               ^^^^^^^^ method not found in `!`
[INFO] [stdout] 
[INFO] [stdout] 
[INFO] [stdout] warning: unreachable call
[INFO] [stdout]   --> src/bin/../adapters/mic_ble.rs:54:31
[INFO] [stdout]    |
[INFO] [stdout] 54 |     for service in peripheral.services() {
[INFO] [stdout]    |                    ---------- ^^^^^^^^ unreachable call
[INFO] [stdout]    |                    |
[INFO] [stdout]    |                    any code following this expression is unreachable
[INFO] [stdout] 
[INFO] [stdout] 
[INFO] [stdout] warning: unreachable call
[INFO] [stdout]   --> src/bin/../adapters/mic_ble.rs:63:24
[INFO] [stdout]    |
[INFO] [stdout] 63 |     let _ = peripheral.disconnect().await;
[INFO] [stdout]    |             ---------- ^^^^^^^^^^ unreachable call
[INFO] [stdout]    |             |
[INFO] [stdout]    |             any code following this expression is unreachable
[INFO] [stdout] 
[INFO] [stdout] 
[INFO] [stdout] warning: method call on a diverging inference variable
[INFO] [stdout]   --> src/bin/../adapters/mic_ble.rs:69:16
[INFO] [stdout]    |
[INFO] [stdout] 69 |     peripheral.connect().await?;
[INFO] [stdout]    |                ^^^^^^^
[INFO] [stdout]    |
[INFO] [stdout]    = help: consider providing a type annotation
[INFO] [stdout]    = warning: this was previously accepted by the compiler but is being phased out; it will become a hard error in a future release!
[INFO] [stdout]    = note: for more information, see issue #156047 <https://github.com/rust-lang/rust/issues/156047>
[INFO] [stdout] 
[INFO] [stdout] 
[INFO] [stdout] error[E0599]: no method named `disconnect` found for type `!` in the current scope
[INFO] [stdout]   --> src/bin/../adapters/mic_ble.rs:63:24
[INFO] [stdout]    |
[INFO] [stdout] 63 |     let _ = peripheral.disconnect().await;
[INFO] [stdout]    |                        ^^^^^^^^^^ method not found in `!`
[INFO] [stdout] 
[INFO] [stdout] 
[INFO] [stdout] warning: unreachable call
[INFO] [stdout]   --> src/bin/../adapters/mic_ble.rs:63:24
[INFO] [stdout]    |
[INFO] [stdout] 63 |     let _ = peripheral.disconnect().await;
[INFO] [stdout]    |             ---------- ^^^^^^^^^^ unreachable call
[INFO] [stdout]    |             |
[INFO] [stdout]    |             any code following this expression is unreachable
[INFO] [stdout] 
[INFO] [stdout] 
[INFO] [stdout] warning: method call on a diverging inference variable
[INFO] [stdout]   --> src/bin/../adapters/mic_ble.rs:69:16
[INFO] [stdout]    |
[INFO] [stdout] 69 |     peripheral.connect().await?;
[INFO] [stdout]    |                ^^^^^^^
[INFO] [stdout]    |
[INFO] [stdout]    = help: consider providing a type annotation
[INFO] [stdout]    = warning: this was previously accepted by the compiler but is being phased out; it will become a hard error in a future release!
[INFO] [stdout]    = note: for more information, see issue #156047 <https://github.com/rust-lang/rust/issues/156047>
[INFO] [stdout] 
[INFO] [stdout] 
[INFO] [stdout] error[E0599]: no method named `connect` found for type `!` in the current scope
[INFO] [stdout]   --> src/bin/../adapters/mic_ble.rs:69:16
[INFO] [stdout]    |
[INFO] [stdout] 69 |     peripheral.connect().await?;
[INFO] [stdout]    |                ^^^^^^^ method not found in `!`
[INFO] [stdout] 
[INFO] [stdout] 
[INFO] [stdout] error[E0599]: no method named `connect` found for type `!` in the current scope
[INFO] [stdout]   --> src/bin/../adapters/mic_ble.rs:69:16
[INFO] [stdout]    |
[INFO] [stdout] 69 |     peripheral.connect().await?;
[INFO] [stdout]    |                ^^^^^^^ method not found in `!`
[INFO] [stdout] 
[INFO] [stdout] 
[INFO] [stdout] error[E0599]: no method named `discover_services` found for type `!` in the current scope
[INFO] [stdout]   --> src/bin/../adapters/mic_ble.rs:70:16
[INFO] [stdout]    |
[INFO] [stdout] 70 |     peripheral.discover_services().await?;
[INFO] [stdout]    |                ^^^^^^^^^^^^^^^^^ method not found in `!`
[INFO] [stdout] 
[INFO] [stdout] 
[INFO] [stdout] warning: unreachable call
[INFO] [stdout]   --> src/bin/../adapters/mic_ble.rs:70:16
[INFO] [stdout]    |
[INFO] [stdout] 70 |     peripheral.discover_services().await?;
[INFO] [stdout]    |     ---------- ^^^^^^^^^^^^^^^^^ unreachable call
[INFO] [stdout]    |     |
[INFO] [stdout]    |     any code following this expression is unreachable
[INFO] [stdout] 
[INFO] [stdout] 
[INFO] [stdout] error[E0599]: no method named `discover_services` found for type `!` in the current scope
[INFO] [stdout]   --> src/bin/../adapters/mic_ble.rs:70:16
[INFO] [stdout]    |
[INFO] [stdout] 70 |     peripheral.discover_services().await?;
[INFO] [stdout]    |                ^^^^^^^^^^^^^^^^^ method not found in `!`
[INFO] [stdout] 
[INFO] [stdout] 
[INFO] [stdout] warning: unreachable call
[INFO] [stdout]   --> src/bin/../adapters/mic_ble.rs:70:16
[INFO] [stdout]    |
[INFO] [stdout] 70 |     peripheral.discover_services().await?;
[INFO] [stdout]    |     ---------- ^^^^^^^^^^^^^^^^^ unreachable call
[INFO] [stdout]    |     |
[INFO] [stdout]    |     any code following this expression is unreachable
[INFO] [stdout] 
[INFO] [stdout] 
[INFO] [stdout] error[E0599]: no method named `characteristics` found for type `!` in the current scope
[INFO] [stdout]   --> src/bin/../adapters/mic_ble.rs:74:10
[INFO] [stdout]    |
[INFO] [stdout] 73 |     let target = peripheral
[INFO] [stdout] 74 |         .characteristics()
[INFO] [stdout]    |          ^^^^^^^^^^^^^^^ method not found in `!`
[INFO] [stdout] 
[INFO] [stdout] 
[INFO] [stdout] warning: unreachable call
[INFO] [stdout]   --> src/bin/../adapters/mic_ble.rs:74:10
[INFO] [stdout]    |
[INFO] [stdout] 73 |     let target = peripheral
[INFO] [stdout]    |                  ---------- any code following this expression is unreachable
[INFO] [stdout] 74 |         .characteristics()
[INFO] [stdout]    |          ^^^^^^^^^^^^^^^ unreachable call
[INFO] [stdout] 
[INFO] [stdout] 
[INFO] [stdout] error[E0599]: no method named `characteristics` found for type `!` in the current scope
[INFO] [stdout]   --> src/bin/../adapters/mic_ble.rs:74:10
[INFO] [stdout]    |
[INFO] [stdout] 73 |     let target = peripheral
[INFO] [stdout] 74 |         .characteristics()
[INFO] [stdout]    |          ^^^^^^^^^^^^^^^ method not found in `!`
[INFO] [stdout] 
[INFO] [stdout] 
[INFO] [stdout] warning: unreachable call
[INFO] [stdout]   --> src/bin/../adapters/mic_ble.rs:74:10
[INFO] [stdout]    |
[INFO] [stdout] 73 |     let target = peripheral
[INFO] [stdout]    |                  ---------- any code following this expression is unreachable
[INFO] [stdout] 74 |         .characteristics()
[INFO] [stdout]    |          ^^^^^^^^^^^^^^^ unreachable call
[INFO] [stdout] 
[INFO] [stdout] 
[INFO] [stdout] error[E0599]: no method named `write` found for type `!` in the current scope
[INFO] [stdout]   --> src/bin/../adapters/mic_ble.rs:79:16
[INFO] [stdout]    |
[INFO] [stdout] 79 |     peripheral.write(&target, &bytes, write_type).await?;
[INFO] [stdout]    |                ^^^^^ method not found in `!`
[INFO] [stdout] 
[INFO] [stdout] 
[INFO] [stdout] warning: unreachable expression
[INFO] [stdout]   --> src/bin/../adapters/mic_ble.rs:79:22
[INFO] [stdout]    |
[INFO] [stdout] 79 |     peripheral.write(&target, &bytes, write_type).await?;
[INFO] [stdout]    |     ----------       ^^^^^^^ unreachable expression
[INFO] [stdout]    |     |
[INFO] [stdout]    |     any code following this expression is unreachable
[INFO] [stdout] 
[INFO] [stdout] 
[INFO] [stdout] error[E0599]: no method named `write` found for type `!` in the current scope
[INFO] [stdout]   --> src/bin/../adapters/mic_ble.rs:79:16
[INFO] [stdout]    |
[INFO] [stdout] 79 |     peripheral.write(&target, &bytes, write_type).await?;
[INFO] [stdout]    |                ^^^^^ method not found in `!`
[INFO] [stdout] 
[INFO] [stdout] 
[INFO] [stdout] warning: unreachable expression
[INFO] [stdout]   --> src/bin/../adapters/mic_ble.rs:79:22
[INFO] [stdout]    |
[INFO] [stdout] 79 |     peripheral.write(&target, &bytes, write_type).await?;
[INFO] [stdout]    |     ----------       ^^^^^^^ unreachable expression
[INFO] [stdout]    |     |
[INFO] [stdout]    |     any code following this expression is unreachable
[INFO] [stdout] 
[INFO] [stdout] 
[INFO] [stdout] error[E0599]: no method named `disconnect` found for type `!` in the current scope
[INFO] [stdout]   --> src/bin/../adapters/mic_ble.rs:80:24
[INFO] [stdout]    |
[INFO] [stdout] 80 |     let _ = peripheral.disconnect().await;
[INFO] [stdout]    |                        ^^^^^^^^^^ method not found in `!`
[INFO] [stdout] 
[INFO] [stdout] 
[INFO] [stdout] warning: unreachable call
[INFO] [stdout]   --> src/bin/../adapters/mic_ble.rs:80:24
[INFO] [stdout]    |
[INFO] [stdout] 80 |     let _ = peripheral.disconnect().await;
[INFO] [stdout]    |             ---------- ^^^^^^^^^^ unreachable call
[INFO] [stdout]    |             |
[INFO] [stdout]    |             any code following this expression is unreachable
[INFO] [stdout] 
[INFO] [stdout] 
[INFO] [stdout] warning: method call on a diverging inference variable
[INFO] [stdout]   --> src/bin/../adapters/mic_ble.rs:96:28
[INFO] [stdout]    |
[INFO] [stdout] 96 |     let adapters = manager.adapters().await?;
[INFO] [stdout]    |                            ^^^^^^^^
[INFO] [stdout]    |
[INFO] [stdout]    = help: consider providing a type annotation
[INFO] [stdout]    = warning: this was previously accepted by the compiler but is being phased out; it will become a hard error in a future release!
[INFO] [stdout]    = note: for more information, see issue #156047 <https://github.com/rust-lang/rust/issues/156047>
[INFO] [stdout] 
[INFO] [stdout] 
[INFO] [stdout] error[E0599]: no method named `disconnect` found for type `!` in the current scope
[INFO] [stdout]   --> src/bin/../adapters/mic_ble.rs:80:24
[INFO] [stdout]    |
[INFO] [stdout] 80 |     let _ = peripheral.disconnect().await;
[INFO] [stdout]    |                        ^^^^^^^^^^ method not found in `!`
[INFO] [stdout] 
[INFO] [stdout] 
[INFO] [stdout] warning: unreachable call
[INFO] [stdout]   --> src/bin/../adapters/mic_ble.rs:80:24
[INFO] [stdout]    |
[INFO] [stdout] 80 |     let _ = peripheral.disconnect().await;
[INFO] [stdout]    |             ---------- ^^^^^^^^^^ unreachable call
[INFO] [stdout]    |             |
[INFO] [stdout]    |             any code following this expression is unreachable
[INFO] [stdout] 
[INFO] [stdout] 
[INFO] [stdout] warning: method call on a diverging inference variable
[INFO] [stdout]   --> src/bin/../adapters/mic_ble.rs:96:28
[INFO] [stdout]    |
[INFO] [stdout] 96 |     let adapters = manager.adapters().await?;
[INFO] [stdout]    |                            ^^^^^^^^
[INFO] [stdout]    |
[INFO] [stdout]    = help: consider providing a type annotation
[INFO] [stdout]    = warning: this was previously accepted by the compiler but is being phased out; it will become a hard error in a future release!
[INFO] [stdout]    = note: for more information, see issue #156047 <https://github.com/rust-lang/rust/issues/156047>
[INFO] [stdout] 
[INFO] [stdout] 
[INFO] [stdout] error[E0599]: no method named `adapters` found for type `!` in the current scope
[INFO] [stdout]   --> src/bin/../adapters/mic_ble.rs:96:28
[INFO] [stdout]    |
[INFO] [stdout] 96 |     let adapters = manager.adapters().await?;
[INFO] [stdout]    |                            ^^^^^^^^ method not found in `!`
[INFO] [stdout] 
[INFO] [stdout] 
[INFO] [stdout] warning: method call on a diverging inference variable
[INFO] [stdout]   --> src/bin/../adapters/mic_ble.rs:98:10
[INFO] [stdout]    |
[INFO] [stdout] 98 |         .into_iter()
[INFO] [stdout]    |          ^^^^^^^^^
[INFO] [stdout]    |
[INFO] [stdout]    = help: consider providing a type annotation
[INFO] [stdout]    = warning: this was previously accepted by the compiler but is being phased out; it will become a hard error in a future release!
[INFO] [stdout]    = note: for more information, see issue #156047 <https://github.com/rust-lang/rust/issues/156047>
[INFO] [stdout] 
[INFO] [stdout] 
[INFO] [stdout] error[E0599]: no method named `adapters` found for type `!` in the current scope
[INFO] [stdout]   --> src/bin/../adapters/mic_ble.rs:96:28
[INFO] [stdout]    |
[INFO] [stdout] 96 |     let adapters = manager.adapters().await?;
[INFO] [stdout]    |                            ^^^^^^^^ method not found in `!`
[INFO] [stdout] 
[INFO] [stdout] 
[INFO] [stdout] warning: method call on a diverging inference variable
[INFO] [stdout]   --> src/bin/../adapters/mic_ble.rs:98:10
[INFO] [stdout]    |
[INFO] [stdout] 98 |         .into_iter()
[INFO] [stdout]    |          ^^^^^^^^^
[INFO] [stdout]    |
[INFO] [stdout]    = help: consider providing a type annotation
[INFO] [stdout]    = warning: this was previously accepted by the compiler but is being phased out; it will become a hard error in a future release!
[INFO] [stdout]    = note: for more information, see issue #156047 <https://github.com/rust-lang/rust/issues/156047>
[INFO] [stdout] 
[INFO] [stdout] 
[INFO] [stdout] error[E0599]: `!` is not an iterator
[INFO] [stdout]   --> src/bin/../adapters/mic_ble.rs:98:10
[INFO] [stdout]    |
[INFO] [stdout] 97 |     let adapter = adapters
[INFO] [stdout] 98 |         .into_iter()
[INFO] [stdout]    |          ^^^^^^^^^ `!` is not an iterator
[INFO] [stdout]    |
[INFO] [stdout]    = note: the following trait bounds were not satisfied:
[INFO] [stdout]            `!: Iterator`
[INFO] [stdout]            which is required by `!: IntoIterator`
[INFO] [stdout]            `&!: Iterator`
[INFO] [stdout]            which is required by `&!: IntoIterator`
[INFO] [stdout]            `&mut !: Iterator`
[INFO] [stdout]            which is required by `&mut !: IntoIterator`
[INFO] [stdout] 
[INFO] [stdout] 
[INFO] [stdout] error[E0599]: `!` is not an iterator
[INFO] [stdout]   --> src/bin/../adapters/mic_ble.rs:98:10
[INFO] [stdout]    |
[INFO] [stdout] 97 |     let adapter = adapters
[INFO] [stdout] 98 |         .into_iter()
[INFO] [stdout]    |          ^^^^^^^^^ `!` is not an iterator
[INFO] [stdout]    |
[INFO] [stdout]    = note: the following trait bounds were not satisfied:
[INFO] [stdout]            `!: Iterator`
[INFO] [stdout]            which is required by `!: IntoIterator`
[INFO] [stdout]            `&!: Iterator`
[INFO] [stdout]            which is required by `&!: IntoIterator`
[INFO] [stdout]            `&mut !: Iterator`
[INFO] [stdout]            which is required by `&mut !: IntoIterator`
[INFO] [stdout] 
[INFO] [stdout] 
[INFO] [stdout] warning: unused import: `BufRead`
[INFO] [stdout]   --> src/bin/html_app.rs:35:15
[INFO] [stdout]    |
[INFO] [stdout] 35 | use std::io::{BufRead, BufReader, BufWriter, Read, Write};
[INFO] [stdout]    |               ^^^^^^^
[INFO] [stdout] 
[INFO] [stdout] 
[INFO] [stdout] warning: unused import: `BufRead`
[INFO] [stdout]   --> src/bin/html_app.rs:35:15
[INFO] [stdout]    |
[INFO] [stdout] 35 | use std::io::{BufRead, BufReader, BufWriter, Read, Write};
[INFO] [stdout]    |               ^^^^^^^
[INFO] [stdout] 
[INFO] [stdout] 
[INFO] [stdout] error[E0433]: cannot find module or crate `wry` in this scope
[INFO] [stdout]    --> src/bin/html_app.rs:498:14
[INFO] [stdout]     |
[INFO] [stdout] 498 | fn main() -> wry::Result<()> {
[INFO] [stdout]     |              ^^^ use of unresolved module or unlinked crate `wry`
[INFO] [stdout]     |
[INFO] [stdout]     = help: if you wanted to use a crate named `wry`, use `cargo add wry` to add it to your `Cargo.toml`
[INFO] [stdout] 
[INFO] [stdout] 
[INFO] [stdout] error[E0433]: cannot find module or crate `wry` in this scope
[INFO] [stdout]    --> src/bin/html_app.rs:545:29
[INFO] [stdout]     |
[INFO] [stdout] 545 | fn run_desktop_webview() -> wry::Result<()> {
[INFO] [stdout]     |                             ^^^ use of unresolved module or unlinked crate `wry`
[INFO] [stdout]     |
[INFO] [stdout]     = help: if you wanted to use a crate named `wry`, use `cargo add wry` to add it to your `Cargo.toml`
[INFO] [stdout] 
[INFO] [stdout] 
[INFO] [stdout] Some errors have detailed explanations: E0432, E0433, E0599.
[INFO] [stdout] 
[INFO] [stdout] For more information about an error, try `rustc --explain E0432`.
[INFO] [stdout] 
[INFO] [stderr] error: could not compile `insta360_linker` (bin "Insta360Linker") due to 31 previous errors; 23 warnings emitted
[INFO] [stderr] warning: build failed, waiting for other jobs to finish...
[INFO] [stdout] error[E0433]: cannot find module or crate `wry` in this scope
[INFO] [stdout]    --> src/bin/html_app.rs:498:14
[INFO] [stdout]     |
[INFO] [stdout] 498 | fn main() -> wry::Result<()> {
[INFO] [stdout]     |              ^^^ use of unresolved module or unlinked crate `wry`
[INFO] [stdout]     |
[INFO] [stdout]     = help: if you wanted to use a crate named `wry`, use `cargo add wry` to add it to your `Cargo.toml`
[INFO] [stdout] 
[INFO] [stdout] 
[INFO] [stdout] error[E0433]: cannot find module or crate `wry` in this scope
[INFO] [stdout]    --> src/bin/html_app.rs:545:29
[INFO] [stdout]     |
[INFO] [stdout] 545 | fn run_desktop_webview() -> wry::Result<()> {
[INFO] [stdout]     |                             ^^^ use of unresolved module or unlinked crate `wry`
[INFO] [stdout]     |
[INFO] [stdout]     = help: if you wanted to use a crate named `wry`, use `cargo add wry` to add it to your `Cargo.toml`
[INFO] [stdout] 
[INFO] [stdout] 
[INFO] [stdout] Some errors have detailed explanations: E0432, E0433, E0599.
[INFO] [stdout] 
[INFO] [stdout] For more information about an error, try `rustc --explain E0432`.
[INFO] [stdout] 
[INFO] [stderr] error: could not compile `insta360_linker` (bin "Insta360Linker" test) due to 31 previous errors; 23 warnings emitted
[INFO] running `Command { std: "docker" "inspect" "f88bab9da92869512cdf861fa41a1262109410b209d58d0b968ccb05db1a6c23", kill_on_drop: false }`
[INFO] running `Command { std: "docker" "rm" "-f" "f88bab9da92869512cdf861fa41a1262109410b209d58d0b968ccb05db1a6c23", kill_on_drop: false }`
[INFO] [stdout] f88bab9da92869512cdf861fa41a1262109410b209d58d0b968ccb05db1a6c23
