[INFO] cloning repository https://github.com/wugren/sfo-filehub
[INFO] running `Command { std: "git" "-c" "credential.helper=" "-c" "credential.helper=/workspace/cargo-home/bin/git-credential-null" "clone" "--bare" "https://github.com/wugren/sfo-filehub" "/workspace/cache/git-repos/https%3A%2F%2Fgithub.com%2Fwugren%2Fsfo-filehub", kill_on_drop: false }`
[INFO] [stderr] Cloning into bare repository '/workspace/cache/git-repos/https%3A%2F%2Fgithub.com%2Fwugren%2Fsfo-filehub'...
[INFO] running `Command { std: "git" "rev-parse" "HEAD", kill_on_drop: false }`
[INFO] [stdout] 1931c789f4733d17f6455c22b0aa9af2eb873120
[INFO] checking wugren/sfo-filehub against 3154cc1a3e6424e44f438a95007d043ed5ceaaf6+rustflags=-Znext-solver=coherence for pr-133502-30
[INFO] running `Command { std: "git" "clone" "/workspace/cache/git-repos/https%3A%2F%2Fgithub.com%2Fwugren%2Fsfo-filehub" "/workspace/builds/worker-5-tc1/source", kill_on_drop: false }`
[INFO] [stderr] Cloning into '/workspace/builds/worker-5-tc1/source'...
[INFO] [stderr] done.
[INFO] started tweaking git repo https://github.com/wugren/sfo-filehub
[INFO] finished tweaking git repo https://github.com/wugren/sfo-filehub
[INFO] tweaked toml for git repo https://github.com/wugren/sfo-filehub written to /workspace/builds/worker-5-tc1/source/Cargo.toml
[INFO] validating manifest of git repo https://github.com/wugren/sfo-filehub on toolchain 3154cc1a3e6424e44f438a95007d043ed5ceaaf6
[INFO] running `Command { std: CARGO_HOME="/workspace/cargo-home" RUSTUP_HOME="/workspace/rustup-home" "/workspace/cargo-home/bin/cargo" "+3154cc1a3e6424e44f438a95007d043ed5ceaaf6" "metadata" "--manifest-path" "Cargo.toml" "--no-deps", kill_on_drop: false }`
[INFO] crate git repo https://github.com/wugren/sfo-filehub already has a lockfile, it will not be regenerated
[INFO] running `Command { std: CARGO_HOME="/workspace/cargo-home" RUSTUP_HOME="/workspace/rustup-home" "/workspace/cargo-home/bin/cargo" "+3154cc1a3e6424e44f438a95007d043ed5ceaaf6" "fetch" "--manifest-path" "Cargo.toml", kill_on_drop: false }`
[INFO] [stderr]     Updating crates.io index
[INFO] [stderr]      Locking 12 packages to highest Rust 1.101.0-nightly compatible versions
[INFO] [stderr]       Adding annotate-snippets v0.12.16
[INFO] [stderr]       Adding arraydeque v0.5.1
[INFO] [stderr]       Adding base64 v0.23.1
[INFO] [stderr]       Adding bcrypt v0.19.3
[INFO] [stderr]       Adding blowfish v0.10.0
[INFO] [stderr]       Adding byteorder v1.5.0
[INFO] [stderr]       Adding cipher v0.5.2
[INFO] [stderr]       Adding encoding_rs_io v0.1.8
[INFO] [stderr]       Adding granit-parser v1.3.0
[INFO] [stderr]       Adding inout v0.2.2
[INFO] [stderr]       Adding serde-saphyr v1.3.0
[INFO] [stderr]       Adding sfo-http v0.8.0
[INFO] [stderr]  Downloading crates ...
[INFO] [stderr]   Downloaded uuid v1.24.1
[INFO] [stderr]   Downloaded sfo-result v0.2.16
[INFO] [stderr]   Downloaded sfo-log v0.1.7
[INFO] [stderr]   Downloaded route-recognizer v0.3.1
[INFO] [stderr]   Downloaded impl-more v0.3.5
[INFO] [stderr]   Downloaded bytestring v1.5.1
[INFO] [stderr]   Downloaded v_htmlescape v0.15.8
[INFO] [stderr]   Downloaded serde_qs v0.13.0
[INFO] [stderr]   Downloaded sfo-http v0.8.0
[INFO] [stderr]   Downloaded actix-server v2.7.0
[INFO] [stderr]   Downloaded actix-cors v0.7.1
[INFO] [stderr]   Downloaded sfo-account v0.2.0
[INFO] [stderr]   Downloaded actix-files v0.6.10
[INFO] [stderr]   Downloaded sfo-http v0.7.0
[INFO] [stderr]   Downloaded encoding_rs_io v0.1.8
[INFO] [stderr]   Downloaded annotate-snippets v0.12.16
[INFO] [stderr]   Downloaded json v0.12.4
[INFO] [stderr]   Downloaded flexi_logger v0.31.10
[INFO] [stderr]   Downloaded actix-http v3.13.3
[INFO] [stderr]   Downloaded bcrypt v0.19.3
[INFO] [stderr]   Downloaded actix-web v4.14.1
[INFO] [stderr]   Downloaded libredox v0.1.20
[INFO] [stderr]   Downloaded libsqlite3-sys v0.37.0
[INFO] running `Command { std: "docker" "create" "-v" "/var/lib/crater-agent-workspace/builds/worker-5-tc1/source:/opt/rustwide/workdir:ro,Z" "-v" "/var/lib/crater-agent-workspace/builds/worker-5-tc1/target:/opt/rustwide/target:rw,Z" "-v" "/var/lib/crater-agent-workspace/cargo-home:/opt/rustwide/cargo-home:ro,Z" "-v" "/var/lib/crater-agent-workspace/rustup-home:/opt/rustwide/rustup-home:ro,Z" "-m" "1610612736" "--network" "none" "ghcr.io/rust-lang/crates-build-env/linux@sha256:77db811e55d90add9212f6832c23229e3de5f1c1f9905e8cb07319ea15df73ac" "sleep" "infinity", kill_on_drop: false }`
[INFO] [stdout] eb5cf1cec3fb860a7e8eb5ff66024bd012336362a4758729a9de8c4bfc48f5d2
[INFO] running `Command { std: "docker" "start" "eb5cf1cec3fb860a7e8eb5ff66024bd012336362a4758729a9de8c4bfc48f5d2", kill_on_drop: false }`
[INFO] running `Command { std: "docker" "inspect" "eb5cf1cec3fb860a7e8eb5ff66024bd012336362a4758729a9de8c4bfc48f5d2", kill_on_drop: false }`
[INFO] running `Command { std: "docker" "exec" "-e" "SOURCE_DIR=/opt/rustwide/workdir" "-e" "CARGO_HOME=/opt/rustwide/cargo-home" "-e" "RUSTUP_HOME=/opt/rustwide/rustup-home" "-e" "CARGO_TARGET_DIR=/opt/rustwide/target" "-w" "/opt/rustwide/workdir" "--user" "0:0" "eb5cf1cec3fb860a7e8eb5ff66024bd012336362a4758729a9de8c4bfc48f5d2" "/opt/rustwide/cargo-home/bin/cargo" "+3154cc1a3e6424e44f438a95007d043ed5ceaaf6" "metadata" "--no-deps" "--format-version=1", kill_on_drop: false }`
[INFO] running `Command { std: "docker" "inspect" "eb5cf1cec3fb860a7e8eb5ff66024bd012336362a4758729a9de8c4bfc48f5d2", kill_on_drop: false }`
[INFO] running `Command { std: "docker" "exec" "-e" "SOURCE_DIR=/opt/rustwide/workdir" "-e" "CARGO_HOME=/opt/rustwide/cargo-home" "-e" "RUSTUP_HOME=/opt/rustwide/rustup-home" "-e" "CARGO_TARGET_DIR=/opt/rustwide/target" "-e" "CARGO_INCREMENTAL=0" "-e" "RUST_BACKTRACE=full" "-e" "RUSTFLAGS=--cap-lints=forbid -Znext-solver=coherence" "-e" "RUSTDOCFLAGS=--cap-lints=forbid" "-w" "/opt/rustwide/workdir" "--user" "0:0" "eb5cf1cec3fb860a7e8eb5ff66024bd012336362a4758729a9de8c4bfc48f5d2" "/opt/rustwide/cargo-home/bin/cargo" "+3154cc1a3e6424e44f438a95007d043ed5ceaaf6" "check" "--frozen" "--all" "--all-targets" "--message-format=json", kill_on_drop: false }`
[INFO] [stderr]     Checking smallvec v1.15.2
[INFO] [stderr]    Compiling serde_core v1.0.229
[INFO] [stderr]     Checking futures-io v0.3.34
[INFO] [stderr]    Compiling syn v3.0.3
[INFO] [stderr]    Compiling libc v0.2.189
[INFO] [stderr]     Checking hybrid-array v0.4.14
[INFO] [stderr]     Checking mio v1.2.2
[INFO] [stderr]     Checking tracing v0.1.44
[INFO] [stderr]    Compiling num-traits v0.2.19
[INFO] [stderr]    Compiling icu_properties_data v2.3.0
[INFO] [stderr]    Compiling icu_normalizer_data v2.3.0
[INFO] [stderr]    Compiling getrandom v0.4.3
[INFO] [stderr]     Checking foldhash v0.2.0
[INFO] [stderr]     Checking hashbrown v0.15.5
[INFO] [stderr]     Checking getrandom v0.2.17
[INFO] [stderr]    Compiling crossbeam-utils v0.8.22
[INFO] [stderr]    Compiling serde_json v1.0.151
[INFO] [stderr]     Checking aho-corasick v1.1.5
[INFO] [stderr]    Compiling time-core v0.1.9
[INFO] [stderr]    Compiling num-conv v0.2.2
[INFO] [stderr]     Checking parking_lot_core v0.9.12
[INFO] [stderr]     Checking subtle v2.6.1
[INFO] [stderr]     Checking deranged v0.5.8
[INFO] [stderr]    Compiling time-macros v0.2.32
[INFO] [stderr]     Checking indexmap v2.14.0
[INFO] [stderr]    Compiling getrandom v0.3.4
[INFO] [stderr]     Checking allocator-api2 v0.2.21
[INFO] [stderr]     Checking parking_lot v0.12.5
[INFO] [stderr]    Compiling zerocopy v0.8.56
[INFO] [stderr]     Checking miniz_oxide v0.8.9
[INFO] [stderr]    Compiling unicase v2.9.0
[INFO] [stderr]    Compiling zstd-safe v7.2.4
[INFO] [stderr]     Checking alloc-no-stdlib v2.0.4
[INFO] [stderr]    Compiling serde v1.0.229
[INFO] [stderr]     Checking crypto-common v0.2.2
[INFO] [stderr]     Checking block-buffer v0.12.1
[INFO] [stderr]    Compiling unicode-segmentation v1.13.3
[INFO] [stderr]     Checking local-waker v0.1.4
[INFO] [stderr]     Checking alloc-stdlib v0.2.4
[INFO] [stderr]    Compiling mime_guess v2.0.5
[INFO] [stderr]     Checking hashbrown v0.16.1
[INFO] [stderr]     Checking http v0.2.12
[INFO] [stderr]     Checking flate2 v1.1.9
[INFO] [stderr]     Checking encoding_rs v0.8.35
[INFO] [stderr]     Checking regex-automata v0.4.18
[INFO] [stderr]     Checking digest v0.11.3
[INFO] [stderr]    Compiling jobserver v0.1.35
[INFO] [stderr]    Compiling convert_case v0.10.0
[INFO] [stderr]    Compiling unicode-xid v0.2.6
[INFO] [stderr]    Compiling pin-project-lite v0.2.17
[INFO] [stderr]    Compiling tracing-core v0.1.36
[INFO] [stderr]    Compiling bytes v1.12.1
[INFO] [stderr]     Checking rand_core v0.9.5
[INFO] [stderr]     Checking num-integer v0.1.47
[INFO] [stderr]    Compiling cc v1.4.3
[INFO] [stderr]    Compiling derive_more-impl v2.1.1
[INFO] [stderr]     Checking brotli-decompressor v5.0.3
[INFO] [stderr]     Checking actix-utils v3.0.1
[INFO] [stderr]     Checking chacha20 v0.10.1
[INFO] [stderr]    Compiling cookie v0.16.2
[INFO] [stderr]     Checking bytestring v1.5.1
[INFO] [stderr]     Checking actix-service v2.0.3
[INFO] [stderr]     Checking unicode-width v0.2.2
[INFO] [stderr]     Checking time v0.3.55
[INFO] [stderr]    Compiling regex-lite v0.1.9
[INFO] [stderr]    Compiling portable-atomic v1.15.0
[INFO] [stderr]     Checking rand v0.10.2
[INFO] [stderr]     Checking num-bigint v0.4.8
[INFO] [stderr]     Checking der v0.8.1
[INFO] [stderr]     Checking sha1 v0.11.0
[INFO] [stderr]     Checking local-channel v0.1.5
[INFO] [stderr]    Compiling thiserror-impl v1.0.69
[INFO] [stderr]     Checking brotli v8.0.4
[INFO] [stderr]     Checking raw-cpuid v11.6.0
[INFO] [stderr]     Checking language-tags v0.3.2
[INFO] [stderr]     Checking rustix v1.1.4
[INFO] [stderr]     Checking dashmap v6.2.1
[INFO] [stderr]    Compiling curve25519-dalek v5.0.0
[INFO] [stderr]    Compiling actix-macros v0.2.4
[INFO] [stderr]     Checking spinning_top v0.3.0
[INFO] [stderr]     Checking impl-more v0.3.5
[INFO] [stderr]     Checking nonzero_ext v0.3.0
[INFO] [stderr]     Checking crc-catalog v2.5.0
[INFO] [stderr]     Checking futures-timer v3.0.4
[INFO] [stderr]    Compiling v_htmlescape v0.15.8
[INFO] [stderr]     Checking spki v0.8.0
[INFO] [stderr]     Checking thiserror v1.0.69
[INFO] [stderr]     Checking crc v3.4.0
[INFO] [stderr]    Compiling ring v0.17.14
[INFO] [stderr]    Compiling zstd-sys v2.0.16+zstd.1.5.7
[INFO] [stderr]    Compiling libsqlite3-sys v0.37.0
[INFO] [stderr]     Checking hashlink v0.11.1
[INFO] [stderr]     Checking crossbeam-queue v0.3.13
[INFO] [stderr]     Checking pkcs8 v0.11.0
[INFO] [stderr]     Checking inout v0.2.2
[INFO] [stderr]     Checking futures-intrusive v0.5.0
[INFO] [stderr]     Checking spin v0.9.9
[INFO] [stderr]     Checking signature v3.0.0
[INFO] [stderr]     Checking regex v1.13.1
[INFO] [stderr]     Checking either v1.17.0
[INFO] [stderr]     Checking route-recognizer v0.3.1
[INFO] [stderr]     Checking sfo-result v0.2.16
[INFO] [stderr]     Checking json v0.12.4
[INFO] [stderr]     Checking ed25519 v3.0.0
[INFO] [stderr]    Compiling actix-router v0.5.4
[INFO] [stderr]     Checking cipher v0.5.2
[INFO] [stderr]     Checking flume v0.12.0
[INFO] [stderr]     Checking sha2 v0.11.0
[INFO] [stderr]     Checking atoi v2.0.0
[INFO] [stderr]     Checking byteorder v1.5.0
[INFO] [stderr]     Checking http-range v0.1.5
[INFO] [stderr]     Checking arraydeque v0.5.1
[INFO] [stderr]     Checking encoding_rs_io v0.1.8
[INFO] [stderr]     Checking blowfish v0.10.0
[INFO] [stderr]     Checking granit-parser v1.3.0
[INFO] [stderr]     Checking annotate-snippets v0.12.16
[INFO] [stderr]     Checking filetime v0.2.29
[INFO] [stderr]     Checking xattr v1.6.1
[INFO] [stderr]     Checking base64 v0.23.1
[INFO] [stderr]     Checking quanta v0.12.6
[INFO] [stderr]     Checking tar v0.4.46
[INFO] [stderr]     Checking uuid v1.24.1
[INFO] [stderr]     Checking bcrypt v0.19.3
[INFO] [stderr]     Checking option-ext v0.2.0
[INFO] [stderr]     Checking clap_builder v4.6.6
[INFO] [stderr]    Compiling actix-web-codegen v4.3.0
[INFO] [stderr]     Checking dirs-sys v0.5.0
[INFO] [stderr]     Checking tempfile v3.27.0
[INFO] [stderr]     Checking serde_spanned v1.1.1
[INFO] [stderr]     Checking derive_more v2.1.1
[INFO] [stderr]     Checking toml_datetime v0.7.5+spec-1.1.0
[INFO] [stderr]     Checking console v0.16.4
[INFO] [stderr]     Checking ed25519-dalek v3.0.0
[INFO] [stderr]     Checking rtoolbox v0.0.5
[INFO] [stderr]     Checking winnow v0.7.15
[INFO] [stderr]     Checking shell-words v1.1.1
[INFO] [stderr]     Checking rpassword v7.5.4
[INFO] [stderr]     Checking dirs v6.0.0
[INFO] [stderr]     Checking dialoguer v0.12.0
[INFO] [stderr]     Checking serde-saphyr v1.3.0
[INFO] [stderr]     Checking ppv-lite86 v0.2.21
[INFO] [stderr]    Compiling tokio-macros v2.7.2
[INFO] [stderr]    Compiling futures-macro v0.3.34
[INFO] [stderr]    Compiling zerovec-derive v0.11.5
[INFO] [stderr]    Compiling displaydoc v0.2.7
[INFO] [stderr]    Compiling serde_derive v1.0.229
[INFO] [stderr]     Checking futures-util v0.3.34
[INFO] [stderr]     Checking zerotrie v0.2.5
[INFO] [stderr]     Checking tokio v1.53.1
[INFO] [stderr]    Compiling thiserror-impl v2.0.20
[INFO] [stderr]     Checking rand_chacha v0.9.0
[INFO] [stderr]     Checking rand v0.9.5
[INFO] [stderr]    Compiling rustls v0.23.43
[INFO] [stderr]    Compiling async-trait v0.1.92
[INFO] [stderr]     Checking zerovec v0.11.8
[INFO] [stderr]    Compiling clap_derive v4.6.4
[INFO] [stderr]     Checking toml v0.9.12+spec-1.1.0
[INFO] [stderr]     Checking tinystr v0.8.4
[INFO] [stderr]     Checking potential_utf v0.1.6
[INFO] [stderr]     Checking icu_collections v2.3.0
[INFO] [stderr]     Checking thiserror v2.0.20
[INFO] [stderr]     Checking icu_locale_core v2.3.0
[INFO] [stderr]     Checking simple_asn1 v0.6.4
[INFO] [stderr]     Checking rustls-webpki v0.103.14
[INFO] [stderr]     Checking icu_provider v2.3.0
[INFO] [stderr]     Checking clap v4.6.6
[INFO] [stderr]     Checking icu_properties v2.3.0
[INFO] [stderr]     Checking icu_normalizer v2.3.0
[INFO] [stderr]     Checking zstd v0.13.3
[INFO] [stderr]     Checking governor v0.10.4
[INFO] [stderr]     Checking futures-executor v0.3.34
[INFO] [stderr]     Checking idna_adapter v1.2.2
[INFO] [stderr]     Checking idna v1.1.0
[INFO] [stderr]     Checking chrono v0.4.45
[INFO] [stderr]     Checking serde_urlencoded v0.7.1
[INFO] [stderr]     Checking jsonwebtoken v9.3.1
[INFO] [stderr]     Checking serde_qs v0.13.0
[INFO] [stderr]     Checking url v2.5.8
[INFO] [stderr]     Checking flexi_logger v0.31.10
[INFO] [stderr]     Checking sfo-log v0.1.7
[INFO] [stderr]     Checking tokio-util v0.7.19
[INFO] [stderr]     Checking actix-rt v2.11.0
[INFO] [stderr]     Checking tokio-stream v0.1.19
[INFO] [stderr]     Checking hyper v1.11.0
[INFO] [stderr]     Checking tokio-rustls v0.26.4
[INFO] [stderr]     Checking tower v0.5.3
[INFO] [stderr]     Checking actix-server v2.7.0
[INFO] [stderr]     Checking sqlx-core v0.9.0
[INFO] [stderr]     Checking tower-http v0.6.11
[INFO] [stderr]     Checking hyper-util v0.1.20
[INFO] [stderr]     Checking actix-codec v0.5.2
[INFO] [stderr]     Checking h2 v0.3.27
[INFO] [stderr]     Checking sfo-http v0.7.0
[INFO] [stderr]     Checking sfo-account v0.2.0
[INFO] [stderr]     Checking hyper-rustls v0.27.9
[INFO] [stderr]     Checking reqwest v0.12.28
[INFO] [stderr]     Checking filehub-cli v0.1.0 (/opt/rustwide/workdir/cli)
[INFO] [stderr]     Checking sqlx-sqlite v0.9.0
[INFO] [stderr]     Checking sqlx v0.9.0
[INFO] [stderr]     Checking actix-http v3.13.3
[INFO] [stderr]     Checking actix-web v4.14.1
[INFO] [stderr]     Checking actix-files v0.6.10
[INFO] [stderr]     Checking actix-cors v0.7.1
[INFO] [stderr]     Checking sfo-http v0.8.0
[INFO] [stderr]     Checking filehub-server v0.1.0 (/opt/rustwide/workdir/server)
[INFO] [stdout] error[E0432]: unresolved import `sfo_account::LoginRateLimiter`
[INFO] [stdout]  --> server/src/account/rate_limit.rs:8:5
[INFO] [stdout]   |
[INFO] [stdout] 8 | use sfo_account::LoginRateLimiter;
[INFO] [stdout]   |     ^^^^^^^^^^^^^----------------
[INFO] [stdout]   |                  |
[INFO] [stdout]   |                  no `LoginRateLimiter` in the root
[INFO] [stdout] 
[INFO] [stdout] 
[INFO] [stdout] error[E0432]: unresolved import `sfo_account::LoginPasswordVerifier`
[INFO] [stdout]  --> server/src/account/store.rs:7:61
[INFO] [stdout]   |
[INFO] [stdout] 7 |     Account, AccountErrorCode, AccountResult, AccountStore, LoginPasswordVerifier, account_err,
[INFO] [stdout]   |                                                             ^^^^^^^^^^^^^^^^^^^^^ no `LoginPasswordVerifier` in the root
[INFO] [stdout] 
[INFO] [stdout] 
[INFO] [stdout] error[E0432]: unresolved import `sfo_account::LoginRateLimiter`
[INFO] [stdout]  --> server/src/account/mod.rs:9:58
[INFO] [stdout]   |
[INFO] [stdout] 9 |     AccountManager, AccountStore, DefaultAccountManager, LoginRateLimiter, SessionConfig,
[INFO] [stdout]   |                                                          ^^^^^^^^^^^^^^^^ no `LoginRateLimiter` in the root
[INFO] [stdout] 
[INFO] [stdout] 
[INFO] [stdout] error[E0405]: cannot find trait `LoginRateLimiter` in crate `sfo_account`
[INFO] [stdout]   --> server/src/http/mod.rs:42:40
[INFO] [stdout]    |
[INFO] [stdout] 42 |             )) as Arc<dyn sfo_account::LoginRateLimiter>)
[INFO] [stdout]    |                                        ^^^^^^^^^^^^^^^^ not found in `sfo_account`
[INFO] [stdout] 
[INFO] [stdout] 
[INFO] [stdout] warning: unused import: `UsersConfig`
[INFO] [stdout]   --> server/src/account/store.rs:13:28
[INFO] [stdout]    |
[INFO] [stdout] 13 | use crate::model::{UserId, UsersConfig};
[INFO] [stdout]    |                            ^^^^^^^^^^^
[INFO] [stdout]    |
[INFO] [stdout]    = note: `#[warn(unused_imports)]` (part of `#[warn(unused)]`) on by default
[INFO] [stdout] 
[INFO] [stdout] 
[INFO] [stdout] warning: unused import: `ProjectRole`
[INFO] [stdout]   --> server/src/permissions/model.rs:10:46
[INFO] [stdout]    |
[INFO] [stdout] 10 | use crate::model::{ProjectId, ProjectRecord, ProjectRole, UserId};
[INFO] [stdout]    |                                              ^^^^^^^^^^^
[INFO] [stdout] 
[INFO] [stdout] 
[INFO] [stdout] warning: unused import: `model::PermissionError`
[INFO] [stdout]   --> server/src/permissions/mod.rs:92:5
[INFO] [stdout]    |
[INFO] [stdout] 92 | use model::PermissionError;
[INFO] [stdout]    |     ^^^^^^^^^^^^^^^^^^^^^^
[INFO] [stdout] 
[INFO] [stdout] 
[INFO] [stdout] warning: unused import: `UserId`
[INFO] [stdout]   --> server/src/projects/service.rs:10:5
[INFO] [stdout]    |
[INFO] [stdout] 10 |     UserId, Visibility,
[INFO] [stdout]    |     ^^^^^^
[INFO] [stdout] 
[INFO] [stdout] 
[INFO] [stdout] warning: unused import: `serde::Deserialize`
[INFO] [stdout]  --> server/src/tokens/http.rs:4:5
[INFO] [stdout]   |
[INFO] [stdout] 4 | use serde::Deserialize;
[INFO] [stdout]   |     ^^^^^^^^^^^^^^^^^^
[INFO] [stdout] 
[INFO] [stdout] 
[INFO] [stdout] warning: unused import: `JsonWebToken`
[INFO] [stdout]   --> server/src/tokens/service.rs:11:54
[INFO] [stdout]    |
[INFO] [stdout] 11 |     Algorithm, DecodingKey, EncodingKey, JWTBuilder, JsonWebToken, Payload,
[INFO] [stdout]    |                                                      ^^^^^^^^^^^^
[INFO] [stdout] 
[INFO] [stdout] 
[INFO] [stdout] warning: unused import: `TokenErrorKind`
[INFO] [stdout]   --> server/src/tokens/service.rs:22:37
[INFO] [stdout]    |
[INFO] [stdout] 22 |     TokenCreateRequest, TokenError, TokenErrorKind, TokenPayload, TokenPrincipal, TokenResult,
[INFO] [stdout]    |                                     ^^^^^^^^^^^^^^
[INFO] [stdout] 
[INFO] [stdout] 
[INFO] [stdout] error[E0432]: unresolved import `sfo_account::LoginRateLimiter`
[INFO] [stdout]  --> server/src/account/rate_limit.rs:8:5
[INFO] [stdout]   |
[INFO] [stdout] 8 | use sfo_account::LoginRateLimiter;
[INFO] [stdout]   |     ^^^^^^^^^^^^^----------------
[INFO] [stdout]   |                  |
[INFO] [stdout]   |                  no `LoginRateLimiter` in the root
[INFO] [stdout] 
[INFO] [stdout] 
[INFO] [stdout] error[E0432]: unresolved import `sfo_account::LoginPasswordVerifier`
[INFO] [stdout]  --> server/src/account/store.rs:7:61
[INFO] [stdout]   |
[INFO] [stdout] 7 |     Account, AccountErrorCode, AccountResult, AccountStore, LoginPasswordVerifier, account_err,
[INFO] [stdout]   |                                                             ^^^^^^^^^^^^^^^^^^^^^ no `LoginPasswordVerifier` in the root
[INFO] [stdout] 
[INFO] [stdout] 
[INFO] [stdout] error[E0432]: unresolved import `sfo_account::LoginRateLimiter`
[INFO] [stdout]  --> server/src/account/mod.rs:9:58
[INFO] [stdout]   |
[INFO] [stdout] 9 |     AccountManager, AccountStore, DefaultAccountManager, LoginRateLimiter, SessionConfig,
[INFO] [stdout]   |                                                          ^^^^^^^^^^^^^^^^ no `LoginRateLimiter` in the root
[INFO] [stdout] 
[INFO] [stdout] 
[INFO] [stdout] error[E0405]: cannot find trait `LoginRateLimiter` in crate `sfo_account`
[INFO] [stdout]   --> server/src/http/mod.rs:42:40
[INFO] [stdout]    |
[INFO] [stdout] 42 |             )) as Arc<dyn sfo_account::LoginRateLimiter>)
[INFO] [stdout]    |                                        ^^^^^^^^^^^^^^^^ not found in `sfo_account`
[INFO] [stdout] 
[INFO] [stdout] 
[INFO] [stdout] warning: unused import: `UsersConfig`
[INFO] [stdout]   --> server/src/account/store.rs:13:28
[INFO] [stdout]    |
[INFO] [stdout] 13 | use crate::model::{UserId, UsersConfig};
[INFO] [stdout]    |                            ^^^^^^^^^^^
[INFO] [stdout]    |
[INFO] [stdout]    = note: `#[warn(unused_imports)]` (part of `#[warn(unused)]`) on by default
[INFO] [stdout] 
[INFO] [stdout] 
[INFO] [stdout] warning: unused import: `ProjectRole`
[INFO] [stdout]   --> server/src/permissions/model.rs:10:46
[INFO] [stdout]    |
[INFO] [stdout] 10 | use crate::model::{ProjectId, ProjectRecord, ProjectRole, UserId};
[INFO] [stdout]    |                                              ^^^^^^^^^^^
[INFO] [stdout] 
[INFO] [stdout] 
[INFO] [stdout] warning: unused import: `model::PermissionError`
[INFO] [stdout]   --> server/src/permissions/mod.rs:92:5
[INFO] [stdout]    |
[INFO] [stdout] 92 | use model::PermissionError;
[INFO] [stdout]    |     ^^^^^^^^^^^^^^^^^^^^^^
[INFO] [stdout] 
[INFO] [stdout] 
[INFO] [stdout] warning: unused import: `UserId`
[INFO] [stdout]   --> server/src/projects/service.rs:10:5
[INFO] [stdout]    |
[INFO] [stdout] 10 |     UserId, Visibility,
[INFO] [stdout]    |     ^^^^^^
[INFO] [stdout] 
[INFO] [stdout] 
[INFO] [stdout] warning: unused import: `serde::Deserialize`
[INFO] [stdout]  --> server/src/tokens/http.rs:4:5
[INFO] [stdout]   |
[INFO] [stdout] 4 | use serde::Deserialize;
[INFO] [stdout]   |     ^^^^^^^^^^^^^^^^^^
[INFO] [stdout] 
[INFO] [stdout] 
[INFO] [stdout] warning: unused import: `JsonWebToken`
[INFO] [stdout]   --> server/src/tokens/service.rs:11:54
[INFO] [stdout]    |
[INFO] [stdout] 11 |     Algorithm, DecodingKey, EncodingKey, JWTBuilder, JsonWebToken, Payload,
[INFO] [stdout]    |                                                      ^^^^^^^^^^^^
[INFO] [stdout] 
[INFO] [stdout] 
[INFO] [stdout] warning: unused import: `TokenErrorKind`
[INFO] [stdout]   --> server/src/tokens/service.rs:22:37
[INFO] [stdout]    |
[INFO] [stdout] 22 |     TokenCreateRequest, TokenError, TokenErrorKind, TokenPayload, TokenPrincipal, TokenResult,
[INFO] [stdout]    |                                     ^^^^^^^^^^^^^^
[INFO] [stdout] 
[INFO] [stdout] 
[INFO] [stdout] Some errors have detailed explanations: E0405, E0432.
[INFO] [stdout] 
[INFO] [stdout] For more information about an error, try `rustc --explain E0405`.
[INFO] [stdout] 
[INFO] [stderr] error: could not compile `filehub-server` (lib test) due to 4 previous errors; 7 warnings emitted
[INFO] [stderr] warning: build failed, waiting for other jobs to finish...
[INFO] [stdout] Some errors have detailed explanations: E0405, E0432.
[INFO] [stdout] 
[INFO] [stdout] For more information about an error, try `rustc --explain E0405`.
[INFO] [stdout] 
[INFO] [stderr] error: could not compile `filehub-server` (lib) due to 4 previous errors; 7 warnings emitted
[INFO] running `Command { std: "docker" "inspect" "eb5cf1cec3fb860a7e8eb5ff66024bd012336362a4758729a9de8c4bfc48f5d2", kill_on_drop: false }`
[INFO] running `Command { std: "docker" "rm" "-f" "eb5cf1cec3fb860a7e8eb5ff66024bd012336362a4758729a9de8c4bfc48f5d2", kill_on_drop: false }`
[INFO] [stdout] eb5cf1cec3fb860a7e8eb5ff66024bd012336362a4758729a9de8c4bfc48f5d2
