[INFO] cloning repository https://github.com/wsyzxjn/CodexMux
[INFO] running `Command { std: "git" "-c" "credential.helper=" "-c" "credential.helper=/workspace/cargo-home/bin/git-credential-null" "clone" "--bare" "https://github.com/wsyzxjn/CodexMux" "/workspace/cache/git-repos/https%3A%2F%2Fgithub.com%2Fwsyzxjn%2FCodexMux", kill_on_drop: false }`
[INFO] [stderr] Cloning into bare repository '/workspace/cache/git-repos/https%3A%2F%2Fgithub.com%2Fwsyzxjn%2FCodexMux'...
[INFO] running `Command { std: "git" "rev-parse" "HEAD", kill_on_drop: false }`
[INFO] [stdout] 1aa74a3224aac26623ece4bdce8487caa02b6041
[INFO] checking wsyzxjn/CodexMux against 3154cc1a3e6424e44f438a95007d043ed5ceaaf6+rustflags=-Znext-solver=coherence for pr-133502-30
[INFO] running `Command { std: "git" "clone" "/workspace/cache/git-repos/https%3A%2F%2Fgithub.com%2Fwsyzxjn%2FCodexMux" "/workspace/builds/worker-4-tc1/source", kill_on_drop: false }`
[INFO] [stderr] Cloning into '/workspace/builds/worker-4-tc1/source'...
[INFO] [stderr] done.
[INFO] removed /workspace/builds/worker-4-tc1/source/rust-toolchain.toml
[INFO] started tweaking git repo https://github.com/wsyzxjn/CodexMux
[INFO] finished tweaking git repo https://github.com/wsyzxjn/CodexMux
[INFO] tweaked toml for git repo https://github.com/wsyzxjn/CodexMux written to /workspace/builds/worker-4-tc1/source/Cargo.toml
[INFO] validating manifest of git repo https://github.com/wsyzxjn/CodexMux on toolchain 3154cc1a3e6424e44f438a95007d043ed5ceaaf6
[INFO] running `Command { std: CARGO_HOME="/workspace/cargo-home" RUSTUP_HOME="/workspace/rustup-home" "/workspace/cargo-home/bin/cargo" "+3154cc1a3e6424e44f438a95007d043ed5ceaaf6" "metadata" "--manifest-path" "Cargo.toml" "--no-deps", kill_on_drop: false }`
[INFO] crate git repo https://github.com/wsyzxjn/CodexMux already has a lockfile, it will not be regenerated
[INFO] running `Command { std: CARGO_HOME="/workspace/cargo-home" RUSTUP_HOME="/workspace/rustup-home" "/workspace/cargo-home/bin/cargo" "+3154cc1a3e6424e44f438a95007d043ed5ceaaf6" "fetch" "--manifest-path" "Cargo.toml", kill_on_drop: false }`
[INFO] running `Command { std: "docker" "create" "-v" "/var/lib/crater-agent-workspace/builds/worker-4-tc1/source:/opt/rustwide/workdir:ro,Z" "-v" "/var/lib/crater-agent-workspace/builds/worker-4-tc1/target:/opt/rustwide/target:rw,Z" "-v" "/var/lib/crater-agent-workspace/cargo-home:/opt/rustwide/cargo-home:ro,Z" "-v" "/var/lib/crater-agent-workspace/rustup-home:/opt/rustwide/rustup-home:ro,Z" "-m" "1610612736" "--network" "none" "ghcr.io/rust-lang/crates-build-env/linux@sha256:77db811e55d90add9212f6832c23229e3de5f1c1f9905e8cb07319ea15df73ac" "sleep" "infinity", kill_on_drop: false }`
[INFO] [stdout] 5b3437411c04c58d7f06310d3e2f6d47fa427128432742b9411e5813c748c249
[INFO] running `Command { std: "docker" "start" "5b3437411c04c58d7f06310d3e2f6d47fa427128432742b9411e5813c748c249", kill_on_drop: false }`
[INFO] running `Command { std: "docker" "inspect" "5b3437411c04c58d7f06310d3e2f6d47fa427128432742b9411e5813c748c249", kill_on_drop: false }`
[INFO] running `Command { std: "docker" "exec" "-e" "SOURCE_DIR=/opt/rustwide/workdir" "-e" "CARGO_HOME=/opt/rustwide/cargo-home" "-e" "RUSTUP_HOME=/opt/rustwide/rustup-home" "-e" "CARGO_TARGET_DIR=/opt/rustwide/target" "-w" "/opt/rustwide/workdir" "--user" "0:0" "5b3437411c04c58d7f06310d3e2f6d47fa427128432742b9411e5813c748c249" "/opt/rustwide/cargo-home/bin/cargo" "+3154cc1a3e6424e44f438a95007d043ed5ceaaf6" "metadata" "--no-deps" "--format-version=1", kill_on_drop: false }`
[INFO] running `Command { std: "docker" "inspect" "5b3437411c04c58d7f06310d3e2f6d47fa427128432742b9411e5813c748c249", kill_on_drop: false }`
[INFO] running `Command { std: "docker" "exec" "-e" "SOURCE_DIR=/opt/rustwide/workdir" "-e" "CARGO_HOME=/opt/rustwide/cargo-home" "-e" "RUSTUP_HOME=/opt/rustwide/rustup-home" "-e" "CARGO_TARGET_DIR=/opt/rustwide/target" "-e" "CARGO_INCREMENTAL=0" "-e" "RUST_BACKTRACE=full" "-e" "RUSTFLAGS=--cap-lints=forbid -Znext-solver=coherence" "-e" "RUSTDOCFLAGS=--cap-lints=forbid" "-w" "/opt/rustwide/workdir" "--user" "0:0" "5b3437411c04c58d7f06310d3e2f6d47fa427128432742b9411e5813c748c249" "/opt/rustwide/cargo-home/bin/cargo" "+3154cc1a3e6424e44f438a95007d043ed5ceaaf6" "check" "--frozen" "--all" "--all-targets" "--message-format=json", kill_on_drop: false }`
[INFO] [stderr]    Compiling serde_core v1.0.229
[INFO] [stderr]     Checking futures-util v0.3.34
[INFO] [stderr]     Checking tokio v1.53.1
[INFO] [stderr]    Compiling serde_json v1.0.151
[INFO] [stderr]    Compiling crc32fast v1.5.1
[INFO] [stderr]     Checking toml_parser v1.1.3+spec-1.1.0
[INFO] [stderr]     Checking icu_normalizer v2.3.0
[INFO] [stderr]    Compiling clap_derive v4.6.4
[INFO] [stderr]     Checking dirs-sys v0.5.0
[INFO] [stderr]     Checking time v0.3.55
[INFO] [stderr]     Checking miniz_oxide v0.9.1
[INFO] [stderr]     Checking axum-core v0.5.6
[INFO] [stderr]     Checking xattr v1.6.1
[INFO] [stderr]     Checking filetime v0.2.29
[INFO] [stderr]    Compiling async-stream-impl v0.3.6
[INFO] [stderr]     Checking symlink v0.1.0
[INFO] [stderr]     Checking uuid v1.26.0
[INFO] [stderr]     Checking dirs v6.0.0
[INFO] [stderr]     Checking tar v0.4.46
[INFO] [stderr]     Checking async-stream v0.3.6
[INFO] [stderr]     Checking idna_adapter v1.2.2
[INFO] [stderr]     Checking idna v1.1.0
[INFO] [stderr]     Checking flate2 v1.1.10
[INFO] [stderr]     Checking url v2.5.8
[INFO] [stderr]     Checking clap v4.6.6
[INFO] [stderr]     Checking tracing-appender v0.2.5
[INFO] [stderr]     Checking serde v1.0.229
[INFO] [stderr]     Checking toml_datetime v0.7.5+spec-1.1.0
[INFO] [stderr]     Checking serde_path_to_error v0.1.20
[INFO] [stderr]     Checking serde_spanned v1.1.1
[INFO] [stderr]     Checking toml_edit v0.23.10+spec-1.0.0
[INFO] [stderr]     Checking toml v0.9.12+spec-1.1.0
[INFO] [stderr]     Checking serde_urlencoded v0.7.1
[INFO] [stderr]     Checking serde_yaml v0.9.34+deprecated
[INFO] [stderr]     Checking hyper v1.11.1
[INFO] [stderr]     Checking tower v0.5.3
[INFO] [stderr]     Checking tokio-rustls v0.26.4
[INFO] [stderr]     Checking tokio-util v0.7.19
[INFO] [stderr]     Checking tower-http v0.6.11
[INFO] [stderr]     Checking hyper-util v0.1.20
[INFO] [stderr]     Checking hyper-rustls v0.27.9
[INFO] [stderr]     Checking axum v0.8.9
[INFO] [stderr]     Checking reqwest v0.12.28
[INFO] [stderr]     Checking codexmux v0.4.0 (/opt/rustwide/workdir)
[INFO] [stdout] error[E0425]: cannot find function `renamex_np` in crate `libc`
[INFO] [stdout]    --> src/fsutil.rs:144:33
[INFO] [stdout]     |
[INFO] [stdout] 144 |     let result = unsafe { libc::renamex_np(source.as_ptr(), target.as_ptr(), libc::RENAME_EXCL) };
[INFO] [stdout]     |                                 ^^^^^^^^^^ not found in `libc`
[INFO] [stdout] 
[INFO] [stdout] 
[INFO] [stdout] error[E0425]: cannot find value `RENAME_EXCL` in crate `libc`
[INFO] [stdout]    --> src/fsutil.rs:144:84
[INFO] [stdout]     |
[INFO] [stdout] 144 |     let result = unsafe { libc::renamex_np(source.as_ptr(), target.as_ptr(), libc::RENAME_EXCL) };
[INFO] [stdout]     |                                                                                    ^^^^^^^^^^^ not found in `libc`
[INFO] [stdout] 
[INFO] [stdout] 
[INFO] [stdout] error[E0425]: cannot find function `renamex_np` in crate `libc`
[INFO] [stdout]    --> src/fsutil.rs:155:33
[INFO] [stdout]     |
[INFO] [stdout] 155 |     let result = unsafe { libc::renamex_np(first.as_ptr(), second.as_ptr(), libc::RENAME_SWAP) };
[INFO] [stdout]     |                                 ^^^^^^^^^^ not found in `libc`
[INFO] [stdout] 
[INFO] [stdout] 
[INFO] [stdout] error[E0425]: cannot find value `RENAME_SWAP` in crate `libc`
[INFO] [stdout]    --> src/fsutil.rs:155:83
[INFO] [stdout]     |
[INFO] [stdout] 155 |     let result = unsafe { libc::renamex_np(first.as_ptr(), second.as_ptr(), libc::RENAME_SWAP) };
[INFO] [stdout]     |                                                                                   ^^^^^^^^^^^ not found in `libc`
[INFO] [stdout] 
[INFO] [stdout] 
[INFO] [stdout] error[E0425]: cannot find function `renamex_np` in crate `libc`
[INFO] [stdout]    --> src/fsutil.rs:144:33
[INFO] [stdout]     |
[INFO] [stdout] 144 |     let result = unsafe { libc::renamex_np(source.as_ptr(), target.as_ptr(), libc::RENAME_EXCL) };
[INFO] [stdout]     |                                 ^^^^^^^^^^ not found in `libc`
[INFO] [stdout] 
[INFO] [stdout] 
[INFO] [stdout] error[E0425]: cannot find value `RENAME_EXCL` in crate `libc`
[INFO] [stdout]    --> src/fsutil.rs:144:84
[INFO] [stdout]     |
[INFO] [stdout] 144 |     let result = unsafe { libc::renamex_np(source.as_ptr(), target.as_ptr(), libc::RENAME_EXCL) };
[INFO] [stdout]     |                                                                                    ^^^^^^^^^^^ not found in `libc`
[INFO] [stdout] 
[INFO] [stdout] 
[INFO] [stdout] error[E0425]: cannot find function `renamex_np` in crate `libc`
[INFO] [stdout]    --> src/fsutil.rs:155:33
[INFO] [stdout]     |
[INFO] [stdout] 155 |     let result = unsafe { libc::renamex_np(first.as_ptr(), second.as_ptr(), libc::RENAME_SWAP) };
[INFO] [stdout]     |                                 ^^^^^^^^^^ not found in `libc`
[INFO] [stdout] 
[INFO] [stdout] 
[INFO] [stdout] error[E0425]: cannot find value `RENAME_SWAP` in crate `libc`
[INFO] [stdout]    --> src/fsutil.rs:155:83
[INFO] [stdout]     |
[INFO] [stdout] 155 |     let result = unsafe { libc::renamex_np(first.as_ptr(), second.as_ptr(), libc::RENAME_SWAP) };
[INFO] [stdout]     |                                                                                   ^^^^^^^^^^^ not found in `libc`
[INFO] [stdout] 
[INFO] [stdout] 
[INFO] [stdout] For more information about this error, try `rustc --explain E0425`.
[INFO] [stdout] 
[INFO] [stderr] error: could not compile `codexmux` (lib) due to 4 previous errors
[INFO] [stderr] warning: build failed, waiting for other jobs to finish...
[INFO] [stdout] For more information about this error, try `rustc --explain E0425`.
[INFO] [stdout] 
[INFO] [stderr] error: could not compile `codexmux` (lib test) due to 4 previous errors
[INFO] running `Command { std: "docker" "inspect" "5b3437411c04c58d7f06310d3e2f6d47fa427128432742b9411e5813c748c249", kill_on_drop: false }`
[INFO] running `Command { std: "docker" "rm" "-f" "5b3437411c04c58d7f06310d3e2f6d47fa427128432742b9411e5813c748c249", kill_on_drop: false }`
[INFO] [stdout] 5b3437411c04c58d7f06310d3e2f6d47fa427128432742b9411e5813c748c249
