[INFO] cloning repository https://github.com/wsmithril/esp32-infoddesk
[INFO] running `Command { std: "git" "-c" "credential.helper=" "-c" "credential.helper=/workspace/cargo-home/bin/git-credential-null" "clone" "--bare" "https://github.com/wsmithril/esp32-infoddesk" "/workspace/cache/git-repos/https%3A%2F%2Fgithub.com%2Fwsmithril%2Fesp32-infoddesk", kill_on_drop: false }`
[INFO] [stderr] Cloning into bare repository '/workspace/cache/git-repos/https%3A%2F%2Fgithub.com%2Fwsmithril%2Fesp32-infoddesk'...
[INFO] running `Command { std: "git" "rev-parse" "HEAD", kill_on_drop: false }`
[INFO] [stdout] 3a6ca94382c1d6f53497884477e1558af0603693
[INFO] checking wsmithril/esp32-infoddesk against 3154cc1a3e6424e44f438a95007d043ed5ceaaf6 for pr-133502-30
[INFO] running `Command { std: "git" "clone" "/workspace/cache/git-repos/https%3A%2F%2Fgithub.com%2Fwsmithril%2Fesp32-infoddesk" "/workspace/builds/worker-6-tc2/source", kill_on_drop: false }`
[INFO] [stderr] Cloning into '/workspace/builds/worker-6-tc2/source'...
[INFO] [stderr] done.
[INFO] removed /workspace/builds/worker-6-tc2/source/.cargo/config.toml
[INFO] removed /workspace/builds/worker-6-tc2/source/rust-toolchain.toml
[INFO] started tweaking git repo https://github.com/wsmithril/esp32-infoddesk
[INFO] finished tweaking git repo https://github.com/wsmithril/esp32-infoddesk
[INFO] tweaked toml for git repo https://github.com/wsmithril/esp32-infoddesk written to /workspace/builds/worker-6-tc2/source/Cargo.toml
[INFO] validating manifest of git repo https://github.com/wsmithril/esp32-infoddesk on toolchain 3154cc1a3e6424e44f438a95007d043ed5ceaaf6
[INFO] running `Command { std: CARGO_HOME="/workspace/cargo-home" RUSTUP_HOME="/workspace/rustup-home" "/workspace/cargo-home/bin/cargo" "+3154cc1a3e6424e44f438a95007d043ed5ceaaf6" "metadata" "--manifest-path" "Cargo.toml" "--no-deps", kill_on_drop: false }`
[INFO] crate git repo https://github.com/wsmithril/esp32-infoddesk already has a lockfile, it will not be regenerated
[INFO] running `Command { std: CARGO_HOME="/workspace/cargo-home" RUSTUP_HOME="/workspace/rustup-home" "/workspace/cargo-home/bin/cargo" "+3154cc1a3e6424e44f438a95007d043ed5ceaaf6" "fetch" "--manifest-path" "Cargo.toml", kill_on_drop: false }`
[INFO] [stderr]     Blocking waiting for file lock on package cache
[INFO] running `Command { std: "docker" "create" "-v" "/var/lib/crater-agent-workspace/builds/worker-6-tc2/source:/opt/rustwide/workdir:ro,Z" "-v" "/var/lib/crater-agent-workspace/builds/worker-6-tc2/target:/opt/rustwide/target:rw,Z" "-v" "/var/lib/crater-agent-workspace/cargo-home:/opt/rustwide/cargo-home:ro,Z" "-v" "/var/lib/crater-agent-workspace/rustup-home:/opt/rustwide/rustup-home:ro,Z" "-m" "1610612736" "--network" "none" "ghcr.io/rust-lang/crates-build-env/linux@sha256:77db811e55d90add9212f6832c23229e3de5f1c1f9905e8cb07319ea15df73ac" "sleep" "infinity", kill_on_drop: false }`
[INFO] [stdout] d571dc7bfb89454cb91fb313d260929e4ac807c10394c7a302b7642586499003
[INFO] running `Command { std: "docker" "start" "d571dc7bfb89454cb91fb313d260929e4ac807c10394c7a302b7642586499003", kill_on_drop: false }`
[INFO] running `Command { std: "docker" "inspect" "d571dc7bfb89454cb91fb313d260929e4ac807c10394c7a302b7642586499003", kill_on_drop: false }`
[INFO] running `Command { std: "docker" "exec" "-e" "SOURCE_DIR=/opt/rustwide/workdir" "-e" "CARGO_HOME=/opt/rustwide/cargo-home" "-e" "RUSTUP_HOME=/opt/rustwide/rustup-home" "-e" "CARGO_TARGET_DIR=/opt/rustwide/target" "-w" "/opt/rustwide/workdir" "--user" "0:0" "d571dc7bfb89454cb91fb313d260929e4ac807c10394c7a302b7642586499003" "/opt/rustwide/cargo-home/bin/cargo" "+3154cc1a3e6424e44f438a95007d043ed5ceaaf6" "metadata" "--no-deps" "--format-version=1", kill_on_drop: false }`
[INFO] running `Command { std: "docker" "inspect" "d571dc7bfb89454cb91fb313d260929e4ac807c10394c7a302b7642586499003", kill_on_drop: false }`
[INFO] running `Command { std: "docker" "exec" "-e" "SOURCE_DIR=/opt/rustwide/workdir" "-e" "CARGO_HOME=/opt/rustwide/cargo-home" "-e" "RUSTUP_HOME=/opt/rustwide/rustup-home" "-e" "CARGO_TARGET_DIR=/opt/rustwide/target" "-e" "CARGO_INCREMENTAL=0" "-e" "RUST_BACKTRACE=full" "-e" "RUSTFLAGS=--cap-lints=forbid" "-e" "RUSTDOCFLAGS=--cap-lints=forbid" "-w" "/opt/rustwide/workdir" "--user" "0:0" "d571dc7bfb89454cb91fb313d260929e4ac807c10394c7a302b7642586499003" "/opt/rustwide/cargo-home/bin/cargo" "+3154cc1a3e6424e44f438a95007d043ed5ceaaf6" "check" "--frozen" "--all" "--all-targets" "--message-format=json", kill_on_drop: false }`
[INFO] [stderr]    Compiling proc-macro2 v1.0.107
[INFO] [stderr]    Compiling unicode-ident v1.0.24
[INFO] [stderr]    Compiling quote v1.0.47
[INFO] [stderr]    Compiling version_check v0.9.5
[INFO] [stderr]     Checking zeroize v1.9.0
[INFO] [stderr]     Checking typenum v1.20.1
[INFO] [stderr]     Checking cfg-if v1.0.4
[INFO] [stderr]     Checking subtle v2.6.1
[INFO] [stderr]    Compiling litrs v1.0.0
[INFO] [stderr]    Compiling serde_core v1.0.229
[INFO] [stderr]    Compiling esp-metadata-generated v0.4.0
[INFO] [stderr]    Compiling hashbrown v0.17.1
[INFO] [stderr]    Compiling equivalent v1.0.2
[INFO] [stderr]     Checking const-oid v0.9.6
[INFO] [stderr]     Checking byteorder v1.5.0
[INFO] [stderr]     Checking stable_deref_trait v1.2.1
[INFO] [stderr]    Compiling serde v1.0.229
[INFO] [stderr]     Checking critical-section v1.2.0
[INFO] [stderr]    Compiling heapless v0.8.0
[INFO] [stderr]    Compiling ryu v1.0.23
[INFO] [stderr]     Checking futures-core v0.3.34
[INFO] [stderr]    Compiling unsafe-libyaml v0.2.11
[INFO] [stderr]    Compiling itoa v1.0.18
[INFO] [stderr]    Compiling ident_case v1.0.1
[INFO] [stderr]     Checking rand_core v0.6.4
[INFO] [stderr]    Compiling embedded-io-async v0.6.1
[INFO] [stderr]     Checking hash32 v0.3.1
[INFO] [stderr]     Checking embedded-io v0.6.1
[INFO] [stderr]     Checking futures-sink v0.3.34
[INFO] [stderr]    Compiling embassy-sync v0.7.2
[INFO] [stderr]     Checking futures-task v0.3.34
[INFO] [stderr]     Checking pin-project-lite v0.2.17
[INFO] [stderr]    Compiling fnv v1.0.7
[INFO] [stderr]     Checking futures-util v0.3.34
[INFO] [stderr]     Checking nb v1.1.0
[INFO] [stderr]    Compiling embassy-sync v0.6.2
[INFO] [stderr]    Compiling portable-atomic v1.15.0
[INFO] [stderr]    Compiling autocfg v1.5.1
[INFO] [stderr]     Checking cpufeatures v0.2.17
[INFO] [stderr]    Compiling evalexpr v12.0.3
[INFO] [stderr]    Compiling generic-array v0.14.7
[INFO] [stderr]    Compiling heapless v0.9.3
[INFO] [stderr]    Compiling esp-metadata-generated v0.1.0
[INFO] [stderr]    Compiling embedded-hal-async v1.0.0
[INFO] [stderr]     Checking nb v0.1.3
[INFO] [stderr]     Checking ff v0.13.1
[INFO] [stderr]     Checking der v0.7.10
[INFO] [stderr]    Compiling document-features v0.2.12
[INFO] [stderr]     Checking embedded-hal v1.0.0
[INFO] [stderr]     Checking void v1.0.2
[INFO] [stderr]    Compiling embassy-hal-internal v0.3.0
[INFO] [stderr]     Checking embedded-io v0.7.1
[INFO] [stderr]    Compiling num-traits v0.2.19
[INFO] [stderr]    Compiling strsim v0.11.1
[INFO] [stderr]    Compiling winnow v1.0.4
[INFO] [stderr]    Compiling log v0.4.33
[INFO] [stderr]    Compiling anyhow v1.0.104
[INFO] [stderr]    Compiling embassy-time-driver v0.2.2
[INFO] [stderr]     Checking base16ct v0.2.0
[INFO] [stderr]    Compiling esp-println v0.17.0
[INFO] [stderr]     Checking embedded-io-async v0.7.0
[INFO] [stderr]     Checking embedded-hal v0.2.7
[INFO] [stderr]     Checking group v0.13.0
[INFO] [stderr]    Compiling esp-rom-sys v0.1.4
[INFO] [stderr]     Checking vcell v0.1.3
[INFO] [stderr]    Compiling esp32c6 v0.23.3
[INFO] [stderr]    Compiling syn v3.0.3
[INFO] [stderr]    Compiling syn v2.0.119
[INFO] [stderr]    Compiling somni-parser v0.2.2
[INFO] [stderr]    Compiling object v0.36.7
[INFO] [stderr]    Compiling toml_datetime v1.1.1+spec-1.1.0
[INFO] [stderr]     Checking embedded-storage v0.3.1
[INFO] [stderr]    Compiling embassy-sync v0.8.0
[INFO] [stderr]     Checking embedded-storage-async v0.4.1
[INFO] [stderr]    Compiling esp-sync v0.2.1
[INFO] [stderr]    Compiling instability v0.3.13
[INFO] [stderr]    Compiling heck v0.5.0
[INFO] [stderr]    Compiling somni-expr v0.2.0
[INFO] [stderr]     Checking opaque-debug v0.3.1
[INFO] [stderr]    Compiling esp32c6 v0.21.0
[INFO] [stderr]    Compiling memchr v2.8.3
[INFO] [stderr]    Compiling paste v1.0.15
[INFO] [stderr]     Checking embassy-futures v0.1.2
[INFO] [stderr]    Compiling litrs v0.4.2
[INFO] [stderr]    Compiling zmij v1.0.23
[INFO] [stderr]    Compiling esp-wifi-sys v0.7.1
[INFO] [stderr]     Checking gcd v2.3.0
[INFO] [stderr]    Compiling termcolor v1.4.1
[INFO] [stderr]    Compiling indoc v2.0.7
[INFO] [stderr]    Compiling smoltcp v0.12.0
[INFO] [stderr]     Checking fugit v0.3.9
[INFO] [stderr]     Checking esp-config v0.5.0
[INFO] [stderr]     Checking embedded-can v0.4.1
[INFO] [stderr]     Checking embassy-embedded-hal v0.4.0
[INFO] [stderr]     Checking bitflags v1.3.2
[INFO] [stderr]     Checking embassy-time v0.4.0
[INFO] [stderr]     Checking linked_list_allocator v0.10.6
[INFO] [stderr]    Compiling serde_json v1.0.151
[INFO] [stderr]     Checking allocator-api2 v0.3.1
[INFO] [stderr]     Checking managed v0.8.0
[INFO] [stderr]     Checking ufmt-write v0.1.0
[INFO] [stderr]     Checking bitflags v2.13.1
[INFO] [stderr]     Checking rand_core v0.9.5
[INFO] [stderr]     Checking bytemuck v1.25.2
[INFO] [stderr]     Checking esp-config v0.7.0
[INFO] [stderr]     Checking crypto-common v0.1.7
[INFO] [stderr]     Checking block-buffer v0.10.4
[INFO] [stdout] error[E0425]: cannot find type `VaargType` in this scope
[INFO] [stdout]   --> /opt/rustwide/cargo-home/registry/src/index.crates.io-1949cf8c6b5b557f/esp-wifi-sys-0.7.1/src/lib.rs:74:63
[INFO] [stdout]    |
[INFO] [stdout] 74 |     pub unsafe extern "C" fn rtc_printf(_s: *const u8, _args: VaargType) {}
[INFO] [stdout]    |                                                               ^^^^^^^^^ not found in this scope
[INFO] [stdout] 
[INFO] [stdout] 
[INFO] [stdout] error[E0425]: cannot find type `VaargType` in this scope
[INFO] [stdout]   --> /opt/rustwide/cargo-home/registry/src/index.crates.io-1949cf8c6b5b557f/esp-wifi-sys-0.7.1/src/lib.rs:77:63
[INFO] [stdout]    |
[INFO] [stdout] 77 |     pub unsafe extern "C" fn phy_printf(_s: *const u8, _args: VaargType) {}
[INFO] [stdout]    |                                                               ^^^^^^^^^ not found in this scope
[INFO] [stdout] 
[INFO] [stdout] 
[INFO] [stdout] error[E0425]: cannot find type `VaargType` in this scope
[INFO] [stdout]   --> /opt/rustwide/cargo-home/registry/src/index.crates.io-1949cf8c6b5b557f/esp-wifi-sys-0.7.1/src/lib.rs:80:67
[INFO] [stdout]    |
[INFO] [stdout] 80 |     pub unsafe extern "C" fn coexist_printf(_s: *const u8, _args: VaargType) {}
[INFO] [stdout]    |                                                                   ^^^^^^^^^ not found in this scope
[INFO] [stdout] 
[INFO] [stdout] 
[INFO] [stdout] error[E0425]: cannot find type `VaargType` in this scope
[INFO] [stdout]   --> /opt/rustwide/cargo-home/registry/src/index.crates.io-1949cf8c6b5b557f/esp-wifi-sys-0.7.1/src/lib.rs:83:68
[INFO] [stdout]    |
[INFO] [stdout] 83 |     pub unsafe extern "C" fn net80211_printf(_s: *const u8, _args: VaargType) {}
[INFO] [stdout]    |                                                                    ^^^^^^^^^ not found in this scope
[INFO] [stdout] 
[INFO] [stdout] 
[INFO] [stdout] error[E0425]: cannot find type `VaargType` in this scope
[INFO] [stdout]   --> /opt/rustwide/cargo-home/registry/src/index.crates.io-1949cf8c6b5b557f/esp-wifi-sys-0.7.1/src/lib.rs:86:62
[INFO] [stdout]    |
[INFO] [stdout] 86 |     pub unsafe extern "C" fn pp_printf(_s: *const u8, _args: VaargType) {}
[INFO] [stdout]    |                                                              ^^^^^^^^^ not found in this scope
[INFO] [stdout] 
[INFO] [stdout] 
[INFO] [stdout] error[E0425]: cannot find type `VaargType` in this scope
[INFO] [stdout]   --> /opt/rustwide/cargo-home/registry/src/index.crates.io-1949cf8c6b5b557f/esp-wifi-sys-0.7.1/src/lib.rs:89:80
[INFO] [stdout]    |
[INFO] [stdout] 89 |     pub unsafe extern "C" fn syslog(_priority: u32, _format: *const u8, _args: VaargType) {}
[INFO] [stdout]    |                                                                                ^^^^^^^^^ not found in this scope
[INFO] [stdout] 
[INFO] [stdout] 
[INFO] [stderr]     Checking sec1 v0.7.3
[INFO] [stderr]     Checking inout v0.1.4
[INFO] [stderr]     Checking crypto-bigint v0.5.5
[INFO] [stderr]     Checking universal-hash v0.5.1
[INFO] [stderr]     Checking digest v0.10.7
[INFO] [stderr]     Checking cipher v0.4.4
[INFO] [stderr]     Checking polyval v0.6.2
[INFO] [stdout] For more information about this error, try `rustc --explain E0425`.
[INFO] [stdout] 
[INFO] [stderr] error: could not compile `esp-wifi-sys` (lib) due to 6 previous errors
[INFO] [stderr] warning: build failed, waiting for other jobs to finish...
[INFO] running `Command { std: "docker" "inspect" "d571dc7bfb89454cb91fb313d260929e4ac807c10394c7a302b7642586499003", kill_on_drop: false }`
[INFO] running `Command { std: "docker" "rm" "-f" "d571dc7bfb89454cb91fb313d260929e4ac807c10394c7a302b7642586499003", kill_on_drop: false }`
[INFO] [stdout] d571dc7bfb89454cb91fb313d260929e4ac807c10394c7a302b7642586499003
