[INFO] cloning repository https://github.com/wrsturgeon/nanobruijn-afl
[INFO] running `Command { std: "git" "-c" "credential.helper=" "-c" "credential.helper=/workspace/cargo-home/bin/git-credential-null" "clone" "--bare" "https://github.com/wrsturgeon/nanobruijn-afl" "/workspace/cache/git-repos/https%3A%2F%2Fgithub.com%2Fwrsturgeon%2Fnanobruijn-afl", kill_on_drop: false }`
[INFO] [stderr] Cloning into bare repository '/workspace/cache/git-repos/https%3A%2F%2Fgithub.com%2Fwrsturgeon%2Fnanobruijn-afl'...
[INFO] running `Command { std: "git" "rev-parse" "HEAD", kill_on_drop: false }`
[INFO] [stdout] e41e857e00662a2793bbd88b45db49e58ac99159
[INFO] checking wrsturgeon/nanobruijn-afl against 3154cc1a3e6424e44f438a95007d043ed5ceaaf6+rustflags=-Znext-solver=coherence for pr-133502-30
[INFO] running `Command { std: "git" "clone" "/workspace/cache/git-repos/https%3A%2F%2Fgithub.com%2Fwrsturgeon%2Fnanobruijn-afl" "/workspace/builds/worker-2-tc1/source", kill_on_drop: false }`
[INFO] [stderr] Cloning into '/workspace/builds/worker-2-tc1/source'...
[INFO] [stderr] done.
[INFO] removed /workspace/builds/worker-2-tc1/source/rust-toolchain.toml
[INFO] started tweaking git repo https://github.com/wrsturgeon/nanobruijn-afl
[INFO] finished tweaking git repo https://github.com/wrsturgeon/nanobruijn-afl
[INFO] tweaked toml for git repo https://github.com/wrsturgeon/nanobruijn-afl written to /workspace/builds/worker-2-tc1/source/Cargo.toml
[INFO] validating manifest of git repo https://github.com/wrsturgeon/nanobruijn-afl on toolchain 3154cc1a3e6424e44f438a95007d043ed5ceaaf6
[INFO] running `Command { std: CARGO_HOME="/workspace/cargo-home" RUSTUP_HOME="/workspace/rustup-home" "/workspace/cargo-home/bin/cargo" "+3154cc1a3e6424e44f438a95007d043ed5ceaaf6" "metadata" "--manifest-path" "Cargo.toml" "--no-deps", kill_on_drop: false }`
[INFO] crate git repo https://github.com/wrsturgeon/nanobruijn-afl already has a lockfile, it will not be regenerated
[INFO] running `Command { std: CARGO_HOME="/workspace/cargo-home" RUSTUP_HOME="/workspace/rustup-home" "/workspace/cargo-home/bin/cargo" "+3154cc1a3e6424e44f438a95007d043ed5ceaaf6" "fetch" "--manifest-path" "Cargo.toml", kill_on_drop: false }`
[INFO] [stderr]     Updating crates.io index
[INFO] [stderr]     Updating git repository `https://github.com/ammkrn/nanobruijn.git`
[INFO] [stderr]     Updating git repository `https://github.com/nomeata/nanobruijn.git`
[INFO] [stderr]  Downloading crates ...
[INFO] [stderr]   Downloaded afl v0.18.2
[INFO] [stderr]   Downloaded xdg v3.0.0
[INFO] running `Command { std: "docker" "create" "-v" "/var/lib/crater-agent-workspace/builds/worker-2-tc1/source:/opt/rustwide/workdir:ro,Z" "-v" "/var/lib/crater-agent-workspace/builds/worker-2-tc1/target:/opt/rustwide/target:rw,Z" "-v" "/var/lib/crater-agent-workspace/cargo-home:/opt/rustwide/cargo-home:ro,Z" "-v" "/var/lib/crater-agent-workspace/rustup-home:/opt/rustwide/rustup-home:ro,Z" "-m" "1610612736" "--network" "none" "ghcr.io/rust-lang/crates-build-env/linux@sha256:77db811e55d90add9212f6832c23229e3de5f1c1f9905e8cb07319ea15df73ac" "sleep" "infinity", kill_on_drop: false }`
[INFO] [stdout] 86cac35430d9979f0643616df473b38ddd1f5f28931c77775a4198bc3f6e21aa
[INFO] running `Command { std: "docker" "start" "86cac35430d9979f0643616df473b38ddd1f5f28931c77775a4198bc3f6e21aa", kill_on_drop: false }`
[INFO] running `Command { std: "docker" "inspect" "86cac35430d9979f0643616df473b38ddd1f5f28931c77775a4198bc3f6e21aa", kill_on_drop: false }`
[INFO] running `Command { std: "docker" "exec" "-e" "SOURCE_DIR=/opt/rustwide/workdir" "-e" "CARGO_HOME=/opt/rustwide/cargo-home" "-e" "RUSTUP_HOME=/opt/rustwide/rustup-home" "-e" "CARGO_TARGET_DIR=/opt/rustwide/target" "-w" "/opt/rustwide/workdir" "--user" "0:0" "86cac35430d9979f0643616df473b38ddd1f5f28931c77775a4198bc3f6e21aa" "/opt/rustwide/cargo-home/bin/cargo" "+3154cc1a3e6424e44f438a95007d043ed5ceaaf6" "metadata" "--no-deps" "--format-version=1", kill_on_drop: false }`
[INFO] running `Command { std: "docker" "inspect" "86cac35430d9979f0643616df473b38ddd1f5f28931c77775a4198bc3f6e21aa", kill_on_drop: false }`
[INFO] running `Command { std: "docker" "exec" "-e" "SOURCE_DIR=/opt/rustwide/workdir" "-e" "CARGO_HOME=/opt/rustwide/cargo-home" "-e" "RUSTUP_HOME=/opt/rustwide/rustup-home" "-e" "CARGO_TARGET_DIR=/opt/rustwide/target" "-e" "CARGO_INCREMENTAL=0" "-e" "RUST_BACKTRACE=full" "-e" "RUSTFLAGS=--cap-lints=forbid -Znext-solver=coherence" "-e" "RUSTDOCFLAGS=--cap-lints=forbid" "-w" "/opt/rustwide/workdir" "--user" "0:0" "86cac35430d9979f0643616df473b38ddd1f5f28931c77775a4198bc3f6e21aa" "/opt/rustwide/cargo-home/bin/cargo" "+3154cc1a3e6424e44f438a95007d043ed5ceaaf6" "check" "--frozen" "--all" "--all-targets" "--message-format=json", kill_on_drop: false }`
[INFO] [stderr]    Compiling object v0.39.1
[INFO] [stderr]    Compiling serde_core v1.0.229
[INFO] [stderr]    Compiling serde v1.0.229
[INFO] [stderr]    Compiling serde_json v1.0.151
[INFO] [stderr]    Compiling cc v1.4.0
[INFO] [stderr]    Compiling num-traits v0.2.19
[INFO] [stderr]     Checking smallvec v1.15.2
[INFO] [stderr]     Checking rustc-hash v1.1.0
[INFO] [stderr]     Checking indexmap v2.14.0
[INFO] [stderr]    Compiling afl v0.18.2
[INFO] [stderr]     Checking rustc_version v0.4.1
[INFO] [stderr]     Checking xdg v3.0.0
[INFO] [stderr]     Checking arbitrary v1.4.2
[INFO] [stderr]    Compiling syn v3.0.3
[INFO] [stderr]     Checking num-integer v0.1.46
[INFO] [stderr]    Compiling stacker v0.1.25
[INFO] [stderr]    Compiling serde_derive v1.0.229
[INFO] [stderr]    Compiling ar_archive_writer v0.5.3
[INFO] [stderr]    Compiling psm v0.1.32
[INFO] [stderr]     Checking num-bigint v0.4.8
[INFO] [stderr]     Checking nanobruijn v0.1.0 (https://github.com/ammkrn/nanobruijn.git#5e385cbf)
[INFO] [stderr]     Checking nanobruijn v0.1.0 (https://github.com/nomeata/nanobruijn.git#8cd5f61e)
[INFO] [stderr]     Checking nanobruijn-afl-harness v0.0.0 (/opt/rustwide/workdir)
[INFO] [stdout] error[E0603]: struct `ExportJsonObject` is private
[INFO] [stdout]    --> src/bin/corpus.rs:8:9
[INFO] [stdout]     |
[INFO] [stdout]   8 |         bytes_to_export_files!(bytes, original);
[INFO] [stdout]     |         ^^^^^^^^^^^^^^^^^^^^^^^^^^^^^^^^^^^^^^^ private struct
[INFO] [stdout]     |
[INFO] [stdout] note: the struct `ExportJsonObject` is defined here
[INFO] [stdout]    --> /opt/rustwide/cargo-home/git/checkouts/nanobruijn-84ad619d3b6c0dfd/8cd5f61/src/parser.rs:113:1
[INFO] [stdout]     |
[INFO] [stdout] 113 | struct ExportJsonObject<'a> {
[INFO] [stdout]     | ^^^^^^^^^^^^^^^^^^^^^^^^^^^
[INFO] [stdout]     = note: this error originates in the macro `bytes_to_export_files` (in Nightly builds, run with -Z macro-backtrace for more info)
[INFO] [stdout] 
[INFO] [stdout] 
[INFO] [stdout] error[E0603]: struct `ExportJsonObject` is private
[INFO] [stdout]    --> src/bin/differential.rs:7:9
[INFO] [stdout]     |
[INFO] [stdout]   7 |         bytes_to_export_files!(bytes, original, mutated);
[INFO] [stdout]     |         ^^^^^^^^^^^^^^^^^^^^^^^^^^^^^^^^^^^^^^^^^^^^^^^^ private struct
[INFO] [stdout]     |
[INFO] [stdout] note: the struct `ExportJsonObject` is defined here
[INFO] [stdout]    --> /opt/rustwide/cargo-home/git/checkouts/nanobruijn-84ad619d3b6c0dfd/8cd5f61/src/parser.rs:113:1
[INFO] [stdout]     |
[INFO] [stdout] 113 | struct ExportJsonObject<'a> {
[INFO] [stdout]     | ^^^^^^^^^^^^^^^^^^^^^^^^^^^
[INFO] [stdout]     = note: this error originates in the macro `bytes_to_export_files` (in Nightly builds, run with -Z macro-backtrace for more info)
[INFO] [stdout] 
[INFO] [stdout] 
[INFO] [stdout] error[E0603]: struct `ExportJsonObject` is private
[INFO] [stdout]    --> src/bin/corpus.rs:8:9
[INFO] [stdout]     |
[INFO] [stdout]   8 |         bytes_to_export_files!(bytes, original);
[INFO] [stdout]     |         ^^^^^^^^^^^^^^^^^^^^^^^^^^^^^^^^^^^^^^^ private struct
[INFO] [stdout]     |
[INFO] [stdout] note: the struct `ExportJsonObject` is defined here
[INFO] [stdout]    --> /opt/rustwide/cargo-home/git/checkouts/nanobruijn-84ad619d3b6c0dfd/8cd5f61/src/parser.rs:113:1
[INFO] [stdout]     |
[INFO] [stdout] 113 | struct ExportJsonObject<'a> {
[INFO] [stdout]     | ^^^^^^^^^^^^^^^^^^^^^^^^^^^
[INFO] [stdout]     = note: this error originates in the macro `bytes_to_export_files` (in Nightly builds, run with -Z macro-backtrace for more info)
[INFO] [stdout] 
[INFO] [stdout] 
[INFO] [stdout] error[E0603]: struct `ExportJsonObject` is private
[INFO] [stdout]    --> src/bin/differential.rs:7:9
[INFO] [stdout]     |
[INFO] [stdout]   7 |         bytes_to_export_files!(bytes, original, mutated);
[INFO] [stdout]     |         ^^^^^^^^^^^^^^^^^^^^^^^^^^^^^^^^^^^^^^^^^^^^^^^^ private struct
[INFO] [stdout]     |
[INFO] [stdout] note: the struct `ExportJsonObject` is defined here
[INFO] [stdout]    --> /opt/rustwide/cargo-home/git/checkouts/nanobruijn-84ad619d3b6c0dfd/8cd5f61/src/parser.rs:113:1
[INFO] [stdout]     |
[INFO] [stdout] 113 | struct ExportJsonObject<'a> {
[INFO] [stdout]     | ^^^^^^^^^^^^^^^^^^^^^^^^^^^
[INFO] [stdout]     = note: this error originates in the macro `bytes_to_export_files` (in Nightly builds, run with -Z macro-backtrace for more info)
[INFO] [stdout] 
[INFO] [stdout] 
[INFO] [stdout] error[E0603]: function `parse_export_file` is private
[INFO] [stdout]    --> src/bin/differential.rs:7:9
[INFO] [stdout]     |
[INFO] [stdout]   7 |         bytes_to_export_files!(bytes, original, mutated);
[INFO] [stdout]     |         ^^^^^^^^^^^^^^^^^^^^^^^^^^^^^^^^^^^^^^^^^^^^^^^^ private function
[INFO] [stdout]     |
[INFO] [stdout] note: the function `parse_export_file` is defined here
[INFO] [stdout]    --> /opt/rustwide/cargo-home/git/checkouts/nanobruijn-84ad619d3b6c0dfd/8cd5f61/src/parser.rs:362:1
[INFO] [stdout]     |
[INFO] [stdout] 362 | / pub(crate) fn parse_export_file<'p, R: BufRead>(
[INFO] [stdout] 363 | |     buf_reader: R,
[INFO] [stdout] 364 | |     config: Config,
[INFO] [stdout] 365 | |     estimated_exprs: usize,
[INFO] [stdout] 366 | |
[INFO] [stdout] 367 | | ) -> Result<(crate::util::ExportFile<'p>, Vec<String>), Box<dyn Error>> {
[INFO] [stdout]     | |_______________________________________________________________________^
[INFO] [stdout]     = note: this error originates in the macro `bytes_to_export_files` (in Nightly builds, run with -Z macro-backtrace for more info)
[INFO] [stdout] 
[INFO] [stdout] 
[INFO] [stdout] error[E0603]: function `parse_export_file` is private
[INFO] [stdout]    --> src/bin/corpus.rs:8:9
[INFO] [stdout]     |
[INFO] [stdout]   8 |         bytes_to_export_files!(bytes, original);
[INFO] [stdout]     |         ^^^^^^^^^^^^^^^^^^^^^^^^^^^^^^^^^^^^^^^ private function
[INFO] [stdout]     |
[INFO] [stdout] note: the function `parse_export_file` is defined here
[INFO] [stdout]    --> /opt/rustwide/cargo-home/git/checkouts/nanobruijn-84ad619d3b6c0dfd/8cd5f61/src/parser.rs:362:1
[INFO] [stdout]     |
[INFO] [stdout] 362 | / pub(crate) fn parse_export_file<'p, R: BufRead>(
[INFO] [stdout] 363 | |     buf_reader: R,
[INFO] [stdout] 364 | |     config: Config,
[INFO] [stdout] 365 | |     estimated_exprs: usize,
[INFO] [stdout] 366 | |
[INFO] [stdout] 367 | | ) -> Result<(crate::util::ExportFile<'p>, Vec<String>), Box<dyn Error>> {
[INFO] [stdout]     | |_______________________________________________________________________^
[INFO] [stdout]     = note: this error originates in the macro `bytes_to_export_files` (in Nightly builds, run with -Z macro-backtrace for more info)
[INFO] [stdout] 
[INFO] [stdout] 
[INFO] [stdout] error[E0603]: function `parse_export_file` is private
[INFO] [stdout]    --> src/bin/corpus.rs:8:9
[INFO] [stdout]     |
[INFO] [stdout]   8 |         bytes_to_export_files!(bytes, original);
[INFO] [stdout]     |         ^^^^^^^^^^^^^^^^^^^^^^^^^^^^^^^^^^^^^^^ private function
[INFO] [stdout]     |
[INFO] [stdout] note: the function `parse_export_file` is defined here
[INFO] [stdout]    --> /opt/rustwide/cargo-home/git/checkouts/nanobruijn-84ad619d3b6c0dfd/8cd5f61/src/parser.rs:362:1
[INFO] [stdout]     |
[INFO] [stdout] 362 | / pub(crate) fn parse_export_file<'p, R: BufRead>(
[INFO] [stdout] 363 | |     buf_reader: R,
[INFO] [stdout] 364 | |     config: Config,
[INFO] [stdout] 365 | |     estimated_exprs: usize,
[INFO] [stdout] 366 | |
[INFO] [stdout] 367 | | ) -> Result<(crate::util::ExportFile<'p>, Vec<String>), Box<dyn Error>> {
[INFO] [stdout]     | |_______________________________________________________________________^
[INFO] [stdout]     = note: this error originates in the macro `bytes_to_export_files` (in Nightly builds, run with -Z macro-backtrace for more info)
[INFO] [stdout] 
[INFO] [stdout] 
[INFO] [stdout] For more information about this error, try `rustc --explain E0603`.
[INFO] [stdout] 
[INFO] [stdout] error[E0603]: function `parse_export_file` is private
[INFO] [stdout]    --> src/bin/differential.rs:7:9
[INFO] [stdout]     |
[INFO] [stdout]   7 |         bytes_to_export_files!(bytes, original, mutated);
[INFO] [stdout]     |         ^^^^^^^^^^^^^^^^^^^^^^^^^^^^^^^^^^^^^^^^^^^^^^^^ private function
[INFO] [stdout]     |
[INFO] [stdout] note: the function `parse_export_file` is defined here
[INFO] [stdout]    --> /opt/rustwide/cargo-home/git/checkouts/nanobruijn-84ad619d3b6c0dfd/8cd5f61/src/parser.rs:362:1
[INFO] [stdout]     |
[INFO] [stdout] 362 | / pub(crate) fn parse_export_file<'p, R: BufRead>(
[INFO] [stdout] 363 | |     buf_reader: R,
[INFO] [stdout] 364 | |     config: Config,
[INFO] [stdout] 365 | |     estimated_exprs: usize,
[INFO] [stdout] 366 | |
[INFO] [stdout] 367 | | ) -> Result<(crate::util::ExportFile<'p>, Vec<String>), Box<dyn Error>> {
[INFO] [stdout]     | |_______________________________________________________________________^
[INFO] [stdout]     = note: this error originates in the macro `bytes_to_export_files` (in Nightly builds, run with -Z macro-backtrace for more info)
[INFO] [stdout] 
[INFO] [stdout] 
[INFO] [stdout] For more information about this error, try `rustc --explain E0603`.
[INFO] [stdout] 
[INFO] [stderr] error: could not compile `nanobruijn-afl-harness` (bin "differential") due to 2 previous errors
[INFO] [stderr] warning: build failed, waiting for other jobs to finish...
[INFO] [stderr] error: could not compile `nanobruijn-afl-harness` (bin "corpus") due to 2 previous errors
[INFO] [stdout] For more information about this error, try `rustc --explain E0603`.
[INFO] [stdout] 
[INFO] [stdout] For more information about this error, try `rustc --explain E0603`.
[INFO] [stdout] 
[INFO] [stderr] error: could not compile `nanobruijn-afl-harness` (bin "differential" test) due to 2 previous errors
[INFO] [stderr] error: could not compile `nanobruijn-afl-harness` (bin "corpus" test) due to 2 previous errors
[INFO] running `Command { std: "docker" "inspect" "86cac35430d9979f0643616df473b38ddd1f5f28931c77775a4198bc3f6e21aa", kill_on_drop: false }`
[INFO] running `Command { std: "docker" "rm" "-f" "86cac35430d9979f0643616df473b38ddd1f5f28931c77775a4198bc3f6e21aa", kill_on_drop: false }`
[INFO] [stdout] 86cac35430d9979f0643616df473b38ddd1f5f28931c77775a4198bc3f6e21aa
