[INFO] cloning repository https://github.com/worldcoin/di-migration-tee
[INFO] running `Command { std: "git" "-c" "credential.helper=" "-c" "credential.helper=/workspace/cargo-home/bin/git-credential-null" "clone" "--bare" "https://github.com/worldcoin/di-migration-tee" "/workspace/cache/git-repos/https%3A%2F%2Fgithub.com%2Fworldcoin%2Fdi-migration-tee", kill_on_drop: false }`
[INFO] [stderr] Cloning into bare repository '/workspace/cache/git-repos/https%3A%2F%2Fgithub.com%2Fworldcoin%2Fdi-migration-tee'...
[INFO] running `Command { std: "git" "rev-parse" "HEAD", kill_on_drop: false }`
[INFO] [stdout] c4cf511c4bb71d7153516071382ca792cd604d56
[INFO] checking worldcoin/di-migration-tee against 3154cc1a3e6424e44f438a95007d043ed5ceaaf6+rustflags=-Znext-solver=coherence for pr-133502-30
[INFO] running `Command { std: "git" "clone" "/workspace/cache/git-repos/https%3A%2F%2Fgithub.com%2Fworldcoin%2Fdi-migration-tee" "/workspace/builds/worker-0-tc1/source", kill_on_drop: false }`
[INFO] [stderr] Cloning into '/workspace/builds/worker-0-tc1/source'...
[INFO] [stderr] done.
[INFO] removed /workspace/builds/worker-0-tc1/source/rust-toolchain.toml
[INFO] started tweaking git repo https://github.com/worldcoin/di-migration-tee
[INFO] finished tweaking git repo https://github.com/worldcoin/di-migration-tee
[INFO] tweaked toml for git repo https://github.com/worldcoin/di-migration-tee written to /workspace/builds/worker-0-tc1/source/Cargo.toml
[INFO] validating manifest of git repo https://github.com/worldcoin/di-migration-tee on toolchain 3154cc1a3e6424e44f438a95007d043ed5ceaaf6
[INFO] running `Command { std: CARGO_HOME="/workspace/cargo-home" RUSTUP_HOME="/workspace/rustup-home" "/workspace/cargo-home/bin/cargo" "+3154cc1a3e6424e44f438a95007d043ed5ceaaf6" "metadata" "--manifest-path" "Cargo.toml" "--no-deps", kill_on_drop: false }`
[INFO] crate git repo https://github.com/worldcoin/di-migration-tee already has a lockfile, it will not be regenerated
[INFO] running `Command { std: CARGO_HOME="/workspace/cargo-home" RUSTUP_HOME="/workspace/rustup-home" "/workspace/cargo-home/bin/cargo" "+3154cc1a3e6424e44f438a95007d043ed5ceaaf6" "fetch" "--manifest-path" "Cargo.toml", kill_on_drop: false }`
[INFO] [stderr] warning: unused workspace dependency `mime`
[INFO] [stderr]   --> Cargo.toml:16:1
[INFO] [stderr]    |
[INFO] [stderr] 16 | mime = "0.3"
[INFO] [stderr]    | ^^^^
[INFO] [stderr]    |
[INFO] [stderr]    = note: `cargo::unused_workspace_dependencies` is set to `warn` by default
[INFO] [stderr] help: consider removing the workspace dependency `mime`
[INFO] [stderr] warning: unused field `homepage` in `workspace.package`
[INFO] [stderr]    --> Cargo.toml:129:1
[INFO] [stderr]     |
[INFO] [stderr] 129 | homepage = "https://github.com/worldcoin/di-migration-tee"
[INFO] [stderr]     | ^^^^^^^^
[INFO] [stderr]     |
[INFO] [stderr]     = note: `cargo::unused_workspace_package_fields` is set to `warn` by default
[INFO] [stderr] help: consider removing the field `workspace.package.homepage`
[INFO] [stderr] warning: unused field `repository` in `workspace.package`
[INFO] [stderr]    --> Cargo.toml:132:1
[INFO] [stderr]     |
[INFO] [stderr] 132 | repository = "https://github.com/worldcoin/di-migration-tee"
[INFO] [stderr]     | ^^^^^^^^^^
[INFO] [stderr]     |
[INFO] [stderr] help: consider removing the field `workspace.package.repository`
[INFO] [stderr] warning: workspace (manifest) generated 3 warnings
[INFO] [stderr]     Updating crates.io index
[INFO] [stderr]     Updating git repository `https://github.com/google/minijail`
[INFO] [stderr]     Updating git repository `https://github.com/worldcoin/ampc-common`
[INFO] [stderr]     Updating git repository `https://github.com/tf-encrypted/aes-prng.git`
[INFO] [stderr]  Downloading crates ...
[INFO] [stderr]   Downloaded x-wing v0.1.0
[INFO] [stderr]   Downloaded pontifex v3.0.0
[INFO] [stderr]   Downloaded vsock v0.5.4
[INFO] [stderr]   Downloaded tokio-vsock v0.7.2
[INFO] [stderr]   Downloaded tracing-opentelemetry-instrumentation-sdk v0.38.3
[INFO] [stderr]   Downloaded metrics-exporter-statsd v0.9.0
[INFO] [stderr]   Downloaded sfv v0.15.0
[INFO] [stderr]   Downloaded attested-request v0.1.1
[INFO] [stderr]   Downloaded aws-nitro-enclaves-nsm-api v0.5.2
[INFO] [stderr]   Downloaded aws-smithy-json v0.63.1
[INFO] [stderr]   Downloaded opentelemetry-datadog v0.20.1
[INFO] [stderr]   Downloaded coset v0.4.2
[INFO] [stderr]   Downloaded aws-runtime v1.10.0
[INFO] [stderr]   Downloaded telemetry-batteries v0.4.1
[INFO] [stderr]   Downloaded cadence v1.8.0
[INFO] [stderr]   Downloaded bon v3.10.1
[INFO] [stderr]   Downloaded quantum-box v0.2.0
[INFO] [stderr]   Downloaded aws-smithy-runtime v1.15.0
[INFO] [stderr]   Downloaded bon-macros v3.10.1
[INFO] [stderr]   Downloaded aws-smithy-xml v0.62.1
[INFO] [stderr]   Downloaded aws-smithy-query v0.62.1
[INFO] [stderr]   Downloaded aws-sdk-sso v1.112.0
[INFO] [stderr]   Downloaded aws-sdk-ssooidc v1.114.0
[INFO] [stderr]   Downloaded aws-sdk-sts v1.117.0
[INFO] [stderr]   Downloaded aws-sdk-kms v1.122.0
[INFO] [stderr]   Downloaded aws-sdk-dynamodb v1.127.0
[INFO] [stderr]   Downloaded hpke v0.14.1
[INFO] [stderr]   Downloaded aws-sdk-s3 v1.149.0
[INFO] running `Command { std: "docker" "create" "-v" "/var/lib/crater-agent-workspace/builds/worker-0-tc1/source:/opt/rustwide/workdir:ro,Z" "-v" "/var/lib/crater-agent-workspace/builds/worker-0-tc1/target:/opt/rustwide/target:rw,Z" "-v" "/var/lib/crater-agent-workspace/cargo-home:/opt/rustwide/cargo-home:ro,Z" "-v" "/var/lib/crater-agent-workspace/rustup-home:/opt/rustwide/rustup-home:ro,Z" "-m" "1610612736" "--network" "none" "ghcr.io/rust-lang/crates-build-env/linux@sha256:77db811e55d90add9212f6832c23229e3de5f1c1f9905e8cb07319ea15df73ac" "sleep" "infinity", kill_on_drop: false }`
[INFO] [stdout] e12603e146bb6600cf9e289977c4996c1cc727bcc63fd13c4f7a60b37d481c44
[INFO] running `Command { std: "docker" "start" "e12603e146bb6600cf9e289977c4996c1cc727bcc63fd13c4f7a60b37d481c44", kill_on_drop: false }`
[INFO] running `Command { std: "docker" "inspect" "e12603e146bb6600cf9e289977c4996c1cc727bcc63fd13c4f7a60b37d481c44", kill_on_drop: false }`
[INFO] running `Command { std: "docker" "exec" "-e" "SOURCE_DIR=/opt/rustwide/workdir" "-e" "CARGO_HOME=/opt/rustwide/cargo-home" "-e" "RUSTUP_HOME=/opt/rustwide/rustup-home" "-e" "CARGO_TARGET_DIR=/opt/rustwide/target" "-w" "/opt/rustwide/workdir" "--user" "0:0" "e12603e146bb6600cf9e289977c4996c1cc727bcc63fd13c4f7a60b37d481c44" "/opt/rustwide/cargo-home/bin/cargo" "+3154cc1a3e6424e44f438a95007d043ed5ceaaf6" "metadata" "--no-deps" "--format-version=1", kill_on_drop: false }`
[INFO] running `Command { std: "docker" "inspect" "e12603e146bb6600cf9e289977c4996c1cc727bcc63fd13c4f7a60b37d481c44", kill_on_drop: false }`
[INFO] running `Command { std: "docker" "exec" "-e" "SOURCE_DIR=/opt/rustwide/workdir" "-e" "CARGO_HOME=/opt/rustwide/cargo-home" "-e" "RUSTUP_HOME=/opt/rustwide/rustup-home" "-e" "CARGO_TARGET_DIR=/opt/rustwide/target" "-e" "CARGO_INCREMENTAL=0" "-e" "RUST_BACKTRACE=full" "-e" "RUSTFLAGS=--cap-lints=forbid -Znext-solver=coherence" "-e" "RUSTDOCFLAGS=--cap-lints=forbid" "-w" "/opt/rustwide/workdir" "--user" "0:0" "e12603e146bb6600cf9e289977c4996c1cc727bcc63fd13c4f7a60b37d481c44" "/opt/rustwide/cargo-home/bin/cargo" "+3154cc1a3e6424e44f438a95007d043ed5ceaaf6" "check" "--frozen" "--all" "--all-targets" "--message-format=json", kill_on_drop: false }`
[INFO] [stderr] warning: unused workspace dependency `mime`
[INFO] [stderr]   --> Cargo.toml:16:1
[INFO] [stderr]    |
[INFO] [stderr] 16 | mime = "0.3"
[INFO] [stderr]    | ^^^^
[INFO] [stderr]    |
[INFO] [stderr]    = note: `cargo::unused_workspace_dependencies` is set to `warn` by default
[INFO] [stderr] help: consider removing the workspace dependency `mime`
[INFO] [stderr] warning: unused field `homepage` in `workspace.package`
[INFO] [stderr]    --> Cargo.toml:129:1
[INFO] [stderr]     |
[INFO] [stderr] 129 | homepage = "https://github.com/worldcoin/di-migration-tee"
[INFO] [stderr]     | ^^^^^^^^
[INFO] [stderr]     |
[INFO] [stderr]     = note: `cargo::unused_workspace_package_fields` is set to `warn` by default
[INFO] [stderr] help: consider removing the field `workspace.package.homepage`
[INFO] [stderr] warning: unused field `repository` in `workspace.package`
[INFO] [stderr]    --> Cargo.toml:132:1
[INFO] [stderr]     |
[INFO] [stderr] 132 | repository = "https://github.com/worldcoin/di-migration-tee"
[INFO] [stderr]     | ^^^^^^^^^^
[INFO] [stderr]     |
[INFO] [stderr] help: consider removing the field `workspace.package.repository`
[INFO] [stderr] warning: workspace (manifest) generated 3 warnings
[INFO] [stderr]     Checking subtle v2.6.1
[INFO] [stderr]    Compiling find-msvc-tools v0.1.13
[INFO] [stderr]    Compiling syn v2.0.119
[INFO] [stderr]    Compiling syn v3.0.6
[INFO] [stderr]     Checking const-oid v0.9.6
[INFO] [stderr]    Compiling getrandom v0.4.3
[INFO] [stderr]     Checking bitflags v2.13.2
[INFO] [stderr]     Checking hashbrown v0.17.1
[INFO] [stderr]     Checking time v0.3.55
[INFO] [stderr]    Compiling aws-lc-rs v1.18.1
[INFO] [stderr]     Checking num-integer v0.1.47
[INFO] [stderr]    Compiling nix v0.31.3
[INFO] [stderr]     Checking keccak v0.2.2
[INFO] [stderr]    Compiling curve25519-dalek v5.0.0
[INFO] [stderr]    Compiling rustls v0.23.45
[INFO] [stderr]     Checking ff v0.13.1
[INFO] [stderr]     Checking serde_bytes v0.11.19
[INFO] [stderr]    Compiling cc v1.4.7
[INFO] [stderr]     Checking const-fnv1a-hash v1.1.0
[INFO] [stderr]    Compiling either v1.18.0
[INFO] [stderr]     Checking tracing-log v0.2.0
[INFO] [stderr]     Checking group v0.13.0
[INFO] [stderr]    Compiling aws-types v1.6.0
[INFO] [stderr]    Compiling regex-syntax v0.8.11
[INFO] [stderr]    Compiling crossbeam-utils v0.8.23
[INFO] [stderr]    Compiling prettyplease v0.3.0
[INFO] [stderr]    Compiling object v0.37.3
[INFO] [stderr]    Compiling clang-sys v1.9.1
[INFO] [stderr]     Checking rapidhash v4.5.1
[INFO] [stderr]     Checking opentelemetry-semantic-conventions v0.32.1
[INFO] [stderr]     Checking uuid v1.26.1
[INFO] [stderr]    Compiling itertools v0.14.0
[INFO] [stderr]     Checking gimli v0.32.3
[INFO] [stderr]     Checking indexmap v2.14.2
[INFO] [stderr]     Checking dirs-sys v0.4.1
[INFO] [stderr]     Checking symlink v0.1.0
[INFO] [stderr]    Compiling syn v1.0.109
[INFO] [stderr]     Checking rustc-demangle v0.1.28
[INFO] [stderr]    Compiling bytes v1.12.1
[INFO] [stderr]     Checking metrics v0.24.6
[INFO] [stderr]    Compiling libloading v0.8.9
[INFO] [stderr]     Checking clap_builder v4.6.7
[INFO] [stderr]     Checking crossbeam-channel v0.5.17
[INFO] [stderr]    Compiling rustix v1.1.5
[INFO] [stderr]     Checking cadence v1.8.0
[INFO] [stderr]    Compiling rustix v0.38.44
[INFO] [stderr]     Checking vsock v0.5.4
[INFO] [stderr]    Compiling cmake v0.1.58
[INFO] [stderr]     Checking dirs v5.0.1
[INFO] [stderr]    Compiling fastrand v2.5.0
[INFO] [stderr]    Compiling bindgen v0.63.0
[INFO] [stderr]    Compiling once_cell v1.21.4
[INFO] [stderr]     Checking lru v0.18.5
[INFO] [stderr]    Compiling rustc-hash v1.1.0
[INFO] [stderr]    Compiling petgraph v0.8.3
[INFO] [stderr]    Compiling lazycell v1.3.0
[INFO] [stderr]    Compiling multimap v0.10.1
[INFO] [stderr]    Compiling peeking_take_while v0.1.2
[INFO] [stderr]    Compiling ring v0.17.14
[INFO] [stderr]    Compiling aws-lc-sys v0.45.0
[INFO] [stderr]     Checking miniz_oxide v0.9.1
[INFO] [stderr]     Checking flate2 v1.1.10
[INFO] [stderr]    Compiling regex-automata v0.4.18
[INFO] [stderr]    Compiling tempfile v3.27.0
[INFO] [stderr]    Compiling which v4.4.2
[INFO] [stderr]     Checking itertools v0.13.0
[INFO] [stderr]     Checking addr2line v0.25.1
[INFO] [stderr]    Compiling prettyplease v0.2.37
[INFO] [stderr]    Compiling regex v1.13.1
[INFO] [stderr]     Checking backtrace v0.3.76
[INFO] [stderr]    Compiling zeroize_derive v1.5.0
[INFO] [stderr]    Compiling tracing-attributes v0.1.31
[INFO] [stderr]    Compiling zerocopy-derive v0.8.57
[INFO] [stderr]    Compiling der_derive v0.7.3
[INFO] [stderr]    Compiling aws-smithy-runtime-api-macros v1.1.0
[INFO] [stderr]    Compiling curve25519-dalek-derive v0.1.1
[INFO] [stderr]    Compiling thiserror-impl v1.0.69
[INFO] [stderr]    Compiling prost-derive v0.14.4
[INFO] [stderr]    Compiling pin-project-internal v1.1.13
[INFO] [stderr]     Checking zeroize v1.9.0
[INFO] [stderr]     Checking hybrid-array v0.4.15
[INFO] [stderr]     Checking generic-array v0.14.9
[INFO] [stderr]     Checking rustls-pki-types v1.15.1
[INFO] [stderr]     Checking sponge-cursor v0.1.0
[INFO] [stderr]     Checking der v0.7.10
[INFO] [stderr]     Checking tracing v0.1.44
[INFO] [stderr]     Checking rustls-native-certs v0.8.4
[INFO] [stderr]     Checking webpki-roots v1.0.9
[INFO] [stderr]    Compiling synstructure v0.14.0
[INFO] [stderr]    Compiling darling_core v0.24.1
[INFO] [stderr]     Checking pin-project v1.1.13
[INFO] [stderr]     Checking webpki v0.22.4
[INFO] [stderr]     Checking x25519-dalek v3.0.0
[INFO] [stderr]     Checking thiserror v1.0.69
[INFO] [stderr]     Checking crypto-common v0.1.6
[INFO] [stderr]     Checking block-buffer v0.10.4
[INFO] [stderr]     Checking crypto-bigint v0.5.5
[INFO] [stderr]     Checking metrics-exporter-statsd v0.9.0
[INFO] [stderr]     Checking inout v0.1.4
[INFO] [stderr]     Checking digest v0.10.7
[INFO] [stderr]     Checking crypto-common v0.2.2
[INFO] [stderr]     Checking block-buffer v0.12.1
[INFO] [stderr]     Checking inout v0.2.2
[INFO] [stderr]     Checking module-lattice v0.2.3
[INFO] [stderr]     Checking zerocopy v0.8.57
[INFO] [stderr]    Compiling prost v0.14.4
[INFO] [stderr]     Checking cipher v0.4.4
[INFO] [stderr]     Checking sha2 v0.10.9
[INFO] [stderr]     Checking hmac v0.12.1
[INFO] [stderr]     Checking sec1 v0.7.3
[INFO] [stderr]     Checking spki v0.7.3
[INFO] [stderr]     Checking signature v2.2.0
[INFO] [stderr]     Checking rfc6979 v0.4.0
[INFO] [stderr]     Checking crc-fast v1.10.0
[INFO] [stderr]    Compiling serde_derive v1.0.229
[INFO] [stderr]    Compiling tokio-macros v2.7.2
[INFO] [stderr]    Compiling futures-macro v0.3.34
[INFO] [stderr]    Compiling thiserror-impl v2.0.20
[INFO] [stderr]    Compiling zerofrom-derive v0.1.8
[INFO] [stderr]    Compiling yoke-derive v0.8.3
[INFO] [stderr]     Checking digest v0.11.3
[INFO] [stderr]    Compiling zerovec-derive v0.11.6
[INFO] [stderr]    Compiling displaydoc v0.2.7
[INFO] [stderr]     Checking hmac v0.13.0
[INFO] [stderr]     Checking sha2 v0.11.0
[INFO] [stderr]     Checking sha3 v0.11.0
[INFO] [stderr]     Checking cipher v0.5.2
[INFO] [stderr]     Checking kem v0.3.0
[INFO] [stderr]     Checking universal-hash v0.6.1
[INFO] [stderr]     Checking poly1305 v0.9.1
[INFO] [stderr]     Checking ml-kem v0.3.2
[INFO] [stderr]     Checking elliptic-curve v0.13.8
[INFO] [stderr]     Checking futures-util v0.3.34
[INFO] [stderr]     Checking zerofrom v0.1.8
[INFO] [stderr]     Checking chacha20 v0.10.2
[INFO] [stderr]     Checking shake v0.1.0
[INFO] [stderr]     Checking sha3 v0.12.0
[INFO] [stderr]     Checking aead v0.6.1
[INFO] [stderr]     Checking hkdf v0.13.0
[INFO] [stderr]     Checking turboshake v0.7.1
[INFO] [stderr]     Checking x509-cert v0.2.5
[INFO] [stderr]    Compiling async-trait v0.1.92
[INFO] [stderr]     Checking md-5 v0.11.0
[INFO] [stderr]     Checking chacha20poly1305 v0.11.0
[INFO] [stderr]     Checking yoke v0.8.3
[INFO] [stderr]     Checking sha1 v0.11.0
[INFO] [stderr]    Compiling clap_derive v4.6.7
[INFO] [stderr]     Checking thiserror v2.0.20
[INFO] [stderr]     Checking primeorder v0.13.6
[INFO] [stderr]     Checking ecdsa v0.16.9
[INFO] [stderr]     Checking zerotrie v0.2.5
[INFO] [stderr]     Checking opentelemetry v0.32.0
[INFO] [stderr]    Compiling prost-types v0.14.4
[INFO] [stderr]     Checking zerovec v0.11.8
[INFO] [stderr]     Checking sha1 v0.10.7
[INFO] [stderr]    Compiling ref-cast-impl v1.0.27
[INFO] [stderr]     Checking p384 v0.13.1
[INFO] [stderr]     Checking p256 v0.13.2
[INFO] [stderr]     Checking ref-cast v1.0.27
[INFO] [stderr]     Checking aes v0.8.4
[INFO] [stderr]     Checking sfv v0.15.0
[INFO] [stderr]    Compiling bytemuck_derive v1.12.1
[INFO] [stderr]     Checking x-wing v0.1.0
[INFO] [stderr]     Checking tinystr v0.8.4
[INFO] [stderr]     Checking potential_utf v0.1.6
[INFO] [stderr]     Checking icu_collections v2.3.0
[INFO] [stderr]     Checking icu_locale_core v2.3.0
[INFO] [stderr]     Checking hpke v0.14.1
[INFO] [stderr]    Compiling darling_macro v0.24.1
[INFO] [stderr]    Compiling darling v0.24.1
[INFO] [stderr]    Compiling bon-macros v3.10.1
[INFO] [stderr]     Checking quantum-box v0.2.0
[INFO] [stderr]     Checking clap v4.6.7
[INFO] [stderr]     Checking icu_provider v2.3.1
[INFO] [stderr]    Compiling prost-build v0.14.4
[INFO] [stderr]     Checking bytemuck v1.25.2
[INFO] [stderr]     Checking serde v1.0.229
[INFO] [stderr]     Checking icu_normalizer v2.3.0
[INFO] [stderr]     Checking icu_properties v2.3.0
[INFO] [stderr]     Checking futures-executor v0.3.34
[INFO] [stderr]     Checking serde_cbor v0.11.2
[INFO] [stderr]     Checking rmp-serde v1.3.1
[INFO] [stderr]     Checking tracing-serde v0.2.0
[INFO] [stderr]     Checking futures v0.3.34
[INFO] [stderr]     Checking serde_urlencoded v0.7.1
[INFO] [stderr]     Checking tracing-subscriber v0.3.23
[INFO] [stderr]     Checking aws-nitro-enclaves-nsm-api v0.5.2
[INFO] [stderr]     Checking di-migration-primitives v0.1.0 (/opt/rustwide/workdir/migration/primitives)
[INFO] [stderr]     Checking half v2.7.1
[INFO] [stderr]     Checking ppv-lite86 v0.2.21
[INFO] [stderr]     Checking ahash v0.8.12
[INFO] [stderr]     Checking tracing-serde v0.1.3
[INFO] [stderr]    Compiling di-worker-protocol v0.1.0 (/opt/rustwide/workdir/worker-protocol)
[INFO] [stderr]     Checking di-dev-api-primitives v0.1.0 (/opt/rustwide/workdir/dev/api-primitives)
[INFO] [stderr]     Checking tokio v1.53.1
[INFO] [stderr]     Checking http v1.5.0
[INFO] [stderr]     Checking bytes-utils v0.1.4
[INFO] [stderr]     Checking ciborium-ll v0.2.2
[INFO] [stderr]     Checking rand_chacha v0.9.0
[INFO] [stderr]     Checking idna_adapter v1.2.2
[INFO] [stderr]     Checking rand_chacha v0.3.1
[INFO] [stderr]     Checking idna v1.1.0
[INFO] [stderr]     Checking ciborium v0.2.2
[INFO] [stderr]     Checking rand v0.8.8
[INFO] [stderr]     Checking rand v0.9.5
[INFO] [stderr]     Checking coset v0.4.2
[INFO] [stderr]     Checking url v2.5.8
[INFO] [stderr]     Checking tracing-opentelemetry v0.33.0
[INFO] [stderr]     Checking tracing-appender v0.2.5
[INFO] [stderr]     Checking http-body v1.1.0
[INFO] [stderr]     Checking tracing-opentelemetry-instrumentation-sdk v0.38.3
[INFO] [stderr]    Compiling minijail-sys v0.0.14 (https://github.com/google/minijail?rev=b0b5dc6997956cdc027295ade5e425c416f30d33#b0b5dc69)
[INFO] [stderr]     Checking http-body-util v0.1.5
[INFO] [stderr]     Checking rand_distr v0.4.3
[INFO] [stderr]     Checking aes-prng v0.2.1 (https://github.com/tf-encrypted/aes-prng.git?branch=dragos%2Fdisplay#ebe79b11)
[INFO] [stderr]     Checking axum-core v0.5.6
[INFO] [stderr]     Checking ampc-secret-sharing v0.1.0 (https://github.com/worldcoin/ampc-common?rev=f27c39547b75b6ab7b87dd64c513cc70b003b83a#f27c3954)
[INFO] [stderr]     Checking di-migration-shares v0.1.0 (/opt/rustwide/workdir/migration/shares)
[INFO] [stderr]     Checking bon v3.10.1
[INFO] [stderr] error: failed to run custom build command for `minijail-sys v0.0.14 (https://github.com/google/minijail?rev=b0b5dc6997956cdc027295ade5e425c416f30d33#b0b5dc69)`
[INFO] [stderr] note: To improve backtraces for build dependencies, set the CARGO_PROFILE_DEV_BUILD_OVERRIDE_DEBUG=true environment variable to enable debug information generation.
[INFO] [stderr] 
[INFO] [stderr] Caused by:
[INFO] [stderr]   process didn't exit successfully: `/opt/rustwide/target/debug/build/minijail-sys/2843313531793586/out/build_script_build` (exit status: 2)
[INFO] [stderr]   --- stdout
[INFO] [stderr]   cargo:rerun-if-env-changed=LIBMINIJAIL_NO_PKG_CONFIG
[INFO] [stderr]   cargo:rerun-if-env-changed=PKG_CONFIG_x86_64-unknown-linux-gnu
[INFO] [stderr]   cargo:rerun-if-env-changed=PKG_CONFIG_x86_64_unknown_linux_gnu
[INFO] [stderr]   cargo:rerun-if-env-changed=HOST_PKG_CONFIG
[INFO] [stderr]   cargo:rerun-if-env-changed=PKG_CONFIG
[INFO] [stderr]   cargo:rerun-if-env-changed=LIBMINIJAIL_STATIC
[INFO] [stderr]   cargo:rerun-if-env-changed=LIBMINIJAIL_DYNAMIC
[INFO] [stderr]   cargo:rerun-if-env-changed=PKG_CONFIG_ALL_STATIC
[INFO] [stderr]   cargo:rerun-if-env-changed=PKG_CONFIG_ALL_DYNAMIC
[INFO] [stderr]   cargo:rerun-if-env-changed=PKG_CONFIG_PATH_x86_64-unknown-linux-gnu
[INFO] [stderr]   cargo:rerun-if-env-changed=PKG_CONFIG_PATH_x86_64_unknown_linux_gnu
[INFO] [stderr]   cargo:rerun-if-env-changed=HOST_PKG_CONFIG_PATH
[INFO] [stderr]   cargo:rerun-if-env-changed=PKG_CONFIG_PATH
[INFO] [stderr]   cargo:rerun-if-env-changed=PKG_CONFIG_LIBDIR_x86_64-unknown-linux-gnu
[INFO] [stderr]   cargo:rerun-if-env-changed=PKG_CONFIG_LIBDIR_x86_64_unknown_linux_gnu
[INFO] [stderr]   cargo:rerun-if-env-changed=HOST_PKG_CONFIG_LIBDIR
[INFO] [stderr]   cargo:rerun-if-env-changed=PKG_CONFIG_LIBDIR
[INFO] [stderr]   cargo:rerun-if-env-changed=PKG_CONFIG_SYSROOT_DIR_x86_64-unknown-linux-gnu
[INFO] [stderr]   cargo:rerun-if-env-changed=PKG_CONFIG_SYSROOT_DIR_x86_64_unknown_linux_gnu
[INFO] [stderr]   cargo:rerun-if-env-changed=HOST_PKG_CONFIG_SYSROOT_DIR
[INFO] [stderr]   cargo:rerun-if-env-changed=PKG_CONFIG_SYSROOT_DIR
[INFO] [stderr]   make: Entering directory '/opt/rustwide/cargo-home/git/checkouts/minijail-0f4fcfe233cf05e7/b0b5dc6'
[INFO] [stderr]   cd "/opt/rustwide/target/debug/build/minijail-sys/662696547b596406/out/" && make -r -I "/opt/rustwide/cargo-home/git/checkouts/minijail-0f4fcfe233cf05e7/b0b5dc6" -f "/opt/rustwide/cargo-home/git/checkouts/minijail-0f4fcfe233cf05e7/b0b5dc6/Makefile" SRC="/opt/rustwide/cargo-home/git/checkouts/minijail-0f4fcfe233cf05e7/b0b5dc6" OUT="/opt/rustwide/target/debug/build/minijail-sys/662696547b596406/out/" "all"
[INFO] [stderr]   make[1]: Entering directory '/opt/rustwide/target/debug/build/minijail-sys/662696547b596406/out'
[INFO] [stderr]   build configuration:
[INFO] [stderr]   - OUT=/opt/rustwide/target/debug/build/minijail-sys/662696547b596406/out/
[INFO] [stderr]   - SRC=/opt/rustwide/cargo-home/git/checkouts/minijail-0f4fcfe233cf05e7/b0b5dc6
[INFO] [stderr]   - MODE=debug
[INFO] [stderr]   - SPLITDEBUG=0
[INFO] [stderr]   - NOSTRIP=1
[INFO] [stderr]   - VALGRIND=0
[INFO] [stderr]   - COLOR=1
[INFO] [stderr]   - CXXEXCEPTIONS=0
[INFO] [stderr]   - ARCH=x86_64
[INFO] [stderr]   - QEMU_ARCH=x86_64
[INFO] [stderr]   - USE_QEMU=0
[INFO] [stderr]   - NEEDS_ROOT=0
[INFO] [stderr]   - NEEDS_MOUNTS=0
[INFO] [stderr]   - SYSROOT=/
[INFO] [stderr] 
[INFO] [stderr]   GEN		libconstants.h ->  libconstants.gen.c
[INFO] [stderr]   GEN		libsyscalls.h ->  libsyscalls.gen.c
[INFO] [stderr]   CC		libminijail.c ->  libminijail.pic.o
[INFO] [stderr]   CC		libminijail.c ->  libminijail.pie.o
[INFO] [stderr]   CC		syscall_filter.c ->  syscall_filter.pic.o
[INFO] [stderr]   CC		syscall_filter.c ->  syscall_filter.pie.o
[INFO] [stderr]   CC		signal_handler.c ->  signal_handler.pic.o
[INFO] [stderr]   CC		signal_handler.c ->  signal_handler.pie.o
[INFO] [stderr]   CC		bpf.c ->  bpf.pic.o
[INFO] [stderr]   CC		bpf.c ->  bpf.pie.o
[INFO] [stderr]   CC		landlock_util.c ->  landlock_util.pic.o
[INFO] [stderr]   CC		landlock_util.c ->  landlock_util.pie.o
[INFO] [stderr]   CC		util.c ->  util.pic.o
[INFO] [stderr]   CC		util.c ->  util.pie.o
[INFO] [stderr]   CC		system.c ->  system.pic.o
[INFO] [stderr]   CC		system.c ->  system.pie.o
[INFO] [stderr]   CC		syscall_wrapper.c ->  syscall_wrapper.pic.o
[INFO] [stderr]   CC		syscall_wrapper.c ->  syscall_wrapper.pie.o
[INFO] [stderr]   CC		config_parser.c ->  config_parser.pic.o
[INFO] [stderr]   CC		config_parser.c ->  config_parser.pie.o
[INFO] [stderr]   CC		elfparse.c ->  elfparse.pic.o
[INFO] [stderr]   CC		elfparse.c ->  elfparse.pie.o
[INFO] [stderr]   CC		minijail0.c ->  minijail0.pic.o
[INFO] [stderr]   CC		minijail0.c ->  minijail0.pie.o
[INFO] [stderr]   CC		minijail0_cli.c ->  minijail0_cli.pic.o
[INFO] [stderr]   CC		minijail0_cli.c ->  minijail0_cli.pie.o
[INFO] [stderr]   CC		libminijailpreload.c ->  libminijailpreload.pic.o
[INFO] [stderr]   CC		libminijailpreload.c ->  libminijailpreload.pie.o
[INFO] [stderr]   CC		libconstants.gen.c ->  libconstants.gen.pic.o
[INFO] [stderr]   CC		libconstants.gen.c ->  libconstants.gen.pie.o
[INFO] [stderr]   make[1]: Leaving directory '/opt/rustwide/target/debug/build/minijail-sys/662696547b596406/out'
[INFO] [stderr]   make: Leaving directory '/opt/rustwide/cargo-home/git/checkouts/minijail-0f4fcfe233cf05e7/b0b5dc6'
[INFO] [stderr] 
[INFO] [stderr]   --- stderr
[INFO] [stderr]   In file included from /usr/include/x86_64-linux-gnu/asm/ioctl.h:1,
[INFO] [stderr]                    from /usr/include/linux/ioctl.h:5,
[INFO] [stderr]                    from /usr/include/linux/fd.h:5,
[INFO] [stderr]                    from /opt/rustwide/cargo-home/git/checkouts/minijail-0f4fcfe233cf05e7/b0b5dc6/gen_constants-inl.h:11,
[INFO] [stderr]                    from libconstants.gen.c:2:
[INFO] [stderr]   libconstants.gen.c:1239:39: error: invalid application of 'sizeof' to incomplete type 'struct blk_user_trace_setup2'
[INFO] [stderr]    1239 |   { "BLKTRACESETUP2", (unsigned long) BLKTRACESETUP2 },
[INFO] [stderr]         |                                       ^~~~~~~~~~~~~~
[INFO] [stderr]   make[1]: *** [/opt/rustwide/cargo-home/git/checkouts/minijail-0f4fcfe233cf05e7/b0b5dc6/Makefile:253: libconstants.gen.pic.o] Error 1
[INFO] [stderr]   make[1]: *** Waiting for unfinished jobs....
[INFO] [stderr]   In file included from /usr/include/x86_64-linux-gnu/asm/ioctl.h:1,
[INFO] [stderr]                    from /usr/include/linux/ioctl.h:5,
[INFO] [stderr]                    from /usr/include/linux/fd.h:5,
[INFO] [stderr]                    from /opt/rustwide/cargo-home/git/checkouts/minijail-0f4fcfe233cf05e7/b0b5dc6/gen_constants-inl.h:11,
[INFO] [stderr]                    from libconstants.gen.c:2:
[INFO] [stderr]   libconstants.gen.c:1239:39: error: invalid application of 'sizeof' to incomplete type 'struct blk_user_trace_setup2'
[INFO] [stderr]    1239 |   { "BLKTRACESETUP2", (unsigned long) BLKTRACESETUP2 },
[INFO] [stderr]         |                                       ^~~~~~~~~~~~~~
[INFO] [stderr]   make[1]: *** [/opt/rustwide/cargo-home/git/checkouts/minijail-0f4fcfe233cf05e7/b0b5dc6/Makefile:253: libconstants.gen.pie.o] Error 1
[INFO] [stderr]   make: *** [common.mk:170: _all] Error 2
[INFO] [stderr] warning: build failed, waiting for other jobs to finish...
[INFO] running `Command { std: "docker" "inspect" "e12603e146bb6600cf9e289977c4996c1cc727bcc63fd13c4f7a60b37d481c44", kill_on_drop: false }`
[INFO] running `Command { std: "docker" "rm" "-f" "e12603e146bb6600cf9e289977c4996c1cc727bcc63fd13c4f7a60b37d481c44", kill_on_drop: false }`
[INFO] [stdout] e12603e146bb6600cf9e289977c4996c1cc727bcc63fd13c4f7a60b37d481c44
