[INFO] cloning repository https://github.com/worktools/unionid
[INFO] running `Command { std: "git" "-c" "credential.helper=" "-c" "credential.helper=/workspace/cargo-home/bin/git-credential-null" "clone" "--bare" "https://github.com/worktools/unionid" "/workspace/cache/git-repos/https%3A%2F%2Fgithub.com%2Fworktools%2Funionid", kill_on_drop: false }`
[INFO] [stderr] Cloning into bare repository '/workspace/cache/git-repos/https%3A%2F%2Fgithub.com%2Fworktools%2Funionid'...
[INFO] running `Command { std: "git" "rev-parse" "HEAD", kill_on_drop: false }`
[INFO] [stdout] bf1e02438b0765f45b17c795c3a26eaea94630b8
[INFO] checking worktools/unionid against 3154cc1a3e6424e44f438a95007d043ed5ceaaf6+rustflags=-Znext-solver=coherence for pr-133502-30
[INFO] running `Command { std: "git" "clone" "/workspace/cache/git-repos/https%3A%2F%2Fgithub.com%2Fworktools%2Funionid" "/workspace/builds/worker-5-tc1/source", kill_on_drop: false }`
[INFO] [stderr] Cloning into '/workspace/builds/worker-5-tc1/source'...
[INFO] [stderr] done.
[INFO] started tweaking git repo https://github.com/worktools/unionid
[INFO] removed 0 missing examples
[INFO] removed 1 missing tests
[INFO] finished tweaking git repo https://github.com/worktools/unionid
[INFO] tweaked toml for git repo https://github.com/worktools/unionid written to /workspace/builds/worker-5-tc1/source/Cargo.toml
[INFO] validating manifest of git repo https://github.com/worktools/unionid on toolchain 3154cc1a3e6424e44f438a95007d043ed5ceaaf6
[INFO] running `Command { std: CARGO_HOME="/workspace/cargo-home" RUSTUP_HOME="/workspace/rustup-home" "/workspace/cargo-home/bin/cargo" "+3154cc1a3e6424e44f438a95007d043ed5ceaaf6" "metadata" "--manifest-path" "Cargo.toml" "--no-deps", kill_on_drop: false }`
[INFO] crate git repo https://github.com/worktools/unionid already has a lockfile, it will not be regenerated
[INFO] running `Command { std: CARGO_HOME="/workspace/cargo-home" RUSTUP_HOME="/workspace/rustup-home" "/workspace/cargo-home/bin/cargo" "+3154cc1a3e6424e44f438a95007d043ed5ceaaf6" "fetch" "--manifest-path" "Cargo.toml", kill_on_drop: false }`
[INFO] [stderr] warning: `package.homepage` is redundant with `package.repository`
[INFO] [stderr]    --> Cargo.toml:104:12
[INFO] [stderr]     |
[INFO] [stderr] 104 | homepage = "https://github.com/worktools/unionid"
[INFO] [stderr]     |            ^^^^^^^^^^^^^^^^^^^^^^^^^^^^^^^^^^^^^^
[INFO] [stderr] ...
[INFO] [stderr] 108 | repository = "https://github.com/worktools/unionid"
[INFO] [stderr]     |              --------------------------------------
[INFO] [stderr]     |
[INFO] [stderr]     = note: `cargo::redundant_homepage` is set to `warn` by default
[INFO] [stderr] help: consider removing `package.homepage`
[INFO] [stderr] warning: `unionid` (manifest) generated 1 warning
[INFO] [stderr]  Downloading crates ...
[INFO] [stderr]   Downloaded rustyline v17.0.2
[INFO] [stderr]   Downloaded redb v4.1.0
[INFO] [stderr]   Downloaded snap v1.1.2
[INFO] [stderr]   Downloaded parquet v59.3.0
[INFO] [stderr]   Downloaded imbl v7.0.1
[INFO] running `Command { std: "docker" "create" "-v" "/var/lib/crater-agent-workspace/builds/worker-5-tc1/source:/opt/rustwide/workdir:ro,Z" "-v" "/var/lib/crater-agent-workspace/builds/worker-5-tc1/target:/opt/rustwide/target:rw,Z" "-v" "/var/lib/crater-agent-workspace/cargo-home:/opt/rustwide/cargo-home:ro,Z" "-v" "/var/lib/crater-agent-workspace/rustup-home:/opt/rustwide/rustup-home:ro,Z" "-m" "1610612736" "--network" "none" "ghcr.io/rust-lang/crates-build-env/linux@sha256:77db811e55d90add9212f6832c23229e3de5f1c1f9905e8cb07319ea15df73ac" "sleep" "infinity", kill_on_drop: false }`
[INFO] [stdout] 2a4a95d629e86a19a45bf22a12e57a222b61675a0dd11c4277f64a71e7209265
[INFO] running `Command { std: "docker" "start" "2a4a95d629e86a19a45bf22a12e57a222b61675a0dd11c4277f64a71e7209265", kill_on_drop: false }`
[INFO] running `Command { std: "docker" "inspect" "2a4a95d629e86a19a45bf22a12e57a222b61675a0dd11c4277f64a71e7209265", kill_on_drop: false }`
[INFO] running `Command { std: "docker" "exec" "-e" "SOURCE_DIR=/opt/rustwide/workdir" "-e" "CARGO_HOME=/opt/rustwide/cargo-home" "-e" "RUSTUP_HOME=/opt/rustwide/rustup-home" "-e" "CARGO_TARGET_DIR=/opt/rustwide/target" "-w" "/opt/rustwide/workdir" "--user" "0:0" "2a4a95d629e86a19a45bf22a12e57a222b61675a0dd11c4277f64a71e7209265" "/opt/rustwide/cargo-home/bin/cargo" "+3154cc1a3e6424e44f438a95007d043ed5ceaaf6" "metadata" "--no-deps" "--format-version=1", kill_on_drop: false }`
[INFO] running `Command { std: "docker" "inspect" "2a4a95d629e86a19a45bf22a12e57a222b61675a0dd11c4277f64a71e7209265", kill_on_drop: false }`
[INFO] running `Command { std: "docker" "exec" "-e" "SOURCE_DIR=/opt/rustwide/workdir" "-e" "CARGO_HOME=/opt/rustwide/cargo-home" "-e" "RUSTUP_HOME=/opt/rustwide/rustup-home" "-e" "CARGO_TARGET_DIR=/opt/rustwide/target" "-e" "CARGO_INCREMENTAL=0" "-e" "RUST_BACKTRACE=full" "-e" "RUSTFLAGS=--cap-lints=forbid -Znext-solver=coherence" "-e" "RUSTDOCFLAGS=--cap-lints=forbid" "-w" "/opt/rustwide/workdir" "--user" "0:0" "2a4a95d629e86a19a45bf22a12e57a222b61675a0dd11c4277f64a71e7209265" "/opt/rustwide/cargo-home/bin/cargo" "+3154cc1a3e6424e44f438a95007d043ed5ceaaf6" "check" "--frozen" "--all" "--all-targets" "--message-format=json", kill_on_drop: false }`
[INFO] [stderr] warning: `package.homepage` is redundant with `package.repository`
[INFO] [stderr]    --> Cargo.toml:104:12
[INFO] [stderr]     |
[INFO] [stderr] 104 | homepage = "https://github.com/worktools/unionid"
[INFO] [stderr]     |            ^^^^^^^^^^^^^^^^^^^^^^^^^^^^^^^^^^^^^^
[INFO] [stderr] ...
[INFO] [stderr] 108 | repository = "https://github.com/worktools/unionid"
[INFO] [stderr]     |              --------------------------------------
[INFO] [stderr]     |
[INFO] [stderr]     = note: `cargo::redundant_homepage` is set to `warn` by default
[INFO] [stderr] help: consider removing `package.homepage`
[INFO] [stderr] warning: `unionid` (manifest) generated 1 warning
[INFO] [stderr]    Compiling quote v1.0.45
[INFO] [stderr]    Compiling zerocopy v0.8.59
[INFO] [stderr]    Compiling libc v0.2.189
[INFO] [stderr]    Compiling serde_core v1.0.228
[INFO] [stderr]     Checking getrandom v0.3.4
[INFO] [stderr]     Checking arrow-schema v59.3.0
[INFO] [stderr]     Checking http v1.5.0
[INFO] [stderr]    Compiling serde v1.0.228
[INFO] [stderr]    Compiling nix v0.30.1
[INFO] [stderr]     Checking mio v1.2.3
[INFO] [stderr]     Checking socket2 v0.6.5
[INFO] [stderr]    Compiling syn v2.0.117
[INFO] [stderr]    Compiling syn v3.0.5
[INFO] [stderr]     Checking bytemuck v1.25.2
[INFO] [stderr]    Compiling snap v1.1.2
[INFO] [stderr]    Compiling serde_json v1.0.149
[INFO] [stderr]     Checking http-body v1.1.0
[INFO] [stderr]     Checking memchr v2.8.0
[INFO] [stderr]     Checking safe_arch v0.7.4
[INFO] [stderr]     Checking flatbuffers v25.12.19
[INFO] [stderr]     Checking zlib-rs v0.6.8
[INFO] [stderr]     Checking twox-hash v2.1.4
[INFO] [stderr]    Compiling redb v4.1.0
[INFO] [stderr]    Compiling jobserver v0.1.35
[INFO] [stderr]     Checking bitmaps v3.2.1
[INFO] [stderr]     Checking rand_core v0.9.5
[INFO] [stderr]    Compiling cc v1.4.5
[INFO] [stderr]     Checking rand_xoshiro v0.7.0
[INFO] [stderr]     Checking clap_builder v4.5.60
[INFO] [stderr]     Checking lz4_flex v0.14.0
[INFO] [stderr]     Checking wide v0.7.33
[INFO] [stderr]     Checking imbl-sized-chunks v0.1.3
[INFO] [stderr]     Checking tracing v0.1.44
[INFO] [stderr]     Checking flate2 v1.1.10
[INFO] [stderr]     Checking nix v0.31.3
[INFO] [stderr]     Checking futures-channel v0.3.34
[INFO] [stderr]    Compiling seq-macro v0.3.6
[INFO] [stderr]     Checking futures-task v0.3.34
[INFO] [stderr]     Checking archery v1.2.3
[INFO] [stderr]    Compiling zstd-sys v2.1.0+zstd.1.5.7
[INFO] [stderr]     Checking smallvec v1.16.0
[INFO] [stderr]    Compiling unionid v0.13.1 (/opt/rustwide/workdir)
[INFO] [stderr]     Checking futures-util v0.3.34
[INFO] [stderr]     Checking imbl v7.0.1
[INFO] [stderr]     Checking sha2 v0.10.9
[INFO] [stderr]     Checking ctrlc v3.5.2
[INFO] [stderr]     Checking http-body-util v0.1.5
[INFO] [stderr]     Checking hmac v0.12.1
[INFO] [stderr]     Checking rustyline v17.0.2
[INFO] [stderr]     Checking num-bigint v0.4.8
[INFO] [stderr]     Checking axum-core v0.5.6
[INFO] [stderr]    Compiling zerocopy-derive v0.8.59
[INFO] [stderr]    Compiling serde_derive v1.0.228
[INFO] [stderr]    Compiling clap_derive v4.5.55
[INFO] [stderr]    Compiling tokio-macros v2.7.2
[INFO] [stderr]     Checking serde_path_to_error v0.1.20
[INFO] [stderr]     Checking tokio v1.53.1
[INFO] [stderr]     Checking clap v4.5.60
[INFO] [stderr]     Checking serde_urlencoded v0.7.1
[INFO] [stderr]     Checking hyper v1.11.1
[INFO] [stderr]     Checking tower v0.5.3
[INFO] [stderr]    Compiling zstd-safe v7.3.0
[INFO] [stderr]     Checking zstd v0.13.3
[INFO] [stderr]     Checking hyper-util v0.1.20
[INFO] [stderr]     Checking axum v0.8.9
[INFO] [stderr]     Checking half v2.7.1
[INFO] [stderr]     Checking ahash v0.8.12
[INFO] [stderr]     Checking arrow-buffer v59.3.0
[INFO] [stderr]     Checking arrow-data v59.3.0
[INFO] [stderr]     Checking arrow-array v59.3.0
[INFO] [stderr]     Checking arrow-select v59.3.0
[INFO] [stderr]     Checking arrow-ipc v59.3.0
[INFO] [stderr]     Checking parquet v59.3.0
[INFO] [stdout] warning: use of deprecated method `std::sync::atomic::Atomic::<u64>::fetch_update`: renamed to `try_update` for consistency
[INFO] [stdout]    --> src/metrics.rs:335:21
[INFO] [stdout]     |
[INFO] [stdout] 335 |     let _ = counter.fetch_update(Ordering::Relaxed, Ordering::Relaxed, |current| {
[INFO] [stdout]     |                     ^^^^^^^^^^^^
[INFO] [stdout]     |
[INFO] [stdout]     = note: `#[warn(deprecated)]` on by default
[INFO] [stdout] help: replace the use of the deprecated method
[INFO] [stdout]     |
[INFO] [stdout] 335 -     let _ = counter.fetch_update(Ordering::Relaxed, Ordering::Relaxed, |current| {
[INFO] [stdout] 335 +     let _ = counter.try_update(Ordering::Relaxed, Ordering::Relaxed, |current| {
[INFO] [stdout]     |
[INFO] [stdout] 
[INFO] [stdout] 
[INFO] [stdout] warning: use of deprecated method `std::sync::atomic::Atomic::<u64>::fetch_update`: renamed to `try_update` for consistency
[INFO] [stdout]    --> src/observability.rs:222:14
[INFO] [stdout]     |
[INFO] [stdout] 222 |             .fetch_update(Ordering::Relaxed, Ordering::Relaxed, |value| {
[INFO] [stdout]     |              ^^^^^^^^^^^^
[INFO] [stdout]     |
[INFO] [stdout] help: replace the use of the deprecated method
[INFO] [stdout]     |
[INFO] [stdout] 222 -             .fetch_update(Ordering::Relaxed, Ordering::Relaxed, |value| {
[INFO] [stdout] 222 +             .try_update(Ordering::Relaxed, Ordering::Relaxed, |value| {
[INFO] [stdout]     |
[INFO] [stdout] 
[INFO] [stdout] 
[INFO] [stdout] warning: use of deprecated method `std::sync::atomic::Atomic::<u64>::fetch_update`: renamed to `try_update` for consistency
[INFO] [stdout]    --> src/metrics.rs:335:21
[INFO] [stdout]     |
[INFO] [stdout] 335 |     let _ = counter.fetch_update(Ordering::Relaxed, Ordering::Relaxed, |current| {
[INFO] [stdout]     |                     ^^^^^^^^^^^^
[INFO] [stdout]     |
[INFO] [stdout]     = note: `#[warn(deprecated)]` on by default
[INFO] [stdout] help: replace the use of the deprecated method
[INFO] [stdout]     |
[INFO] [stdout] 335 -     let _ = counter.fetch_update(Ordering::Relaxed, Ordering::Relaxed, |current| {
[INFO] [stdout] 335 +     let _ = counter.try_update(Ordering::Relaxed, Ordering::Relaxed, |current| {
[INFO] [stdout]     |
[INFO] [stdout] 
[INFO] [stdout] 
[INFO] [stdout] warning: use of deprecated method `std::sync::atomic::Atomic::<u64>::fetch_update`: renamed to `try_update` for consistency
[INFO] [stdout]    --> src/observability.rs:222:14
[INFO] [stdout]     |
[INFO] [stdout] 222 |             .fetch_update(Ordering::Relaxed, Ordering::Relaxed, |value| {
[INFO] [stdout]     |              ^^^^^^^^^^^^
[INFO] [stdout]     |
[INFO] [stdout] help: replace the use of the deprecated method
[INFO] [stdout]     |
[INFO] [stdout] 222 -             .fetch_update(Ordering::Relaxed, Ordering::Relaxed, |value| {
[INFO] [stdout] 222 +             .try_update(Ordering::Relaxed, Ordering::Relaxed, |value| {
[INFO] [stdout]     |
[INFO] [stdout] 
[INFO] [stdout] 
[INFO] [stdout] warning: use of deprecated method `std::sync::atomic::Atomic::<u64>::fetch_update`: renamed to `try_update` for consistency
[INFO] [stdout]    --> src/server.rs:925:21
[INFO] [stdout]     |
[INFO] [stdout] 925 |     let _ = counter.fetch_update(Ordering::Relaxed, Ordering::Relaxed, |current| {
[INFO] [stdout]     |                     ^^^^^^^^^^^^
[INFO] [stdout]     |
[INFO] [stdout] help: replace the use of the deprecated method
[INFO] [stdout]     |
[INFO] [stdout] 925 -     let _ = counter.fetch_update(Ordering::Relaxed, Ordering::Relaxed, |current| {
[INFO] [stdout] 925 +     let _ = counter.try_update(Ordering::Relaxed, Ordering::Relaxed, |current| {
[INFO] [stdout]     |
[INFO] [stdout] 
[INFO] [stdout] 
[INFO] [stdout] warning: use of deprecated method `std::sync::atomic::Atomic::<u64>::fetch_update`: renamed to `try_update` for consistency
[INFO] [stdout]    --> src/server.rs:925:21
[INFO] [stdout]     |
[INFO] [stdout] 925 |     let _ = counter.fetch_update(Ordering::Relaxed, Ordering::Relaxed, |current| {
[INFO] [stdout]     |                     ^^^^^^^^^^^^
[INFO] [stdout]     |
[INFO] [stdout] help: replace the use of the deprecated method
[INFO] [stdout]     |
[INFO] [stdout] 925 -     let _ = counter.fetch_update(Ordering::Relaxed, Ordering::Relaxed, |current| {
[INFO] [stdout] 925 +     let _ = counter.try_update(Ordering::Relaxed, Ordering::Relaxed, |current| {
[INFO] [stdout]     |
[INFO] [stdout] 
[INFO] [stdout] 
[INFO] [stdout] error[E0433]: cannot find `asynchronous` in `unionid`
[INFO] [stdout]  --> tests/current-consumer/sdk.rs:9:14
[INFO] [stdout]   |
[INFO] [stdout] 9 | use unionid::asynchronous::http::{self, Config};
[INFO] [stdout]   |              ^^^^^^^^^^^^ could not find `asynchronous` in `unionid`
[INFO] [stdout]   |
[INFO] [stdout] note: found an item that was configured out
[INFO] [stdout]  --> src/lib.rs:6:9
[INFO] [stdout]   |
[INFO] [stdout] 5 | #[cfg(feature = "asynchronous")]
[INFO] [stdout]   |       ------------------------ the item is gated behind the `asynchronous` feature
[INFO] [stdout] 6 | pub mod asynchronous;
[INFO] [stdout]   |         ^^^^^^^^^^^^
[INFO] [stdout] 
[INFO] [stdout] 
[INFO] [stdout] error[E0432]: unresolved imports `unionid::AsyncTcpClient`, `unionid::HttpClient`
[INFO] [stdout]   --> tests/current-consumer/sdk.rs:14:5
[INFO] [stdout]    |
[INFO] [stdout] 14 |     AsyncTcpClient, CancelStatus, ConcurrentEngine, Engine, HttpClient, OperationOutcome, PageSpec,
[INFO] [stdout]    |     ^^^^^^^^^^^^^^ no `AsyncTcpClient` in the root          ^^^^^^^^^^ no `HttpClient` in the root
[INFO] [stdout]    |
[INFO] [stdout] note: found an item that was configured out
[INFO] [stdout]   --> src/lib.rs:62:18
[INFO] [stdout]    |
[INFO] [stdout] 61 | #[cfg(feature = "asynchronous")]
[INFO] [stdout]    |       ------------------------ the item is gated behind the `asynchronous` feature
[INFO] [stdout] 62 | pub use client::{AsyncTcpClient, AsyncTcpStream};
[INFO] [stdout]    |                  ^^^^^^^^^^^^^^
[INFO] [stdout] note: found an item that was configured out
[INFO] [stdout]   --> src/lib.rs:60:24
[INFO] [stdout]    |
[INFO] [stdout] 59 | #[cfg(feature = "http-client")]
[INFO] [stdout]    |       ----------------------- the item is gated behind the `http-client` feature
[INFO] [stdout] 60 | pub use client::http::{HttpClient, HttpStream};
[INFO] [stdout]    |                        ^^^^^^^^^^
[INFO] [stdout] help: a similar name exists in the module
[INFO] [stdout]    |
[INFO] [stdout] 14 -     AsyncTcpClient, CancelStatus, ConcurrentEngine, Engine, HttpClient, OperationOutcome, PageSpec,
[INFO] [stdout] 14 +     AsyncTcpClient, CancelStatus, ConcurrentEngine, Engine, TcpClient, OperationOutcome, PageSpec,
[INFO] [stdout]    |
[INFO] [stdout] 
[INFO] [stdout] 
[INFO] [stdout] error[E0425]: cannot find type `AsyncTcpStream` in crate `unionid`
[INFO] [stdout]    --> tests/current-consumer/sdk.rs:221:27
[INFO] [stdout]     |
[INFO] [stdout] 221 |     stream: &mut unionid::AsyncTcpStream,
[INFO] [stdout]     |                           ^^^^^^^^^^^^^^ not found in `unionid`
[INFO] [stdout]     |
[INFO] [stdout] note: found an item that was configured out
[INFO] [stdout]    --> src/lib.rs:62:34
[INFO] [stdout]     |
[INFO] [stdout]  61 | #[cfg(feature = "asynchronous")]
[INFO] [stdout]     |       ------------------------ the item is gated behind the `asynchronous` feature
[INFO] [stdout]  62 | pub use client::{AsyncTcpClient, AsyncTcpStream};
[INFO] [stdout]     |                                  ^^^^^^^^^^^^^^
[INFO] [stdout] 
[INFO] [stdout] 
[INFO] [stdout] error[E0425]: cannot find type `HttpStream` in crate `unionid`
[INFO] [stdout]    --> tests/current-consumer/sdk.rs:239:27
[INFO] [stdout]     |
[INFO] [stdout] 239 |     stream: &mut unionid::HttpStream,
[INFO] [stdout]     |                           ^^^^^^^^^^ not found in `unionid`
[INFO] [stdout]     |
[INFO] [stdout] note: found an item that was configured out
[INFO] [stdout]    --> src/lib.rs:60:36
[INFO] [stdout]     |
[INFO] [stdout]  59 | #[cfg(feature = "http-client")]
[INFO] [stdout]     |       ----------------------- the item is gated behind the `http-client` feature
[INFO] [stdout]  60 | pub use client::http::{HttpClient, HttpStream};
[INFO] [stdout]     |                                    ^^^^^^^^^^
[INFO] [stdout] 
[INFO] [stdout] 
[INFO] [stdout] warning: method call on a diverging inference variable
[INFO] [stdout]    --> tests/current-consumer/sdk.rs:109:14
[INFO] [stdout]     |
[INFO] [stdout] 109 |             .request(&request(
[INFO] [stdout]     |              ^^^^^^^
[INFO] [stdout]     |
[INFO] [stdout]     = help: consider providing a type annotation
[INFO] [stdout]     = warning: this was previously accepted by the compiler but is being phased out; it will become a hard error in a future release!
[INFO] [stdout]     = note: for more information, see issue #156047 <https://github.com/rust-lang/rust/issues/156047>
[INFO] [stdout]     = note: `#[warn(method_call_on_diverging_infer_var)]` (part of `#[warn(future_incompatible)]`) on by default
[INFO] [stdout] 
[INFO] [stdout] 
[INFO] [stdout] error[E0599]: no method named `request` found for type `!` in the current scope
[INFO] [stdout]    --> tests/current-consumer/sdk.rs:109:14
[INFO] [stdout]     |
[INFO] [stdout] 108 |         asynchronous
[INFO] [stdout] 109 |             .request(&request(
[INFO] [stdout]     |              ^^^^^^^ method not found in `!`
[INFO] [stdout] 
[INFO] [stdout] 
[INFO] [stdout] error[E0599]: no method named `request` found for type `!` in the current scope
[INFO] [stdout]    --> tests/current-consumer/sdk.rs:121:14
[INFO] [stdout]     |
[INFO] [stdout] 120 |         asynchronous
[INFO] [stdout] 121 |             .request(&request("tcp-error", "from absent")?)
[INFO] [stdout]     |              ^^^^^^^ method not found in `!`
[INFO] [stdout] 
[INFO] [stdout] 
[INFO] [stdout] warning: unreachable expression
[INFO] [stdout]    --> tests/current-consumer/sdk.rs:121:22
[INFO] [stdout]     |
[INFO] [stdout] 120 |         asynchronous
[INFO] [stdout]     |         ------------ any code following this expression is unreachable
[INFO] [stdout] 121 |             .request(&request("tcp-error", "from absent")?)
[INFO] [stdout]     |                      ^^^^^^^^^^^^^^^^^^^^^^^^^^^^^^^^^^^^^ unreachable expression
[INFO] [stdout]     |
[INFO] [stdout]     = note: `#[warn(unreachable_code)]` (part of `#[warn(unused)]`) on by default
[INFO] [stdout] 
[INFO] [stdout] 
[INFO] [stdout] warning: unreachable call
[INFO] [stdout]    --> tests/current-consumer/sdk.rs:126:5
[INFO] [stdout]     |
[INFO] [stdout] 126 |     drop(asynchronous);
[INFO] [stdout]     |     ^^^^ ------------ any code following this expression is unreachable
[INFO] [stdout]     |     |
[INFO] [stdout]     |     unreachable call
[INFO] [stdout] 
[INFO] [stdout] 
[INFO] [stdout] warning: method call on a diverging inference variable
[INFO] [stdout]    --> tests/current-consumer/sdk.rs:164:10
[INFO] [stdout]     |
[INFO] [stdout] 164 |         .ok_or("HTTP page unexpectedly ended")?;
[INFO] [stdout]     |          ^^^^^
[INFO] [stdout]     |
[INFO] [stdout]     = help: consider providing a type annotation
[INFO] [stdout]     = warning: this was previously accepted by the compiler but is being phased out; it will become a hard error in a future release!
[INFO] [stdout]     = note: for more information, see issue #156047 <https://github.com/rust-lang/rust/issues/156047>
[INFO] [stdout] 
[INFO] [stdout] 
[INFO] [stdout] error[E0599]: no method named `ok_or` found for type `!` in the current scope
[INFO] [stdout]    --> tests/current-consumer/sdk.rs:164:10
[INFO] [stdout]     |
[INFO] [stdout] 161 |     let second = client
[INFO] [stdout] 162 |         .next_page::<Entry>(&page_request, &first.page, "http-page-2")
[INFO] [stdout] 163 |         .await?
[INFO] [stdout] 164 |         .ok_or("HTTP page unexpectedly ended")?;
[INFO] [stdout]     |          ^^^^^ method not found in `!`
[INFO] [stdout] 
[INFO] [stdout] 
[INFO] [stdout] warning: method call on a diverging inference variable
[INFO] [stdout]    --> tests/current-consumer/sdk.rs:170:31
[INFO] [stdout]     |
[INFO] [stdout] 170 |     let operation_id = stream.operation_id().to_owned();
[INFO] [stdout]     |                               ^^^^^^^^^^^^
[INFO] [stdout]     |
[INFO] [stdout]     = help: consider providing a type annotation
[INFO] [stdout]     = warning: this was previously accepted by the compiler but is being phased out; it will become a hard error in a future release!
[INFO] [stdout]     = note: for more information, see issue #156047 <https://github.com/rust-lang/rust/issues/156047>
[INFO] [stdout] 
[INFO] [stdout] 
[INFO] [stdout] error[E0599]: no method named `operation_id` found for type `!` in the current scope
[INFO] [stdout]    --> tests/current-consumer/sdk.rs:170:31
[INFO] [stdout]     |
[INFO] [stdout] 170 |     let operation_id = stream.operation_id().to_owned();
[INFO] [stdout]     |                               ^^^^^^^^^^^^ method not found in `!`
[INFO] [stdout] 
[INFO] [stdout] 
[INFO] [stdout] warning: method call on a diverging inference variable
[INFO] [stdout]    --> tests/current-consumer/sdk.rs:196:10
[INFO] [stdout]     |
[INFO] [stdout] 196 |         .ok_or("TCP page unexpectedly ended")?;
[INFO] [stdout]     |          ^^^^^
[INFO] [stdout]     |
[INFO] [stdout]     = help: consider providing a type annotation
[INFO] [stdout]     = warning: this was previously accepted by the compiler but is being phased out; it will become a hard error in a future release!
[INFO] [stdout]     = note: for more information, see issue #156047 <https://github.com/rust-lang/rust/issues/156047>
[INFO] [stdout] 
[INFO] [stdout] 
[INFO] [stdout] error[E0599]: no method named `ok_or` found for type `!` in the current scope
[INFO] [stdout]    --> tests/current-consumer/sdk.rs:196:10
[INFO] [stdout]     |
[INFO] [stdout] 193 |     let second = client
[INFO] [stdout] 194 |         .next_page::<Entry>(&request, &first.page, "tcp-page-2")
[INFO] [stdout] 195 |         .await?
[INFO] [stdout] 196 |         .ok_or("TCP page unexpectedly ended")?;
[INFO] [stdout]     |          ^^^^^ method not found in `!`
[INFO] [stdout] 
[INFO] [stdout] 
[INFO] [stdout] warning: method call on a diverging inference variable
[INFO] [stdout]    --> tests/current-consumer/sdk.rs:212:31
[INFO] [stdout]     |
[INFO] [stdout] 212 |     let operation_id = stream.operation_id().to_owned();
[INFO] [stdout]     |                               ^^^^^^^^^^^^
[INFO] [stdout]     |
[INFO] [stdout]     = help: consider providing a type annotation
[INFO] [stdout]     = warning: this was previously accepted by the compiler but is being phased out; it will become a hard error in a future release!
[INFO] [stdout]     = note: for more information, see issue #156047 <https://github.com/rust-lang/rust/issues/156047>
[INFO] [stdout] 
[INFO] [stdout] 
[INFO] [stdout] error[E0599]: no method named `operation_id` found for type `!` in the current scope
[INFO] [stdout]    --> tests/current-consumer/sdk.rs:212:31
[INFO] [stdout]     |
[INFO] [stdout] 212 |     let operation_id = stream.operation_id().to_owned();
[INFO] [stdout]     |                               ^^^^^^^^^^^^ method not found in `!`
[INFO] [stdout] 
[INFO] [stdout] 
[INFO] [stdout] warning: method call on a diverging inference variable
[INFO] [stdout]    --> tests/current-consumer/sdk.rs:282:33
[INFO] [stdout]     |
[INFO] [stdout] 282 |     let replay = checked(client.request_retrying(&insert, 2).await?)?;
[INFO] [stdout]     |                                 ^^^^^^^^^^^^^^^^
[INFO] [stdout]     |
[INFO] [stdout]     = help: consider providing a type annotation
[INFO] [stdout]     = warning: this was previously accepted by the compiler but is being phased out; it will become a hard error in a future release!
[INFO] [stdout]     = note: for more information, see issue #156047 <https://github.com/rust-lang/rust/issues/156047>
[INFO] [stdout] 
[INFO] [stdout] 
[INFO] [stdout] error[E0599]: no method named `request_retrying` found for type `!` in the current scope
[INFO] [stdout]    --> tests/current-consumer/sdk.rs:282:33
[INFO] [stdout]     |
[INFO] [stdout] 282 |     let replay = checked(client.request_retrying(&insert, 2).await?)?;
[INFO] [stdout]     |                                 ^^^^^^^^^^^^^^^^ method not found in `!`
[INFO] [stdout] 
[INFO] [stdout] 
[INFO] [stdout] warning: method call on a diverging inference variable
[INFO] [stdout]    --> tests/current-consumer/sdk.rs:301:10
[INFO] [stdout]     |
[INFO] [stdout] 301 |         .request(&request("deadline", "from entries")?)
[INFO] [stdout]     |          ^^^^^^^
[INFO] [stdout]     |
[INFO] [stdout]     = help: consider providing a type annotation
[INFO] [stdout]     = warning: this was previously accepted by the compiler but is being phased out; it will become a hard error in a future release!
[INFO] [stdout]     = note: for more information, see issue #156047 <https://github.com/rust-lang/rust/issues/156047>
[INFO] [stdout] 
[INFO] [stdout] 
[INFO] [stdout] error[E0599]: no method named `request` found for type `!` in the current scope
[INFO] [stdout]    --> tests/current-consumer/sdk.rs:301:10
[INFO] [stdout]     |
[INFO] [stdout] 300 |     let error = client
[INFO] [stdout] 301 |         .request(&request("deadline", "from entries")?)
[INFO] [stdout]     |          ^^^^^^^ method not found in `!`
[INFO] [stdout] 
[INFO] [stdout] 
[INFO] [stdout] Some errors have detailed explanations: E0425, E0432, E0433, E0599.
[INFO] [stdout] 
[INFO] [stdout] For more information about an error, try `rustc --explain E0425`.
[INFO] [stdout] 
[INFO] [stderr] error: could not compile `unionid` (test "current-consumer") due to 12 previous errors; 16 warnings emitted
[INFO] [stderr] warning: build failed, waiting for other jobs to finish...
[INFO] running `Command { std: "docker" "inspect" "2a4a95d629e86a19a45bf22a12e57a222b61675a0dd11c4277f64a71e7209265", kill_on_drop: false }`
[INFO] running `Command { std: "docker" "rm" "-f" "2a4a95d629e86a19a45bf22a12e57a222b61675a0dd11c4277f64a71e7209265", kill_on_drop: false }`
[INFO] [stdout] 2a4a95d629e86a19a45bf22a12e57a222b61675a0dd11c4277f64a71e7209265
