[INFO] cloning repository https://github.com/wnzzer/agentdock
[INFO] running `Command { std: "git" "-c" "credential.helper=" "-c" "credential.helper=/workspace/cargo-home/bin/git-credential-null" "clone" "--bare" "https://github.com/wnzzer/agentdock" "/workspace/cache/git-repos/https%3A%2F%2Fgithub.com%2Fwnzzer%2Fagentdock", kill_on_drop: false }`
[INFO] [stderr] Cloning into bare repository '/workspace/cache/git-repos/https%3A%2F%2Fgithub.com%2Fwnzzer%2Fagentdock'...
[INFO] running `Command { std: "git" "rev-parse" "HEAD", kill_on_drop: false }`
[INFO] [stdout] 2eebf2f93abc514fa3ee1e78fdd125bf77837e22
[INFO] checking wnzzer/agentdock against 3154cc1a3e6424e44f438a95007d043ed5ceaaf6 for pr-133502-30
[INFO] running `Command { std: "git" "clone" "/workspace/cache/git-repos/https%3A%2F%2Fgithub.com%2Fwnzzer%2Fagentdock" "/workspace/builds/worker-0-tc2/source", kill_on_drop: false }`
[INFO] [stderr] Cloning into '/workspace/builds/worker-0-tc2/source'...
[INFO] [stderr] done.
[INFO] removed /workspace/builds/worker-0-tc2/source/rust-toolchain.toml
[INFO] started tweaking git repo https://github.com/wnzzer/agentdock
[INFO] finished tweaking git repo https://github.com/wnzzer/agentdock
[INFO] tweaked toml for git repo https://github.com/wnzzer/agentdock written to /workspace/builds/worker-0-tc2/source/Cargo.toml
[INFO] validating manifest of git repo https://github.com/wnzzer/agentdock on toolchain 3154cc1a3e6424e44f438a95007d043ed5ceaaf6
[INFO] running `Command { std: CARGO_HOME="/workspace/cargo-home" RUSTUP_HOME="/workspace/rustup-home" "/workspace/cargo-home/bin/cargo" "+3154cc1a3e6424e44f438a95007d043ed5ceaaf6" "metadata" "--manifest-path" "Cargo.toml" "--no-deps", kill_on_drop: false }`
[INFO] crate git repo https://github.com/wnzzer/agentdock already has a lockfile, it will not be regenerated
[INFO] running `Command { std: CARGO_HOME="/workspace/cargo-home" RUSTUP_HOME="/workspace/rustup-home" "/workspace/cargo-home/bin/cargo" "+3154cc1a3e6424e44f438a95007d043ed5ceaaf6" "fetch" "--manifest-path" "Cargo.toml", kill_on_drop: false }`
[INFO] running `Command { std: "docker" "create" "-v" "/var/lib/crater-agent-workspace/builds/worker-0-tc2/source:/opt/rustwide/workdir:ro,Z" "-v" "/var/lib/crater-agent-workspace/builds/worker-0-tc2/target:/opt/rustwide/target:rw,Z" "-v" "/var/lib/crater-agent-workspace/cargo-home:/opt/rustwide/cargo-home:ro,Z" "-v" "/var/lib/crater-agent-workspace/rustup-home:/opt/rustwide/rustup-home:ro,Z" "-m" "1610612736" "--network" "none" "ghcr.io/rust-lang/crates-build-env/linux@sha256:77db811e55d90add9212f6832c23229e3de5f1c1f9905e8cb07319ea15df73ac" "sleep" "infinity", kill_on_drop: false }`
[INFO] [stdout] 327839fa0fdbbccc467e065b16ef5e7345a4e5748d52086faeeadaef39c6b493
[INFO] running `Command { std: "docker" "start" "327839fa0fdbbccc467e065b16ef5e7345a4e5748d52086faeeadaef39c6b493", kill_on_drop: false }`
[INFO] running `Command { std: "docker" "inspect" "327839fa0fdbbccc467e065b16ef5e7345a4e5748d52086faeeadaef39c6b493", kill_on_drop: false }`
[INFO] running `Command { std: "docker" "exec" "-e" "SOURCE_DIR=/opt/rustwide/workdir" "-e" "CARGO_HOME=/opt/rustwide/cargo-home" "-e" "RUSTUP_HOME=/opt/rustwide/rustup-home" "-e" "CARGO_TARGET_DIR=/opt/rustwide/target" "-w" "/opt/rustwide/workdir" "--user" "0:0" "327839fa0fdbbccc467e065b16ef5e7345a4e5748d52086faeeadaef39c6b493" "/opt/rustwide/cargo-home/bin/cargo" "+3154cc1a3e6424e44f438a95007d043ed5ceaaf6" "metadata" "--no-deps" "--format-version=1", kill_on_drop: false }`
[INFO] running `Command { std: "docker" "inspect" "327839fa0fdbbccc467e065b16ef5e7345a4e5748d52086faeeadaef39c6b493", kill_on_drop: false }`
[INFO] running `Command { std: "docker" "exec" "-e" "SOURCE_DIR=/opt/rustwide/workdir" "-e" "CARGO_HOME=/opt/rustwide/cargo-home" "-e" "RUSTUP_HOME=/opt/rustwide/rustup-home" "-e" "CARGO_TARGET_DIR=/opt/rustwide/target" "-e" "CARGO_INCREMENTAL=0" "-e" "RUST_BACKTRACE=full" "-e" "RUSTFLAGS=--cap-lints=forbid" "-e" "RUSTDOCFLAGS=--cap-lints=forbid" "-w" "/opt/rustwide/workdir" "--user" "0:0" "327839fa0fdbbccc467e065b16ef5e7345a4e5748d52086faeeadaef39c6b493" "/opt/rustwide/cargo-home/bin/cargo" "+3154cc1a3e6424e44f438a95007d043ed5ceaaf6" "check" "--frozen" "--all" "--all-targets" "--message-format=json", kill_on_drop: false }`
[INFO] [stderr]    Compiling syn v3.0.5
[INFO] [stderr]     Checking smallvec v1.16.0
[INFO] [stderr]     Checking mio v1.2.3
[INFO] [stderr]     Checking tracing v0.1.44
[INFO] [stderr]    Compiling ring v0.17.14
[INFO] [stderr]    Compiling mime_guess v2.0.5
[INFO] [stderr]    Compiling hybrid-array v0.4.15
[INFO] [stderr]     Checking digest v0.10.7
[INFO] [stderr]     Checking serde_json v1.0.151
[INFO] [stderr]     Checking getrandom v0.3.4
[INFO] [stderr]     Checking getrandom v0.2.17
[INFO] [stderr]    Compiling crc32fast v1.5.2
[INFO] [stderr]     Checking regex-automata v0.4.18
[INFO] [stderr]    Compiling libsqlite3-sys v0.30.1
[INFO] [stderr]     Checking ahash v0.8.12
[INFO] [stderr]    Compiling aho-corasick v1.1.5
[INFO] [stderr]     Checking rand_core v0.9.5
[INFO] [stderr]     Checking futures-channel v0.3.34
[INFO] [stderr]    Compiling const-oid v0.10.2
[INFO] [stderr]     Checking parking_lot_core v0.9.12
[INFO] [stderr]    Compiling rustls v0.23.44
[INFO] [stderr]    Compiling regex-syntax v0.8.11
[INFO] [stderr]     Checking hashbrown v0.14.5
[INFO] [stderr]    Compiling dirs-sys v0.5.0
[INFO] [stderr]     Checking rand_chacha v0.9.0
[INFO] [stderr]     Checking uuid v1.26.0
[INFO] [stderr]    Compiling bstr v1.13.1
[INFO] [stderr]     Checking parking_lot v0.12.5
[INFO] [stderr]    Compiling cpufeatures v0.3.1
[INFO] [stderr]     Checking ipnet v2.12.2
[INFO] [stderr]     Checking flate2 v1.1.10
[INFO] [stderr]     Checking nix v0.28.0
[INFO] [stderr]     Checking rand v0.9.5
[INFO] [stderr]     Checking filedescriptor v0.8.3
[INFO] [stderr]    Compiling dirs v6.0.0
[INFO] [stderr]     Checking sha1 v0.10.7
[INFO] [stderr]     Checking unicase v2.9.0
[INFO] [stderr]    Compiling mime v0.3.17
[INFO] [stderr]     Checking sha2 v0.11.0
[INFO] [stderr]    Compiling crypto-common v0.2.2
[INFO] [stderr]    Compiling block-buffer v0.12.1
[INFO] [stderr]     Checking hashlink v0.9.1
[INFO] [stderr]    Compiling shellexpand v3.1.2
[INFO] [stderr]     Checking sha2 v0.10.9
[INFO] [stderr]     Checking half v2.7.1
[INFO] [stderr]     Checking bytemuck v1.25.2
[INFO] [stderr]     Checking http-range-header v0.4.2
[INFO] [stderr]     Checking fax v0.2.7
[INFO] [stderr]     Checking moxcms v0.8.1
[INFO] [stderr]     Checking png v0.18.1
[INFO] [stderr]     Checking inotify v0.11.5
[INFO] [stderr]     Checking axum-core v0.5.6
[INFO] [stderr]     Checking serde_path_to_error v0.1.20
[INFO] [stderr]     Checking tracing-log v0.2.0
[INFO] [stderr]     Checking tiff v0.11.3
[INFO] [stderr]     Checking qoi v0.4.1
[INFO] [stderr]     Checking notify-types v2.1.0
[INFO] [stderr]     Checking sysinfo v0.38.4
[INFO] [stderr]    Compiling digest v0.11.3
[INFO] [stderr]     Checking dunce v1.0.5
[INFO] [stderr]     Checking notify v8.2.0
[INFO] [stderr]     Checking portable-pty v0.9.0
[INFO] [stderr]     Checking globset v0.4.20
[INFO] [stderr]     Checking matchers v0.2.0
[INFO] [stderr]     Checking tracing-subscriber v0.3.23
[INFO] [stderr]     Checking rust-embed-utils v8.12.0
[INFO] [stderr]    Compiling zerovec-derive v0.11.6
[INFO] [stderr]    Compiling displaydoc v0.2.7
[INFO] [stderr]    Compiling serde_derive v1.0.229
[INFO] [stderr]    Compiling tokio-macros v2.7.2
[INFO] [stderr]    Compiling futures-macro v0.3.34
[INFO] [stderr]    Compiling thiserror-impl v2.0.20
[INFO] [stderr]     Checking zerotrie v0.2.5
[INFO] [stderr]     Checking rustls-webpki v0.103.15
[INFO] [stderr]     Checking tokio v1.53.1
[INFO] [stderr]     Checking futures-util v0.3.34
[INFO] [stderr]    Compiling rust-embed-impl v8.12.0
[INFO] [stderr]     Checking zerovec v0.11.8
[INFO] [stderr]     Checking thiserror v2.0.20
[INFO] [stderr]     Checking tungstenite v0.29.0
[INFO] [stderr]     Checking rust-embed v8.12.0
[INFO] [stderr]     Checking image v0.25.10
[INFO] [stderr]     Checking tinystr v0.8.4
[INFO] [stderr]     Checking potential_utf v0.1.6
[INFO] [stderr]     Checking icu_collections v2.3.0
[INFO] [stderr]     Checking icu_locale_core v2.3.0
[INFO] [stderr]     Checking serde v1.0.229
[INFO] [stderr]     Checking chrono v0.4.45
[INFO] [stderr]     Checking toml_datetime v0.6.11
[INFO] [stderr]     Checking serde_spanned v0.6.9
[INFO] [stderr]     Checking serde_urlencoded v0.7.1
[INFO] [stderr]     Checking icu_provider v2.3.1
[INFO] [stderr]     Checking toml_edit v0.22.27
[INFO] [stderr]     Checking icu_normalizer v2.3.0
[INFO] [stderr]     Checking icu_properties v2.3.0
[INFO] [stderr]     Checking idna_adapter v1.2.2
[INFO] [stderr]     Checking idna v1.1.0
[INFO] [stderr]     Checking url v2.5.8
[INFO] [stderr]     Checking toml v0.8.23
[INFO] [stderr]     Checking agentdock-domain v0.1.58 (/opt/rustwide/workdir/crates/domain)
[INFO] [stderr]     Checking hyper v1.11.1
[INFO] [stderr]     Checking tower v0.5.3
[INFO] [stderr]     Checking tokio-util v0.7.19
[INFO] [stderr]     Checking tokio-rustls v0.26.5
[INFO] [stderr]     Checking tokio-tungstenite v0.29.0
[INFO] [stderr]     Checking agentdock-runtime v0.1.58 (/opt/rustwide/workdir/crates/agent-runtime)
[INFO] [stderr]     Checking rusqlite v0.32.1
[INFO] [stderr]     Checking tower-http v0.6.11
[INFO] [stderr]     Checking hyper-util v0.1.20
[INFO] [stderr]     Checking agentdock-persistence v0.1.58 (/opt/rustwide/workdir/crates/persistence)
[INFO] [stderr]     Checking hyper-rustls v0.27.9
[INFO] [stderr]     Checking axum v0.8.9
[INFO] [stderr]     Checking reqwest v0.12.28
[INFO] [stderr]     Checking agentdock-server v0.1.58 (/opt/rustwide/workdir/crates/server)
[INFO] [stdout] error: #[derive(RustEmbed)] folder '/opt/rustwide/workdir/crates/server/../../apps/web/dist' does not exist. cwd: '/opt/rustwide/workdir'
[INFO] [stdout]   --> crates/server/src/embedded.rs:24:1
[INFO] [stdout]    |
[INFO] [stdout] 24 | / #[folder = "$CARGO_MANIFEST_DIR/../../apps/web/dist"]
[INFO] [stdout] 25 | | pub struct Web;
[INFO] [stdout]    | |_______________^
[INFO] [stdout] 
[INFO] [stdout] 
[INFO] [stdout] error: #[derive(RustEmbed)] folder '/opt/rustwide/workdir/crates/server/../../apps/web/dist' does not exist. cwd: '/opt/rustwide/workdir'
[INFO] [stdout]   --> crates/server/src/embedded.rs:24:1
[INFO] [stdout]    |
[INFO] [stdout] 24 | / #[folder = "$CARGO_MANIFEST_DIR/../../apps/web/dist"]
[INFO] [stdout] 25 | | pub struct Web;
[INFO] [stdout]    | |_______________^
[INFO] [stdout] 
[INFO] [stdout] 
[INFO] [stdout] error[E0599]: no associated function or constant named `iter` found for struct `Web` in the current scope
[INFO] [stdout]   --> crates/server/src/embedded.rs:50:10
[INFO] [stdout]    |
[INFO] [stdout] 25 | pub struct Web;
[INFO] [stdout]    | -------------- associated function or constant `iter` not found for this struct
[INFO] [stdout] ...
[INFO] [stdout] 50 |     Web::iter().next().is_some()
[INFO] [stdout]    |          ^^^^ associated function or constant not found in `Web`
[INFO] [stdout]    |
[INFO] [stdout]    = help: items from traits can only be used if the trait is implemented and in scope
[INFO] [stdout]    = note: the following traits define an item `iter`, perhaps you need to implement one of them:
[INFO] [stdout]            candidate #1: `Embed`
[INFO] [stdout]            candidate #2: `bitflags::traits::Flags`
[INFO] [stdout]            candidate #3: `toml_edit::table::TableLike`
[INFO] [stdout] 
[INFO] [stdout] 
[INFO] [stdout] error[E0599]: no associated function or constant named `get` found for struct `Web` in the current scope
[INFO] [stdout]   --> crates/server/src/embedded.rs:65:24
[INFO] [stdout]    |
[INFO] [stdout] 25 | pub struct Web;
[INFO] [stdout]    | -------------- associated function or constant `get` not found for this struct
[INFO] [stdout] ...
[INFO] [stdout] 65 |     let name = if Web::get(path).is_some() {
[INFO] [stdout]    |                        ^^^ associated function or constant not found in `Web`
[INFO] [stdout]    |
[INFO] [stdout]    = help: items from traits can only be used if the trait is implemented and in scope
[INFO] [stdout]    = note: the following traits define an item `get`, perhaps you need to implement one of them:
[INFO] [stdout]            candidate #1: `Embed`
[INFO] [stdout]            candidate #2: `SliceIndex`
[INFO] [stdout]            candidate #3: `fallible_streaming_iterator::FallibleStreamingIterator`
[INFO] [stdout]            candidate #4: `icu_collections::codepointtrie::cptrie::TypedCodePointTrie`
[INFO] [stdout]            candidate #5: `icu_properties::names::PropertyEnumToValueNameLookup`
[INFO] [stdout]            candidate #6: `icu_provider::baked::DataStore`
[INFO] [stdout]            candidate #7: `rustls::server::server_conn::StoresServerSessions`
[INFO] [stdout]            candidate #8: `toml_edit::table::TableLike`
[INFO] [stdout] 
[INFO] [stdout] 
[INFO] [stdout] error[E0599]: no associated function or constant named `get` found for struct `Web` in the current scope
[INFO] [stdout]   --> crates/server/src/embedded.rs:67:20
[INFO] [stdout]    |
[INFO] [stdout] 25 | pub struct Web;
[INFO] [stdout]    | -------------- associated function or constant `get` not found for this struct
[INFO] [stdout] ...
[INFO] [stdout] 67 |     } else if Web::get(&nested).is_some() {
[INFO] [stdout]    |                    ^^^ associated function or constant not found in `Web`
[INFO] [stdout]    |
[INFO] [stdout]    = help: items from traits can only be used if the trait is implemented and in scope
[INFO] [stdout]    = note: the following traits define an item `get`, perhaps you need to implement one of them:
[INFO] [stdout]            candidate #1: `Embed`
[INFO] [stdout]            candidate #2: `SliceIndex`
[INFO] [stdout]            candidate #3: `fallible_streaming_iterator::FallibleStreamingIterator`
[INFO] [stdout]            candidate #4: `icu_collections::codepointtrie::cptrie::TypedCodePointTrie`
[INFO] [stdout]            candidate #5: `icu_properties::names::PropertyEnumToValueNameLookup`
[INFO] [stdout]            candidate #6: `icu_provider::baked::DataStore`
[INFO] [stdout]            candidate #7: `rustls::server::server_conn::StoresServerSessions`
[INFO] [stdout]            candidate #8: `toml_edit::table::TableLike`
[INFO] [stdout] 
[INFO] [stdout] 
[INFO] [stdout] error[E0599]: no associated function or constant named `get` found for struct `Web` in the current scope
[INFO] [stdout]   --> crates/server/src/embedded.rs:72:27
[INFO] [stdout]    |
[INFO] [stdout] 25 | pub struct Web;
[INFO] [stdout]    | -------------- associated function or constant `get` not found for this struct
[INFO] [stdout] ...
[INFO] [stdout] 72 |     let Some(file) = Web::get(name) else {
[INFO] [stdout]    |                           ^^^ associated function or constant not found in `Web`
[INFO] [stdout]    |
[INFO] [stdout]    = help: items from traits can only be used if the trait is implemented and in scope
[INFO] [stdout]    = note: the following traits define an item `get`, perhaps you need to implement one of them:
[INFO] [stdout]            candidate #1: `Embed`
[INFO] [stdout]            candidate #2: `SliceIndex`
[INFO] [stdout]            candidate #3: `fallible_streaming_iterator::FallibleStreamingIterator`
[INFO] [stdout]            candidate #4: `icu_collections::codepointtrie::cptrie::TypedCodePointTrie`
[INFO] [stdout]            candidate #5: `icu_properties::names::PropertyEnumToValueNameLookup`
[INFO] [stdout]            candidate #6: `icu_provider::baked::DataStore`
[INFO] [stdout]            candidate #7: `rustls::server::server_conn::StoresServerSessions`
[INFO] [stdout]            candidate #8: `toml_edit::table::TableLike`
[INFO] [stdout] 
[INFO] [stdout] 
[INFO] [stdout] error[E0599]: no associated function or constant named `iter` found for struct `embedded::Web` in the current scope
[INFO] [stdout]   --> crates/server/src/embedded.rs:50:10
[INFO] [stdout]    |
[INFO] [stdout] 25 | pub struct Web;
[INFO] [stdout]    | -------------- associated function or constant `iter` not found for this struct
[INFO] [stdout] ...
[INFO] [stdout] 50 |     Web::iter().next().is_some()
[INFO] [stdout]    |          ^^^^ associated function or constant not found in `embedded::Web`
[INFO] [stdout]    |
[INFO] [stdout]    = help: items from traits can only be used if the trait is implemented and in scope
[INFO] [stdout]    = note: the following traits define an item `iter`, perhaps you need to implement one of them:
[INFO] [stdout]            candidate #1: `Embed`
[INFO] [stdout]            candidate #2: `bitflags::traits::Flags`
[INFO] [stdout]            candidate #3: `toml_edit::table::TableLike`
[INFO] [stdout] 
[INFO] [stdout] 
[INFO] [stdout] error[E0599]: no associated function or constant named `get` found for struct `embedded::Web` in the current scope
[INFO] [stdout]   --> crates/server/src/embedded.rs:65:24
[INFO] [stdout]    |
[INFO] [stdout] 25 | pub struct Web;
[INFO] [stdout]    | -------------- associated function or constant `get` not found for this struct
[INFO] [stdout] ...
[INFO] [stdout] 65 |     let name = if Web::get(path).is_some() {
[INFO] [stdout]    |                        ^^^ associated function or constant not found in `embedded::Web`
[INFO] [stdout]    |
[INFO] [stdout]    = help: items from traits can only be used if the trait is implemented and in scope
[INFO] [stdout]    = note: the following traits define an item `get`, perhaps you need to implement one of them:
[INFO] [stdout]            candidate #1: `Embed`
[INFO] [stdout]            candidate #2: `SliceIndex`
[INFO] [stdout]            candidate #3: `fallible_streaming_iterator::FallibleStreamingIterator`
[INFO] [stdout]            candidate #4: `icu_collections::codepointtrie::cptrie::TypedCodePointTrie`
[INFO] [stdout]            candidate #5: `icu_properties::names::PropertyEnumToValueNameLookup`
[INFO] [stdout]            candidate #6: `icu_provider::baked::DataStore`
[INFO] [stdout]            candidate #7: `rustls::server::server_conn::StoresServerSessions`
[INFO] [stdout]            candidate #8: `toml_edit::table::TableLike`
[INFO] [stdout] 
[INFO] [stdout] 
[INFO] [stdout] error[E0599]: no associated function or constant named `get` found for struct `embedded::Web` in the current scope
[INFO] [stdout]   --> crates/server/src/embedded.rs:67:20
[INFO] [stdout]    |
[INFO] [stdout] 25 | pub struct Web;
[INFO] [stdout]    | -------------- associated function or constant `get` not found for this struct
[INFO] [stdout] ...
[INFO] [stdout] 67 |     } else if Web::get(&nested).is_some() {
[INFO] [stdout]    |                    ^^^ associated function or constant not found in `embedded::Web`
[INFO] [stdout]    |
[INFO] [stdout]    = help: items from traits can only be used if the trait is implemented and in scope
[INFO] [stdout]    = note: the following traits define an item `get`, perhaps you need to implement one of them:
[INFO] [stdout]            candidate #1: `Embed`
[INFO] [stdout]            candidate #2: `SliceIndex`
[INFO] [stdout]            candidate #3: `fallible_streaming_iterator::FallibleStreamingIterator`
[INFO] [stdout]            candidate #4: `icu_collections::codepointtrie::cptrie::TypedCodePointTrie`
[INFO] [stdout]            candidate #5: `icu_properties::names::PropertyEnumToValueNameLookup`
[INFO] [stdout]            candidate #6: `icu_provider::baked::DataStore`
[INFO] [stdout]            candidate #7: `rustls::server::server_conn::StoresServerSessions`
[INFO] [stdout]            candidate #8: `toml_edit::table::TableLike`
[INFO] [stdout] 
[INFO] [stdout] 
[INFO] [stdout] error[E0599]: no associated function or constant named `get` found for struct `embedded::Web` in the current scope
[INFO] [stdout]   --> crates/server/src/embedded.rs:72:27
[INFO] [stdout]    |
[INFO] [stdout] 25 | pub struct Web;
[INFO] [stdout]    | -------------- associated function or constant `get` not found for this struct
[INFO] [stdout] ...
[INFO] [stdout] 72 |     let Some(file) = Web::get(name) else {
[INFO] [stdout]    |                           ^^^ associated function or constant not found in `embedded::Web`
[INFO] [stdout]    |
[INFO] [stdout]    = help: items from traits can only be used if the trait is implemented and in scope
[INFO] [stdout]    = note: the following traits define an item `get`, perhaps you need to implement one of them:
[INFO] [stdout]            candidate #1: `Embed`
[INFO] [stdout]            candidate #2: `SliceIndex`
[INFO] [stdout]            candidate #3: `fallible_streaming_iterator::FallibleStreamingIterator`
[INFO] [stdout]            candidate #4: `icu_collections::codepointtrie::cptrie::TypedCodePointTrie`
[INFO] [stdout]            candidate #5: `icu_properties::names::PropertyEnumToValueNameLookup`
[INFO] [stdout]            candidate #6: `icu_provider::baked::DataStore`
[INFO] [stdout]            candidate #7: `rustls::server::server_conn::StoresServerSessions`
[INFO] [stdout]            candidate #8: `toml_edit::table::TableLike`
[INFO] [stdout] 
[INFO] [stdout] 
[INFO] [stdout] error[E0599]: no associated function or constant named `iter` found for struct `embedded::Web` in the current scope
[INFO] [stdout]    --> crates/server/src/embedded.rs:150:40
[INFO] [stdout]     |
[INFO] [stdout]  25 | pub struct Web;
[INFO] [stdout]     | -------------- associated function or constant `iter` not found for this struct
[INFO] [stdout] ...
[INFO] [stdout] 150 |         let assets: Vec<String> = Web::iter().map(|name| name.to_string()).collect();
[INFO] [stdout]     |                                        ^^^^ associated function or constant not found in `embedded::Web`
[INFO] [stdout]     |
[INFO] [stdout]     = help: items from traits can only be used if the trait is implemented and in scope
[INFO] [stdout]     = note: the following traits define an item `iter`, perhaps you need to implement one of them:
[INFO] [stdout]             candidate #1: `Embed`
[INFO] [stdout]             candidate #2: `bitflags::traits::Flags`
[INFO] [stdout]             candidate #3: `toml_edit::table::TableLike`
[INFO] [stdout] 
[INFO] [stdout] 
[INFO] [stdout] For more information about this error, try `rustc --explain E0599`.
[INFO] [stdout] 
[INFO] [stderr] error: could not compile `agentdock-server` (bin "agentdock-server") due to 5 previous errors
[INFO] [stderr] warning: build failed, waiting for other jobs to finish...
[INFO] [stdout] For more information about this error, try `rustc --explain E0599`.
[INFO] [stdout] 
[INFO] [stderr] error: could not compile `agentdock-server` (bin "agentdock-server" test) due to 6 previous errors
[INFO] running `Command { std: "docker" "inspect" "327839fa0fdbbccc467e065b16ef5e7345a4e5748d52086faeeadaef39c6b493", kill_on_drop: false }`
[INFO] running `Command { std: "docker" "rm" "-f" "327839fa0fdbbccc467e065b16ef5e7345a4e5748d52086faeeadaef39c6b493", kill_on_drop: false }`
[INFO] [stdout] 327839fa0fdbbccc467e065b16ef5e7345a4e5748d52086faeeadaef39c6b493
