[INFO] cloning repository https://github.com/wintilex/wintilex
[INFO] running `Command { std: "git" "-c" "credential.helper=" "-c" "credential.helper=/workspace/cargo-home/bin/git-credential-null" "clone" "--bare" "https://github.com/wintilex/wintilex" "/workspace/cache/git-repos/https%3A%2F%2Fgithub.com%2Fwintilex%2Fwintilex", kill_on_drop: false }`
[INFO] [stderr] Cloning into bare repository '/workspace/cache/git-repos/https%3A%2F%2Fgithub.com%2Fwintilex%2Fwintilex'...
[INFO] running `Command { std: "git" "rev-parse" "HEAD", kill_on_drop: false }`
[INFO] [stdout] 1418f036ca13cb6c57985805ff6a8be9dbc799eb
[INFO] checking wintilex/wintilex against 3154cc1a3e6424e44f438a95007d043ed5ceaaf6+rustflags=-Znext-solver=coherence for pr-133502-30
[INFO] running `Command { std: "git" "clone" "/workspace/cache/git-repos/https%3A%2F%2Fgithub.com%2Fwintilex%2Fwintilex" "/workspace/builds/worker-4-tc1/source", kill_on_drop: false }`
[INFO] [stderr] Cloning into '/workspace/builds/worker-4-tc1/source'...
[INFO] [stderr] done.
[INFO] started tweaking git repo https://github.com/wintilex/wintilex
[INFO] finished tweaking git repo https://github.com/wintilex/wintilex
[INFO] tweaked toml for git repo https://github.com/wintilex/wintilex written to /workspace/builds/worker-4-tc1/source/Cargo.toml
[INFO] validating manifest of git repo https://github.com/wintilex/wintilex on toolchain 3154cc1a3e6424e44f438a95007d043ed5ceaaf6
[INFO] running `Command { std: CARGO_HOME="/workspace/cargo-home" RUSTUP_HOME="/workspace/rustup-home" "/workspace/cargo-home/bin/cargo" "+3154cc1a3e6424e44f438a95007d043ed5ceaaf6" "metadata" "--manifest-path" "Cargo.toml" "--no-deps", kill_on_drop: false }`
[INFO] crate git repo https://github.com/wintilex/wintilex already has a lockfile, it will not be regenerated
[INFO] running `Command { std: CARGO_HOME="/workspace/cargo-home" RUSTUP_HOME="/workspace/rustup-home" "/workspace/cargo-home/bin/cargo" "+3154cc1a3e6424e44f438a95007d043ed5ceaaf6" "fetch" "--manifest-path" "Cargo.toml", kill_on_drop: false }`
[INFO] running `Command { std: "docker" "create" "-v" "/var/lib/crater-agent-workspace/builds/worker-4-tc1/source:/opt/rustwide/workdir:ro,Z" "-v" "/var/lib/crater-agent-workspace/builds/worker-4-tc1/target:/opt/rustwide/target:rw,Z" "-v" "/var/lib/crater-agent-workspace/cargo-home:/opt/rustwide/cargo-home:ro,Z" "-v" "/var/lib/crater-agent-workspace/rustup-home:/opt/rustwide/rustup-home:ro,Z" "-m" "1610612736" "--network" "none" "ghcr.io/rust-lang/crates-build-env/linux@sha256:77db811e55d90add9212f6832c23229e3de5f1c1f9905e8cb07319ea15df73ac" "sleep" "infinity", kill_on_drop: false }`
[INFO] [stdout] 6d1781fa624c58772d59fab8398098c2a9d3d6c51d5cb553f4247cf18af8db7d
[INFO] running `Command { std: "docker" "start" "6d1781fa624c58772d59fab8398098c2a9d3d6c51d5cb553f4247cf18af8db7d", kill_on_drop: false }`
[INFO] running `Command { std: "docker" "inspect" "6d1781fa624c58772d59fab8398098c2a9d3d6c51d5cb553f4247cf18af8db7d", kill_on_drop: false }`
[INFO] running `Command { std: "docker" "exec" "-e" "SOURCE_DIR=/opt/rustwide/workdir" "-e" "CARGO_HOME=/opt/rustwide/cargo-home" "-e" "RUSTUP_HOME=/opt/rustwide/rustup-home" "-e" "CARGO_TARGET_DIR=/opt/rustwide/target" "-w" "/opt/rustwide/workdir" "--user" "0:0" "6d1781fa624c58772d59fab8398098c2a9d3d6c51d5cb553f4247cf18af8db7d" "/opt/rustwide/cargo-home/bin/cargo" "+3154cc1a3e6424e44f438a95007d043ed5ceaaf6" "metadata" "--no-deps" "--format-version=1", kill_on_drop: false }`
[INFO] running `Command { std: "docker" "inspect" "6d1781fa624c58772d59fab8398098c2a9d3d6c51d5cb553f4247cf18af8db7d", kill_on_drop: false }`
[INFO] running `Command { std: "docker" "exec" "-e" "SOURCE_DIR=/opt/rustwide/workdir" "-e" "CARGO_HOME=/opt/rustwide/cargo-home" "-e" "RUSTUP_HOME=/opt/rustwide/rustup-home" "-e" "CARGO_TARGET_DIR=/opt/rustwide/target" "-e" "CARGO_INCREMENTAL=0" "-e" "RUST_BACKTRACE=full" "-e" "RUSTFLAGS=--cap-lints=forbid -Znext-solver=coherence" "-e" "RUSTDOCFLAGS=--cap-lints=forbid" "-w" "/opt/rustwide/workdir" "--user" "0:0" "6d1781fa624c58772d59fab8398098c2a9d3d6c51d5cb553f4247cf18af8db7d" "/opt/rustwide/cargo-home/bin/cargo" "+3154cc1a3e6424e44f438a95007d043ed5ceaaf6" "check" "--frozen" "--all" "--all-targets" "--message-format=json", kill_on_drop: false }`
[INFO] [stderr]    Compiling proc-macro2 v1.0.107
[INFO] [stderr]    Compiling smallvec v1.15.2
[INFO] [stderr]    Compiling serde_core v1.0.229
[INFO] [stderr]    Compiling serde v1.0.229
[INFO] [stderr]    Compiling stable_deref_trait v1.2.1
[INFO] [stderr]    Compiling erased-serde v0.4.10
[INFO] [stderr]    Compiling serde_json v1.0.151
[INFO] [stderr]    Compiling new_debug_unreachable v1.0.6
[INFO] [stderr]    Compiling precomputed-hash v0.1.1
[INFO] [stderr]    Compiling gio v0.18.4
[INFO] [stderr]    Compiling ctor-proc-macro v0.0.7
[INFO] [stderr]    Compiling toml_writer v1.1.2+spec-1.1.0
[INFO] [stderr]    Compiling percent-encoding v2.3.2
[INFO] [stderr]    Compiling dtoa v1.0.11
[INFO] [stderr]    Compiling getrandom v0.4.3
[INFO] [stderr]    Compiling selectors v0.36.1
[INFO] [stderr]    Compiling aho-corasick v1.1.5
[INFO] [stderr]    Compiling tendril v0.5.1
[INFO] [stderr]    Compiling indexmap v1.9.3
[INFO] [stderr]    Compiling cfg-expr v0.15.8
[INFO] [stderr]    Compiling parking_lot_core v0.9.12
[INFO] [stderr]    Compiling camino v1.2.5
[INFO] [stderr]    Compiling form_urlencoded v1.2.2
[INFO] [stderr]    Compiling dtoa-short v0.3.5
[INFO] [stderr]    Compiling unic-char-range v0.9.0
[INFO] [stderr]    Compiling regex-syntax v0.8.11
[INFO] [stderr]    Compiling unic-common v0.9.0
[INFO] [stderr]    Compiling parking_lot v0.12.5
[INFO] [stderr]    Compiling alloc-no-stdlib v2.0.4
[INFO] [stderr]    Compiling unic-ucd-version v0.9.0
[INFO] [stderr]    Compiling unic-char-property v0.9.0
[INFO] [stderr]    Compiling typeid v1.0.3
[INFO] [stderr]    Compiling servo_arc v0.4.3
[INFO] [stderr]    Compiling schemars v0.8.22
[INFO] [stderr]    Compiling hashbrown v0.12.3
[INFO] [stderr]    Compiling rustc-hash v2.1.3
[INFO] [stderr]    Compiling alloc-stdlib v0.2.4
[INFO] [stderr]    Compiling bit-vec v0.8.0
[INFO] [stderr]    Compiling unic-ucd-ident v0.9.0
[INFO] [stderr]    Compiling time v0.3.55
[INFO] [stderr]    Compiling foldhash v0.2.0
[INFO] [stderr]    Compiling http v1.5.0
[INFO] [stderr]    Compiling string_cache v0.9.0
[INFO] [stderr]    Compiling brotli-decompressor v5.0.3
[INFO] [stderr]    Compiling ctor v0.8.0
[INFO] [stderr]    Compiling gtk v0.18.2
[INFO] [stderr]     Checking regex-automata v0.4.18
[INFO] [stderr]    Compiling bit-set v0.8.0
[INFO] [stderr]    Compiling winnow v0.7.15
[INFO] [stderr]    Compiling option-ext v0.2.0
[INFO] [stderr]    Compiling x11 v2.21.0
[INFO] [stderr]    Compiling simd-adler32 v0.3.10
[INFO] [stderr]    Compiling dirs-sys v0.5.0
[INFO] [stderr]    Compiling typenum v1.20.1
[INFO] [stderr]     Checking uuid v1.25.0
[INFO] [stderr]    Compiling quote v1.0.47
[INFO] [stderr]    Compiling syn v1.0.109
[INFO] [stderr]    Compiling syn v3.0.3
[INFO] [stderr]    Compiling syn v2.0.119
[INFO] [stderr]    Compiling proc-macro-error-attr v1.0.4
[INFO] [stderr]    Compiling string_cache_codegen v0.6.1
[INFO] [stderr]    Compiling dirs v6.0.0
[INFO] [stderr]    Compiling rustix v1.1.4
[INFO] [stderr]    Compiling miniz_oxide v0.8.9
[INFO] [stderr]    Compiling proc-macro-error v1.0.4
[INFO] [stderr]    Compiling crc32fast v1.5.1
[INFO] [stderr]    Compiling cookie v0.18.2
[INFO] [stderr]    Compiling web_atoms v0.2.6
[INFO] [stderr]    Compiling libdbus-sys v0.2.7
[INFO] [stderr]     Checking cfb v0.7.3
[INFO] [stderr]    Compiling brotli v8.0.4
[INFO] [stderr]     Checking phf_shared v0.13.1
[INFO] [stderr]    Compiling flate2 v1.1.9
[INFO] [stderr]    Compiling generic-array v0.14.7
[INFO] [stderr]    Compiling fdeflate v0.3.7
[INFO] [stderr]     Checking toml_parser v1.1.3+spec-1.1.0
[INFO] [stderr]     Checking quick-xml v0.41.0
[INFO] [stderr]    Compiling num-traits v0.2.19
[INFO] [stderr]    Compiling bitflags v1.3.2
[INFO] [stderr]    Compiling semver v1.0.28
[INFO] [stderr]    Compiling toml_datetime v1.1.1+spec-1.1.0
[INFO] [stderr]    Compiling serde_spanned v1.1.1
[INFO] [stderr]    Compiling toml v1.1.4+spec-1.1.0
[INFO] [stderr]    Compiling rustc_version v0.4.1
[INFO] [stderr]     Checking regex v1.13.1
[INFO] [stderr]    Compiling toml_datetime v0.7.5+spec-1.1.0
[INFO] [stderr]    Compiling field-offset v0.3.6
[INFO] [stderr]    Compiling toml_edit v0.25.13+spec-1.1.0
[INFO] [stderr]    Compiling crypto-common v0.1.7
[INFO] [stderr]    Compiling toml v0.9.12+spec-1.1.0
[INFO] [stderr]    Compiling serde-untagged v0.1.9
[INFO] [stderr]    Compiling block-buffer v0.10.4
[INFO] [stderr]    Compiling digest v0.10.7
[INFO] [stderr]    Compiling png v0.17.16
[INFO] [stderr]     Checking infer v0.19.0
[INFO] [stderr]    Compiling wry v0.55.1
[INFO] [stderr]    Compiling tauri-runtime v2.11.3
[INFO] [stderr]     Checking glob v0.3.4
[INFO] [stderr]    Compiling sha2 v0.10.9
[INFO] [stderr]     Checking dbus v0.9.12
[INFO] [stderr]     Checking png v0.18.1
[INFO] [stderr]     Checking async-channel v2.5.0
[INFO] [stderr]    Compiling embed-resource v3.0.11
[INFO] [stderr]    Compiling tauri-runtime-wry v2.11.4
[INFO] [stderr]     Checking env_filter v2.0.0
[INFO] [stderr]    Compiling proc-macro-crate v3.5.0
[INFO] [stderr]    Compiling ico v0.5.0
[INFO] [stderr]    Compiling tauri-winres v0.3.6
[INFO] [stderr]     Checking is-docker v0.2.0
[INFO] [stderr]     Checking env_logger v0.11.11
[INFO] [stderr]     Checking is-wsl v0.4.0
[INFO] [stderr]     Checking blocking v1.7.0
[INFO] [stderr]     Checking async-executor v1.14.0
[INFO] [stderr]     Checking tokio v1.53.1
[INFO] [stderr]     Checking heck v0.5.0
[INFO] [stderr]     Checking open v5.4.1
[INFO] [stderr]     Checking moxcms v0.8.1
[INFO] [stderr]    Compiling serde_derive v1.0.229
[INFO] [stderr]    Compiling zerovec-derive v0.11.6
[INFO] [stderr]    Compiling displaydoc v0.2.7
[INFO] [stderr]    Compiling thiserror-impl v2.0.20
[INFO] [stderr]    Compiling futures-macro v0.3.34
[INFO] [stderr]    Compiling serde_repr v0.1.21
[INFO] [stderr]    Compiling async-trait v0.1.92
[INFO] [stderr]     Checking polling v3.11.0
[INFO] [stderr]     Checking async-io v2.6.0
[INFO] [stderr]     Checking futures-util v0.3.34
[INFO] [stderr]     Checking async-signal v0.2.14
[INFO] [stderr]    Compiling synstructure v0.13.2
[INFO] [stderr]    Compiling darling_core v0.23.0
[INFO] [stderr]    Compiling serde_derive_internals v0.29.1
[INFO] [stderr]     Checking async-process v2.5.0
[INFO] [stderr]     Checking thiserror v2.0.20
[INFO] [stderr]    Compiling zerofrom-derive v0.1.7
[INFO] [stderr]    Compiling yoke-derive v0.8.2
[INFO] [stderr]    Compiling thiserror-impl v1.0.69
[INFO] [stderr]    Compiling phf_macros v0.13.1
[INFO] [stderr]    Compiling cssparser-macros v0.6.1
[INFO] [stderr]    Compiling derive_more-impl v2.1.1
[INFO] [stderr]    Compiling enumflags2_derive v0.7.12
[INFO] [stderr]    Compiling dlopen2_derive v0.4.3
[INFO] [stderr]    Compiling tracing-attributes v0.1.31
[INFO] [stderr]    Compiling serialize-to-javascript-impl v0.1.2
[INFO] [stderr]    Compiling async-recursion v1.1.1
[INFO] [stderr]     Checking dlopen2 v0.8.2
[INFO] [stderr]    Compiling schemars_derive v0.8.22
[INFO] [stderr]    Compiling phf v0.13.1
[INFO] [stderr]    Compiling cssparser v0.36.0
[INFO] [stderr]    Compiling zerofrom v0.1.8
[INFO] [stderr]     Checking thiserror v1.0.69
[INFO] [stderr]    Compiling yoke v0.8.3
[INFO] [stderr]    Compiling derive_more v2.1.1
[INFO] [stderr]     Checking tracing v0.1.44
[INFO] [stderr]     Checking zerovec v0.11.8
[INFO] [stderr]     Checking zerotrie v0.2.5
[INFO] [stderr]    Compiling markup5ever v0.38.0
[INFO] [stderr]    Compiling html5ever v0.38.0
[INFO] [stderr]    Compiling darling_macro v0.23.0
[INFO] [stderr]    Compiling tinystr v0.8.4
[INFO] [stderr]    Compiling potential_utf v0.1.6
[INFO] [stderr]     Checking icu_collections v2.3.0
[INFO] [stderr]    Compiling icu_locale_core v2.3.0
[INFO] [stderr]    Compiling darling v0.23.0
[INFO] [stderr]    Compiling serde_with_macros v3.22.0
[INFO] [stderr]     Checking image v0.25.10
[INFO] [stderr]     Checking dpi v0.1.2
[INFO] [stderr]     Checking wintilex-core v0.1.0 (/opt/rustwide/workdir/crates/wintilex-core)
[INFO] [stderr]     Checking jsonptr v0.6.3
[INFO] [stderr]     Checking plist v1.10.0
[INFO] [stderr]     Checking zcheapstr v1.1.0
[INFO] [stderr]     Checking zvariant_utils v4.2.0
[INFO] [stderr]     Checking futures-executor v0.3.34
[INFO] [stderr]     Checking keyboard-types v0.7.0
[INFO] [stderr]     Checking enumflags2 v0.7.12
[INFO] [stderr]     Checking serialize-to-javascript v0.1.2
[INFO] [stderr]    Compiling toml_datetime v0.6.3
[INFO] [stderr]    Compiling serde_spanned v0.6.9
[INFO] [stderr]    Compiling cargo-platform v0.1.9
[INFO] [stdout] error[E0433]: cannot find `platform` in the crate root
[INFO] [stdout]   --> crates/wintilex-core/src/manager/drag.rs:12:12
[INFO] [stdout]    |
[INFO] [stdout] 12 | use crate::platform::events::DesktopEvent;
[INFO] [stdout]    |            ^^^^^^^^ could not find `platform` in the crate root
[INFO] [stdout]    |
[INFO] [stdout] note: found an item that was configured out
[INFO] [stdout]   --> crates/wintilex-core/src/lib.rs:15:9
[INFO] [stdout]    |
[INFO] [stdout] 14 | #[cfg(windows)]
[INFO] [stdout]    |       ------- the item is gated here
[INFO] [stdout] 15 | pub mod platform;
[INFO] [stdout]    |         ^^^^^^^^
[INFO] [stdout] 
[INFO] [stdout] 
[INFO] [stdout] error[E0433]: cannot find `platform` in the crate root
[INFO] [stdout]   --> crates/wintilex-core/src/manager/drag.rs:13:12
[INFO] [stdout]    |
[INFO] [stdout] 13 | use crate::platform::monitor::cursor_position;
[INFO] [stdout]    |            ^^^^^^^^ could not find `platform` in the crate root
[INFO] [stdout]    |
[INFO] [stdout] note: found an item that was configured out
[INFO] [stdout]   --> crates/wintilex-core/src/lib.rs:15:9
[INFO] [stdout]    |
[INFO] [stdout] 14 | #[cfg(windows)]
[INFO] [stdout]    |       ------- the item is gated here
[INFO] [stdout] 15 | pub mod platform;
[INFO] [stdout]    |         ^^^^^^^^
[INFO] [stdout] 
[INFO] [stdout] 
[INFO] [stdout] error[E0433]: cannot find `platform` in the crate root
[INFO] [stdout]   --> crates/wintilex-core/src/manager/drag.rs:14:12
[INFO] [stdout]    |
[INFO] [stdout] 14 | use crate::platform::window::{NativeWindow, WindowId};
[INFO] [stdout]    |            ^^^^^^^^ could not find `platform` in the crate root
[INFO] [stdout]    |
[INFO] [stdout] note: found an item that was configured out
[INFO] [stdout]   --> crates/wintilex-core/src/lib.rs:15:9
[INFO] [stdout]    |
[INFO] [stdout] 14 | #[cfg(windows)]
[INFO] [stdout]    |       ------- the item is gated here
[INFO] [stdout] 15 | pub mod platform;
[INFO] [stdout]    |         ^^^^^^^^
[INFO] [stdout] 
[INFO] [stdout] 
[INFO] [stdout] error[E0433]: cannot find `platform` in the crate root
[INFO] [stdout]   --> crates/wintilex-core/src/manager/engine.rs:29:12
[INFO] [stdout]    |
[INFO] [stdout] 29 | use crate::platform::events::{EventHooks, WM_WINTILEX_EVENT};
[INFO] [stdout]    |            ^^^^^^^^ could not find `platform` in the crate root
[INFO] [stdout]    |
[INFO] [stdout] note: found an item that was configured out
[INFO] [stdout]   --> crates/wintilex-core/src/lib.rs:15:9
[INFO] [stdout]    |
[INFO] [stdout] 14 | #[cfg(windows)]
[INFO] [stdout]    |       ------- the item is gated here
[INFO] [stdout] 15 | pub mod platform;
[INFO] [stdout]    |         ^^^^^^^^
[INFO] [stdout] 
[INFO] [stdout] 
[INFO] [stdout] error[E0433]: cannot find `platform` in the crate root
[INFO] [stdout]   --> crates/wintilex-core/src/manager/engine.rs:30:12
[INFO] [stdout]    |
[INFO] [stdout] 30 | use crate::platform::hotkey::{FailedBinding, HotkeyRegistry};
[INFO] [stdout]    |            ^^^^^^^^ could not find `platform` in the crate root
[INFO] [stdout]    |
[INFO] [stdout] note: found an item that was configured out
[INFO] [stdout]   --> crates/wintilex-core/src/lib.rs:15:9
[INFO] [stdout]    |
[INFO] [stdout] 14 | #[cfg(windows)]
[INFO] [stdout]    |       ------- the item is gated here
[INFO] [stdout] 15 | pub mod platform;
[INFO] [stdout]    |         ^^^^^^^^
[INFO] [stdout] 
[INFO] [stdout] 
[INFO] [stdout] error[E0433]: cannot find `platform` in the crate root
[INFO] [stdout]   --> crates/wintilex-core/src/manager/engine.rs:31:12
[INFO] [stdout]    |
[INFO] [stdout] 31 | use crate::platform::keyboard::KeyboardHook;
[INFO] [stdout]    |            ^^^^^^^^ could not find `platform` in the crate root
[INFO] [stdout]    |
[INFO] [stdout] note: found an item that was configured out
[INFO] [stdout]   --> crates/wintilex-core/src/lib.rs:15:9
[INFO] [stdout]    |
[INFO] [stdout] 14 | #[cfg(windows)]
[INFO] [stdout]    |       ------- the item is gated here
[INFO] [stdout] 15 | pub mod platform;
[INFO] [stdout]    |         ^^^^^^^^
[INFO] [stdout] 
[INFO] [stdout] 
[INFO] [stdout] error[E0433]: cannot find `platform` in the crate root
[INFO] [stdout]   --> crates/wintilex-core/src/manager/state.rs:8:12
[INFO] [stdout]    |
[INFO] [stdout]  8 | use crate::platform::monitor::{Monitor, MonitorId};
[INFO] [stdout]    |            ^^^^^^^^ could not find `platform` in the crate root
[INFO] [stdout]    |
[INFO] [stdout] note: found an item that was configured out
[INFO] [stdout]   --> crates/wintilex-core/src/lib.rs:15:9
[INFO] [stdout]    |
[INFO] [stdout] 14 | #[cfg(windows)]
[INFO] [stdout]    |       ------- the item is gated here
[INFO] [stdout] 15 | pub mod platform;
[INFO] [stdout]    |         ^^^^^^^^
[INFO] [stdout] 
[INFO] [stdout] 
[INFO] [stdout] error[E0433]: cannot find `platform` in the crate root
[INFO] [stdout]   --> crates/wintilex-core/src/manager/state.rs:9:12
[INFO] [stdout]    |
[INFO] [stdout]  9 | use crate::platform::window::{NativeWindow, WindowId};
[INFO] [stdout]    |            ^^^^^^^^ could not find `platform` in the crate root
[INFO] [stdout]    |
[INFO] [stdout] note: found an item that was configured out
[INFO] [stdout]   --> crates/wintilex-core/src/lib.rs:15:9
[INFO] [stdout]    |
[INFO] [stdout] 14 | #[cfg(windows)]
[INFO] [stdout]    |       ------- the item is gated here
[INFO] [stdout] 15 | pub mod platform;
[INFO] [stdout]    |         ^^^^^^^^
[INFO] [stdout] 
[INFO] [stdout] 
[INFO] [stdout] error[E0433]: cannot find `platform` in the crate root
[INFO] [stdout]   --> crates/wintilex-core/src/manager/mod.rs:22:12
[INFO] [stdout]    |
[INFO] [stdout] 22 | use crate::platform::monitor::{enumerate_monitors, monitor_at, Monitor, MonitorId};
[INFO] [stdout]    |            ^^^^^^^^ could not find `platform` in the crate root
[INFO] [stdout]    |
[INFO] [stdout] note: found an item that was configured out
[INFO] [stdout]   --> crates/wintilex-core/src/lib.rs:15:9
[INFO] [stdout]    |
[INFO] [stdout] 14 | #[cfg(windows)]
[INFO] [stdout]    |       ------- the item is gated here
[INFO] [stdout] 15 | pub mod platform;
[INFO] [stdout]    |         ^^^^^^^^
[INFO] [stdout] 
[INFO] [stdout] 
[INFO] [stderr]    Compiling toml_edit v0.20.2
[INFO] [stdout] error[E0433]: cannot find `platform` in the crate root
[INFO] [stdout]   --> crates/wintilex-core/src/manager/mod.rs:23:12
[INFO] [stdout]    |
[INFO] [stdout] 23 | use crate::platform::window::{enumerate_manageable, foreground_window, NativeWindow, WindowId};
[INFO] [stdout]    |            ^^^^^^^^ could not find `platform` in the crate root
[INFO] [stdout]    |
[INFO] [stdout] note: found an item that was configured out
[INFO] [stdout]   --> crates/wintilex-core/src/lib.rs:15:9
[INFO] [stdout]    |
[INFO] [stdout] 14 | #[cfg(windows)]
[INFO] [stdout]    |       ------- the item is gated here
[INFO] [stdout] 15 | pub mod platform;
[INFO] [stdout]    |         ^^^^^^^^
[INFO] [stdout] 
[INFO] [stdout] 
[INFO] [stderr]    Compiling toml_edit v0.19.15
[INFO] [stdout] error[E0433]: cannot find module or crate `windows` in this scope
[INFO] [stdout]   --> crates/wintilex-core/src/manager/engine.rs:15:5
[INFO] [stdout]    |
[INFO] [stdout] 15 | use windows::Win32::Foundation::{LPARAM, WPARAM};
[INFO] [stdout]    |     ^^^^^^^ use of unresolved module or unlinked crate `windows`
[INFO] [stdout]    |
[INFO] [stdout]    = help: if you wanted to use a crate named `windows`, use `cargo add windows` to add it to your `Cargo.toml`
[INFO] [stdout] 
[INFO] [stdout] 
[INFO] [stdout] error[E0433]: cannot find module or crate `windows` in this scope
[INFO] [stdout]   --> crates/wintilex-core/src/manager/engine.rs:16:5
[INFO] [stdout]    |
[INFO] [stdout] 16 | use windows::Win32::UI::HiDpi::{
[INFO] [stdout]    |     ^^^^^^^ use of unresolved module or unlinked crate `windows`
[INFO] [stdout]    |
[INFO] [stdout]    = help: if you wanted to use a crate named `windows`, use `cargo add windows` to add it to your `Cargo.toml`
[INFO] [stdout] 
[INFO] [stdout] 
[INFO] [stdout] error[E0433]: cannot find module or crate `windows` in this scope
[INFO] [stdout]   --> crates/wintilex-core/src/manager/engine.rs:19:5
[INFO] [stdout]    |
[INFO] [stdout] 19 | use windows::Win32::UI::WindowsAndMessaging::{
[INFO] [stdout]    |     ^^^^^^^ use of unresolved module or unlinked crate `windows`
[INFO] [stdout]    |
[INFO] [stdout]    = help: if you wanted to use a crate named `windows`, use `cargo add windows` to add it to your `Cargo.toml`
[INFO] [stdout] 
[INFO] [stdout] 
[INFO] [stdout] error[E0433]: cannot find module or crate `windows` in this scope
[INFO] [stdout]    --> crates/wintilex-core/src/manager/engine.rs:169:30
[INFO] [stdout]     |
[INFO] [stdout] 169 |     let thread_id = unsafe { windows::Win32::System::Threading::GetCurrentThreadId() };
[INFO] [stdout]     |                              ^^^^^^^ use of unresolved module or unlinked crate `windows`
[INFO] [stdout]     |
[INFO] [stdout]     = help: if you wanted to use a crate named `windows`, use `cargo add windows` to add it to your `Cargo.toml`
[INFO] [stdout] 
[INFO] [stdout] 
[INFO] [stdout] error[E0433]: cannot find `platform` in the crate root
[INFO] [stdout]    --> crates/wintilex-core/src/manager/mod.rs:260:37
[INFO] [stdout]     |
[INFO] [stdout] 260 |                 let (x, y) = crate::platform::monitor::cursor_position();
[INFO] [stdout]     |                                     ^^^^^^^^ could not find `platform` in the crate root
[INFO] [stdout]     |
[INFO] [stdout] note: found an item that was configured out
[INFO] [stdout]    --> crates/wintilex-core/src/lib.rs:15:9
[INFO] [stdout]     |
[INFO] [stdout]  14 | #[cfg(windows)]
[INFO] [stdout]     |       ------- the item is gated here
[INFO] [stdout]  15 | pub mod platform;
[INFO] [stdout]     |         ^^^^^^^^
[INFO] [stdout] 
[INFO] [stdout] 
[INFO] [stdout] error[E0433]: cannot find `platform` in the crate root
[INFO] [stdout]    --> crates/wintilex-core/src/manager/mod.rs:510:20
[INFO] [stdout]     |
[INFO] [stdout] 510 |             crate::platform::window::warp_cursor(x, y);
[INFO] [stdout]     |                    ^^^^^^^^ could not find `platform` in the crate root
[INFO] [stdout]     |
[INFO] [stdout] note: found an item that was configured out
[INFO] [stdout]    --> crates/wintilex-core/src/lib.rs:15:9
[INFO] [stdout]     |
[INFO] [stdout]  14 | #[cfg(windows)]
[INFO] [stdout]     |       ------- the item is gated here
[INFO] [stdout]  15 | pub mod platform;
[INFO] [stdout]     |         ^^^^^^^^
[INFO] [stdout] 
[INFO] [stdout] 
[INFO] [stdout] error[E0433]: cannot find `platform` in the crate root
[INFO] [stdout]    --> crates/wintilex-core/src/manager/mod.rs:718:29
[INFO] [stdout]     |
[INFO] [stdout] 718 |         let (x, y) = crate::platform::monitor::cursor_position();
[INFO] [stdout]     |                             ^^^^^^^^ could not find `platform` in the crate root
[INFO] [stdout]     |
[INFO] [stdout] note: found an item that was configured out
[INFO] [stdout]    --> crates/wintilex-core/src/lib.rs:15:9
[INFO] [stdout]     |
[INFO] [stdout]  14 | #[cfg(windows)]
[INFO] [stdout]     |       ------- the item is gated here
[INFO] [stdout]  15 | pub mod platform;
[INFO] [stdout]     |         ^^^^^^^^
[INFO] [stdout] 
[INFO] [stdout] 
[INFO] [stdout] error[E0433]: cannot find `platform` in the crate root
[INFO] [stdout]    --> crates/wintilex-core/src/manager/mod.rs:719:35
[INFO] [stdout]     |
[INFO] [stdout] 719 |         let Some(native) = crate::platform::window::window_at(x, y) else {
[INFO] [stdout]     |                                   ^^^^^^^^ could not find `platform` in the crate root
[INFO] [stdout]     |
[INFO] [stdout] note: found an item that was configured out
[INFO] [stdout]    --> crates/wintilex-core/src/lib.rs:15:9
[INFO] [stdout]     |
[INFO] [stdout]  14 | #[cfg(windows)]
[INFO] [stdout]     |       ------- the item is gated here
[INFO] [stdout]  15 | pub mod platform;
[INFO] [stdout]     |         ^^^^^^^^
[INFO] [stdout] 
[INFO] [stdout] 
[INFO] [stderr]    Compiling icu_provider v2.3.1
[INFO] [stderr]    Compiling dom_query v0.27.0
[INFO] [stderr]    Compiling cargo_metadata v0.19.2
[INFO] [stderr]    Compiling json-patch v3.0.1
[INFO] [stderr]    Compiling serde_with v3.22.0
[INFO] [stderr]    Compiling icu_normalizer v2.3.0
[INFO] [stderr]    Compiling icu_properties v2.3.0
[INFO] [stderr]    Compiling cargo_toml v0.22.3
[INFO] [stdout] For more information about this error, try `rustc --explain E0433`.
[INFO] [stdout] 
[INFO] [stderr] error: could not compile `wintilex-core` (lib) due to 18 previous errors
[INFO] [stderr] warning: build failed, waiting for other jobs to finish...
[INFO] running `Command { std: "docker" "inspect" "6d1781fa624c58772d59fab8398098c2a9d3d6c51d5cb553f4247cf18af8db7d", kill_on_drop: false }`
[INFO] running `Command { std: "docker" "rm" "-f" "6d1781fa624c58772d59fab8398098c2a9d3d6c51d5cb553f4247cf18af8db7d", kill_on_drop: false }`
[INFO] [stdout] 6d1781fa624c58772d59fab8398098c2a9d3d6c51d5cb553f4247cf18af8db7d
