[INFO] cloning repository https://github.com/wikankun/updraft
[INFO] running `Command { std: "git" "-c" "credential.helper=" "-c" "credential.helper=/workspace/cargo-home/bin/git-credential-null" "clone" "--bare" "https://github.com/wikankun/updraft" "/workspace/cache/git-repos/https%3A%2F%2Fgithub.com%2Fwikankun%2Fupdraft", kill_on_drop: false }`
[INFO] [stderr] Cloning into bare repository '/workspace/cache/git-repos/https%3A%2F%2Fgithub.com%2Fwikankun%2Fupdraft'...
[INFO] running `Command { std: "git" "rev-parse" "HEAD", kill_on_drop: false }`
[INFO] [stdout] b3c91786894185b3f125b46057bd40a0bfd3e1ab
[INFO] checking wikankun/updraft against 3154cc1a3e6424e44f438a95007d043ed5ceaaf6 for pr-133502-30
[INFO] running `Command { std: "git" "clone" "/workspace/cache/git-repos/https%3A%2F%2Fgithub.com%2Fwikankun%2Fupdraft" "/workspace/builds/worker-2-tc2/source", kill_on_drop: false }`
[INFO] [stderr] Cloning into '/workspace/builds/worker-2-tc2/source'...
[INFO] [stderr] done.
[INFO] started tweaking git repo https://github.com/wikankun/updraft
[INFO] finished tweaking git repo https://github.com/wikankun/updraft
[INFO] tweaked toml for git repo https://github.com/wikankun/updraft written to /workspace/builds/worker-2-tc2/source/Cargo.toml
[INFO] validating manifest of git repo https://github.com/wikankun/updraft on toolchain 3154cc1a3e6424e44f438a95007d043ed5ceaaf6
[INFO] running `Command { std: CARGO_HOME="/workspace/cargo-home" RUSTUP_HOME="/workspace/rustup-home" "/workspace/cargo-home/bin/cargo" "+3154cc1a3e6424e44f438a95007d043ed5ceaaf6" "metadata" "--manifest-path" "Cargo.toml" "--no-deps", kill_on_drop: false }`
[INFO] crate git repo https://github.com/wikankun/updraft already has a lockfile, it will not be regenerated
[INFO] running `Command { std: CARGO_HOME="/workspace/cargo-home" RUSTUP_HOME="/workspace/rustup-home" "/workspace/cargo-home/bin/cargo" "+3154cc1a3e6424e44f438a95007d043ed5ceaaf6" "fetch" "--manifest-path" "Cargo.toml", kill_on_drop: false }`
[INFO] running `Command { std: "docker" "create" "-v" "/var/lib/crater-agent-workspace/builds/worker-2-tc2/source:/opt/rustwide/workdir:ro,Z" "-v" "/var/lib/crater-agent-workspace/builds/worker-2-tc2/target:/opt/rustwide/target:rw,Z" "-v" "/var/lib/crater-agent-workspace/cargo-home:/opt/rustwide/cargo-home:ro,Z" "-v" "/var/lib/crater-agent-workspace/rustup-home:/opt/rustwide/rustup-home:ro,Z" "-m" "1610612736" "--network" "none" "ghcr.io/rust-lang/crates-build-env/linux@sha256:77db811e55d90add9212f6832c23229e3de5f1c1f9905e8cb07319ea15df73ac" "sleep" "infinity", kill_on_drop: false }`
[INFO] [stdout] b71002593c24ed6e87c02ab02c5fcf511a05461adee6d5f354e185cf95b88c66
[INFO] running `Command { std: "docker" "start" "b71002593c24ed6e87c02ab02c5fcf511a05461adee6d5f354e185cf95b88c66", kill_on_drop: false }`
[INFO] running `Command { std: "docker" "inspect" "b71002593c24ed6e87c02ab02c5fcf511a05461adee6d5f354e185cf95b88c66", kill_on_drop: false }`
[INFO] running `Command { std: "docker" "exec" "-e" "SOURCE_DIR=/opt/rustwide/workdir" "-e" "CARGO_HOME=/opt/rustwide/cargo-home" "-e" "RUSTUP_HOME=/opt/rustwide/rustup-home" "-e" "CARGO_TARGET_DIR=/opt/rustwide/target" "-w" "/opt/rustwide/workdir" "--user" "0:0" "b71002593c24ed6e87c02ab02c5fcf511a05461adee6d5f354e185cf95b88c66" "/opt/rustwide/cargo-home/bin/cargo" "+3154cc1a3e6424e44f438a95007d043ed5ceaaf6" "metadata" "--no-deps" "--format-version=1", kill_on_drop: false }`
[INFO] running `Command { std: "docker" "inspect" "b71002593c24ed6e87c02ab02c5fcf511a05461adee6d5f354e185cf95b88c66", kill_on_drop: false }`
[INFO] running `Command { std: "docker" "exec" "-e" "SOURCE_DIR=/opt/rustwide/workdir" "-e" "CARGO_HOME=/opt/rustwide/cargo-home" "-e" "RUSTUP_HOME=/opt/rustwide/rustup-home" "-e" "CARGO_TARGET_DIR=/opt/rustwide/target" "-e" "CARGO_INCREMENTAL=0" "-e" "RUST_BACKTRACE=full" "-e" "RUSTFLAGS=--cap-lints=forbid" "-e" "RUSTDOCFLAGS=--cap-lints=forbid" "-w" "/opt/rustwide/workdir" "--user" "0:0" "b71002593c24ed6e87c02ab02c5fcf511a05461adee6d5f354e185cf95b88c66" "/opt/rustwide/cargo-home/bin/cargo" "+3154cc1a3e6424e44f438a95007d043ed5ceaaf6" "check" "--frozen" "--all" "--all-targets" "--message-format=json", kill_on_drop: false }`
[INFO] [stderr]     Checking smallvec v1.15.2
[INFO] [stderr]    Compiling syn v2.0.119
[INFO] [stderr]     Checking tracing-core v0.1.36
[INFO] [stderr]    Compiling hybrid-array v0.4.13
[INFO] [stderr]     Checking http v1.4.2
[INFO] [stderr]    Compiling serde_core v1.0.229
[INFO] [stderr]    Compiling unicase v2.9.0
[INFO] [stderr]    Compiling mime_guess v2.0.5
[INFO] [stderr]     Checking parking_lot_core v0.9.12
[INFO] [stderr]     Checking parking_lot v0.12.5
[INFO] [stderr]     Checking futures-io v0.3.33
[INFO] [stderr]    Compiling syn v3.0.3
[INFO] [stderr]    Compiling cpufeatures v0.3.0
[INFO] [stderr]     Checking const-oid v0.10.2
[INFO] [stderr]    Compiling libsqlite3-sys v0.32.0
[INFO] [stderr]    Compiling mime v0.3.17
[INFO] [stderr]     Checking http-body v1.1.0
[INFO] [stderr]     Checking http-body-util v0.1.4
[INFO] [stderr]     Checking crypto-common v0.2.2
[INFO] [stderr]     Checking block-buffer v0.12.1
[INFO] [stderr]     Checking hashbrown v0.15.5
[INFO] [stderr]     Checking chrono v0.4.45
[INFO] [stderr]     Checking digest v0.11.3
[INFO] [stderr]     Checking sha2 v0.11.0
[INFO] [stderr]    Compiling tokio-cron-scheduler v0.13.0
[INFO] [stderr]     Checking uuid v1.24.0
[INFO] [stderr]     Checking hashlink v0.10.0
[INFO] [stderr]     Checking rust-embed-utils v8.12.0
[INFO] [stderr]     Checking croner v2.2.0
[INFO] [stderr]     Checking tracing-log v0.2.0
[INFO] [stderr]     Checking thread_local v1.1.10
[INFO] [stderr]     Checking serde_json v1.0.151
[INFO] [stderr]     Checking serde_path_to_error v0.1.20
[INFO] [stderr]     Checking tracing-subscriber v0.3.23
[INFO] [stderr]     Checking tower-http v0.6.11
[INFO] [stderr]    Compiling serde_derive v1.0.229
[INFO] [stderr]    Compiling tokio-macros v2.7.1
[INFO] [stderr]    Compiling futures-macro v0.3.33
[INFO] [stderr]    Compiling tracing-attributes v0.1.31
[INFO] [stderr]    Compiling axum-macros v0.5.1
[INFO] [stderr]    Compiling num-derive v0.4.2
[INFO] [stderr]    Compiling rust-embed-impl v8.12.0
[INFO] [stderr]     Checking rust-embed v8.12.0
[INFO] [stderr]     Checking tokio v1.53.1
[INFO] [stderr]     Checking futures-util v0.3.33
[INFO] [stderr]     Checking tracing v0.1.44
[INFO] [stderr]     Checking axum-core v0.5.6
[INFO] [stderr]     Checking serde v1.0.229
[INFO] [stderr]     Checking serde_urlencoded v0.7.1
[INFO] [stderr]     Checking futures-executor v0.3.33
[INFO] [stderr]     Checking futures v0.3.33
[INFO] [stderr]     Checking hyper v1.11.0
[INFO] [stderr]     Checking tokio-util v0.7.19
[INFO] [stderr]     Checking tower v0.5.3
[INFO] [stderr]     Checking tokio-stream v0.1.19
[INFO] [stderr]     Checking rusqlite v0.34.0
[INFO] [stderr]     Checking hyper-util v0.1.20
[INFO] [stderr]     Checking axum v0.8.9
[INFO] [stderr]     Checking updraft v0.1.1 (/opt/rustwide/workdir)
[INFO] [stdout] error: #[derive(RustEmbed)] folder '/opt/rustwide/workdir/web/dist/' does not exist. cwd: '/opt/rustwide/workdir'
[INFO] [stdout]   --> src/main.rs:14:1
[INFO] [stdout]    |
[INFO] [stdout] 14 | / #[folder = "web/dist/"]
[INFO] [stdout] 15 | | struct Assets;
[INFO] [stdout]    | |______________^
[INFO] [stdout] 
[INFO] [stdout] 
[INFO] [stdout] error: #[derive(RustEmbed)] folder '/opt/rustwide/workdir/web/dist/' does not exist. cwd: '/opt/rustwide/workdir'
[INFO] [stdout]   --> src/main.rs:14:1
[INFO] [stdout]    |
[INFO] [stdout] 14 | / #[folder = "web/dist/"]
[INFO] [stdout] 15 | | struct Assets;
[INFO] [stdout]    | |______________^
[INFO] [stdout] 
[INFO] [stdout] 
[INFO] [stdout] warning: unused import: `tokio::sync::Mutex as TokioMutex`
[INFO] [stdout]    --> src/scheduler/mod.rs:106:9
[INFO] [stdout]     |
[INFO] [stdout] 106 |     use tokio::sync::Mutex as TokioMutex;
[INFO] [stdout]     |         ^^^^^^^^^^^^^^^^^^^^^^^^^^^^^^^^
[INFO] [stdout]     |
[INFO] [stdout]     = note: `#[warn(unused_imports)]` (part of `#[warn(unused)]`) on by default
[INFO] [stdout] 
[INFO] [stdout] 
[INFO] [stdout] warning: unused import: `std::collections::HashMap`
[INFO] [stdout]    --> src/scheduler/mod.rs:107:9
[INFO] [stdout]     |
[INFO] [stdout] 107 |     use std::collections::HashMap;
[INFO] [stdout]     |         ^^^^^^^^^^^^^^^^^^^^^^^^^
[INFO] [stdout] 
[INFO] [stdout] 
[INFO] [stdout] error[E0599]: no associated function or constant named `get` found for struct `Assets` in the current scope
[INFO] [stdout]   --> src/main.rs:93:27
[INFO] [stdout]    |
[INFO] [stdout] 15 | struct Assets;
[INFO] [stdout]    | ------------- associated function or constant `get` not found for this struct
[INFO] [stdout] ...
[INFO] [stdout] 93 |             match Assets::get(path) {
[INFO] [stdout]    |                           ^^^ associated function or constant not found in `Assets`
[INFO] [stdout]    |
[INFO] [stdout]    = help: items from traits can only be used if the trait is implemented and in scope
[INFO] [stdout]    = note: the following traits define an item `get`, perhaps you need to implement one of them:
[INFO] [stdout]            candidate #1: `Embed`
[INFO] [stdout]            candidate #2: `FallibleStreamingIterator`
[INFO] [stdout]            candidate #3: `SliceIndex`
[INFO] [stdout]            candidate #4: `ToCode`
[INFO] [stdout]            candidate #5: `tokio_cron_scheduler::store::CodeGet`
[INFO] [stdout]            candidate #6: `tokio_cron_scheduler::store::DataStore`
[INFO] [stdout] 
[INFO] [stdout] 
[INFO] [stdout] error[E0599]: no associated function or constant named `get` found for struct `Assets` in the current scope
[INFO] [stdout]   --> src/main.rs:93:27
[INFO] [stdout]    |
[INFO] [stdout] 15 | struct Assets;
[INFO] [stdout]    | ------------- associated function or constant `get` not found for this struct
[INFO] [stdout] ...
[INFO] [stdout] 93 |             match Assets::get(path) {
[INFO] [stdout]    |                           ^^^ associated function or constant not found in `Assets`
[INFO] [stdout]    |
[INFO] [stdout]    = help: items from traits can only be used if the trait is implemented and in scope
[INFO] [stdout]    = note: the following traits define an item `get`, perhaps you need to implement one of them:
[INFO] [stdout]            candidate #1: `Embed`
[INFO] [stdout]            candidate #2: `FallibleStreamingIterator`
[INFO] [stdout]            candidate #3: `SliceIndex`
[INFO] [stdout]            candidate #4: `ToCode`
[INFO] [stdout]            candidate #5: `tokio_cron_scheduler::store::CodeGet`
[INFO] [stdout]            candidate #6: `tokio_cron_scheduler::store::DataStore`
[INFO] [stdout] 
[INFO] [stdout] 
[INFO] [stdout] error[E0599]: no associated function or constant named `get` found for struct `Assets` in the current scope
[INFO] [stdout]    --> src/main.rs:103:29
[INFO] [stdout]     |
[INFO] [stdout]  15 | struct Assets;
[INFO] [stdout]     | ------------- associated function or constant `get` not found for this struct
[INFO] [stdout] ...
[INFO] [stdout] 103 |                     Assets::get("index.html")
[INFO] [stdout]     |                             ^^^ associated function or constant not found in `Assets`
[INFO] [stdout]     |
[INFO] [stdout]     = help: items from traits can only be used if the trait is implemented and in scope
[INFO] [stdout]     = note: the following traits define an item `get`, perhaps you need to implement one of them:
[INFO] [stdout]             candidate #1: `Embed`
[INFO] [stdout]             candidate #2: `FallibleStreamingIterator`
[INFO] [stdout]             candidate #3: `SliceIndex`
[INFO] [stdout]             candidate #4: `ToCode`
[INFO] [stdout]             candidate #5: `tokio_cron_scheduler::store::CodeGet`
[INFO] [stdout]             candidate #6: `tokio_cron_scheduler::store::DataStore`
[INFO] [stdout] 
[INFO] [stdout] 
[INFO] [stdout] error[E0599]: no associated function or constant named `get` found for struct `Assets` in the current scope
[INFO] [stdout]    --> src/main.rs:103:29
[INFO] [stdout]     |
[INFO] [stdout]  15 | struct Assets;
[INFO] [stdout]     | ------------- associated function or constant `get` not found for this struct
[INFO] [stdout] ...
[INFO] [stdout] 103 |                     Assets::get("index.html")
[INFO] [stdout]     |                             ^^^ associated function or constant not found in `Assets`
[INFO] [stdout]     |
[INFO] [stdout]     = help: items from traits can only be used if the trait is implemented and in scope
[INFO] [stdout]     = note: the following traits define an item `get`, perhaps you need to implement one of them:
[INFO] [stdout]             candidate #1: `Embed`
[INFO] [stdout]             candidate #2: `FallibleStreamingIterator`
[INFO] [stdout]             candidate #3: `SliceIndex`
[INFO] [stdout]             candidate #4: `ToCode`
[INFO] [stdout]             candidate #5: `tokio_cron_scheduler::store::CodeGet`
[INFO] [stdout]             candidate #6: `tokio_cron_scheduler::store::DataStore`
[INFO] [stdout] 
[INFO] [stdout] 
[INFO] [stdout] For more information about this error, try `rustc --explain E0599`.
[INFO] [stdout] 
[INFO] [stderr] error: could not compile `updraft` (bin "updraft") due to 3 previous errors
[INFO] [stderr] warning: build failed, waiting for other jobs to finish...
[INFO] [stdout] For more information about this error, try `rustc --explain E0599`.
[INFO] [stdout] 
[INFO] [stderr] error: could not compile `updraft` (bin "updraft" test) due to 3 previous errors; 2 warnings emitted
[INFO] running `Command { std: "docker" "inspect" "b71002593c24ed6e87c02ab02c5fcf511a05461adee6d5f354e185cf95b88c66", kill_on_drop: false }`
[INFO] running `Command { std: "docker" "rm" "-f" "b71002593c24ed6e87c02ab02c5fcf511a05461adee6d5f354e185cf95b88c66", kill_on_drop: false }`
[INFO] [stdout] b71002593c24ed6e87c02ab02c5fcf511a05461adee6d5f354e185cf95b88c66
