[INFO] cloning repository https://github.com/webc-site/compio-zenoh
[INFO] running `Command { std: "git" "-c" "credential.helper=" "-c" "credential.helper=/workspace/cargo-home/bin/git-credential-null" "clone" "--bare" "https://github.com/webc-site/compio-zenoh" "/workspace/cache/git-repos/https%3A%2F%2Fgithub.com%2Fwebc-site%2Fcompio-zenoh", kill_on_drop: false }`
[INFO] [stderr] Cloning into bare repository '/workspace/cache/git-repos/https%3A%2F%2Fgithub.com%2Fwebc-site%2Fcompio-zenoh'...
[INFO] running `Command { std: "git" "rev-parse" "HEAD", kill_on_drop: false }`
[INFO] [stdout] 0f0a09f2b7df25ba60dd1179d16be873be1301e7
[INFO] checking webc-site/compio-zenoh against 3154cc1a3e6424e44f438a95007d043ed5ceaaf6+rustflags=-Znext-solver=coherence for pr-133502-30
[INFO] running `Command { std: "git" "clone" "/workspace/cache/git-repos/https%3A%2F%2Fgithub.com%2Fwebc-site%2Fcompio-zenoh" "/workspace/builds/worker-7-tc1/source", kill_on_drop: false }`
[INFO] [stderr] Cloning into '/workspace/builds/worker-7-tc1/source'...
[INFO] [stderr] done.
[INFO] started tweaking git repo https://github.com/webc-site/compio-zenoh
[INFO] finished tweaking git repo https://github.com/webc-site/compio-zenoh
[INFO] tweaked toml for git repo https://github.com/webc-site/compio-zenoh written to /workspace/builds/worker-7-tc1/source/Cargo.toml
[INFO] validating manifest of git repo https://github.com/webc-site/compio-zenoh on toolchain 3154cc1a3e6424e44f438a95007d043ed5ceaaf6
[INFO] running `Command { std: CARGO_HOME="/workspace/cargo-home" RUSTUP_HOME="/workspace/rustup-home" "/workspace/cargo-home/bin/cargo" "+3154cc1a3e6424e44f438a95007d043ed5ceaaf6" "metadata" "--manifest-path" "Cargo.toml" "--no-deps", kill_on_drop: false }`
[INFO] crate git repo https://github.com/webc-site/compio-zenoh already has a lockfile, it will not be regenerated
[INFO] running `Command { std: CARGO_HOME="/workspace/cargo-home" RUSTUP_HOME="/workspace/rustup-home" "/workspace/cargo-home/bin/cargo" "+3154cc1a3e6424e44f438a95007d043ed5ceaaf6" "fetch" "--manifest-path" "Cargo.toml", kill_on_drop: false }`
[INFO] [stderr] warning: unused field `edition` in `workspace.package`
[INFO] [stderr]   --> Cargo.toml:22:1
[INFO] [stderr]    |
[INFO] [stderr] 22 | edition = "2024"
[INFO] [stderr]    | ^^^^^^^
[INFO] [stderr]    |
[INFO] [stderr]    = note: `cargo::unused_workspace_package_fields` is set to `warn` by default
[INFO] [stderr] help: consider removing the field `workspace.package.edition`
[INFO] [stderr] warning: unused field `license` in `workspace.package`
[INFO] [stderr]   --> Cargo.toml:23:1
[INFO] [stderr]    |
[INFO] [stderr] 23 | license = "Apache-2.0"
[INFO] [stderr]    | ^^^^^^^
[INFO] [stderr]    |
[INFO] [stderr] help: consider removing the field `workspace.package.license`
[INFO] [stderr] warning: unused field `version` in `workspace.package`
[INFO] [stderr]   --> Cargo.toml:24:1
[INFO] [stderr]    |
[INFO] [stderr] 24 | version = "0.1.0"
[INFO] [stderr]    | ^^^^^^^
[INFO] [stderr]    |
[INFO] [stderr] help: consider removing the field `workspace.package.version`
[INFO] [stderr] warning: workspace (manifest) generated 3 warnings
[INFO] [stderr]     Updating crates.io index
[INFO] [stderr]  Downloading crates ...
[INFO] [stderr]   Downloaded zenoh-buffers v1.10.1
[INFO] [stderr]   Downloaded zenoh-result v1.10.1
[INFO] [stderr]   Downloaded zenoh-protocol v1.10.1
[INFO] [stderr]   Downloaded zenoh-macros v1.10.1
[INFO] [stderr]   Downloaded zenoh-keyexpr v1.10.1
[INFO] [stderr]   Downloaded zenoh-sync v1.10.1
[INFO] [stderr]   Downloaded zenoh-collections v1.10.1
[INFO] [stderr]   Downloaded zenoh-runtime v1.10.1
[INFO] [stderr]   Downloaded zenoh-task v1.10.1
[INFO] [stderr]   Downloaded zenoh-core v1.10.1
[INFO] [stderr]   Downloaded zenoh-crypto v1.10.1
[INFO] [stderr]   Downloaded logforth-layout-text v0.4.0
[INFO] [stderr]   Downloaded zenoh-link v1.10.1
[INFO] [stderr]   Downloaded zenoh-link-quic_datagram v1.10.1
[INFO] [stderr]   Downloaded zenoh-codec v1.10.1
[INFO] [stderr]   Downloaded compio-log v0.2.1
[INFO] [stderr]   Downloaded logforth-filter-rustlog v0.4.0
[INFO] [stderr]   Downloaded compio-send-wrapper v0.7.2
[INFO] [stderr]   Downloaded zenoh-util v1.10.1
[INFO] [stderr]   Downloaded aok v0.1.18
[INFO] [stderr]   Downloaded zenoh-config v1.10.1
[INFO] [stderr]   Downloaded zenoh-link-udp v1.10.1
[INFO] [stderr]   Downloaded zenoh-plugin-trait v1.10.1
[INFO] [stderr]   Downloaded log_init v0.1.39
[INFO] [stderr]   Downloaded logforth v0.30.1
[INFO] [stderr]   Downloaded local-event v0.1.3
[INFO] [stderr]   Downloaded compio-buf v0.8.3
[INFO] [stderr]   Downloaded logforth-layout-json v0.4.0
[INFO] [stderr]   Downloaded logforth-append-file v0.4.0
[INFO] [stderr]   Downloaded logforth-bridge-log v0.4.1
[INFO] [stderr]   Downloaded compio-macros v0.2.1
[INFO] [stderr]   Downloaded mod_use v0.2.3
[INFO] [stderr]   Downloaded zenoh-link-commons v1.10.1
[INFO] [stderr]   Downloaded logforth-core v0.4.0
[INFO] [stderr]   Downloaded pointers v0.1.0
[INFO] [stderr]   Downloaded synchrony v0.1.9
[INFO] [stderr]   Downloaded thin-cell v0.2.1
[INFO] [stderr]   Downloaded lz4_flex v0.10.0
[INFO] [stderr]   Downloaded compio v0.19.2
[INFO] [stderr]   Downloaded compio-runtime v0.12.6
[INFO] [stderr]   Downloaded compio-net v0.12.5
[INFO] [stderr]   Downloaded compio-io v0.10.1
[INFO] [stderr]   Downloaded compio-executor v0.1.4
[INFO] [stderr]   Downloaded compio-driver v0.12.5
[INFO] [stderr]   Downloaded crossfire v3.1.20
[INFO] [stderr]   Downloaded io-uring v0.7.15
[INFO] [stderr]   Downloaded zenoh-transport v1.10.1
[INFO] [stderr]   Downloaded zenoh v1.10.1
[INFO] [stderr]   Downloaded glam v0.33.7
[INFO] running `Command { std: "docker" "create" "-v" "/var/lib/crater-agent-workspace/builds/worker-7-tc1/source:/opt/rustwide/workdir:ro,Z" "-v" "/var/lib/crater-agent-workspace/builds/worker-7-tc1/target:/opt/rustwide/target:rw,Z" "-v" "/var/lib/crater-agent-workspace/cargo-home:/opt/rustwide/cargo-home:ro,Z" "-v" "/var/lib/crater-agent-workspace/rustup-home:/opt/rustwide/rustup-home:ro,Z" "-m" "1610612736" "--network" "none" "ghcr.io/rust-lang/crates-build-env/linux@sha256:77db811e55d90add9212f6832c23229e3de5f1c1f9905e8cb07319ea15df73ac" "sleep" "infinity", kill_on_drop: false }`
[INFO] [stdout] d902dbac7104b1d59aec9957da401345ded338a98b109b434bac52d83ba8afdd
[INFO] running `Command { std: "docker" "start" "d902dbac7104b1d59aec9957da401345ded338a98b109b434bac52d83ba8afdd", kill_on_drop: false }`
[INFO] running `Command { std: "docker" "inspect" "d902dbac7104b1d59aec9957da401345ded338a98b109b434bac52d83ba8afdd", kill_on_drop: false }`
[INFO] running `Command { std: "docker" "exec" "-e" "SOURCE_DIR=/opt/rustwide/workdir" "-e" "CARGO_HOME=/opt/rustwide/cargo-home" "-e" "RUSTUP_HOME=/opt/rustwide/rustup-home" "-e" "CARGO_TARGET_DIR=/opt/rustwide/target" "-w" "/opt/rustwide/workdir" "--user" "0:0" "d902dbac7104b1d59aec9957da401345ded338a98b109b434bac52d83ba8afdd" "/opt/rustwide/cargo-home/bin/cargo" "+3154cc1a3e6424e44f438a95007d043ed5ceaaf6" "metadata" "--no-deps" "--format-version=1", kill_on_drop: false }`
[INFO] running `Command { std: "docker" "inspect" "d902dbac7104b1d59aec9957da401345ded338a98b109b434bac52d83ba8afdd", kill_on_drop: false }`
[INFO] running `Command { std: "docker" "exec" "-e" "SOURCE_DIR=/opt/rustwide/workdir" "-e" "CARGO_HOME=/opt/rustwide/cargo-home" "-e" "RUSTUP_HOME=/opt/rustwide/rustup-home" "-e" "CARGO_TARGET_DIR=/opt/rustwide/target" "-e" "CARGO_INCREMENTAL=0" "-e" "RUST_BACKTRACE=full" "-e" "RUSTFLAGS=--cap-lints=forbid -Znext-solver=coherence" "-e" "RUSTDOCFLAGS=--cap-lints=forbid" "-w" "/opt/rustwide/workdir" "--user" "0:0" "d902dbac7104b1d59aec9957da401345ded338a98b109b434bac52d83ba8afdd" "/opt/rustwide/cargo-home/bin/cargo" "+3154cc1a3e6424e44f438a95007d043ed5ceaaf6" "check" "--frozen" "--all" "--all-targets" "--message-format=json", kill_on_drop: false }`
[INFO] [stderr] warning: unused field `edition` in `workspace.package`
[INFO] [stderr]   --> Cargo.toml:22:1
[INFO] [stderr]    |
[INFO] [stderr] 22 | edition = "2024"
[INFO] [stderr]    | ^^^^^^^
[INFO] [stderr]    |
[INFO] [stderr]    = note: `cargo::unused_workspace_package_fields` is set to `warn` by default
[INFO] [stderr] help: consider removing the field `workspace.package.edition`
[INFO] [stderr] warning: unused field `license` in `workspace.package`
[INFO] [stderr]   --> Cargo.toml:23:1
[INFO] [stderr]    |
[INFO] [stderr] 23 | license = "Apache-2.0"
[INFO] [stderr]    | ^^^^^^^
[INFO] [stderr]    |
[INFO] [stderr] help: consider removing the field `workspace.package.license`
[INFO] [stderr] warning: unused field `version` in `workspace.package`
[INFO] [stderr]   --> Cargo.toml:24:1
[INFO] [stderr]    |
[INFO] [stderr] 24 | version = "0.1.0"
[INFO] [stderr]    | ^^^^^^^
[INFO] [stderr]    |
[INFO] [stderr] help: consider removing the field `workspace.package.version`
[INFO] [stderr] warning: workspace (manifest) generated 3 warnings
[INFO] [stderr]     Checking log v0.4.34
[INFO] [stderr]    Compiling portable-atomic v1.15.0
[INFO] [stderr]    Compiling ref-cast v1.0.27
[INFO] [stderr]     Checking futures-channel v0.3.34
[INFO] [stderr]     Checking zerocopy v0.8.56
[INFO] [stderr]    Compiling serde_core v1.0.229
[INFO] [stderr]    Compiling syn v3.0.5
[INFO] [stderr]    Compiling syn v2.0.119
[INFO] [stderr]     Checking getrandom v0.2.17
[INFO] [stderr]     Checking bitflags v2.13.1
[INFO] [stderr]    Compiling serde_json v1.0.151
[INFO] [stderr]    Compiling ahash v0.8.12
[INFO] [stderr]    Compiling anyhow v1.0.104
[INFO] [stderr]    Compiling serde v1.0.229
[INFO] [stderr]     Checking smallvec v1.16.0
[INFO] [stderr]    Compiling either v1.18.0
[INFO] [stderr]     Checking getrandom v0.3.4
[INFO] [stderr]     Checking zenoh-result v1.10.1
[INFO] [stderr]    Compiling zenoh-macros v1.10.1
[INFO] [stderr]    Compiling cc v1.4.5
[INFO] [stderr]     Checking rand_core v0.6.4
[INFO] [stderr]     Checking konst_macro_rules v0.2.19
[INFO] [stderr]    Compiling const_format_proc_macros v0.2.34
[INFO] [stderr]     Checking crossbeam-queue v0.3.14
[INFO] [stderr]     Checking time v0.3.55
[INFO] [stderr]    Compiling toml_edit v0.25.13+spec-1.1.0
[INFO] [stderr]     Checking konst v0.2.20
[INFO] [stderr]    Compiling rand v0.8.8
[INFO] [stderr]     Checking spin v0.10.1
[INFO] [stderr]     Checking regex-syntax v0.8.11
[INFO] [stderr]     Checking dirs-sys v0.5.0
[INFO] [stderr]     Checking nom v7.1.3
[INFO] [stderr]    Compiling rustix v1.1.4
[INFO] [stderr]     Checking token-cell v2.1.1
[INFO] [stderr]    Compiling rustls v0.23.44
[INFO] [stderr]     Checking no-std-net v0.6.0
[INFO] [stderr]     Checking local-event v0.1.3
[INFO] [stderr]    Compiling proc-macro-crate v3.5.0
[INFO] [stderr]     Checking pnet_base v0.35.0
[INFO] [stderr]     Checking dirs v6.0.0
[INFO] [stderr]     Checking tracing-log v0.2.0
[INFO] [stderr]     Checking const_format v0.2.36
[INFO] [stderr]     Checking nanorand v0.7.0
[INFO] [stderr]     Checking pnet_sys v0.35.0
[INFO] [stderr]     Checking thread_local v1.1.10
[INFO] [stderr]     Checking linux-raw-sys v0.12.1
[INFO] [stderr]    Compiling io-uring v0.7.15
[INFO] [stderr]     Checking flume v0.11.1
[INFO] [stderr]     Checking chacha20 v0.10.2
[INFO] [stderr]     Checking compio-buf v0.8.3
[INFO] [stderr]     Checking shellexpand v3.1.2
[INFO] [stderr]     Checking regex-automata v0.4.18
[INFO] [stderr]     Checking num-integer v0.1.47
[INFO] [stderr]    Compiling compio-driver v0.12.5
[INFO] [stderr]    Compiling quinn-udp v0.5.15
[INFO] [stderr]     Checking compio-send-wrapper v0.7.2
[INFO] [stderr]    Compiling pastey v0.2.3
[INFO] [stderr]    Compiling oid-registry v0.8.1
[INFO] [stderr]     Checking tinyvec v1.13.2
[INFO] [stderr]     Checking num-bigint v0.4.8
[INFO] [stderr]    Compiling ring v0.17.14
[INFO] [stderr]     Checking rand v0.10.2
[INFO] [stderr]     Checking fastbloom v0.17.0
[INFO] [stderr]     Checking rand_pcg v0.10.2
[INFO] [stderr]     Checking flume v0.12.0
[INFO] [stderr]    Compiling quinn v0.11.11
[INFO] [stderr]     Checking lru-slab v0.1.2
[INFO] [stderr]     Checking rusticata-macros v4.1.0
[INFO] [stderr]     Checking mod_use v0.2.3
[INFO] [stderr]     Checking base64 v0.23.1
[INFO] [stderr]     Checking jiff-core v0.1.0
[INFO] [stderr]     Checking data-encoding v2.11.1
[INFO] [stderr]     Checking parking_lot_core v0.9.12
[INFO] [stderr]     Checking rustls-pemfile v2.2.0
[INFO] [stderr]     Checking webpki-roots v1.0.9
[INFO] [stderr]     Checking yasna v0.6.0
[INFO] [stderr]     Checking socket2 v0.5.10
[INFO] [stderr]    Compiling stabby-macros v72.1.16
[INFO] [stderr]     Checking pem v4.0.0
[INFO] [stderr]    Compiling crossbeam-deque v0.8.8
[INFO] [stderr]     Checking parking_lot v0.12.5
[INFO] [stderr]     Checking digest v0.10.7
[INFO] [stderr]    Compiling stabby-abi v72.1.16
[INFO] [stderr]     Checking inout v0.1.4
[INFO] [stderr]     Checking arc-swap v1.9.2
[INFO] [stderr]     Checking colored v3.1.1
[INFO] [stderr]     Checking pointers v0.1.0
[INFO] [stderr]     Checking bytemuck v1.25.2
[INFO] [stderr]     Checking matchers v0.2.0
[INFO] [stderr]    Compiling phf_shared v0.13.1
[INFO] [stderr]     Checking crossfire v3.1.20
[INFO] [stderr]     Checking cipher v0.4.4
[INFO] [stderr]     Checking crossbeam-channel v0.5.17
[INFO] [stderr]     Checking keccak v0.1.6
[INFO] [stderr]    Compiling crc32fast v1.5.1
[INFO] [stderr]     Checking sha2-const-stable v0.1.0
[INFO] [stderr]    Compiling stabby v72.1.16
[INFO] [stderr]     Checking aes v0.8.4
[INFO] [stderr]    Compiling phf_generator v0.13.1
[INFO] [stderr]     Checking sha3 v0.10.9
[INFO] [stderr]     Checking twox-hash v1.6.3
[INFO] [stderr]    Compiling serde_derive_internals v0.30.0
[INFO] [stderr]    Compiling darling_core v0.24.1
[INFO] [stderr]     Checking jiff v0.2.35
[INFO] [stderr]     Checking hmac v0.12.1
[INFO] [stderr]     Checking coarsetime v0.1.37
[INFO] [stderr]     Checking crossbeam v0.8.5
[INFO] [stderr]    Compiling linktime-proc-macro v0.2.3
[INFO] [stderr]     Checking array-init v2.1.0
[INFO] [stderr]     Checking link-section v0.19.3
[INFO] [stderr]     Checking simd-adler32 v0.3.10
[INFO] [stderr]     Checking ringbuffer-spsc v0.1.15
[INFO] [stderr]     Checking lz4_flex v0.10.0
[INFO] [stderr]     Checking ppv-lite86 v0.2.21
[INFO] [stderr]    Compiling synstructure v0.13.2
[INFO] [stderr]    Compiling pest_generator v2.9.1
[INFO] [stderr]     Checking miniz_oxide v0.9.1
[INFO] [stderr]     Checking hashbrown v0.14.5
[INFO] [stderr]     Checking zenoh-collections v1.10.1
[INFO] [stderr]    Compiling zenoh v1.10.1
[INFO] [stderr]     Checking rand_chacha v0.3.1
[INFO] [stderr]     Checking zenoh-buffers v1.10.1
[INFO] [stderr]     Checking ctor v1.0.13
[INFO] [stderr]     Checking aok v0.1.18
[INFO] [stderr]     Checking petgraph v0.8.3
[INFO] [stderr]     Checking vec_map v0.8.2
[INFO] [stderr]     Checking flate2 v1.1.10
[INFO] [stderr]     Checking keyed-set v1.1.0
[INFO] [stderr]    Compiling serde_derive v1.0.229
[INFO] [stderr]    Compiling ref-cast-impl v1.0.27
[INFO] [stderr]    Compiling futures-macro v0.3.34
[INFO] [stderr]    Compiling schemars_derive v1.2.2
[INFO] [stderr]    Compiling thiserror-impl v2.0.20
[INFO] [stderr]    Compiling tokio-macros v2.7.2
[INFO] [stderr]    Compiling displaydoc v0.2.7
[INFO] [stderr]    Compiling async-trait v0.1.92
[INFO] [stderr]    Compiling tracing-attributes v0.1.31
[INFO] [stderr]    Compiling unzip-n v0.1.4
[INFO] [stderr]    Compiling pest_derive v2.9.1
[INFO] [stderr]    Compiling asn1-rs-impl v0.2.0
[INFO] [stderr]    Compiling asn1-rs-derive v0.6.0
[INFO] [stderr]    Compiling validated_struct_macros v2.2.0
[INFO] [stderr]     Checking tokio v1.53.1
[INFO] [stderr]    Compiling bitcode_derive v0.6.9
[INFO] [stderr]     Checking futures-util v0.3.34
[INFO] [stderr]    Compiling git-version-macro v0.3.9
[INFO] [stderr]     Checking zenoh-crypto v1.10.1
[INFO] [stderr]    Compiling phf_macros v0.13.1
[INFO] [stderr]     Checking thiserror v2.0.20
[INFO] [stderr]     Checking tracing v0.1.44
[INFO] [stderr]     Checking asn1-rs v0.7.2
[INFO] [stderr]     Checking compio-log v0.2.1
[INFO] [stderr]     Checking compio-executor v0.1.4
[INFO] [stderr]     Checking git-version v0.3.9
[INFO] [stderr]    Compiling darling_macro v0.24.1
[INFO] [stderr]     Checking bitcode v0.6.9
[INFO] [stderr]     Checking phf v0.13.1
[INFO] [stderr]    Compiling darling v0.24.1
[INFO] [stderr]    Compiling serde_with_macros v3.23.0
[INFO] [stderr]    Compiling compio-macros v0.2.1
[INFO] [stderr]     Checking rustls-webpki v0.103.15
[INFO] [stderr]     Checking rcgen v0.14.10
[INFO] [stderr]     Checking der-parser v10.0.0
[INFO] [stderr]     Checking serde_with v3.23.0
[INFO] [stderr]     Checking ron v0.12.2
[INFO] [stderr]     Checking schemars v1.2.2
[INFO] [stderr]     Checking uhlc v0.8.2
[INFO] [stderr]     Checking ipnetwork v0.20.0
[INFO] [stderr]     Checking tracing-serde v0.2.0
[INFO] [stderr]     Checking json5 v0.4.1
[INFO] [stderr]     Checking logforth-core v0.4.0
[INFO] [stderr]     Checking nonempty-collections v0.3.1
[INFO] [stderr]     Checking secrecy v0.8.0
[INFO] [stderr]     Checking tracing-subscriber v0.3.23
[INFO] [stderr]     Checking serde_yaml v0.9.34+deprecated
[INFO] [stderr]     Checking pnet_datalink v0.35.0
[INFO] [stderr]     Checking x509-parser v0.18.1
[INFO] [stderr]     Checking logforth-layout-json v0.4.0
[INFO] [stderr]     Checking logforth-filter-rustlog v0.4.0
[INFO] [stderr]     Checking logforth-bridge-log v0.4.1
[INFO] [stderr]     Checking validated_struct v2.2.0
[INFO] [stderr]     Checking logforth-append-file v0.4.0
[INFO] [stderr]     Checking logforth-layout-text v0.4.0
[INFO] [stderr]     Checking logforth v0.30.1
[INFO] [stderr]     Checking log_init v0.1.39
[INFO] [stderr]     Checking zenoh-keyexpr v1.10.1
[INFO] [stderr]     Checking synchrony v0.1.9
[INFO] [stderr]     Checking futures-executor v0.3.34
[INFO] [stderr]     Checking futures v0.3.34
[INFO] [stderr]     Checking thin-cell v0.2.1
[INFO] [stderr]     Checking compio-io v0.10.1
[INFO] [stderr]     Checking compio-runtime v0.12.6
[INFO] [stderr]     Checking tokio-util v0.7.19
[INFO] [stderr]     Checking rustls-platform-verifier v0.7.0
[INFO] [stderr]     Checking quinn-proto v0.11.17
[INFO] [stderr]     Checking compio-net v0.12.5
[INFO] [stderr]     Checking zenoh-runtime v1.10.1
[INFO] [stderr]     Checking zenoh-protocol v1.10.1
[INFO] [stderr]     Checking zenoh-core v1.10.1
[INFO] [stderr]     Checking zenoh-util v1.10.1
[INFO] [stderr]     Checking zenoh-sync v1.10.1
[INFO] [stderr]     Checking zenoh-task v1.10.1
[INFO] [stderr]     Checking compio v0.19.2
[INFO] [stderr]     Checking wedb_quic v0.1.0 (/opt/rustwide/workdir/cquic)
[INFO] [stdout] warning: unused import: `bytes::Bytes`
[INFO] [stdout]   --> cquic/src/endpoint.rs:11:5
[INFO] [stdout]    |
[INFO] [stdout] 11 | use bytes::Bytes;
[INFO] [stdout]    |     ^^^^^^^^^^^^
[INFO] [stdout]    |
[INFO] [stdout]    = note: `#[warn(unused_imports)]` (part of `#[warn(unused)]`) on by default
[INFO] [stdout] 
[INFO] [stdout] 
[INFO] [stdout] warning: unused import: `bytes::Bytes`
[INFO] [stdout]   --> cquic/src/endpoint.rs:11:5
[INFO] [stdout]    |
[INFO] [stdout] 11 | use bytes::Bytes;
[INFO] [stdout]    |     ^^^^^^^^^^^^
[INFO] [stdout]    |
[INFO] [stdout]    = note: `#[warn(unused_imports)]` (part of `#[warn(unused)]`) on by default
[INFO] [stdout] 
[INFO] [stdout] 
[INFO] [stdout] error[E0499]: cannot borrow `ci` as mutable more than once at a time
[INFO] [stdout]    --> cquic/src/endpoint.rs:245:12
[INFO] [stdout]     |
[INFO] [stdout] 243 |     ci.packer.push_or_flush(
[INFO] [stdout]     |     --        ------------- first borrow later used by call
[INFO] [stdout]     |     |
[INFO] [stdout]     |     first mutable borrow occurs here
[INFO] [stdout] 244 |       shared.cid,
[INFO] [stdout] 245 |       &mut ci.outbox,
[INFO] [stdout]     |            ^^ second mutable borrow occurs here
[INFO] [stdout] 
[INFO] [stdout] 
[INFO] [stdout] error[E0499]: cannot borrow `ci` as mutable more than once at a time
[INFO] [stdout]    --> cquic/src/endpoint.rs:245:12
[INFO] [stdout]     |
[INFO] [stdout] 243 |     ci.packer.push_or_flush(
[INFO] [stdout]     |     --        ------------- first borrow later used by call
[INFO] [stdout]     |     |
[INFO] [stdout]     |     first mutable borrow occurs here
[INFO] [stdout] 244 |       shared.cid,
[INFO] [stdout] 245 |       &mut ci.outbox,
[INFO] [stdout]     |            ^^ second mutable borrow occurs here
[INFO] [stdout] 
[INFO] [stdout] 
[INFO] [stdout] error[E0502]: cannot borrow `ci` as immutable because it is also borrowed as mutable
[INFO] [stdout]    --> cquic/src/endpoint.rs:247:19
[INFO] [stdout]     |
[INFO] [stdout] 243 |     ci.packer.push_or_flush(
[INFO] [stdout]     |     --        ------------- mutable borrow later used by call
[INFO] [stdout]     |     |
[INFO] [stdout]     |     mutable borrow occurs here
[INFO] [stdout] ...
[INFO] [stdout] 247 |         next_seq: ci.recv_next,
[INFO] [stdout]     |                   ^^ immutable borrow occurs here
[INFO] [stdout] 
[INFO] [stdout] 
[INFO] [stdout] error[E0502]: cannot borrow `ci` as immutable because it is also borrowed as mutable
[INFO] [stdout]    --> cquic/src/endpoint.rs:247:19
[INFO] [stdout]     |
[INFO] [stdout] 243 |     ci.packer.push_or_flush(
[INFO] [stdout]     |     --        ------------- mutable borrow later used by call
[INFO] [stdout]     |     |
[INFO] [stdout]     |     mutable borrow occurs here
[INFO] [stdout] ...
[INFO] [stdout] 247 |         next_seq: ci.recv_next,
[INFO] [stdout]     |                   ^^ immutable borrow occurs here
[INFO] [stdout] 
[INFO] [stdout] 
[INFO] [stdout] error[E0308]: mismatched types
[INFO] [stdout]    --> cquic/src/endpoint.rs:357:21
[INFO] [stdout]     |
[INFO] [stdout] 357 |             None => ci.pending.pop_front(),
[INFO] [stdout]     |                     ^^^^^^^^^^^^^^^^^^^^^^ expected `()`, found `Option<SendCmd>`
[INFO] [stdout] 358 |           }
[INFO] [stdout]     |            - help: consider using a semicolon here: `;`
[INFO] [stdout]     |
[INFO] [stdout]     = note: expected unit type `()`
[INFO] [stdout]                     found enum `Option<SendCmd>`
[INFO] [stdout] 
[INFO] [stdout] 
[INFO] [stdout] error[E0308]: mismatched types
[INFO] [stdout]    --> cquic/src/endpoint.rs:357:21
[INFO] [stdout]     |
[INFO] [stdout] 357 |             None => ci.pending.pop_front(),
[INFO] [stdout]     |                     ^^^^^^^^^^^^^^^^^^^^^^ expected `()`, found `Option<SendCmd>`
[INFO] [stdout] 358 |           }
[INFO] [stdout]     |            - help: consider using a semicolon here: `;`
[INFO] [stdout]     |
[INFO] [stdout]     = note: expected unit type `()`
[INFO] [stdout]                     found enum `Option<SendCmd>`
[INFO] [stdout] 
[INFO] [stdout] 
[INFO] [stdout] Some errors have detailed explanations: E0308, E0499, E0502.
[INFO] [stdout] 
[INFO] [stdout] For more information about an error, try `rustc --explain E0308`.
[INFO] [stdout] 
[INFO] [stdout] Some errors have detailed explanations: E0308, E0499, E0502.
[INFO] [stdout] 
[INFO] [stdout] For more information about an error, try `rustc --explain E0308`.
[INFO] [stdout] 
[INFO] [stderr] error: could not compile `wedb_quic` (lib test) due to 3 previous errors; 1 warning emitted
[INFO] [stderr] warning: build failed, waiting for other jobs to finish...
[INFO] [stderr] error: could not compile `wedb_quic` (lib) due to 3 previous errors; 1 warning emitted
[INFO] running `Command { std: "docker" "inspect" "d902dbac7104b1d59aec9957da401345ded338a98b109b434bac52d83ba8afdd", kill_on_drop: false }`
[INFO] running `Command { std: "docker" "rm" "-f" "d902dbac7104b1d59aec9957da401345ded338a98b109b434bac52d83ba8afdd", kill_on_drop: false }`
[INFO] [stdout] d902dbac7104b1d59aec9957da401345ded338a98b109b434bac52d83ba8afdd
