[INFO] cloning repository https://github.com/web-dev-lab-official/rust-pub-sub-system
[INFO] running `Command { std: "git" "-c" "credential.helper=" "-c" "credential.helper=/workspace/cargo-home/bin/git-credential-null" "clone" "--bare" "https://github.com/web-dev-lab-official/rust-pub-sub-system" "/workspace/cache/git-repos/https%3A%2F%2Fgithub.com%2Fweb-dev-lab-official%2Frust-pub-sub-system", kill_on_drop: false }`
[INFO] [stderr] Cloning into bare repository '/workspace/cache/git-repos/https%3A%2F%2Fgithub.com%2Fweb-dev-lab-official%2Frust-pub-sub-system'...
[INFO] running `Command { std: "git" "rev-parse" "HEAD", kill_on_drop: false }`
[INFO] [stdout] 39a3fbb08d4966ab97b647b03aaf8de7cb5048fb
[INFO] checking web-dev-lab-official/rust-pub-sub-system against 3154cc1a3e6424e44f438a95007d043ed5ceaaf6 for pr-133502-30
[INFO] running `Command { std: "git" "clone" "/workspace/cache/git-repos/https%3A%2F%2Fgithub.com%2Fweb-dev-lab-official%2Frust-pub-sub-system" "/workspace/builds/worker-2-tc2/source", kill_on_drop: false }`
[INFO] [stderr] Cloning into '/workspace/builds/worker-2-tc2/source'...
[INFO] [stderr] done.
[INFO] started tweaking git repo https://github.com/web-dev-lab-official/rust-pub-sub-system
[INFO] removed 0 missing tests
[INFO] finished tweaking git repo https://github.com/web-dev-lab-official/rust-pub-sub-system
[INFO] tweaked toml for git repo https://github.com/web-dev-lab-official/rust-pub-sub-system written to /workspace/builds/worker-2-tc2/source/Cargo.toml
[INFO] validating manifest of git repo https://github.com/web-dev-lab-official/rust-pub-sub-system on toolchain 3154cc1a3e6424e44f438a95007d043ed5ceaaf6
[INFO] running `Command { std: CARGO_HOME="/workspace/cargo-home" RUSTUP_HOME="/workspace/rustup-home" "/workspace/cargo-home/bin/cargo" "+3154cc1a3e6424e44f438a95007d043ed5ceaaf6" "metadata" "--manifest-path" "Cargo.toml" "--no-deps", kill_on_drop: false }`
[INFO] crate git repo https://github.com/web-dev-lab-official/rust-pub-sub-system already has a lockfile, it will not be regenerated
[INFO] running `Command { std: CARGO_HOME="/workspace/cargo-home" RUSTUP_HOME="/workspace/rustup-home" "/workspace/cargo-home/bin/cargo" "+3154cc1a3e6424e44f438a95007d043ed5ceaaf6" "fetch" "--manifest-path" "Cargo.toml", kill_on_drop: false }`
[INFO] running `Command { std: "docker" "create" "-v" "/var/lib/crater-agent-workspace/builds/worker-2-tc2/source:/opt/rustwide/workdir:ro,Z" "-v" "/var/lib/crater-agent-workspace/builds/worker-2-tc2/target:/opt/rustwide/target:rw,Z" "-v" "/var/lib/crater-agent-workspace/cargo-home:/opt/rustwide/cargo-home:ro,Z" "-v" "/var/lib/crater-agent-workspace/rustup-home:/opt/rustwide/rustup-home:ro,Z" "-m" "1610612736" "--network" "none" "ghcr.io/rust-lang/crates-build-env/linux@sha256:77db811e55d90add9212f6832c23229e3de5f1c1f9905e8cb07319ea15df73ac" "sleep" "infinity", kill_on_drop: false }`
[INFO] [stdout] ed74ee375ff41ed9ff6a8f328b722e9722f0e7beffb63350207fc0f536a51b63
[INFO] running `Command { std: "docker" "start" "ed74ee375ff41ed9ff6a8f328b722e9722f0e7beffb63350207fc0f536a51b63", kill_on_drop: false }`
[INFO] running `Command { std: "docker" "inspect" "ed74ee375ff41ed9ff6a8f328b722e9722f0e7beffb63350207fc0f536a51b63", kill_on_drop: false }`
[INFO] running `Command { std: "docker" "exec" "-e" "SOURCE_DIR=/opt/rustwide/workdir" "-e" "CARGO_HOME=/opt/rustwide/cargo-home" "-e" "RUSTUP_HOME=/opt/rustwide/rustup-home" "-e" "CARGO_TARGET_DIR=/opt/rustwide/target" "-w" "/opt/rustwide/workdir" "--user" "0:0" "ed74ee375ff41ed9ff6a8f328b722e9722f0e7beffb63350207fc0f536a51b63" "/opt/rustwide/cargo-home/bin/cargo" "+3154cc1a3e6424e44f438a95007d043ed5ceaaf6" "metadata" "--no-deps" "--format-version=1", kill_on_drop: false }`
[INFO] running `Command { std: "docker" "inspect" "ed74ee375ff41ed9ff6a8f328b722e9722f0e7beffb63350207fc0f536a51b63", kill_on_drop: false }`
[INFO] running `Command { std: "docker" "exec" "-e" "SOURCE_DIR=/opt/rustwide/workdir" "-e" "CARGO_HOME=/opt/rustwide/cargo-home" "-e" "RUSTUP_HOME=/opt/rustwide/rustup-home" "-e" "CARGO_TARGET_DIR=/opt/rustwide/target" "-e" "CARGO_INCREMENTAL=0" "-e" "RUST_BACKTRACE=full" "-e" "RUSTFLAGS=--cap-lints=forbid" "-e" "RUSTDOCFLAGS=--cap-lints=forbid" "-w" "/opt/rustwide/workdir" "--user" "0:0" "ed74ee375ff41ed9ff6a8f328b722e9722f0e7beffb63350207fc0f536a51b63" "/opt/rustwide/cargo-home/bin/cargo" "+3154cc1a3e6424e44f438a95007d043ed5ceaaf6" "check" "--frozen" "--all" "--all-targets" "--message-format=json", kill_on_drop: false }`
[INFO] [stderr]     Checking smallvec v1.15.2
[INFO] [stderr]    Compiling syn v3.0.3
[INFO] [stderr]     Checking predicates-core v1.0.10
[INFO] [stderr]     Checking serde_json v1.0.151
[INFO] [stderr]    Compiling num-traits v0.2.19
[INFO] [stderr]     Checking uuid v1.24.1
[INFO] [stderr]     Checking wait-timeout v0.2.1
[INFO] [stderr]     Checking termtree v0.5.1
[INFO] [stderr]     Checking predicates v3.1.4
[INFO] [stderr]     Checking predicates-tree v1.0.13
[INFO] [stderr]     Checking rusty-fork v0.3.1
[INFO] [stderr]    Compiling mockall_derive v0.12.1
[INFO] [stderr]     Checking parking_lot_core v0.9.12
[INFO] [stderr]     Checking fragile v2.1.0
[INFO] [stderr]     Checking rand_chacha v0.9.0
[INFO] [stderr]     Checking rand_xorshift v0.4.0
[INFO] [stderr]     Checking rand v0.9.5
[INFO] [stderr]     Checking downcast v0.11.0
[INFO] [stderr]     Checking rand v0.8.7
[INFO] [stderr]     Checking parking_lot v0.12.5
[INFO] [stderr]     Checking proptest v1.11.0
[INFO] [stderr]     Checking mockall v0.12.1
[INFO] [stderr]    Compiling serde_derive v1.0.229
[INFO] [stderr]    Compiling tokio-macros v2.7.2
[INFO] [stderr]    Compiling async-trait v0.1.92
[INFO] [stderr]     Checking tokio v1.53.1
[INFO] [stderr]     Checking serde v1.0.229
[INFO] [stderr]     Checking rust-pub-sub-system v0.1.0 (/opt/rustwide/workdir)
[INFO] [stdout] error[E0609]: no field `max_history` on type `&broker::Broker`
[INFO] [stdout]   --> src/broker.rs:74:35
[INFO] [stdout]    |
[INFO] [stdout] 74 |                 max_history: self.max_history,
[INFO] [stdout]    |                                   ^^^^^^^^^^^ unknown field
[INFO] [stdout]    |
[INFO] [stdout]    = note: available fields are: `topics`, `sequence_counter`
[INFO] [stdout] 
[INFO] [stdout] 
[INFO] [stdout] error[E0609]: no field `max_history` on type `&broker::Broker`
[INFO] [stdout]    --> src/broker.rs:154:35
[INFO] [stdout]     |
[INFO] [stdout] 154 |                 max_history: self.max_history,
[INFO] [stdout]     |                                   ^^^^^^^^^^^ unknown field
[INFO] [stdout]     |
[INFO] [stdout]     = note: available fields are: `topics`, `sequence_counter`
[INFO] [stdout] 
[INFO] [stdout] 
[INFO] [stdout] error[E0609]: no field `max_history` on type `broker::Broker`
[INFO] [stdout]   --> src/broker.rs:47:16
[INFO] [stdout]    |
[INFO] [stdout] 47 |         broker.max_history = max_history;
[INFO] [stdout]    |                ^^^^^^^^^^^ unknown field
[INFO] [stdout]    |
[INFO] [stdout]    = note: available fields are: `topics`, `sequence_counter`
[INFO] [stdout] 
[INFO] [stdout] 
[INFO] [stdout] error[E0609]: no field `max_history` on type `&Broker`
[INFO] [stdout]   --> src/broker.rs:74:35
[INFO] [stdout]    |
[INFO] [stdout] 74 |                 max_history: self.max_history,
[INFO] [stdout]    |                                   ^^^^^^^^^^^ unknown field
[INFO] [stdout]    |
[INFO] [stdout]    = note: available fields are: `topics`, `sequence_counter`
[INFO] [stdout] 
[INFO] [stdout] 
[INFO] [stdout] error[E0609]: no field `max_history` on type `&Broker`
[INFO] [stdout]    --> src/broker.rs:154:35
[INFO] [stdout]     |
[INFO] [stdout] 154 |                 max_history: self.max_history,
[INFO] [stdout]     |                                   ^^^^^^^^^^^ unknown field
[INFO] [stdout]     |
[INFO] [stdout]     = note: available fields are: `topics`, `sequence_counter`
[INFO] [stdout] 
[INFO] [stdout] 
[INFO] [stdout] warning: unused variable: `handle`
[INFO] [stdout]    --> src/broker.rs:230:22
[INFO] [stdout]     |
[INFO] [stdout] 230 |         let (mut rx, handle) = broker.subscribe("test", 10).await.unwrap();
[INFO] [stdout]     |                      ^^^^^^ help: if this is intentional, prefix it with an underscore: `_handle`
[INFO] [stdout]     |
[INFO] [stdout]     = note: `#[warn(unused_variables)]` (part of `#[warn(unused)]`) on by default
[INFO] [stdout] 
[INFO] [stdout] 
[INFO] [stdout] error[E0609]: no field `max_history` on type `Broker`
[INFO] [stdout]   --> src/broker.rs:47:16
[INFO] [stdout]    |
[INFO] [stdout] 47 |         broker.max_history = max_history;
[INFO] [stdout]    |                ^^^^^^^^^^^ unknown field
[INFO] [stdout]    |
[INFO] [stdout]    = note: available fields are: `topics`, `sequence_counter`
[INFO] [stdout] 
[INFO] [stdout] 
[INFO] [stdout] For more information about this error, try `rustc --explain E0609`.
[INFO] [stdout] 
[INFO] [stderr] error: could not compile `rust-pub-sub-system` (lib test) due to 3 previous errors; 1 warning emitted
[INFO] [stderr] warning: build failed, waiting for other jobs to finish...
[INFO] [stdout] For more information about this error, try `rustc --explain E0609`.
[INFO] [stdout] 
[INFO] [stderr] error: could not compile `rust-pub-sub-system` (lib) due to 3 previous errors
[INFO] running `Command { std: "docker" "inspect" "ed74ee375ff41ed9ff6a8f328b722e9722f0e7beffb63350207fc0f536a51b63", kill_on_drop: false }`
[INFO] running `Command { std: "docker" "rm" "-f" "ed74ee375ff41ed9ff6a8f328b722e9722f0e7beffb63350207fc0f536a51b63", kill_on_drop: false }`
[INFO] [stdout] ed74ee375ff41ed9ff6a8f328b722e9722f0e7beffb63350207fc0f536a51b63
