[INFO] cloning repository https://github.com/waterbustech/str0m
[INFO] running `Command { std: "git" "-c" "credential.helper=" "-c" "credential.helper=/workspace/cargo-home/bin/git-credential-null" "clone" "--bare" "https://github.com/waterbustech/str0m" "/workspace/cache/git-repos/https%3A%2F%2Fgithub.com%2Fwaterbustech%2Fstr0m", kill_on_drop: false }`
[INFO] [stderr] Cloning into bare repository '/workspace/cache/git-repos/https%3A%2F%2Fgithub.com%2Fwaterbustech%2Fstr0m'...
[INFO] running `Command { std: "git" "rev-parse" "HEAD", kill_on_drop: false }`
[INFO] [stdout] 59eeda59dab062ecfdad55d29f2805994c0c1368
[INFO] checking waterbustech/str0m against 3154cc1a3e6424e44f438a95007d043ed5ceaaf6+rustflags=-Znext-solver=coherence for pr-133502-30
[INFO] running `Command { std: "git" "clone" "/workspace/cache/git-repos/https%3A%2F%2Fgithub.com%2Fwaterbustech%2Fstr0m" "/workspace/builds/worker-6-tc1/source", kill_on_drop: false }`
[INFO] [stderr] Cloning into '/workspace/builds/worker-6-tc1/source'...
[INFO] [stderr] done.
[INFO] removed /workspace/builds/worker-6-tc1/source/.cargo/config.toml
[INFO] started tweaking git repo https://github.com/waterbustech/str0m
[INFO] removed 0 missing examples
[INFO] finished tweaking git repo https://github.com/waterbustech/str0m
[INFO] tweaked toml for git repo https://github.com/waterbustech/str0m written to /workspace/builds/worker-6-tc1/source/Cargo.toml
[INFO] validating manifest of git repo https://github.com/waterbustech/str0m on toolchain 3154cc1a3e6424e44f438a95007d043ed5ceaaf6
[INFO] running `Command { std: CARGO_HOME="/workspace/cargo-home" RUSTUP_HOME="/workspace/rustup-home" "/workspace/cargo-home/bin/cargo" "+3154cc1a3e6424e44f438a95007d043ed5ceaaf6" "metadata" "--manifest-path" "Cargo.toml" "--no-deps", kill_on_drop: false }`
[INFO] crate git repo https://github.com/waterbustech/str0m already has a lockfile, it will not be regenerated
[INFO] running `Command { std: CARGO_HOME="/workspace/cargo-home" RUSTUP_HOME="/workspace/rustup-home" "/workspace/cargo-home/bin/cargo" "+3154cc1a3e6424e44f438a95007d043ed5ceaaf6" "fetch" "--manifest-path" "Cargo.toml", kill_on_drop: false }`
[INFO] [stderr] warning: unused workspace dependency `_str0m_test`
[INFO] [stderr]    --> Cargo.toml:174:25
[INFO] [stderr]     |
[INFO] [stderr] 174 | [workspace.dependencies._str0m_test]
[INFO] [stderr]     |                         ^^^^^^^^^^^
[INFO] [stderr]     |
[INFO] [stderr]     = note: `cargo::unused_workspace_dependencies` is set to `warn` by default
[INFO] [stderr] help: consider removing the workspace dependency `_str0m_test`
[INFO] [stderr] warning: unused workspace dependency `str0m-netem`
[INFO] [stderr]    --> Cargo.toml:219:25
[INFO] [stderr]     |
[INFO] [stderr] 219 | [workspace.dependencies.str0m-netem]
[INFO] [stderr]     |                         ^^^^^^^^^^^
[INFO] [stderr]     |
[INFO] [stderr] help: consider removing the workspace dependency `str0m-netem`
[INFO] [stderr] warning: workspace (manifest) generated 2 warnings
[INFO] [stderr]     Blocking waiting for file lock on package cache
[INFO] [stderr]     Updating crates.io index
[INFO] [stderr]     Blocking waiting for file lock on package cache
[INFO] [stderr]  Downloading crates ...
[INFO] [stderr]   Downloaded zeroize_derive v1.4.3
[INFO] [stderr]   Downloaded x25519-dalek v2.0.1
[INFO] [stderr]   Downloaded semver v1.0.27
[INFO] [stderr]   Downloaded itoa v1.0.17
[INFO] [stderr]   Downloaded flagset v0.4.7
[INFO] [stderr]   Downloaded rusticata-macros v4.1.0
[INFO] [stderr]   Downloaded asn1-rs-impl v0.2.0
[INFO] [stderr]   Downloaded time-core v0.1.7
[INFO] [stderr]   Downloaded asn1-rs-derive v0.6.0
[INFO] [stderr]   Downloaded der_derive v0.7.3
[INFO] [stderr]   Downloaded oid-registry v0.8.1
[INFO] [stderr]   Downloaded poly1305 v0.8.0
[INFO] [stderr]   Downloaded idna_adapter v1.2.1
[INFO] [stderr]   Downloaded yoke-derive v0.8.1
[INFO] [stderr]   Downloaded potential_utf v0.1.4
[INFO] [stderr]   Downloaded time-macros v0.2.25
[INFO] [stderr]   Downloaded data-encoding v2.10.0
[INFO] [stderr]   Downloaded cmake v0.1.57
[INFO] [stderr]   Downloaded yasna v0.5.2
[INFO] [stderr]   Downloaded chacha20 v0.9.1
[INFO] [stderr]   Downloaded bitflags v2.11.0
[INFO] [stderr]   Downloaded rustls-pki-types v1.14.0
[INFO] [stderr]   Downloaded openssl-sys v0.9.114
[INFO] [stderr]   Downloaded wit-bindgen v0.46.0
[INFO] [stderr]   Downloaded x509-cert v0.2.5
[INFO] [stderr]   Downloaded typenum v1.19.0
[INFO] [stderr]   Downloaded rcgen v0.14.7
[INFO] [stderr]   Downloaded log v0.4.29
[INFO] [stderr]   Downloaded chacha20poly1305 v0.10.1
[INFO] [stderr]   Downloaded apple-cryptokit-rs v0.2.1
[INFO] [stderr]   Downloaded icu_properties v2.1.2
[INFO] [stderr]   Downloaded zerovec-derive v0.11.2
[INFO] [stderr]   Downloaded yoke v0.8.1
[INFO] [stderr]   Downloaded writeable v0.6.2
[INFO] [stderr]   Downloaded tinystr v0.8.2
[INFO] [stderr]   Downloaded litemap v0.8.1
[INFO] [stderr]   Downloaded bytesize v1.3.3
[INFO] [stderr]   Downloaded crc-catalog v2.4.0
[INFO] [stderr]   Downloaded rustls-pemfile v0.2.1
[INFO] [stderr]   Downloaded wasm-bindgen-macro v0.2.114
[INFO] [stderr]   Downloaded libredox v0.1.14
[INFO] [stderr]   Downloaded gzip-header v1.0.0
[INFO] [stderr]   Downloaded cc v1.2.56
[INFO] [stderr]   Downloaded asn1-rs v0.7.1
[INFO] [stderr]   Downloaded der-parser v10.0.0
[INFO] [stderr]   Downloaded zerocopy-derive v0.8.40
[INFO] [stderr]   Downloaded zerotrie v0.2.3
[INFO] [stderr]   Downloaded icu_provider v2.1.1
[INFO] [stderr]   Downloaded icu_locale_core v2.1.1
[INFO] [stderr]   Downloaded icu_normalizer v2.1.1
[INFO] [stderr]   Downloaded icu_normalizer_data v2.1.1
[INFO] [stderr]   Downloaded systemstat v0.2.6
[INFO] [stderr]   Downloaded wasm-bindgen-shared v0.2.114
[INFO] [stderr]   Downloaded twoway v0.1.8
[INFO] [stderr]   Downloaded buf_redux v0.8.4
[INFO] [stderr]   Downloaded filetime v0.2.27
[INFO] [stderr]   Downloaded adler32 v1.2.0
[INFO] [stderr]   Downloaded pcap-file v2.0.0
[INFO] [stderr]   Downloaded derive-into-owned v0.2.0
[INFO] [stderr]   Downloaded byteorder_slice v3.0.0
[INFO] [stderr]   Downloaded drv-macros v0.4.3
[INFO] [stderr]   Downloaded rand v0.9.3
[INFO] [stderr]   Downloaded icu_collections v2.1.1
[INFO] [stderr]   Downloaded tempfile v3.26.0
[INFO] [stderr]   Downloaded wasm-bindgen v0.2.114
[INFO] [stderr]   Downloaded multipart v0.18.0
[INFO] [stderr]   Downloaded redox_syscall v0.7.3
[INFO] [stderr]   Downloaded drv v0.4.3
[INFO] [stderr]   Downloaded wasip2 v1.0.1+wasi-0.2.4
[INFO] [stderr]   Downloaded x509-parser v0.18.1
[INFO] [stderr]   Downloaded wasm-bindgen-macro-support v0.2.114
[INFO] [stderr]   Downloaded deflate v1.0.0
[INFO] [stderr]   Downloaded zerovec v0.11.5
[INFO] [stderr]   Downloaded rouille v3.6.2
[INFO] [stderr]   Downloaded js-sys v0.3.91
[INFO] [stderr]   Downloaded rand v0.8.5
[INFO] [stderr]   Downloaded serde_json v1.0.149
[INFO] [stderr]   Downloaded icu_properties_data v2.1.2
[INFO] [stderr]   Downloaded sctp-proto v0.10.1
[INFO] [stderr]   Downloaded time v0.3.45
[INFO] [stderr]   Downloaded aws-lc-rs v1.16.2
[INFO] [stderr]   Downloaded curve25519-dalek v4.1.3
[INFO] [stderr]   Downloaded zerocopy v0.8.40
[INFO] [stderr]   Downloaded ccm v0.5.0
[INFO] [stderr]   Downloaded tracing-subscriber v0.3.22
[INFO] [stderr]   Downloaded openssl v0.10.78
[INFO] [stderr]   Downloaded chrono v0.4.44
[INFO] [stderr]   Downloaded brotli-decompressor v2.5.1
[INFO] [stderr]   Downloaded dimpl v0.7.1
[INFO] [stderr]   Downloaded fiat-crypto v0.2.9
[INFO] [stderr]   Downloaded libc v0.2.182
[INFO] [stderr]   Downloaded web-sys v0.3.91
[INFO] [stderr]   Downloaded brotli v3.5.0
[INFO] [stderr]   Downloaded openssl-src v300.5.5+3.5.5
[INFO] [stderr]   Downloaded aws-lc-sys v0.39.0
[INFO] running `Command { std: "docker" "create" "-v" "/var/lib/crater-agent-workspace/builds/worker-6-tc1/source:/opt/rustwide/workdir:ro,Z" "-v" "/var/lib/crater-agent-workspace/builds/worker-6-tc1/target:/opt/rustwide/target:rw,Z" "-v" "/var/lib/crater-agent-workspace/cargo-home:/opt/rustwide/cargo-home:ro,Z" "-v" "/var/lib/crater-agent-workspace/rustup-home:/opt/rustwide/rustup-home:ro,Z" "-m" "1610612736" "--network" "none" "ghcr.io/rust-lang/crates-build-env/linux@sha256:77db811e55d90add9212f6832c23229e3de5f1c1f9905e8cb07319ea15df73ac" "sleep" "infinity", kill_on_drop: false }`
[INFO] [stdout] de6f54b1a669e612753577ee625be5d03bcc1bc87e9f742f5c4152c610037789
[INFO] running `Command { std: "docker" "start" "de6f54b1a669e612753577ee625be5d03bcc1bc87e9f742f5c4152c610037789", kill_on_drop: false }`
[INFO] running `Command { std: "docker" "inspect" "de6f54b1a669e612753577ee625be5d03bcc1bc87e9f742f5c4152c610037789", kill_on_drop: false }`
[INFO] running `Command { std: "docker" "exec" "-e" "SOURCE_DIR=/opt/rustwide/workdir" "-e" "CARGO_HOME=/opt/rustwide/cargo-home" "-e" "RUSTUP_HOME=/opt/rustwide/rustup-home" "-e" "CARGO_TARGET_DIR=/opt/rustwide/target" "-w" "/opt/rustwide/workdir" "--user" "0:0" "de6f54b1a669e612753577ee625be5d03bcc1bc87e9f742f5c4152c610037789" "/opt/rustwide/cargo-home/bin/cargo" "+3154cc1a3e6424e44f438a95007d043ed5ceaaf6" "metadata" "--no-deps" "--format-version=1", kill_on_drop: false }`
[INFO] running `Command { std: "docker" "inspect" "de6f54b1a669e612753577ee625be5d03bcc1bc87e9f742f5c4152c610037789", kill_on_drop: false }`
[INFO] running `Command { std: "docker" "exec" "-e" "SOURCE_DIR=/opt/rustwide/workdir" "-e" "CARGO_HOME=/opt/rustwide/cargo-home" "-e" "RUSTUP_HOME=/opt/rustwide/rustup-home" "-e" "CARGO_TARGET_DIR=/opt/rustwide/target" "-e" "CARGO_INCREMENTAL=0" "-e" "RUST_BACKTRACE=full" "-e" "RUSTFLAGS=--cap-lints=forbid -Znext-solver=coherence" "-e" "RUSTDOCFLAGS=--cap-lints=forbid" "-w" "/opt/rustwide/workdir" "--user" "0:0" "de6f54b1a669e612753577ee625be5d03bcc1bc87e9f742f5c4152c610037789" "/opt/rustwide/cargo-home/bin/cargo" "+3154cc1a3e6424e44f438a95007d043ed5ceaaf6" "check" "--frozen" "--all" "--all-targets" "--message-format=json", kill_on_drop: false }`
[INFO] [stderr] warning: unused workspace dependency `_str0m_test`
[INFO] [stderr]    --> Cargo.toml:174:25
[INFO] [stderr]     |
[INFO] [stderr] 174 | [workspace.dependencies._str0m_test]
[INFO] [stderr]     |                         ^^^^^^^^^^^
[INFO] [stderr]     |
[INFO] [stderr]     = note: `cargo::unused_workspace_dependencies` is set to `warn` by default
[INFO] [stderr] help: consider removing the workspace dependency `_str0m_test`
[INFO] [stderr] warning: unused workspace dependency `str0m-netem`
[INFO] [stderr]    --> Cargo.toml:219:25
[INFO] [stderr]     |
[INFO] [stderr] 219 | [workspace.dependencies.str0m-netem]
[INFO] [stderr]     |                         ^^^^^^^^^^^
[INFO] [stderr]     |
[INFO] [stderr] help: consider removing the workspace dependency `str0m-netem`
[INFO] [stderr] warning: workspace (manifest) generated 2 warnings
[INFO] [stderr]    Compiling libc v0.2.182
[INFO] [stderr]    Compiling typenum v1.19.0
[INFO] [stderr]     Checking subtle v2.6.1
[INFO] [stderr]     Checking const-oid v0.9.6
[INFO] [stderr]     Checking memchr v2.8.0
[INFO] [stderr]     Checking base64ct v1.8.3
[INFO] [stderr]     Checking once_cell v1.21.3
[INFO] [stderr]    Compiling zerocopy v0.8.40
[INFO] [stderr]     Checking flagset v0.4.7
[INFO] [stderr]     Checking log v0.4.29
[INFO] [stderr]    Compiling fs_extra v1.3.0
[INFO] [stderr]    Compiling serde_core v1.0.228
[INFO] [stderr]     Checking base16ct v0.2.0
[INFO] [stderr]    Compiling syn v2.0.117
[INFO] [stderr]     Checking itoa v1.0.17
[INFO] [stderr]    Compiling dunce v1.0.5
[INFO] [stderr]    Compiling serde v1.0.228
[INFO] [stderr]     Checking deranged v0.5.8
[INFO] [stderr]     Checking opaque-debug v0.3.1
[INFO] [stderr]     Checking bitflags v2.11.0
[INFO] [stderr]     Checking time-core v0.1.7
[INFO] [stderr]     Checking num-conv v0.1.0
[INFO] [stderr]     Checking num_threads v0.1.7
[INFO] [stderr]    Compiling semver v1.0.27
[INFO] [stderr]    Compiling pkg-config v0.3.32
[INFO] [stderr]    Compiling vcpkg v0.2.15
[INFO] [stderr]    Compiling aws-lc-rs v1.16.2
[INFO] [stderr]     Checking fastrand v2.3.0
[INFO] [stderr]    Compiling openssl v0.10.78
[INFO] [stderr]    Compiling rustc_version v0.4.1
[INFO] [stderr]     Checking foreign-types-shared v0.1.1
[INFO] [stderr]     Checking foreign-types v0.3.2
[INFO] [stderr]     Checking pem-rfc7468 v0.7.0
[INFO] [stderr]     Checking arrayvec v0.7.6
[INFO] [stderr]     Checking tracing-core v0.1.36
[INFO] [stderr]    Compiling zmij v1.0.21
[INFO] [stderr]    Compiling serde_json v1.0.149
[INFO] [stderr]     Checking litemap v0.8.1
[INFO] [stderr]    Compiling curve25519-dalek v4.1.3
[INFO] [stderr]     Checking writeable v0.6.2
[INFO] [stderr]     Checking nom v8.0.0
[INFO] [stderr]     Checking crc-catalog v2.4.0
[INFO] [stderr]    Compiling icu_normalizer_data v2.1.1
[INFO] [stderr]    Compiling icu_properties_data v2.1.2
[INFO] [stderr]     Checking crc v3.4.0
[INFO] [stderr]    Compiling thiserror v2.0.18
[INFO] [stderr]     Checking aho-corasick v1.1.4
[INFO] [stderr]    Compiling unicase v2.9.0
[INFO] [stderr]    Compiling crc32fast v1.5.0
[INFO] [stderr]     Checking regex-syntax v0.8.10
[INFO] [stderr]     Checking bytes v1.11.1
[INFO] [stderr]    Compiling rustix v1.1.4
[INFO] [stderr]    Compiling mime_guess v2.0.5
[INFO] [stderr]    Compiling num-traits v0.2.19
[INFO] [stderr]    Compiling rustls v0.20.9
[INFO] [stderr]     Checking spin v0.5.2
[INFO] [stderr]     Checking lazy_static v1.5.0
[INFO] [stderr]     Checking linux-raw-sys v0.12.1
[INFO] [stderr]     Checking untrusted v0.7.1
[INFO] [stderr]    Compiling syn v1.0.109
[INFO] [stderr]     Checking rustc-hash v2.1.1
[INFO] [stderr]    Compiling httparse v1.10.1
[INFO] [stderr]     Checking alloc-no-stdlib v2.0.4
[INFO] [stderr]     Checking alloc-stdlib v0.2.2
[INFO] [stderr]     Checking getrandom v0.2.17
[INFO] [stderr]    Compiling jobserver v0.1.34
[INFO] [stderr]     Checking getrandom v0.3.4
[INFO] [stderr]     Checking time v0.3.45
[INFO] [stderr]     Checking safemem v0.3.3
[INFO] [stderr]     Checking rand_core v0.6.4
[INFO] [stderr]     Checking base64 v0.13.1
[INFO] [stderr]     Checking mime v0.3.17
[INFO] [stderr]     Checking rand_core v0.9.5
[INFO] [stderr]    Compiling cc v1.2.56
[INFO] [stderr]     Checking rustls-pemfile v0.2.1
[INFO] [stderr]     Checking combine v4.6.7
[INFO] [stderr]     Checking ff v0.13.1
[INFO] [stderr]     Checking gzip-header v1.0.0
[INFO] [stderr]     Checking buf_redux v0.8.4
[INFO] [stderr]     Checking brotli-decompressor v2.5.1
[INFO] [stderr]     Checking group v0.13.0
[INFO] [stderr]     Checking num_cpus v1.17.0
[INFO] [stderr]     Checking sharded-slab v0.1.7
[INFO] [stderr]     Checking tracing-log v0.2.0
[INFO] [stderr]     Checking twoway v0.1.8
[INFO] [stderr]     Checking thread_local v1.1.9
[INFO] [stderr]     Checking adler32 v1.2.0
[INFO] [stderr]     Checking ascii v1.1.0
[INFO] [stderr]     Checking minimal-lexical v0.2.1
[INFO] [stderr]     Checking chunked_transfer v1.5.0
[INFO] [stderr]     Checking httpdate v1.0.3
[INFO] [stderr]    Compiling cmake v0.1.57
[INFO] [stderr]     Checking byteorder v1.5.0
[INFO] [stderr]     Checking quick-error v1.2.3
[INFO] [stderr]     Checking nom v7.1.3
[INFO] [stderr]     Checking deflate v1.0.0
[INFO] [stderr]     Checking byteorder_slice v3.0.0
[INFO] [stderr]     Checking threadpool v1.8.1
[INFO] [stderr]     Checking filetime v0.2.27
[INFO] [stderr]     Checking bytesize v1.3.3
[INFO] [stderr]     Checking chrono v0.4.44
[INFO] [stderr]     Checking yasna v0.5.2
[INFO] [stderr]     Checking windows-link v0.2.1
[INFO] [stderr]     Checking regex-automata v0.4.14
[INFO] [stderr]     Checking windows-result v0.4.1
[INFO] [stderr]     Checking windows-strings v0.5.1
[INFO] [stderr]     Checking brotli v3.5.0
[INFO] [stderr]     Checking core-foundation-sys v0.8.7
[INFO] [stderr]    Compiling aws-lc-sys v0.39.0
[INFO] [stderr]    Compiling openssl-sys v0.9.114
[INFO] [stderr]    Compiling ring v0.17.14
[INFO] [stderr]    Compiling ring v0.16.20
[INFO] [stderr]     Checking tempfile v3.26.0
[INFO] [stderr]     Checking windows-threading v0.2.1
[INFO] [stderr]     Checking core-foundation v0.10.1
[INFO] [stderr]     Checking security-framework-sys v2.17.0
[INFO] [stderr]    Compiling str0m-apple-crypto v0.5.0 (/opt/rustwide/workdir/crypto/apple-crypto)
[INFO] [stderr]    Compiling synstructure v0.13.2
[INFO] [stderr]     Checking systemstat v0.2.6
[INFO] [stderr]     Checking security-framework v3.7.0
[INFO] [stderr]    Compiling derive-into-owned v0.2.0
[INFO] [stderr]     Checking ppv-lite86 v0.2.21
[INFO] [stderr]    Compiling zeroize_derive v1.4.3
[INFO] [stderr]    Compiling der_derive v0.7.3
[INFO] [stderr]    Compiling serde_derive v1.0.228
[INFO] [stderr]    Compiling curve25519-dalek-derive v0.1.1
[INFO] [stderr]    Compiling openssl-macros v0.1.1
[INFO] [stderr]    Compiling zerofrom-derive v0.1.6
[INFO] [stderr]    Compiling yoke-derive v0.8.1
[INFO] [stderr]     Checking rand_chacha v0.9.0
[INFO] [stderr]    Compiling zerovec-derive v0.11.2
[INFO] [stderr]    Compiling displaydoc v0.2.5
[INFO] [stderr]     Checking zeroize v1.8.2
[INFO] [stderr]     Checking rand v0.9.3
[INFO] [stderr]     Checking generic-array v0.14.7
[INFO] [stderr]     Checking rustls-pki-types v1.14.0
[INFO] [stderr]    Compiling tracing-attributes v0.1.31
[INFO] [stderr]    Compiling thiserror-impl v2.0.18
[INFO] [stderr]     Checking rand_chacha v0.3.1
[INFO] [stderr]     Checking matchers v0.2.0
[INFO] [stderr]     Checking der v0.7.10
[INFO] [stderr]    Compiling thiserror-impl v1.0.69
[INFO] [stderr]     Checking x25519-dalek v2.0.1
[INFO] [stderr]     Checking regex v1.12.3
[INFO] [stderr]     Checking rand v0.8.5
[INFO] [stderr]     Checking zerofrom v0.1.6
[INFO] [stderr]    Compiling windows-interface v0.59.3
[INFO] [stderr]     Checking crypto-common v0.1.7
[INFO] [stderr]     Checking block-buffer v0.10.4
[INFO] [stderr]     Checking inout v0.1.4
[INFO] [stderr]     Checking digest v0.10.7
[INFO] [stderr]     Checking universal-hash v0.5.1
[INFO] [stderr]     Checking hmac v0.12.1
[INFO] [stderr]     Checking cipher v0.4.4
[INFO] [stderr]     Checking crypto-bigint v0.5.5
[INFO] [stderr]     Checking signature v2.2.0
[INFO] [stderr]     Checking hkdf v0.12.4
[INFO] [stderr]     Checking rfc6979 v0.4.0
[INFO] [stderr]     Checking aead v0.5.2
[INFO] [stderr]     Checking polyval v0.6.2
[INFO] [stderr]     Checking sha2 v0.10.9
[INFO] [stderr]     Checking ctr v0.9.2
[INFO] [stderr]     Checking chacha20 v0.9.1
[INFO] [stderr]     Checking ghash v0.5.1
[INFO] [stderr]     Checking aes v0.8.4
[INFO] [stderr]     Checking poly1305 v0.8.0
[INFO] [stderr]     Checking ccm v0.5.0
[INFO] [stderr]     Checking yoke v0.8.1
[INFO] [stderr]     Checking zerovec v0.11.5
[INFO] [stderr]     Checking spki v0.7.3
[INFO] [stderr]     Checking zerotrie v0.2.3
[INFO] [stderr]     Checking sha1 v0.10.6
[INFO] [stderr]     Checking multipart v0.18.0
[INFO] [stderr]     Checking aes-gcm v0.10.3
[INFO] [stderr]     Checking pkcs8 v0.10.2
[INFO] [stderr]     Checking x509-cert v0.2.5
[INFO] [stderr]    Compiling windows-implement v0.60.2
[INFO] [stderr]     Checking tinystr v0.8.2
[INFO] [stderr]     Checking potential_utf v0.1.4
[INFO] [stderr]     Checking chacha20poly1305 v0.10.1
[INFO] [stderr]     Checking sec1 v0.7.3
[INFO] [stderr]     Checking icu_collections v2.1.1
[INFO] [stderr]     Checking tracing v0.1.44
[INFO] [stderr]     Checking sctp-proto v0.10.1
[INFO] [stderr]     Checking icu_locale_core v2.1.1
[INFO] [stderr]     Checking tracing-subscriber v0.3.22
[INFO] [stderr]     Checking thiserror v1.0.69
[INFO] [stderr]     Checking pcap-file v2.0.0
[INFO] [stderr]     Checking windows-core v0.62.2
[INFO] [stderr]     Checking sct v0.7.1
[INFO] [stderr]     Checking webpki v0.22.4
[INFO] [stderr]     Checking windows-collections v0.3.2
[INFO] [stderr]     Checking windows-numerics v0.3.1
[INFO] [stderr]     Checking windows-future v0.3.2
[INFO] [stderr]     Checking elliptic-curve v0.13.8
[INFO] [stdout] error[E0425]: cannot find type `IMarshal` in module `windows_core::imp`
[INFO] [stdout]   --> /opt/rustwide/cargo-home/registry/src/index.crates.io-1949cf8c6b5b557f/windows-future-0.3.2/src/bindings.rs:87:51
[INFO] [stdout]    |
[INFO] [stdout] 87 |             } else if *iid == <windows_core::imp::IMarshal as windows_core::Interface>::IID {
[INFO] [stdout]    |                                                   ^^^^^^^^ not found in `windows_core::imp`
[INFO] [stdout] 
[INFO] [stdout] 
[INFO] [stdout] error[E0425]: cannot find function `marshaler` in module `windows_core::imp`
[INFO] [stdout]   --> /opt/rustwide/cargo-home/registry/src/index.crates.io-1949cf8c6b5b557f/windows-future-0.3.2/src/bindings.rs:89:43
[INFO] [stdout]    |
[INFO] [stdout] 89 |                 return windows_core::imp::marshaler(
[INFO] [stdout]    |                                           ^^^^^^^^^ not found in `windows_core::imp`
[INFO] [stdout] 
[INFO] [stdout] 
[INFO] [stdout] error[E0425]: cannot find type `IMarshal` in module `windows_core::imp`
[INFO] [stdout]    --> /opt/rustwide/cargo-home/registry/src/index.crates.io-1949cf8c6b5b557f/windows-future-0.3.2/src/bindings.rs:255:51
[INFO] [stdout]     |
[INFO] [stdout] 255 |             } else if *iid == <windows_core::imp::IMarshal as windows_core::Interface>::IID {
[INFO] [stdout]     |                                                   ^^^^^^^^ not found in `windows_core::imp`
[INFO] [stdout] 
[INFO] [stdout] 
[INFO] [stdout] error[E0425]: cannot find function `marshaler` in module `windows_core::imp`
[INFO] [stdout]    --> /opt/rustwide/cargo-home/registry/src/index.crates.io-1949cf8c6b5b557f/windows-future-0.3.2/src/bindings.rs:257:43
[INFO] [stdout]     |
[INFO] [stdout] 257 |                 return windows_core::imp::marshaler(
[INFO] [stdout]     |                                           ^^^^^^^^^ not found in `windows_core::imp`
[INFO] [stdout] 
[INFO] [stdout] 
[INFO] [stdout] error[E0425]: cannot find type `IMarshal` in module `windows_core::imp`
[INFO] [stdout]    --> /opt/rustwide/cargo-home/registry/src/index.crates.io-1949cf8c6b5b557f/windows-future-0.3.2/src/bindings.rs:422:364
[INFO] [stdout]     |
[INFO] [stdout] 422 | ... _ } else if * iid == < windows_core::imp::IMarshal as windows_core::Interface >::IID { ( * this ) . count . add_ref ( ) ; retur...
[INFO] [stdout]     |                                               ^^^^^^^^ not found in `windows_core::imp`
[INFO] [stdout] 
[INFO] [stdout] 
[INFO] [stdout] error[E0425]: cannot find function `marshaler` in module `windows_core::imp`
[INFO] [stdout]    --> /opt/rustwide/cargo-home/registry/src/index.crates.io-1949cf8c6b5b557f/windows-future-0.3.2/src/bindings.rs:422:470
[INFO] [stdout]     |
[INFO] [stdout] 422 | ... . add_ref ( ) ; return windows_core::imp::marshaler ( core::mem::transmute ( & mut ( * this ) . vtable as * mut _ as * mut core...
[INFO] [stdout]     |                                               ^^^^^^^^^ not found in `windows_core::imp`
[INFO] [stdout] 
[INFO] [stdout] 
[INFO] [stdout] error[E0425]: cannot find type `IMarshal` in module `windows_core::imp`
[INFO] [stdout]    --> /opt/rustwide/cargo-home/registry/src/index.crates.io-1949cf8c6b5b557f/windows-future-0.3.2/src/bindings.rs:572:51
[INFO] [stdout]     |
[INFO] [stdout] 572 |             } else if *iid == <windows_core::imp::IMarshal as windows_core::Interface>::IID {
[INFO] [stdout]     |                                                   ^^^^^^^^ not found in `windows_core::imp`
[INFO] [stdout] 
[INFO] [stdout] 
[INFO] [stdout] error[E0425]: cannot find function `marshaler` in module `windows_core::imp`
[INFO] [stdout]    --> /opt/rustwide/cargo-home/registry/src/index.crates.io-1949cf8c6b5b557f/windows-future-0.3.2/src/bindings.rs:574:43
[INFO] [stdout]     |
[INFO] [stdout] 574 |                 return windows_core::imp::marshaler(
[INFO] [stdout]     |                                           ^^^^^^^^^ not found in `windows_core::imp`
[INFO] [stdout] 
[INFO] [stdout] 
[INFO] [stdout] error[E0425]: cannot find type `IMarshal` in module `windows_core::imp`
[INFO] [stdout]    --> /opt/rustwide/cargo-home/registry/src/index.crates.io-1949cf8c6b5b557f/windows-future-0.3.2/src/bindings.rs:752:364
[INFO] [stdout]     |
[INFO] [stdout] 752 | ... _ } else if * iid == < windows_core::imp::IMarshal as windows_core::Interface >::IID { ( * this ) . count . add_ref ( ) ; retur...
[INFO] [stdout]     |                                               ^^^^^^^^ not found in `windows_core::imp`
[INFO] [stdout] 
[INFO] [stdout] 
[INFO] [stdout] error[E0425]: cannot find function `marshaler` in module `windows_core::imp`
[INFO] [stdout]    --> /opt/rustwide/cargo-home/registry/src/index.crates.io-1949cf8c6b5b557f/windows-future-0.3.2/src/bindings.rs:752:470
[INFO] [stdout]     |
[INFO] [stdout] 752 | ... . add_ref ( ) ; return windows_core::imp::marshaler ( core::mem::transmute ( & mut ( * this ) . vtable as * mut _ as * mut core...
[INFO] [stdout]     |                                               ^^^^^^^^^ not found in `windows_core::imp`
[INFO] [stdout] 
[INFO] [stdout] 
[INFO] [stdout] error[E0425]: cannot find type `IMarshal` in module `windows_core::imp`
[INFO] [stdout]    --> /opt/rustwide/cargo-home/registry/src/index.crates.io-1949cf8c6b5b557f/windows-future-0.3.2/src/bindings.rs:927:377
[INFO] [stdout]     |
[INFO] [stdout] 927 | ... _ } else if * iid == < windows_core::imp::IMarshal as windows_core::Interface >::IID { ( * this ) . count . add_ref ( ) ; retur...
[INFO] [stdout]     |                                               ^^^^^^^^ not found in `windows_core::imp`
[INFO] [stdout] 
[INFO] [stdout] 
[INFO] [stdout] error[E0425]: cannot find function `marshaler` in module `windows_core::imp`
[INFO] [stdout]    --> /opt/rustwide/cargo-home/registry/src/index.crates.io-1949cf8c6b5b557f/windows-future-0.3.2/src/bindings.rs:927:483
[INFO] [stdout]     |
[INFO] [stdout] 927 | ... . add_ref ( ) ; return windows_core::imp::marshaler ( core::mem::transmute ( & mut ( * this ) . vtable as * mut _ as * mut core...
[INFO] [stdout]     |                                               ^^^^^^^^^ not found in `windows_core::imp`
[INFO] [stdout] 
[INFO] [stdout] 
[INFO] [stdout] error[E0425]: cannot find function `submit` in crate `windows_threading`
[INFO] [stdout]    --> /opt/rustwide/cargo-home/registry/src/index.crates.io-1949cf8c6b5b557f/windows-future-0.3.2/src/async_spawn.rs:264:28
[INFO] [stdout]     |
[INFO] [stdout] 264 |         windows_threading::submit(move || {
[INFO] [stdout]     |                            ^^^^^^ not found in `windows_threading`
[INFO] [stdout] 
[INFO] [stdout] 
[INFO] [stdout] error[E0425]: cannot find function `submit` in crate `windows_threading`
[INFO] [stdout]    --> /opt/rustwide/cargo-home/registry/src/index.crates.io-1949cf8c6b5b557f/windows-future-0.3.2/src/async_spawn.rs:281:28
[INFO] [stdout]     |
[INFO] [stdout] 281 |         windows_threading::submit(move || {
[INFO] [stdout]     |                            ^^^^^^ not found in `windows_threading`
[INFO] [stdout] 
[INFO] [stdout] 
[INFO] [stdout] error[E0425]: cannot find function `submit` in crate `windows_threading`
[INFO] [stdout]    --> /opt/rustwide/cargo-home/registry/src/index.crates.io-1949cf8c6b5b557f/windows-future-0.3.2/src/async_spawn.rs:298:28
[INFO] [stdout]     |
[INFO] [stdout] 298 |         windows_threading::submit(move || {
[INFO] [stdout]     |                            ^^^^^^ not found in `windows_threading`
[INFO] [stdout] 
[INFO] [stdout] 
[INFO] [stdout] error[E0425]: cannot find function `submit` in crate `windows_threading`
[INFO] [stdout]    --> /opt/rustwide/cargo-home/registry/src/index.crates.io-1949cf8c6b5b557f/windows-future-0.3.2/src/async_spawn.rs:315:28
[INFO] [stdout]     |
[INFO] [stdout] 315 |         windows_threading::submit(move || {
[INFO] [stdout]     |                            ^^^^^^ not found in `windows_threading`
[INFO] [stdout] 
[INFO] [stdout] 
[INFO] [stderr]     Checking icu_provider v2.1.1
[INFO] [stderr]     Checking primeorder v0.13.6
[INFO] [stderr]     Checking ecdsa v0.16.9
[INFO] [stderr]     Checking icu_properties v2.1.2
[INFO] [stderr]     Checking icu_normalizer v2.1.1
[INFO] [stdout] For more information about this error, try `rustc --explain E0425`.
[INFO] [stdout] 
[INFO] [stderr] error: could not compile `windows-future` (lib) due to 16 previous errors
[INFO] [stderr] warning: build failed, waiting for other jobs to finish...
[INFO] running `Command { std: "docker" "inspect" "de6f54b1a669e612753577ee625be5d03bcc1bc87e9f742f5c4152c610037789", kill_on_drop: false }`
[INFO] running `Command { std: "docker" "rm" "-f" "de6f54b1a669e612753577ee625be5d03bcc1bc87e9f742f5c4152c610037789", kill_on_drop: false }`
[INFO] [stdout] de6f54b1a669e612753577ee625be5d03bcc1bc87e9f742f5c4152c610037789
