[INFO] cloning repository https://github.com/wanghongyu666qiang/AskBridge
[INFO] running `Command { std: "git" "-c" "credential.helper=" "-c" "credential.helper=/workspace/cargo-home/bin/git-credential-null" "clone" "--bare" "https://github.com/wanghongyu666qiang/AskBridge" "/workspace/cache/git-repos/https%3A%2F%2Fgithub.com%2Fwanghongyu666qiang%2FAskBridge", kill_on_drop: false }`
[INFO] [stderr] Cloning into bare repository '/workspace/cache/git-repos/https%3A%2F%2Fgithub.com%2Fwanghongyu666qiang%2FAskBridge'...
[INFO] running `Command { std: "git" "rev-parse" "HEAD", kill_on_drop: false }`
[INFO] [stdout] cd272d6210173771ce32692f41de8924646ae016
[INFO] checking wanghongyu666qiang/AskBridge against 3154cc1a3e6424e44f438a95007d043ed5ceaaf6 for pr-133502-30
[INFO] running `Command { std: "git" "clone" "/workspace/cache/git-repos/https%3A%2F%2Fgithub.com%2Fwanghongyu666qiang%2FAskBridge" "/workspace/builds/worker-1-tc2/source", kill_on_drop: false }`
[INFO] [stderr] Cloning into '/workspace/builds/worker-1-tc2/source'...
[INFO] [stderr] done.
[INFO] removed /workspace/builds/worker-1-tc2/source/.cargo/config.toml
[INFO] started tweaking git repo https://github.com/wanghongyu666qiang/AskBridge
[INFO] finished tweaking git repo https://github.com/wanghongyu666qiang/AskBridge
[INFO] tweaked toml for git repo https://github.com/wanghongyu666qiang/AskBridge written to /workspace/builds/worker-1-tc2/source/Cargo.toml
[INFO] validating manifest of git repo https://github.com/wanghongyu666qiang/AskBridge on toolchain 3154cc1a3e6424e44f438a95007d043ed5ceaaf6
[INFO] running `Command { std: CARGO_HOME="/workspace/cargo-home" RUSTUP_HOME="/workspace/rustup-home" "/workspace/cargo-home/bin/cargo" "+3154cc1a3e6424e44f438a95007d043ed5ceaaf6" "metadata" "--manifest-path" "Cargo.toml" "--no-deps", kill_on_drop: false }`
[INFO] crate git repo https://github.com/wanghongyu666qiang/AskBridge already has a lockfile, it will not be regenerated
[INFO] running `Command { std: CARGO_HOME="/workspace/cargo-home" RUSTUP_HOME="/workspace/rustup-home" "/workspace/cargo-home/bin/cargo" "+3154cc1a3e6424e44f438a95007d043ed5ceaaf6" "fetch" "--manifest-path" "Cargo.toml", kill_on_drop: false }`
[INFO] running `Command { std: "docker" "create" "-v" "/var/lib/crater-agent-workspace/builds/worker-1-tc2/source:/opt/rustwide/workdir:ro,Z" "-v" "/var/lib/crater-agent-workspace/builds/worker-1-tc2/target:/opt/rustwide/target:rw,Z" "-v" "/var/lib/crater-agent-workspace/cargo-home:/opt/rustwide/cargo-home:ro,Z" "-v" "/var/lib/crater-agent-workspace/rustup-home:/opt/rustwide/rustup-home:ro,Z" "-m" "1610612736" "--network" "none" "ghcr.io/rust-lang/crates-build-env/linux@sha256:77db811e55d90add9212f6832c23229e3de5f1c1f9905e8cb07319ea15df73ac" "sleep" "infinity", kill_on_drop: false }`
[INFO] [stdout] f3019ada324ac4ed18fef80a33b60a25e78bc9213c6eb1cd4f16e271c70e4684
[INFO] running `Command { std: "docker" "start" "f3019ada324ac4ed18fef80a33b60a25e78bc9213c6eb1cd4f16e271c70e4684", kill_on_drop: false }`
[INFO] running `Command { std: "docker" "inspect" "f3019ada324ac4ed18fef80a33b60a25e78bc9213c6eb1cd4f16e271c70e4684", kill_on_drop: false }`
[INFO] running `Command { std: "docker" "exec" "-e" "SOURCE_DIR=/opt/rustwide/workdir" "-e" "CARGO_HOME=/opt/rustwide/cargo-home" "-e" "RUSTUP_HOME=/opt/rustwide/rustup-home" "-e" "CARGO_TARGET_DIR=/opt/rustwide/target" "-w" "/opt/rustwide/workdir" "--user" "0:0" "f3019ada324ac4ed18fef80a33b60a25e78bc9213c6eb1cd4f16e271c70e4684" "/opt/rustwide/cargo-home/bin/cargo" "+3154cc1a3e6424e44f438a95007d043ed5ceaaf6" "metadata" "--no-deps" "--format-version=1", kill_on_drop: false }`
[INFO] running `Command { std: "docker" "inspect" "f3019ada324ac4ed18fef80a33b60a25e78bc9213c6eb1cd4f16e271c70e4684", kill_on_drop: false }`
[INFO] running `Command { std: "docker" "exec" "-e" "SOURCE_DIR=/opt/rustwide/workdir" "-e" "CARGO_HOME=/opt/rustwide/cargo-home" "-e" "RUSTUP_HOME=/opt/rustwide/rustup-home" "-e" "CARGO_TARGET_DIR=/opt/rustwide/target" "-e" "CARGO_INCREMENTAL=0" "-e" "RUST_BACKTRACE=full" "-e" "RUSTFLAGS=--cap-lints=forbid" "-e" "RUSTDOCFLAGS=--cap-lints=forbid" "-w" "/opt/rustwide/workdir" "--user" "0:0" "f3019ada324ac4ed18fef80a33b60a25e78bc9213c6eb1cd4f16e271c70e4684" "/opt/rustwide/cargo-home/bin/cargo" "+3154cc1a3e6424e44f438a95007d043ed5ceaaf6" "check" "--frozen" "--all" "--all-targets" "--message-format=json", kill_on_drop: false }`
[INFO] [stderr]    Compiling syn v3.0.3
[INFO] [stderr]    Compiling curve25519-dalek-derive v0.1.1
[INFO] [stderr]    Compiling cookie v0.18.2
[INFO] [stderr]     Checking ppv-lite86 v0.2.21
[INFO] [stderr]     Checking time v0.3.55
[INFO] [stderr]    Compiling wry v0.56.1
[INFO] [stderr]    Compiling tracing-attributes v0.1.31
[INFO] [stderr]     Checking sha2 v0.10.9
[INFO] [stderr]     Checking tempfile v3.27.0
[INFO] [stderr]     Checking sha1 v0.10.7
[INFO] [stderr]    Compiling zip v2.4.2
[INFO] [stderr]    Compiling askbridge-win v2.0.5 (/opt/rustwide/workdir/crates/askbridge-win)
[INFO] [stderr]     Checking png v0.18.1
[INFO] [stderr]     Checking tracing-subscriber v0.3.23
[INFO] [stderr]     Checking rand_chacha v0.9.0
[INFO] [stderr]     Checking curve25519-dalek v4.1.3
[INFO] [stderr]     Checking rand v0.9.5
[INFO] [stderr]     Checking tracing v0.1.44
[INFO] [stderr]     Checking ed25519-dalek v2.2.0
[INFO] [stderr]    Compiling thiserror-impl v2.0.19
[INFO] [stderr]    Compiling serde_derive v1.0.229
[INFO] [stderr]    Compiling displaydoc v0.2.7
[INFO] [stderr]     Checking thiserror v2.0.19
[INFO] [stderr]     Checking tungstenite v0.29.0
[INFO] [stdout] error[E0433]: cannot find module or crate `gtk` in this scope
[INFO] [stdout]     --> /opt/rustwide/cargo-home/registry/src/index.crates.io-1949cf8c6b5b557f/wry-0.56.1/src/lib.rs:2041:8
[INFO] [stdout]      |
[INFO] [stdout] 2041 |     W: gtk::prelude::IsA<gtk::Container>;
[INFO] [stdout]      |        ^^^ use of unresolved module or unlinked crate `gtk`
[INFO] [stdout]      |
[INFO] [stdout]      = help: if you wanted to use a crate named `gtk`, use `cargo add gtk` to add it to your `Cargo.toml`
[INFO] [stdout] 
[INFO] [stdout] 
[INFO] [stdout] error[E0433]: cannot find module or crate `gtk` in this scope
[INFO] [stdout]     --> /opt/rustwide/cargo-home/registry/src/index.crates.io-1949cf8c6b5b557f/wry-0.56.1/src/lib.rs:2061:8
[INFO] [stdout]      |
[INFO] [stdout] 2061 |     W: gtk::prelude::IsA<gtk::Container>,
[INFO] [stdout]      |        ^^^ use of unresolved module or unlinked crate `gtk`
[INFO] [stdout]      |
[INFO] [stdout]      = help: if you wanted to use a crate named `gtk`, use `cargo add gtk` to add it to your `Cargo.toml`
[INFO] [stdout] 
[INFO] [stdout] 
[INFO] [stdout] error[E0425]: cannot find type `InnerWebView` in this scope
[INFO] [stdout]     --> /opt/rustwide/cargo-home/registry/src/index.crates.io-1949cf8c6b5b557f/wry-0.56.1/src/lib.rs:2086:12
[INFO] [stdout]      |
[INFO] [stdout] 2086 |   webview: InnerWebView,
[INFO] [stdout]      |            ^^^^^^^^^^^^ not found in this scope
[INFO] [stdout] 
[INFO] [stdout] 
[INFO] [stdout] error[E0433]: cannot find module or crate `webkit2gtk` in this scope
[INFO] [stdout]    --> /opt/rustwide/cargo-home/registry/src/index.crates.io-1949cf8c6b5b557f/wry-0.56.1/src/lib.rs:478:14
[INFO] [stdout]     |
[INFO] [stdout] 478 |     webview: webkit2gtk::WebView,
[INFO] [stdout]     |              ^^^^^^^^^^ use of unresolved module or unlinked crate `webkit2gtk`
[INFO] [stdout]     |
[INFO] [stdout]     = help: if you wanted to use a crate named `webkit2gtk`, use `cargo add webkit2gtk` to add it to your `Cargo.toml`
[INFO] [stdout] 
[INFO] [stdout] 
[INFO] [stdout] error[E0433]: cannot find module or crate `webkit2gtk` in this scope
[INFO] [stdout]    --> /opt/rustwide/cargo-home/registry/src/index.crates.io-1949cf8c6b5b557f/wry-0.56.1/src/lib.rs:501:16
[INFO] [stdout]     |
[INFO] [stdout] 501 |   pub webview: webkit2gtk::WebView,
[INFO] [stdout]     |                ^^^^^^^^^^ use of unresolved module or unlinked crate `webkit2gtk`
[INFO] [stdout]     |
[INFO] [stdout]     = help: if you wanted to use a crate named `webkit2gtk`, use `cargo add webkit2gtk` to add it to your `Cargo.toml`
[INFO] [stdout] 
[INFO] [stdout] 
[INFO] [stdout] error[E0433]: cannot find type `InnerWebView` in this scope
[INFO] [stdout]     --> /opt/rustwide/cargo-home/registry/src/index.crates.io-1949cf8c6b5b557f/wry-0.56.1/src/lib.rs:1546:5
[INFO] [stdout]      |
[INFO] [stdout] 1546 |     InnerWebView::new(window, self.attrs, self.platform_specific).map(|webview| WebView { webview })
[INFO] [stdout]      |     ^^^^^^^^^^^^ use of undeclared type `InnerWebView`
[INFO] [stdout] 
[INFO] [stdout] 
[INFO] [stdout] error[E0433]: cannot find type `InnerWebView` in this scope
[INFO] [stdout]     --> /opt/rustwide/cargo-home/registry/src/index.crates.io-1949cf8c6b5b557f/wry-0.56.1/src/lib.rs:1574:5
[INFO] [stdout]      |
[INFO] [stdout] 1574 |     InnerWebView::new_as_child(window, self.attrs, self.platform_specific)
[INFO] [stdout]      |     ^^^^^^^^^^^^ use of undeclared type `InnerWebView`
[INFO] [stdout] 
[INFO] [stdout] 
[INFO] [stdout] error[E0433]: cannot find module or crate `webkit2gtk` in this scope
[INFO] [stdout]     --> /opt/rustwide/cargo-home/registry/src/index.crates.io-1949cf8c6b5b557f/wry-0.56.1/src/lib.rs:2018:24
[INFO] [stdout]      |
[INFO] [stdout] 2018 |   related_view: Option<webkit2gtk::WebView>,
[INFO] [stdout]      |                        ^^^^^^^^^^ use of unresolved module or unlinked crate `webkit2gtk`
[INFO] [stdout]      |
[INFO] [stdout]      = help: if you wanted to use a crate named `webkit2gtk`, use `cargo add webkit2gtk` to add it to your `Cargo.toml`
[INFO] [stdout] 
[INFO] [stdout] 
[INFO] [stdout] error[E0433]: cannot find module or crate `gtk` in this scope
[INFO] [stdout]     --> /opt/rustwide/cargo-home/registry/src/index.crates.io-1949cf8c6b5b557f/wry-0.56.1/src/lib.rs:2041:26
[INFO] [stdout]      |
[INFO] [stdout] 2041 |     W: gtk::prelude::IsA<gtk::Container>;
[INFO] [stdout]      |                          ^^^ use of unresolved module or unlinked crate `gtk`
[INFO] [stdout]      |
[INFO] [stdout]      = help: if you wanted to use a crate named `gtk`, use `cargo add gtk` to add it to your `Cargo.toml`
[INFO] [stdout] 
[INFO] [stdout] 
[INFO] [stdout] error[E0433]: cannot find module or crate `webkit2gtk` in this scope
[INFO] [stdout]     --> /opt/rustwide/cargo-home/registry/src/index.crates.io-1949cf8c6b5b557f/wry-0.56.1/src/lib.rs:2048:39
[INFO] [stdout]      |
[INFO] [stdout] 2048 |   fn with_related_view(self, webview: webkit2gtk::WebView) -> Self;
[INFO] [stdout]      |                                       ^^^^^^^^^^ use of unresolved module or unlinked crate `webkit2gtk`
[INFO] [stdout]      |
[INFO] [stdout]      = help: if you wanted to use a crate named `webkit2gtk`, use `cargo add webkit2gtk` to add it to your `Cargo.toml`
[INFO] [stdout] 
[INFO] [stdout] 
[INFO] [stdout] error[E0433]: cannot find module or crate `gtk` in this scope
[INFO] [stdout]     --> /opt/rustwide/cargo-home/registry/src/index.crates.io-1949cf8c6b5b557f/wry-0.56.1/src/lib.rs:2061:26
[INFO] [stdout]      |
[INFO] [stdout] 2061 |     W: gtk::prelude::IsA<gtk::Container>,
[INFO] [stdout]      |                          ^^^ use of unresolved module or unlinked crate `gtk`
[INFO] [stdout]      |
[INFO] [stdout]      = help: if you wanted to use a crate named `gtk`, use `cargo add gtk` to add it to your `Cargo.toml`
[INFO] [stdout] 
[INFO] [stdout] 
[INFO] [stdout] error[E0433]: cannot find type `InnerWebView` in this scope
[INFO] [stdout]     --> /opt/rustwide/cargo-home/registry/src/index.crates.io-1949cf8c6b5b557f/wry-0.56.1/src/lib.rs:2065:5
[INFO] [stdout]      |
[INFO] [stdout] 2065 |     InnerWebView::new_gtk(widget, self.attrs, self.platform_specific)
[INFO] [stdout]      |     ^^^^^^^^^^^^ use of undeclared type `InnerWebView`
[INFO] [stdout] 
[INFO] [stdout] 
[INFO] [stdout] error[E0433]: cannot find module or crate `webkit2gtk` in this scope
[INFO] [stdout]     --> /opt/rustwide/cargo-home/registry/src/index.crates.io-1949cf8c6b5b557f/wry-0.56.1/src/lib.rs:2074:43
[INFO] [stdout]      |
[INFO] [stdout] 2074 |   fn with_related_view(mut self, webview: webkit2gtk::WebView) -> Self {
[INFO] [stdout]      |                                           ^^^^^^^^^^ use of unresolved module or unlinked crate `webkit2gtk`
[INFO] [stdout]      |
[INFO] [stdout]      = help: if you wanted to use a crate named `webkit2gtk`, use `cargo add webkit2gtk` to add it to your `Cargo.toml`
[INFO] [stdout] 
[INFO] [stdout] 
[INFO] [stdout] Some errors have detailed explanations: E0425, E0433.
[INFO] [stdout] 
[INFO] [stdout] For more information about an error, try `rustc --explain E0425`.
[INFO] [stdout] 
[INFO] [stderr] error: could not compile `wry` (lib) due to 13 previous errors
[INFO] [stderr] warning: build failed, waiting for other jobs to finish...
[INFO] running `Command { std: "docker" "inspect" "f3019ada324ac4ed18fef80a33b60a25e78bc9213c6eb1cd4f16e271c70e4684", kill_on_drop: false }`
[INFO] running `Command { std: "docker" "rm" "-f" "f3019ada324ac4ed18fef80a33b60a25e78bc9213c6eb1cd4f16e271c70e4684", kill_on_drop: false }`
[INFO] [stdout] f3019ada324ac4ed18fef80a33b60a25e78bc9213c6eb1cd4f16e271c70e4684
