[INFO] cloning repository https://github.com/wang200507/desktop-organizer
[INFO] running `Command { std: "git" "-c" "credential.helper=" "-c" "credential.helper=/workspace/cargo-home/bin/git-credential-null" "clone" "--bare" "https://github.com/wang200507/desktop-organizer" "/workspace/cache/git-repos/https%3A%2F%2Fgithub.com%2Fwang200507%2Fdesktop-organizer", kill_on_drop: false }`
[INFO] [stderr] Cloning into bare repository '/workspace/cache/git-repos/https%3A%2F%2Fgithub.com%2Fwang200507%2Fdesktop-organizer'...
[INFO] running `Command { std: "git" "rev-parse" "HEAD", kill_on_drop: false }`
[INFO] [stdout] a674964ede51600673ff6c9470547ead59da3deb
[INFO] checking wang200507/desktop-organizer against 3154cc1a3e6424e44f438a95007d043ed5ceaaf6 for pr-133502-30
[INFO] running `Command { std: "git" "clone" "/workspace/cache/git-repos/https%3A%2F%2Fgithub.com%2Fwang200507%2Fdesktop-organizer" "/workspace/builds/worker-4-tc2/source", kill_on_drop: false }`
[INFO] [stderr] Cloning into '/workspace/builds/worker-4-tc2/source'...
[INFO] [stderr] done.
[INFO] started tweaking git repo https://github.com/wang200507/desktop-organizer
[INFO] finished tweaking git repo https://github.com/wang200507/desktop-organizer
[INFO] tweaked toml for git repo https://github.com/wang200507/desktop-organizer written to /workspace/builds/worker-4-tc2/source/Cargo.toml
[INFO] validating manifest of git repo https://github.com/wang200507/desktop-organizer on toolchain 3154cc1a3e6424e44f438a95007d043ed5ceaaf6
[INFO] running `Command { std: CARGO_HOME="/workspace/cargo-home" RUSTUP_HOME="/workspace/rustup-home" "/workspace/cargo-home/bin/cargo" "+3154cc1a3e6424e44f438a95007d043ed5ceaaf6" "metadata" "--manifest-path" "Cargo.toml" "--no-deps", kill_on_drop: false }`
[INFO] crate git repo https://github.com/wang200507/desktop-organizer already has a lockfile, it will not be regenerated
[INFO] running `Command { std: CARGO_HOME="/workspace/cargo-home" RUSTUP_HOME="/workspace/rustup-home" "/workspace/cargo-home/bin/cargo" "+3154cc1a3e6424e44f438a95007d043ed5ceaaf6" "fetch" "--manifest-path" "Cargo.toml", kill_on_drop: false }`
[INFO] running `Command { std: "docker" "create" "-v" "/var/lib/crater-agent-workspace/builds/worker-4-tc2/source:/opt/rustwide/workdir:ro,Z" "-v" "/var/lib/crater-agent-workspace/builds/worker-4-tc2/target:/opt/rustwide/target:rw,Z" "-v" "/var/lib/crater-agent-workspace/cargo-home:/opt/rustwide/cargo-home:ro,Z" "-v" "/var/lib/crater-agent-workspace/rustup-home:/opt/rustwide/rustup-home:ro,Z" "-m" "1610612736" "--network" "none" "ghcr.io/rust-lang/crates-build-env/linux@sha256:77db811e55d90add9212f6832c23229e3de5f1c1f9905e8cb07319ea15df73ac" "sleep" "infinity", kill_on_drop: false }`
[INFO] [stdout] 6733af9cad629fca94211545bea57fe54fc3eb693b52e345b340088bd4b4ede4
[INFO] running `Command { std: "docker" "start" "6733af9cad629fca94211545bea57fe54fc3eb693b52e345b340088bd4b4ede4", kill_on_drop: false }`
[INFO] running `Command { std: "docker" "inspect" "6733af9cad629fca94211545bea57fe54fc3eb693b52e345b340088bd4b4ede4", kill_on_drop: false }`
[INFO] running `Command { std: "docker" "exec" "-e" "SOURCE_DIR=/opt/rustwide/workdir" "-e" "CARGO_HOME=/opt/rustwide/cargo-home" "-e" "RUSTUP_HOME=/opt/rustwide/rustup-home" "-e" "CARGO_TARGET_DIR=/opt/rustwide/target" "-w" "/opt/rustwide/workdir" "--user" "0:0" "6733af9cad629fca94211545bea57fe54fc3eb693b52e345b340088bd4b4ede4" "/opt/rustwide/cargo-home/bin/cargo" "+3154cc1a3e6424e44f438a95007d043ed5ceaaf6" "metadata" "--no-deps" "--format-version=1", kill_on_drop: false }`
[INFO] running `Command { std: "docker" "inspect" "6733af9cad629fca94211545bea57fe54fc3eb693b52e345b340088bd4b4ede4", kill_on_drop: false }`
[INFO] running `Command { std: "docker" "exec" "-e" "SOURCE_DIR=/opt/rustwide/workdir" "-e" "CARGO_HOME=/opt/rustwide/cargo-home" "-e" "RUSTUP_HOME=/opt/rustwide/rustup-home" "-e" "CARGO_TARGET_DIR=/opt/rustwide/target" "-e" "CARGO_INCREMENTAL=0" "-e" "RUST_BACKTRACE=full" "-e" "RUSTFLAGS=--cap-lints=forbid" "-e" "RUSTDOCFLAGS=--cap-lints=forbid" "-w" "/opt/rustwide/workdir" "--user" "0:0" "6733af9cad629fca94211545bea57fe54fc3eb693b52e345b340088bd4b4ede4" "/opt/rustwide/cargo-home/bin/cargo" "+3154cc1a3e6424e44f438a95007d043ed5ceaaf6" "check" "--frozen" "--all" "--all-targets" "--message-format=json", kill_on_drop: false }`
[INFO] [stderr]    Compiling windows_x86_64_gnu v0.53.1
[INFO] [stderr]     Checking windows-link v0.1.3
[INFO] [stderr]     Checking memchr v2.8.3
[INFO] [stderr]    Compiling syn v2.0.119
[INFO] [stderr]    Compiling syn v3.0.4
[INFO] [stderr]     Checking windows-result v0.3.4
[INFO] [stderr]     Checking windows-strings v0.3.1
[INFO] [stderr]     Checking windows-targets v0.53.5
[INFO] [stderr]     Checking serde_json v1.0.151
[INFO] [stderr]    Compiling serde_derive v1.0.229
[INFO] [stderr]    Compiling windows-interface v0.59.3
[INFO] [stderr]    Compiling windows-implement v0.59.0
[INFO] [stderr]     Checking windows-core v0.59.0
[INFO] [stderr]     Checking windows v0.59.0
[INFO] [stderr]     Checking serde v1.0.229
[INFO] [stderr]     Checking desktop-organizer v0.4.7 (/opt/rustwide/workdir)
[INFO] [stdout] error[E0433]: cannot find `Win32` in `windows`
[INFO] [stdout]  --> src/renderer.rs:2:14
[INFO] [stdout]   |
[INFO] [stdout] 2 | use windows::Win32::Foundation::*;
[INFO] [stdout]   |              ^^^^^ could not find `Win32` in `windows`
[INFO] [stdout] 
[INFO] [stdout] 
[INFO] [stdout] error[E0433]: cannot find `Win32` in `windows`
[INFO] [stdout]  --> src/renderer.rs:3:14
[INFO] [stdout]   |
[INFO] [stdout] 3 | use windows::Win32::Graphics::Gdi::*;
[INFO] [stdout]   |              ^^^^^ could not find `Win32` in `windows`
[INFO] [stdout] 
[INFO] [stdout] 
[INFO] [stdout] error[E0433]: cannot find `Win32` in `windows`
[INFO] [stdout]  --> src/renderer.rs:4:14
[INFO] [stdout]   |
[INFO] [stdout] 4 | use windows::Win32::UI::WindowsAndMessaging::*;
[INFO] [stdout]   |              ^^^^^ could not find `Win32` in `windows`
[INFO] [stdout] 
[INFO] [stdout] 
[INFO] [stdout] error[E0432]: unresolved import `windows::core`
[INFO] [stdout]  --> src/renderer.rs:1:14
[INFO] [stdout]   |
[INFO] [stdout] 1 | use windows::core::*;
[INFO] [stdout]   |              ^^^^ could not find `core` in `windows`
[INFO] [stdout] 
[INFO] [stdout] 
[INFO] [stdout] error[E0433]: cannot find `Win32` in `windows`
[INFO] [stdout]  --> src/scanner.rs:3:14
[INFO] [stdout]   |
[INFO] [stdout] 3 | use windows::Win32::Storage::FileSystem::{FILE_FLAGS_AND_ATTRIBUTES, WIN32_FIND_DATAW};
[INFO] [stdout]   |              ^^^^^ could not find `Win32` in `windows`
[INFO] [stdout] 
[INFO] [stdout] 
[INFO] [stdout] error[E0433]: cannot find `Win32` in `windows`
[INFO] [stdout]  --> src/scanner.rs:4:14
[INFO] [stdout]   |
[INFO] [stdout] 4 | use windows::Win32::System::Com::{CoCreateInstance, CLSCTX_INPROC_SERVER, IPersistFile, STGM};
[INFO] [stdout]   |              ^^^^^ could not find `Win32` in `windows`
[INFO] [stdout] 
[INFO] [stdout] 
[INFO] [stdout] error[E0433]: cannot find `Win32` in `windows`
[INFO] [stdout]  --> src/scanner.rs:5:14
[INFO] [stdout]   |
[INFO] [stdout] 5 | use windows::Win32::UI::Shell::{
[INFO] [stdout]   |              ^^^^^ could not find `Win32` in `windows`
[INFO] [stdout] 
[INFO] [stdout] 
[INFO] [stdout] error[E0433]: cannot find `Win32` in `windows`
[INFO] [stdout]  --> src/scanner.rs:8:14
[INFO] [stdout]   |
[INFO] [stdout] 8 | use windows::Win32::UI::WindowsAndMessaging::HICON;
[INFO] [stdout]   |              ^^^^^ could not find `Win32` in `windows`
[INFO] [stdout] 
[INFO] [stdout] 
[INFO] [stdout] error[E0433]: cannot find `Win32` in `windows`
[INFO] [stdout]  --> src/main.rs:8:14
[INFO] [stdout]   |
[INFO] [stdout] 8 | use windows::Win32::Foundation::*;
[INFO] [stdout]   |              ^^^^^ could not find `Win32` in `windows`
[INFO] [stdout] 
[INFO] [stdout] 
[INFO] [stdout] error[E0433]: cannot find `Win32` in `windows`
[INFO] [stdout]  --> src/main.rs:9:14
[INFO] [stdout]   |
[INFO] [stdout] 9 | use windows::Win32::Graphics::Gdi::*;
[INFO] [stdout]   |              ^^^^^ could not find `Win32` in `windows`
[INFO] [stdout] 
[INFO] [stdout] 
[INFO] [stdout] error[E0433]: cannot find `Win32` in `windows`
[INFO] [stdout]   --> src/main.rs:10:14
[INFO] [stdout]    |
[INFO] [stdout] 10 | use windows::Win32::Storage::FileSystem::{MoveFileExW, MOVEFILE_DELAY_UNTIL_REBOOT};
[INFO] [stdout]    |              ^^^^^ could not find `Win32` in `windows`
[INFO] [stdout] 
[INFO] [stdout] 
[INFO] [stdout] error[E0433]: cannot find `Win32` in `windows`
[INFO] [stdout]   --> src/main.rs:11:14
[INFO] [stdout]    |
[INFO] [stdout] 11 | use windows::Win32::System::Com::*;
[INFO] [stdout]    |              ^^^^^ could not find `Win32` in `windows`
[INFO] [stdout] 
[INFO] [stdout] 
[INFO] [stdout] error[E0433]: cannot find `Win32` in `windows`
[INFO] [stdout]   --> src/main.rs:12:14
[INFO] [stdout]    |
[INFO] [stdout] 12 | use windows::Win32::System::LibraryLoader::*;
[INFO] [stdout]    |              ^^^^^ could not find `Win32` in `windows`
[INFO] [stdout] 
[INFO] [stdout] 
[INFO] [stdout] error[E0433]: cannot find `Win32` in `windows`
[INFO] [stdout]   --> src/main.rs:13:14
[INFO] [stdout]    |
[INFO] [stdout] 13 | use windows::Win32::System::Registry::{
[INFO] [stdout]    |              ^^^^^ could not find `Win32` in `windows`
[INFO] [stdout] 
[INFO] [stdout] 
[INFO] [stdout] error[E0433]: cannot find `Win32` in `windows`
[INFO] [stdout]   --> src/main.rs:17:14
[INFO] [stdout]    |
[INFO] [stdout] 17 | use windows::Win32::System::Threading::{
[INFO] [stdout]    |              ^^^^^ could not find `Win32` in `windows`
[INFO] [stdout] 
[INFO] [stdout] 
[INFO] [stdout] error[E0433]: cannot find `Win32` in `windows`
[INFO] [stdout]   --> src/main.rs:21:14
[INFO] [stdout]    |
[INFO] [stdout] 21 | use windows::Win32::UI::Input::KeyboardAndMouse::GetDoubleClickTime;
[INFO] [stdout]    |              ^^^^^ could not find `Win32` in `windows`
[INFO] [stdout] 
[INFO] [stdout] 
[INFO] [stdout] error[E0433]: cannot find `Win32` in `windows`
[INFO] [stdout]   --> src/main.rs:22:14
[INFO] [stdout]    |
[INFO] [stdout] 22 | use windows::Win32::UI::Controls::EM_SETSEL;
[INFO] [stdout]    |              ^^^^^ could not find `Win32` in `windows`
[INFO] [stdout] 
[INFO] [stdout] 
[INFO] [stdout] error[E0433]: cannot find `Win32` in `windows`
[INFO] [stdout]   --> src/main.rs:23:14
[INFO] [stdout]    |
[INFO] [stdout] 23 | use windows::Win32::UI::Controls::Dialogs::{ChooseColorW, CHOOSECOLORW, CC_FULLOPEN, CC_RGBINIT};
[INFO] [stdout]    |              ^^^^^ could not find `Win32` in `windows`
[INFO] [stdout] 
[INFO] [stdout] 
[INFO] [stdout] error[E0433]: cannot find `Win32` in `windows`
[INFO] [stdout]   --> src/main.rs:24:14
[INFO] [stdout]    |
[INFO] [stdout] 24 | use windows::Win32::UI::WindowsAndMessaging::{
[INFO] [stdout]    |              ^^^^^ could not find `Win32` in `windows`
[INFO] [stdout] 
[INFO] [stdout] 
[INFO] [stdout] error[E0433]: cannot find `Win32` in `windows`
[INFO] [stdout]   --> src/main.rs:27:14
[INFO] [stdout]    |
[INFO] [stdout] 27 | use windows::Win32::UI::Shell::ShellExecuteW;
[INFO] [stdout]    |              ^^^^^ could not find `Win32` in `windows`
[INFO] [stdout] 
[INFO] [stdout] 
[INFO] [stdout] error[E0433]: cannot find `Win32` in `windows`
[INFO] [stdout]   --> src/main.rs:28:14
[INFO] [stdout]    |
[INFO] [stdout] 28 | use windows::Win32::UI::WindowsAndMessaging::*;
[INFO] [stdout]    |              ^^^^^ could not find `Win32` in `windows`
[INFO] [stdout] 
[INFO] [stdout] 
[INFO] [stdout] error[E0432]: unresolved import `windows::core`
[INFO] [stdout]  --> src/scanner.rs:2:14
[INFO] [stdout]   |
[INFO] [stdout] 2 | use windows::core::PCWSTR;
[INFO] [stdout]   |              ^^^^ could not find `core` in `windows`
[INFO] [stdout] 
[INFO] [stdout] 
[INFO] [stdout] error[E0433]: cannot find `windows` in `os`
[INFO] [stdout]    --> src/main.rs:553:22
[INFO] [stdout]     |
[INFO] [stdout] 553 |         use std::os::windows::process::CommandExt;
[INFO] [stdout]     |                      ^^^^^^^ could not find `windows` in `os`
[INFO] [stdout]     |
[INFO] [stdout] note: found an item that was configured out
[INFO] [stdout]    --> /rustc/3154cc1a3e6424e44f438a95007d043ed5ceaaf6/library/std/src/os/mod.rs:62:4
[INFO] [stdout]     |
[INFO] [stdout]     = note: the item is gated behind the `windows` feature
[INFO] [stdout] 
[INFO] [stdout] 
[INFO] [stdout] error[E0432]: unresolved import `windows::core`
[INFO] [stdout]   --> src/main.rs:29:14
[INFO] [stdout]    |
[INFO] [stdout] 29 | use windows::core::*;
[INFO] [stdout]    |              ^^^^ could not find `core` in `windows`
[INFO] [stdout] 
[INFO] [stdout] 
[INFO] [stdout] error: cannot find macro `w` in this scope
[INFO] [stdout]   --> src/renderer.rs:32:13
[INFO] [stdout]    |
[INFO] [stdout] 32 |             w!("Microsoft YaHei"),
[INFO] [stdout]    |             ^
[INFO] [stdout] 
[INFO] [stdout] 
[INFO] [stdout] error: cannot find macro `w` in this scope
[INFO] [stdout]    --> src/main.rs:175:42
[INFO] [stdout]     |
[INFO] [stdout] 175 |         if let Ok(progman) = FindWindowW(w!("Progman"), None) {
[INFO] [stdout]     |                                          ^
[INFO] [stdout] 
[INFO] [stdout] 
[INFO] [stdout] error: cannot find macro `w` in this scope
[INFO] [stdout]    --> src/main.rs:177:68
[INFO] [stdout]     |
[INFO] [stdout] 177 |                 if let Ok(dv) = FindWindowExW(Some(progman), None, w!("SHELLDLL_DefView"), None) {
[INFO] [stdout]     |                                                                    ^
[INFO] [stdout] 
[INFO] [stdout] 
[INFO] [stdout] error: cannot find macro `w` in this scope
[INFO] [stdout]    --> src/main.rs:188:61
[INFO] [stdout]     |
[INFO] [stdout] 188 |             if let Ok(dv) = FindWindowExW(Some(hwnd), None, w!("SHELLDLL_DefView"), None) {
[INFO] [stdout]     |                                                             ^
[INFO] [stdout] 
[INFO] [stdout] 
[INFO] [stdout] error: cannot find macro `w` in this scope
[INFO] [stdout]    --> src/main.rs:230:24
[INFO] [stdout]     |
[INFO] [stdout] 230 |         let key_path = w!("Software\\Microsoft\\Windows\\CurrentVersion\\Run");
[INFO] [stdout]     |                        ^
[INFO] [stdout] 
[INFO] [stdout] 
[INFO] [stdout] error: cannot find macro `w` in this scope
[INFO] [stdout]    --> src/main.rs:233:24
[INFO] [stdout]     |
[INFO] [stdout] 233 |             let name = w!("DesktopOrganizer");
[INFO] [stdout]     |                        ^
[INFO] [stdout] 
[INFO] [stdout] 
[INFO] [stdout] error: cannot find macro `w` in this scope
[INFO] [stdout]    --> src/main.rs:247:24
[INFO] [stdout]     |
[INFO] [stdout] 247 |         let key_path = w!("Software\\Microsoft\\Windows\\CurrentVersion\\Run");
[INFO] [stdout]     |                        ^
[INFO] [stdout] 
[INFO] [stdout] 
[INFO] [stdout] error: cannot find macro `w` in this scope
[INFO] [stdout]    --> src/main.rs:253:20
[INFO] [stdout]     |
[INFO] [stdout] 253 |         let name = w!("DesktopOrganizer");
[INFO] [stdout]     |                    ^
[INFO] [stdout] 
[INFO] [stdout] 
[INFO] [stdout] error: cannot find macro `w` in this scope
[INFO] [stdout]    --> src/main.rs:380:74
[INFO] [stdout]     |
[INFO] [stdout] 380 |                 if let Ok(listview) = FindWindowExW(Some(defview), None, w!("SysListView32"), None) {
[INFO] [stdout]     |                                                                          ^
[INFO] [stdout] 
[INFO] [stdout] 
[INFO] [stdout] error: cannot find macro `w` in this scope
[INFO] [stdout]    --> src/main.rs:394:54
[INFO] [stdout]     |
[INFO] [stdout] 394 |     let _single = unsafe { CreateMutexW(None, false, w!("DeskOrg::SingleInstance")) };
[INFO] [stdout]     |                                                      ^
[INFO] [stdout] 
[INFO] [stdout] 
[INFO] [stdout] error: cannot find macro `w` in this scope
[INFO] [stdout]    --> src/main.rs:430:22
[INFO] [stdout]     |
[INFO] [stdout] 430 |     let class_name = w!("DeskOrgWnd");
[INFO] [stdout]     |                      ^
[INFO] [stdout] 
[INFO] [stdout] 
[INFO] [stdout] error: cannot find macro `w` in this scope
[INFO] [stdout]    --> src/main.rs:445:26
[INFO] [stdout]     |
[INFO] [stdout] 445 |     let settings_class = w!("DeskOrgSettings");
[INFO] [stdout]     |                          ^
[INFO] [stdout] 
[INFO] [stdout] 
[INFO] [stdout] error[E0433]: cannot find `Win32` in `windows`
[INFO] [stdout]  --> src/renderer.rs:2:14
[INFO] [stdout]   |
[INFO] [stdout] 2 | use windows::Win32::Foundation::*;
[INFO] [stdout]   |              ^^^^^ could not find `Win32` in `windows`
[INFO] [stdout] 
[INFO] [stdout] 
[INFO] [stdout] error[E0433]: cannot find `Win32` in `windows`
[INFO] [stdout]  --> src/renderer.rs:3:14
[INFO] [stdout]   |
[INFO] [stdout] 3 | use windows::Win32::Graphics::Gdi::*;
[INFO] [stdout]   |              ^^^^^ could not find `Win32` in `windows`
[INFO] [stdout] 
[INFO] [stdout] 
[INFO] [stdout] error[E0433]: cannot find `Win32` in `windows`
[INFO] [stdout]  --> src/renderer.rs:4:14
[INFO] [stdout]   |
[INFO] [stdout] 4 | use windows::Win32::UI::WindowsAndMessaging::*;
[INFO] [stdout]   |              ^^^^^ could not find `Win32` in `windows`
[INFO] [stdout] 
[INFO] [stdout] 
[INFO] [stdout] error[E0432]: unresolved import `windows::core`
[INFO] [stdout]  --> src/renderer.rs:1:14
[INFO] [stdout]   |
[INFO] [stdout] 1 | use windows::core::*;
[INFO] [stdout]   |              ^^^^ could not find `core` in `windows`
[INFO] [stdout] 
[INFO] [stdout] 
[INFO] [stdout] error[E0433]: cannot find `Win32` in `windows`
[INFO] [stdout]  --> src/scanner.rs:3:14
[INFO] [stdout]   |
[INFO] [stdout] 3 | use windows::Win32::Storage::FileSystem::{FILE_FLAGS_AND_ATTRIBUTES, WIN32_FIND_DATAW};
[INFO] [stdout]   |              ^^^^^ could not find `Win32` in `windows`
[INFO] [stdout] 
[INFO] [stdout] 
[INFO] [stdout] error[E0433]: cannot find `Win32` in `windows`
[INFO] [stdout]  --> src/scanner.rs:4:14
[INFO] [stdout]   |
[INFO] [stdout] 4 | use windows::Win32::System::Com::{CoCreateInstance, CLSCTX_INPROC_SERVER, IPersistFile, STGM};
[INFO] [stdout]   |              ^^^^^ could not find `Win32` in `windows`
[INFO] [stdout] 
[INFO] [stdout] 
[INFO] [stdout] error[E0433]: cannot find `Win32` in `windows`
[INFO] [stdout]  --> src/scanner.rs:5:14
[INFO] [stdout]   |
[INFO] [stdout] 5 | use windows::Win32::UI::Shell::{
[INFO] [stdout]   |              ^^^^^ could not find `Win32` in `windows`
[INFO] [stdout] 
[INFO] [stdout] 
[INFO] [stdout] error: cannot find macro `w` in this scope
[INFO] [stdout]    --> src/main.rs:460:24
[INFO] [stdout]     |
[INFO] [stdout] 460 |     let helper_class = w!("DeskOrgHelper");
[INFO] [stdout]     |                        ^
[INFO] [stdout] 
[INFO] [stdout] 
[INFO] [stdout] error[E0433]: cannot find `Win32` in `windows`
[INFO] [stdout]  --> src/scanner.rs:8:14
[INFO] [stdout]   |
[INFO] [stdout] 8 | use windows::Win32::UI::WindowsAndMessaging::HICON;
[INFO] [stdout]   |              ^^^^^ could not find `Win32` in `windows`
[INFO] [stdout] 
[INFO] [stdout] 
[INFO] [stdout] error[E0433]: cannot find `Win32` in `windows`
[INFO] [stdout]  --> src/main.rs:8:14
[INFO] [stdout]   |
[INFO] [stdout] 8 | use windows::Win32::Foundation::*;
[INFO] [stdout]   |              ^^^^^ could not find `Win32` in `windows`
[INFO] [stdout] 
[INFO] [stdout] 
[INFO] [stdout] error[E0433]: cannot find `Win32` in `windows`
[INFO] [stdout]  --> src/main.rs:9:14
[INFO] [stdout]   |
[INFO] [stdout] 9 | use windows::Win32::Graphics::Gdi::*;
[INFO] [stdout]   |              ^^^^^ could not find `Win32` in `windows`
[INFO] [stdout] 
[INFO] [stdout] 
[INFO] [stdout] error[E0433]: cannot find `Win32` in `windows`
[INFO] [stdout]   --> src/main.rs:10:14
[INFO] [stdout]    |
[INFO] [stdout] 10 | use windows::Win32::Storage::FileSystem::{MoveFileExW, MOVEFILE_DELAY_UNTIL_REBOOT};
[INFO] [stdout]    |              ^^^^^ could not find `Win32` in `windows`
[INFO] [stdout] 
[INFO] [stdout] 
[INFO] [stdout] error[E0433]: cannot find `Win32` in `windows`
[INFO] [stdout]   --> src/main.rs:11:14
[INFO] [stdout]    |
[INFO] [stdout] 11 | use windows::Win32::System::Com::*;
[INFO] [stdout]    |              ^^^^^ could not find `Win32` in `windows`
[INFO] [stdout] 
[INFO] [stdout] 
[INFO] [stdout] error[E0433]: cannot find `Win32` in `windows`
[INFO] [stdout]   --> src/main.rs:12:14
[INFO] [stdout]    |
[INFO] [stdout] 12 | use windows::Win32::System::LibraryLoader::*;
[INFO] [stdout]    |              ^^^^^ could not find `Win32` in `windows`
[INFO] [stdout] 
[INFO] [stdout] 
[INFO] [stdout] error[E0433]: cannot find `Win32` in `windows`
[INFO] [stdout]   --> src/main.rs:13:14
[INFO] [stdout]    |
[INFO] [stdout] 13 | use windows::Win32::System::Registry::{
[INFO] [stdout]    |              ^^^^^ could not find `Win32` in `windows`
[INFO] [stdout] 
[INFO] [stdout] 
[INFO] [stdout] error[E0433]: cannot find `Win32` in `windows`
[INFO] [stdout]   --> src/main.rs:17:14
[INFO] [stdout]    |
[INFO] [stdout] 17 | use windows::Win32::System::Threading::{
[INFO] [stdout]    |              ^^^^^ could not find `Win32` in `windows`
[INFO] [stdout] 
[INFO] [stdout] 
[INFO] [stdout] error[E0433]: cannot find `Win32` in `windows`
[INFO] [stdout]   --> src/main.rs:21:14
[INFO] [stdout]    |
[INFO] [stdout] 21 | use windows::Win32::UI::Input::KeyboardAndMouse::GetDoubleClickTime;
[INFO] [stdout]    |              ^^^^^ could not find `Win32` in `windows`
[INFO] [stdout] 
[INFO] [stdout] 
[INFO] [stdout] error[E0433]: cannot find `Win32` in `windows`
[INFO] [stdout]   --> src/main.rs:22:14
[INFO] [stdout]    |
[INFO] [stdout] 22 | use windows::Win32::UI::Controls::EM_SETSEL;
[INFO] [stdout]    |              ^^^^^ could not find `Win32` in `windows`
[INFO] [stdout] 
[INFO] [stdout] 
[INFO] [stdout] error[E0433]: cannot find `Win32` in `windows`
[INFO] [stdout]   --> src/main.rs:23:14
[INFO] [stdout]    |
[INFO] [stdout] 23 | use windows::Win32::UI::Controls::Dialogs::{ChooseColorW, CHOOSECOLORW, CC_FULLOPEN, CC_RGBINIT};
[INFO] [stdout]    |              ^^^^^ could not find `Win32` in `windows`
[INFO] [stdout] 
[INFO] [stdout] 
[INFO] [stdout] error[E0433]: cannot find `Win32` in `windows`
[INFO] [stdout]   --> src/main.rs:24:14
[INFO] [stdout]    |
[INFO] [stdout] 24 | use windows::Win32::UI::WindowsAndMessaging::{
[INFO] [stdout]    |              ^^^^^ could not find `Win32` in `windows`
[INFO] [stdout] 
[INFO] [stdout] 
[INFO] [stdout] error[E0433]: cannot find `Win32` in `windows`
[INFO] [stdout]   --> src/main.rs:27:14
[INFO] [stdout]    |
[INFO] [stdout] 27 | use windows::Win32::UI::Shell::ShellExecuteW;
[INFO] [stdout]    |              ^^^^^ could not find `Win32` in `windows`
[INFO] [stdout] 
[INFO] [stdout] 
[INFO] [stdout] error[E0433]: cannot find `Win32` in `windows`
[INFO] [stdout]   --> src/main.rs:28:14
[INFO] [stdout]    |
[INFO] [stdout] 28 | use windows::Win32::UI::WindowsAndMessaging::*;
[INFO] [stdout]    |              ^^^^^ could not find `Win32` in `windows`
[INFO] [stdout] 
[INFO] [stdout] 
[INFO] [stdout] error[E0432]: unresolved import `windows::core`
[INFO] [stdout]  --> src/scanner.rs:2:14
[INFO] [stdout]   |
[INFO] [stdout] 2 | use windows::core::PCWSTR;
[INFO] [stdout]   |              ^^^^ could not find `core` in `windows`
[INFO] [stdout] 
[INFO] [stdout] 
[INFO] [stdout] error[E0433]: cannot find `windows` in `os`
[INFO] [stdout]    --> src/main.rs:553:22
[INFO] [stdout]     |
[INFO] [stdout] 553 |         use std::os::windows::process::CommandExt;
[INFO] [stdout]     |                      ^^^^^^^ could not find `windows` in `os`
[INFO] [stdout]     |
[INFO] [stdout] note: found an item that was configured out
[INFO] [stdout]    --> /rustc/3154cc1a3e6424e44f438a95007d043ed5ceaaf6/library/std/src/os/mod.rs:62:4
[INFO] [stdout]     |
[INFO] [stdout]     = note: the item is gated behind the `windows` feature
[INFO] [stdout] 
[INFO] [stdout] 
[INFO] [stdout] error[E0432]: unresolved import `windows::core`
[INFO] [stdout]   --> src/main.rs:29:14
[INFO] [stdout]    |
[INFO] [stdout] 29 | use windows::core::*;
[INFO] [stdout]    |              ^^^^ could not find `core` in `windows`
[INFO] [stdout] 
[INFO] [stdout] 
[INFO] [stdout] error: cannot find macro `w` in this scope
[INFO] [stdout]    --> src/main.rs:475:13
[INFO] [stdout]     |
[INFO] [stdout] 475 |             w!(""),
[INFO] [stdout]     |             ^
[INFO] [stdout] 
[INFO] [stdout] 
[INFO] [stdout] error: cannot find macro `w` in this scope
[INFO] [stdout]    --> src/main.rs:497:13
[INFO] [stdout]     |
[INFO] [stdout] 497 |             w!("桌面图标整理"),
[INFO] [stdout]     |             ^
[INFO] [stdout] 
[INFO] [stdout] 
[INFO] [stdout] error: cannot find macro `w` in this scope
[INFO] [stdout]    --> src/main.rs:517:42
[INFO] [stdout]     |
[INFO] [stdout] 517 |         if let Ok(progman) = FindWindowW(w!("Progman"), None) {
[INFO] [stdout]     |                                          ^
[INFO] [stdout] 
[INFO] [stdout] 
[INFO] [stdout] error: cannot find macro `w` in this scope
[INFO] [stdout]    --> src/main.rs:529:54
[INFO] [stdout]     |
[INFO] [stdout] 529 |             match FindWindowExW(Some(defview), None, w!("SysListView32"), None) {
[INFO] [stdout]     |                                                      ^
[INFO] [stdout] 
[INFO] [stdout] 
[INFO] [stdout] error: cannot find macro `w` in this scope
[INFO] [stdout]    --> src/main.rs:680:41
[INFO] [stdout]     |
[INFO] [stdout] 680 | ...                   w!("open"),
[INFO] [stdout]     |                       ^
[INFO] [stdout] 
[INFO] [stdout] 
[INFO] [stdout] error: cannot find macro `w` in this scope
[INFO] [stdout]    --> src/main.rs:777:37
[INFO] [stdout]     |
[INFO] [stdout] 777 | ...                   w!("DeskOrgSettings"),
[INFO] [stdout]     |                       ^
[INFO] [stdout] 
[INFO] [stdout] 
[INFO] [stdout] error: cannot find macro `w` in this scope
[INFO] [stdout]    --> src/main.rs:778:37
[INFO] [stdout]     |
[INFO] [stdout] 778 | ...                   w!("设置"),
[INFO] [stdout]     |                       ^
[INFO] [stdout] 
[INFO] [stdout] 
[INFO] [stdout] error: cannot find macro `w` in this scope
[INFO] [stdout]    --> src/main.rs:849:78
[INFO] [stdout]     |
[INFO] [stdout] 849 | ...                   let _ = AppendMenuW(menu, MF_STRING, CMD_DELETE, w!("删除此分区"));
[INFO] [stdout]     |                                                                        ^
[INFO] [stdout] 
[INFO] [stdout] 
[INFO] [stdout] error: cannot find macro `w` in this scope
[INFO] [stdout]    --> src/main.rs:850:78
[INFO] [stdout]     |
[INFO] [stdout] 850 | ...                   let _ = AppendMenuW(menu, MF_STRING, CMD_RENAME, w!("重命名分区"));
[INFO] [stdout]     |                                                                        ^
[INFO] [stdout] 
[INFO] [stdout] 
[INFO] [stdout] error: cannot find macro `w` in this scope
[INFO] [stdout]    --> src/main.rs:852:75
[INFO] [stdout]     |
[INFO] [stdout] 852 | ...                   let _ = AppendMenuW(menu, MF_STRING, CMD_NEW, w!("新建分区"));
[INFO] [stdout]     |                                                                     ^
[INFO] [stdout] 
[INFO] [stdout] 
[INFO] [stdout] error: cannot find macro `w` in this scope
[INFO] [stdout]    --> src/main.rs:853:80
[INFO] [stdout]     |
[INFO] [stdout] 853 | ...                   let _ = AppendMenuW(menu, MF_STRING, CMD_SETTINGS, w!("设置"));
[INFO] [stdout]     |                                                                          ^
[INFO] [stdout] 
[INFO] [stdout] 
[INFO] [stdout] error: cannot find macro `w` in this scope
[INFO] [stdout]    --> src/main.rs:855:76
[INFO] [stdout]     |
[INFO] [stdout] 855 | ...                   let _ = AppendMenuW(menu, MF_STRING, CMD_EXIT, w!("退出程序"));
[INFO] [stdout]     |                                                                      ^
[INFO] [stdout] 
[INFO] [stdout] 
[INFO] [stdout] error: cannot find macro `w` in this scope
[INFO] [stdout]    --> src/main.rs:911:54
[INFO] [stdout]     |
[INFO] [stdout] 911 |                         unsafe { ShellExecuteW(None, w!("open"), w!("ms-settings:display"), None, None, SW_SHOW); }
[INFO] [stdout]     |                                                      ^
[INFO] [stdout] 
[INFO] [stdout] 
[INFO] [stdout] error: cannot find macro `w` in this scope
[INFO] [stdout]    --> src/main.rs:911:66
[INFO] [stdout]     |
[INFO] [stdout] 911 |                         unsafe { ShellExecuteW(None, w!("open"), w!("ms-settings:display"), None, None, SW_SHOW); }
[INFO] [stdout]     |                                                                  ^
[INFO] [stdout] 
[INFO] [stdout] 
[INFO] [stdout] error: cannot find macro `w` in this scope
[INFO] [stdout]     --> src/main.rs:1323:13
[INFO] [stdout]      |
[INFO] [stdout] 1323 |             w!("EDIT"),
[INFO] [stdout]      |             ^
[INFO] [stdout] 
[INFO] [stdout] 
[INFO] [stdout] error: cannot find macro `w` in this scope
[INFO] [stdout]     --> src/main.rs:1347:13
[INFO] [stdout]      |
[INFO] [stdout] 1347 |             w!("Microsoft YaHei"),
[INFO] [stdout]      |             ^
[INFO] [stdout] 
[INFO] [stdout] 
[INFO] [stdout] error: cannot find macro `w` in this scope
[INFO] [stdout]     --> src/main.rs:1561:13
[INFO] [stdout]      |
[INFO] [stdout] 1561 |             w!("Microsoft YaHei"),
[INFO] [stdout]      |             ^
[INFO] [stdout] 
[INFO] [stdout] 
[INFO] [stdout] error: cannot find macro `w` in this scope
[INFO] [stdout]   --> src/renderer.rs:32:13
[INFO] [stdout]    |
[INFO] [stdout] 32 |             w!("Microsoft YaHei"),
[INFO] [stdout]    |             ^
[INFO] [stdout] 
[INFO] [stdout] 
[INFO] [stdout] error: cannot find macro `w` in this scope
[INFO] [stdout]    --> src/main.rs:175:42
[INFO] [stdout]     |
[INFO] [stdout] 175 |         if let Ok(progman) = FindWindowW(w!("Progman"), None) {
[INFO] [stdout]     |                                          ^
[INFO] [stdout] 
[INFO] [stdout] 
[INFO] [stdout] error: cannot find macro `w` in this scope
[INFO] [stdout]    --> src/main.rs:177:68
[INFO] [stdout]     |
[INFO] [stdout] 177 |                 if let Ok(dv) = FindWindowExW(Some(progman), None, w!("SHELLDLL_DefView"), None) {
[INFO] [stdout]     |                                                                    ^
[INFO] [stdout] 
[INFO] [stdout] 
[INFO] [stdout] error: cannot find macro `w` in this scope
[INFO] [stdout]    --> src/main.rs:188:61
[INFO] [stdout]     |
[INFO] [stdout] 188 |             if let Ok(dv) = FindWindowExW(Some(hwnd), None, w!("SHELLDLL_DefView"), None) {
[INFO] [stdout]     |                                                             ^
[INFO] [stdout] 
[INFO] [stdout] 
[INFO] [stdout] error: cannot find macro `w` in this scope
[INFO] [stdout]    --> src/main.rs:230:24
[INFO] [stdout]     |
[INFO] [stdout] 230 |         let key_path = w!("Software\\Microsoft\\Windows\\CurrentVersion\\Run");
[INFO] [stdout]     |                        ^
[INFO] [stdout] 
[INFO] [stdout] 
[INFO] [stdout] error: cannot find macro `w` in this scope
[INFO] [stdout]    --> src/main.rs:233:24
[INFO] [stdout]     |
[INFO] [stdout] 233 |             let name = w!("DesktopOrganizer");
[INFO] [stdout]     |                        ^
[INFO] [stdout] 
[INFO] [stdout] 
[INFO] [stdout] error: cannot find macro `w` in this scope
[INFO] [stdout]    --> src/main.rs:247:24
[INFO] [stdout]     |
[INFO] [stdout] 247 |         let key_path = w!("Software\\Microsoft\\Windows\\CurrentVersion\\Run");
[INFO] [stdout]     |                        ^
[INFO] [stdout] 
[INFO] [stdout] 
[INFO] [stdout] error: cannot find macro `w` in this scope
[INFO] [stdout]    --> src/main.rs:253:20
[INFO] [stdout]     |
[INFO] [stdout] 253 |         let name = w!("DesktopOrganizer");
[INFO] [stdout]     |                    ^
[INFO] [stdout] 
[INFO] [stdout] 
[INFO] [stdout] error: cannot find macro `w` in this scope
[INFO] [stdout]    --> src/main.rs:380:74
[INFO] [stdout]     |
[INFO] [stdout] 380 |                 if let Ok(listview) = FindWindowExW(Some(defview), None, w!("SysListView32"), None) {
[INFO] [stdout]     |                                                                          ^
[INFO] [stdout] 
[INFO] [stdout] 
[INFO] [stdout] error: cannot find macro `w` in this scope
[INFO] [stdout]    --> src/main.rs:394:54
[INFO] [stdout]     |
[INFO] [stdout] 394 |     let _single = unsafe { CreateMutexW(None, false, w!("DeskOrg::SingleInstance")) };
[INFO] [stdout]     |                                                      ^
[INFO] [stdout] 
[INFO] [stdout] 
[INFO] [stdout] error: cannot find macro `w` in this scope
[INFO] [stdout]    --> src/main.rs:430:22
[INFO] [stdout]     |
[INFO] [stdout] 430 |     let class_name = w!("DeskOrgWnd");
[INFO] [stdout]     |                      ^
[INFO] [stdout] 
[INFO] [stdout] 
[INFO] [stdout] error: cannot find macro `w` in this scope
[INFO] [stdout]    --> src/main.rs:445:26
[INFO] [stdout]     |
[INFO] [stdout] 445 |     let settings_class = w!("DeskOrgSettings");
[INFO] [stdout]     |                          ^
[INFO] [stdout] 
[INFO] [stdout] 
[INFO] [stdout] error: cannot find macro `w` in this scope
[INFO] [stdout]    --> src/main.rs:460:24
[INFO] [stdout]     |
[INFO] [stdout] 460 |     let helper_class = w!("DeskOrgHelper");
[INFO] [stdout]     |                        ^
[INFO] [stdout] 
[INFO] [stdout] 
[INFO] [stdout] error: cannot find macro `w` in this scope
[INFO] [stdout]    --> src/main.rs:475:13
[INFO] [stdout]     |
[INFO] [stdout] 475 |             w!(""),
[INFO] [stdout]     |             ^
[INFO] [stdout] 
[INFO] [stdout] 
[INFO] [stdout] error: cannot find macro `w` in this scope
[INFO] [stdout]    --> src/main.rs:497:13
[INFO] [stdout]     |
[INFO] [stdout] 497 |             w!("桌面图标整理"),
[INFO] [stdout]     |             ^
[INFO] [stdout] 
[INFO] [stdout] 
[INFO] [stdout] error: cannot find macro `w` in this scope
[INFO] [stdout]    --> src/main.rs:517:42
[INFO] [stdout]     |
[INFO] [stdout] 517 |         if let Ok(progman) = FindWindowW(w!("Progman"), None) {
[INFO] [stdout]     |                                          ^
[INFO] [stdout] 
[INFO] [stdout] 
[INFO] [stdout] error: cannot find macro `w` in this scope
[INFO] [stdout]    --> src/main.rs:529:54
[INFO] [stdout]     |
[INFO] [stdout] 529 |             match FindWindowExW(Some(defview), None, w!("SysListView32"), None) {
[INFO] [stdout]     |                                                      ^
[INFO] [stdout] 
[INFO] [stdout] 
[INFO] [stdout] error: cannot find macro `w` in this scope
[INFO] [stdout]    --> src/main.rs:680:41
[INFO] [stdout]     |
[INFO] [stdout] 680 | ...                   w!("open"),
[INFO] [stdout]     |                       ^
[INFO] [stdout] 
[INFO] [stdout] 
[INFO] [stdout] error: cannot find macro `w` in this scope
[INFO] [stdout]    --> src/main.rs:777:37
[INFO] [stdout]     |
[INFO] [stdout] 777 | ...                   w!("DeskOrgSettings"),
[INFO] [stdout]     |                       ^
[INFO] [stdout] 
[INFO] [stdout] 
[INFO] [stdout] error: cannot find macro `w` in this scope
[INFO] [stdout]    --> src/main.rs:778:37
[INFO] [stdout]     |
[INFO] [stdout] 778 | ...                   w!("设置"),
[INFO] [stdout]     |                       ^
[INFO] [stdout] 
[INFO] [stdout] 
[INFO] [stdout] error: cannot find macro `w` in this scope
[INFO] [stdout]    --> src/main.rs:849:78
[INFO] [stdout]     |
[INFO] [stdout] 849 | ...                   let _ = AppendMenuW(menu, MF_STRING, CMD_DELETE, w!("删除此分区"));
[INFO] [stdout]     |                                                                        ^
[INFO] [stdout] 
[INFO] [stdout] 
[INFO] [stdout] error: cannot find macro `w` in this scope
[INFO] [stdout]    --> src/main.rs:850:78
[INFO] [stdout]     |
[INFO] [stdout] 850 | ...                   let _ = AppendMenuW(menu, MF_STRING, CMD_RENAME, w!("重命名分区"));
[INFO] [stdout]     |                                                                        ^
[INFO] [stdout] 
[INFO] [stdout] 
[INFO] [stdout] error: cannot find macro `w` in this scope
[INFO] [stdout]    --> src/main.rs:852:75
[INFO] [stdout]     |
[INFO] [stdout] 852 | ...                   let _ = AppendMenuW(menu, MF_STRING, CMD_NEW, w!("新建分区"));
[INFO] [stdout]     |                                                                     ^
[INFO] [stdout] 
[INFO] [stdout] 
[INFO] [stdout] error: cannot find macro `w` in this scope
[INFO] [stdout]    --> src/main.rs:853:80
[INFO] [stdout]     |
[INFO] [stdout] 853 | ...                   let _ = AppendMenuW(menu, MF_STRING, CMD_SETTINGS, w!("设置"));
[INFO] [stdout]     |                                                                          ^
[INFO] [stdout] 
[INFO] [stdout] 
[INFO] [stdout] error: cannot find macro `w` in this scope
[INFO] [stdout]    --> src/main.rs:855:76
[INFO] [stdout]     |
[INFO] [stdout] 855 | ...                   let _ = AppendMenuW(menu, MF_STRING, CMD_EXIT, w!("退出程序"));
[INFO] [stdout]     |                                                                      ^
[INFO] [stdout] 
[INFO] [stdout] 
[INFO] [stdout] error: cannot find macro `w` in this scope
[INFO] [stdout]    --> src/main.rs:911:54
[INFO] [stdout]     |
[INFO] [stdout] 911 |                         unsafe { ShellExecuteW(None, w!("open"), w!("ms-settings:display"), None, None, SW_SHOW); }
[INFO] [stdout]     |                                                      ^
[INFO] [stdout] 
[INFO] [stdout] 
[INFO] [stdout] error: cannot find macro `w` in this scope
[INFO] [stdout]    --> src/main.rs:911:66
[INFO] [stdout]     |
[INFO] [stdout] 911 |                         unsafe { ShellExecuteW(None, w!("open"), w!("ms-settings:display"), None, None, SW_SHOW); }
[INFO] [stdout]     |                                                                  ^
[INFO] [stdout] 
[INFO] [stdout] 
[INFO] [stdout] error: cannot find macro `w` in this scope
[INFO] [stdout]     --> src/main.rs:1323:13
[INFO] [stdout]      |
[INFO] [stdout] 1323 |             w!("EDIT"),
[INFO] [stdout]      |             ^
[INFO] [stdout] 
[INFO] [stdout] 
[INFO] [stdout] error: cannot find macro `w` in this scope
[INFO] [stdout]     --> src/main.rs:1347:13
[INFO] [stdout]      |
[INFO] [stdout] 1347 |             w!("Microsoft YaHei"),
[INFO] [stdout]      |             ^
[INFO] [stdout] 
[INFO] [stdout] 
[INFO] [stdout] error: cannot find macro `w` in this scope
[INFO] [stdout]     --> src/main.rs:1561:13
[INFO] [stdout]      |
[INFO] [stdout] 1561 |             w!("Microsoft YaHei"),
[INFO] [stdout]      |             ^
[INFO] [stdout] 
[INFO] [stdout] 
[INFO] [stdout] warning: unused import: `ResizeKind`
[INFO] [stdout]   --> src/main.rs:30:32
[INFO] [stdout]    |
[INFO] [stdout] 30 | use crate::layout::{CardStyle, ResizeKind};
[INFO] [stdout]    |                                ^^^^^^^^^^
[INFO] [stdout]    |
[INFO] [stdout]    = note: `#[warn(unused_imports)]` (part of `#[warn(unused)]`) on by default
[INFO] [stdout] 
[INFO] [stdout] 
[INFO] [stdout] warning: unused import: `ResizeKind`
[INFO] [stdout]   --> src/main.rs:30:32
[INFO] [stdout]    |
[INFO] [stdout] 30 | use crate::layout::{CardStyle, ResizeKind};
[INFO] [stdout]    |                                ^^^^^^^^^^
[INFO] [stdout]    |
[INFO] [stdout]    = note: `#[warn(unused_imports)]` (part of `#[warn(unused)]`) on by default
[INFO] [stdout] 
[INFO] [stdout] 
[INFO] [stdout] error[E0599]: no method named `creation_flags` found for mutable reference `&mut Command` in the current scope
[INFO] [stdout]    --> src/main.rs:559:18
[INFO] [stdout]     |
[INFO] [stdout] 556 |             let _ = std::process::Command::new(exe)
[INFO] [stdout] 557 |                 .arg("--watchdog")
[INFO] [stdout] 558 |                 .arg(pid.to_string())
[INFO] [stdout] 559 |                 .creation_flags(0x08000000) // CREATE_NO_WINDOW：不弹 console
[INFO] [stdout]     |                  ^^^^^^^^^^^^^^ method not found in `&mut Command`
[INFO] [stdout] 
[INFO] [stdout] 
[INFO] [stdout] error[E0599]: no method named `creation_flags` found for mutable reference `&mut Command` in the current scope
[INFO] [stdout]    --> src/main.rs:559:18
[INFO] [stdout]     |
[INFO] [stdout] 556 |             let _ = std::process::Command::new(exe)
[INFO] [stdout] 557 |                 .arg("--watchdog")
[INFO] [stdout] 558 |                 .arg(pid.to_string())
[INFO] [stdout] 559 |                 .creation_flags(0x08000000) // CREATE_NO_WINDOW：不弹 console
[INFO] [stdout]     |                  ^^^^^^^^^^^^^^ method not found in `&mut Command`
[INFO] [stdout] 
[INFO] [stdout] 
[INFO] [stdout] warning: method call on a diverging inference variable
[INFO] [stdout]     --> src/main.rs:1327:47
[INFO] [stdout]      |
[INFO] [stdout] 1327 |             Some(main_hwnd), None, Some(hinst.into()), None, // owner=主窗：保持在其上方的 z 序
[INFO] [stdout]      |                                               ^^^^
[INFO] [stdout]      |
[INFO] [stdout]      = help: consider providing a type annotation
[INFO] [stdout]      = warning: this was previously accepted by the compiler but is being phased out; it will become a hard error in a future release!
[INFO] [stdout]      = note: for more information, see issue #156047 <https://github.com/rust-lang/rust/issues/156047>
[INFO] [stdout]      = note: `#[warn(method_call_on_diverging_infer_var)]` (part of `#[warn(future_incompatible)]`) on by default
[INFO] [stdout] 
[INFO] [stdout] 
[INFO] [stdout] warning: method call on a diverging inference variable
[INFO] [stdout]     --> src/main.rs:1327:47
[INFO] [stdout]      |
[INFO] [stdout] 1327 |             Some(main_hwnd), None, Some(hinst.into()), None, // owner=主窗：保持在其上方的 z 序
[INFO] [stdout]      |                                               ^^^^
[INFO] [stdout]      |
[INFO] [stdout]      = help: consider providing a type annotation
[INFO] [stdout]      = warning: this was previously accepted by the compiler but is being phased out; it will become a hard error in a future release!
[INFO] [stdout]      = note: for more information, see issue #156047 <https://github.com/rust-lang/rust/issues/156047>
[INFO] [stdout]      = note: `#[warn(method_call_on_diverging_infer_var)]` (part of `#[warn(future_incompatible)]`) on by default
[INFO] [stdout] 
[INFO] [stdout] 
[INFO] [stdout] warning: unused variable: `cw`
[INFO] [stdout]    --> src/renderer.rs:211:25
[INFO] [stdout]     |
[INFO] [stdout] 211 |                     let cw = cell_w(card.width).max(1);
[INFO] [stdout]     |                         ^^ help: if this is intentional, prefix it with an underscore: `_cw`
[INFO] [stdout]     |
[INFO] [stdout]     = note: `#[warn(unused_variables)]` (part of `#[warn(unused)]`) on by default
[INFO] [stdout] 
[INFO] [stdout] 
[INFO] [stdout] warning: unused variable: `cw`
[INFO] [stdout]    --> src/renderer.rs:211:25
[INFO] [stdout]     |
[INFO] [stdout] 211 |                     let cw = cell_w(card.width).max(1);
[INFO] [stdout]     |                         ^^ help: if this is intentional, prefix it with an underscore: `_cw`
[INFO] [stdout]     |
[INFO] [stdout]     = note: `#[warn(unused_variables)]` (part of `#[warn(unused)]`) on by default
[INFO] [stdout] 
[INFO] [stdout] 
[INFO] [stdout] Some errors have detailed explanations: E0432, E0433, E0599.
[INFO] [stdout] 
[INFO] [stdout] For more information about an error, try `rustc --explain E0432`.
[INFO] [stdout] 
[INFO] [stdout] Some errors have detailed explanations: E0432, E0433, E0599.
[INFO] [stdout] 
[INFO] [stdout] For more information about an error, try `rustc --explain E0432`.
[INFO] [stdout] 
[INFO] [stderr] error: could not compile `desktop-organizer` (bin "desktop-organizer" test) due to 55 previous errors; 4 warnings emitted
[INFO] [stderr] warning: build failed, waiting for other jobs to finish...
[INFO] [stderr] error: could not compile `desktop-organizer` (bin "desktop-organizer") due to 55 previous errors; 4 warnings emitted
[INFO] running `Command { std: "docker" "inspect" "6733af9cad629fca94211545bea57fe54fc3eb693b52e345b340088bd4b4ede4", kill_on_drop: false }`
[INFO] running `Command { std: "docker" "rm" "-f" "6733af9cad629fca94211545bea57fe54fc3eb693b52e345b340088bd4b4ede4", kill_on_drop: false }`
[INFO] [stdout] 6733af9cad629fca94211545bea57fe54fc3eb693b52e345b340088bd4b4ede4
