[INFO] cloning repository https://github.com/vustcc/vust-suite-host-scanner
[INFO] running `Command { std: "git" "-c" "credential.helper=" "-c" "credential.helper=/workspace/cargo-home/bin/git-credential-null" "clone" "--bare" "https://github.com/vustcc/vust-suite-host-scanner" "/workspace/cache/git-repos/https%3A%2F%2Fgithub.com%2Fvustcc%2Fvust-suite-host-scanner", kill_on_drop: false }`
[INFO] [stderr] Cloning into bare repository '/workspace/cache/git-repos/https%3A%2F%2Fgithub.com%2Fvustcc%2Fvust-suite-host-scanner'...
[INFO] running `Command { std: "git" "rev-parse" "HEAD", kill_on_drop: false }`
[INFO] [stdout] bc432c795dc9424b6b0a7931e9b299073ada6fc4
[INFO] checking vustcc/vust-suite-host-scanner against 3154cc1a3e6424e44f438a95007d043ed5ceaaf6 for pr-133502-30
[INFO] running `Command { std: "git" "clone" "/workspace/cache/git-repos/https%3A%2F%2Fgithub.com%2Fvustcc%2Fvust-suite-host-scanner" "/workspace/builds/worker-1-tc2/source", kill_on_drop: false }`
[INFO] [stderr] Cloning into '/workspace/builds/worker-1-tc2/source'...
[INFO] [stderr] done.
[INFO] started tweaking git repo https://github.com/vustcc/vust-suite-host-scanner
[INFO] finished tweaking git repo https://github.com/vustcc/vust-suite-host-scanner
[INFO] tweaked toml for git repo https://github.com/vustcc/vust-suite-host-scanner written to /workspace/builds/worker-1-tc2/source/Cargo.toml
[INFO] validating manifest of git repo https://github.com/vustcc/vust-suite-host-scanner on toolchain 3154cc1a3e6424e44f438a95007d043ed5ceaaf6
[INFO] running `Command { std: CARGO_HOME="/workspace/cargo-home" RUSTUP_HOME="/workspace/rustup-home" "/workspace/cargo-home/bin/cargo" "+3154cc1a3e6424e44f438a95007d043ed5ceaaf6" "metadata" "--manifest-path" "Cargo.toml" "--no-deps", kill_on_drop: false }`
[INFO] crate git repo https://github.com/vustcc/vust-suite-host-scanner already has a lockfile, it will not be regenerated
[INFO] running `Command { std: CARGO_HOME="/workspace/cargo-home" RUSTUP_HOME="/workspace/rustup-home" "/workspace/cargo-home/bin/cargo" "+3154cc1a3e6424e44f438a95007d043ed5ceaaf6" "fetch" "--manifest-path" "Cargo.toml", kill_on_drop: false }`
[INFO] running `Command { std: "docker" "create" "-v" "/var/lib/crater-agent-workspace/builds/worker-1-tc2/source:/opt/rustwide/workdir:ro,Z" "-v" "/var/lib/crater-agent-workspace/builds/worker-1-tc2/target:/opt/rustwide/target:rw,Z" "-v" "/var/lib/crater-agent-workspace/cargo-home:/opt/rustwide/cargo-home:ro,Z" "-v" "/var/lib/crater-agent-workspace/rustup-home:/opt/rustwide/rustup-home:ro,Z" "-m" "1610612736" "--network" "none" "ghcr.io/rust-lang/crates-build-env/linux@sha256:77db811e55d90add9212f6832c23229e3de5f1c1f9905e8cb07319ea15df73ac" "sleep" "infinity", kill_on_drop: false }`
[INFO] [stdout] 5f0235552107a9946654ac5bc8bd5f15637747d717be3db1c1dcbd9071487fc3
[INFO] running `Command { std: "docker" "start" "5f0235552107a9946654ac5bc8bd5f15637747d717be3db1c1dcbd9071487fc3", kill_on_drop: false }`
[INFO] running `Command { std: "docker" "inspect" "5f0235552107a9946654ac5bc8bd5f15637747d717be3db1c1dcbd9071487fc3", kill_on_drop: false }`
[INFO] running `Command { std: "docker" "exec" "-e" "SOURCE_DIR=/opt/rustwide/workdir" "-e" "CARGO_HOME=/opt/rustwide/cargo-home" "-e" "RUSTUP_HOME=/opt/rustwide/rustup-home" "-e" "CARGO_TARGET_DIR=/opt/rustwide/target" "-w" "/opt/rustwide/workdir" "--user" "0:0" "5f0235552107a9946654ac5bc8bd5f15637747d717be3db1c1dcbd9071487fc3" "/opt/rustwide/cargo-home/bin/cargo" "+3154cc1a3e6424e44f438a95007d043ed5ceaaf6" "metadata" "--no-deps" "--format-version=1", kill_on_drop: false }`
[INFO] running `Command { std: "docker" "inspect" "5f0235552107a9946654ac5bc8bd5f15637747d717be3db1c1dcbd9071487fc3", kill_on_drop: false }`
[INFO] running `Command { std: "docker" "exec" "-e" "SOURCE_DIR=/opt/rustwide/workdir" "-e" "CARGO_HOME=/opt/rustwide/cargo-home" "-e" "RUSTUP_HOME=/opt/rustwide/rustup-home" "-e" "CARGO_TARGET_DIR=/opt/rustwide/target" "-e" "CARGO_INCREMENTAL=0" "-e" "RUST_BACKTRACE=full" "-e" "RUSTFLAGS=--cap-lints=forbid" "-e" "RUSTDOCFLAGS=--cap-lints=forbid" "-w" "/opt/rustwide/workdir" "--user" "0:0" "5f0235552107a9946654ac5bc8bd5f15637747d717be3db1c1dcbd9071487fc3" "/opt/rustwide/cargo-home/bin/cargo" "+3154cc1a3e6424e44f438a95007d043ed5ceaaf6" "check" "--frozen" "--all" "--all-targets" "--message-format=json", kill_on_drop: false }`
[INFO] [stderr]     Checking tokio v1.52.3
[INFO] [stderr]     Checking tracing v0.1.44
[INFO] [stderr]     Checking futures-util v0.3.32
[INFO] [stderr]     Checking serde v1.0.228
[INFO] [stderr]    Compiling zerofrom v0.1.8
[INFO] [stderr]    Compiling ring v0.17.14
[INFO] [stderr]     Checking rustls-pki-types v1.15.1
[INFO] [stderr]     Checking crypto-common v0.1.7
[INFO] [stderr]    Compiling thiserror v2.0.18
[INFO] [stderr]    Compiling libsqlite3-sys v0.37.0
[INFO] [stderr]    Compiling rustls v0.23.43
[INFO] [stderr]    Compiling hashlink v0.11.1
[INFO] [stderr]    Compiling base64 v0.22.1
[INFO] [stderr]     Checking digest v0.10.7
[INFO] [stderr]    Compiling yoke v0.8.3
[INFO] [stderr]    Compiling flume v0.12.0
[INFO] [stderr]    Compiling zerovec v0.11.6
[INFO] [stderr]    Compiling zerotrie v0.2.4
[INFO] [stderr]     Checking sha2 v0.10.9
[INFO] [stderr]    Compiling getrandom v0.4.3
[INFO] [stderr]    Compiling mime_guess v2.0.5
[INFO] [stderr]    Compiling rust-embed-utils v8.11.0
[INFO] [stderr]     Checking rustls-native-certs v0.8.4
[INFO] [stderr]     Checking matchers v0.2.0
[INFO] [stderr]     Checking uuid v1.24.0
[INFO] [stderr]    Compiling tinystr v0.8.3
[INFO] [stderr]    Compiling potential_utf v0.1.5
[INFO] [stderr]     Checking axum-core v0.5.6
[INFO] [stderr]     Checking unicase v2.9.0
[INFO] [stderr]    Compiling icu_collections v2.2.0
[INFO] [stderr]    Compiling icu_locale_core v2.2.0
[INFO] [stderr]    Compiling rust-embed-impl v8.11.0
[INFO] [stderr]     Checking semver v1.0.28
[INFO] [stderr]     Checking either v1.16.0
[INFO] [stderr]     Checking serde_urlencoded v0.7.1
[INFO] [stderr]     Checking chrono v0.4.45
[INFO] [stderr]     Checking tracing-subscriber v0.3.23
[INFO] [stderr]     Checking rust-embed v8.11.0
[INFO] [stderr]    Compiling icu_provider v2.2.0
[INFO] [stderr]    Compiling icu_normalizer v2.2.0
[INFO] [stderr]    Compiling icu_properties v2.2.0
[INFO] [stderr]     Checking futures-executor v0.3.32
[INFO] [stderr]    Compiling idna_adapter v1.2.2
[INFO] [stderr]    Compiling idna v1.1.0
[INFO] [stderr]    Compiling url v2.5.8
[INFO] [stderr]     Checking rustls-webpki v0.103.13
[INFO] [stderr]     Checking hyper v1.10.1
[INFO] [stderr]     Checking tower v0.5.3
[INFO] [stderr]     Checking tokio-stream v0.1.18
[INFO] [stderr]     Checking sqlx-core v0.9.0
[INFO] [stderr]     Checking tower-http v0.6.11
[INFO] [stderr]     Checking hyper-util v0.1.20
[INFO] [stderr]     Checking axum v0.8.9
[INFO] [stderr]     Checking tokio-rustls v0.26.4
[INFO] [stderr]     Checking hyper-rustls v0.27.9
[INFO] [stderr]     Checking reqwest v0.12.28
[INFO] [stderr]     Checking vust-suite-runtime-sdk v0.1.0-alpha.1 (https://github.com/vustcc/vust-suite-runtime-sdk.git?tag=rust-0.1.0-alpha.1#4b723613)
[INFO] [stderr]    Compiling sqlx-sqlite v0.9.0
[INFO] [stderr]    Compiling sqlx-macros-core v0.9.0
[INFO] [stderr]    Compiling sqlx-macros v0.9.0
[INFO] [stderr]     Checking sqlx v0.9.0
[INFO] [stderr]     Checking vust-host-scanner v0.1.0-alpha.1 (/opt/rustwide/workdir)
[INFO] [stdout] error: #[derive(RustEmbed)] folder '/opt/rustwide/workdir/frontend/dist/' does not exist. cwd: '/opt/rustwide/workdir'
[INFO] [stdout]   --> src/main.rs:24:1
[INFO] [stdout]    |
[INFO] [stdout] 24 | / #[folder = "frontend/dist/"]
[INFO] [stdout] 25 | | struct Asset;
[INFO] [stdout]    | |_____________^
[INFO] [stdout] 
[INFO] [stdout] 
[INFO] [stdout] error: #[derive(RustEmbed)] folder '/opt/rustwide/workdir/frontend/dist/' does not exist. cwd: '/opt/rustwide/workdir'
[INFO] [stdout]   --> src/main.rs:24:1
[INFO] [stdout]    |
[INFO] [stdout] 24 | / #[folder = "frontend/dist/"]
[INFO] [stdout] 25 | | struct Asset;
[INFO] [stdout]    | |_____________^
[INFO] [stdout] 
[INFO] [stdout] 
[INFO] [stdout] error[E0599]: no associated function or constant named `get` found for struct `Asset` in the current scope
[INFO] [stdout]    --> src/main.rs:174:18
[INFO] [stdout]     |
[INFO] [stdout]  25 | struct Asset;
[INFO] [stdout]     | ------------ associated function or constant `get` not found for this struct
[INFO] [stdout] ...
[INFO] [stdout] 174 |     match Asset::get(&path) {
[INFO] [stdout]     |                  ^^^ associated function or constant not found in `Asset`
[INFO] [stdout]     |
[INFO] [stdout]     = help: items from traits can only be used if the trait is implemented and in scope
[INFO] [stdout]     = note: the following traits define an item `get`, perhaps you need to implement one of them:
[INFO] [stdout]             candidate #1: `Embed`
[INFO] [stdout]             candidate #2: `SliceIndex`
[INFO] [stdout]             candidate #3: `icu_collections::codepointtrie::cptrie::TypedCodePointTrie`
[INFO] [stdout]             candidate #4: `icu_properties::names::PropertyEnumToValueNameLookup`
[INFO] [stdout]             candidate #5: `icu_provider::baked::DataStore`
[INFO] [stdout]             candidate #6: `rustls::server::server_conn::StoresServerSessions`
[INFO] [stdout]             candidate #7: `sqlx::Row`
[INFO] [stdout] 
[INFO] [stdout] 
[INFO] [stdout] error[E0599]: no associated function or constant named `get` found for struct `Asset` in the current scope
[INFO] [stdout]    --> src/main.rs:174:18
[INFO] [stdout]     |
[INFO] [stdout]  25 | struct Asset;
[INFO] [stdout]     | ------------ associated function or constant `get` not found for this struct
[INFO] [stdout] ...
[INFO] [stdout] 174 |     match Asset::get(&path) {
[INFO] [stdout]     |                  ^^^ associated function or constant not found in `Asset`
[INFO] [stdout]     |
[INFO] [stdout]     = help: items from traits can only be used if the trait is implemented and in scope
[INFO] [stdout]     = note: the following traits define an item `get`, perhaps you need to implement one of them:
[INFO] [stdout]             candidate #1: `Embed`
[INFO] [stdout]             candidate #2: `Row`
[INFO] [stdout]             candidate #3: `SliceIndex`
[INFO] [stdout]             candidate #4: `icu_collections::codepointtrie::cptrie::TypedCodePointTrie`
[INFO] [stdout]             candidate #5: `icu_properties::names::PropertyEnumToValueNameLookup`
[INFO] [stdout]             candidate #6: `icu_provider::baked::DataStore`
[INFO] [stdout]             candidate #7: `rustls::server::server_conn::StoresServerSessions`
[INFO] [stdout] 
[INFO] [stdout] 
[INFO] [stdout] error[E0599]: no associated function or constant named `get` found for struct `Asset` in the current scope
[INFO] [stdout]    --> src/main.rs:203:30
[INFO] [stdout]     |
[INFO] [stdout]  25 | struct Asset;
[INFO] [stdout]     | ------------ associated function or constant `get` not found for this struct
[INFO] [stdout] ...
[INFO] [stdout] 203 |                 match Asset::get("index.html") {
[INFO] [stdout]     |                              ^^^ associated function or constant not found in `Asset`
[INFO] [stdout]     |
[INFO] [stdout]     = help: items from traits can only be used if the trait is implemented and in scope
[INFO] [stdout]     = note: the following traits define an item `get`, perhaps you need to implement one of them:
[INFO] [stdout]             candidate #1: `Embed`
[INFO] [stdout]             candidate #2: `SliceIndex`
[INFO] [stdout]             candidate #3: `icu_collections::codepointtrie::cptrie::TypedCodePointTrie`
[INFO] [stdout]             candidate #4: `icu_properties::names::PropertyEnumToValueNameLookup`
[INFO] [stdout]             candidate #5: `icu_provider::baked::DataStore`
[INFO] [stdout]             candidate #6: `rustls::server::server_conn::StoresServerSessions`
[INFO] [stdout]             candidate #7: `sqlx::Row`
[INFO] [stdout] 
[INFO] [stdout] 
[INFO] [stdout] error[E0599]: no associated function or constant named `get` found for struct `Asset` in the current scope
[INFO] [stdout]    --> src/main.rs:203:30
[INFO] [stdout]     |
[INFO] [stdout]  25 | struct Asset;
[INFO] [stdout]     | ------------ associated function or constant `get` not found for this struct
[INFO] [stdout] ...
[INFO] [stdout] 203 |                 match Asset::get("index.html") {
[INFO] [stdout]     |                              ^^^ associated function or constant not found in `Asset`
[INFO] [stdout]     |
[INFO] [stdout]     = help: items from traits can only be used if the trait is implemented and in scope
[INFO] [stdout]     = note: the following traits define an item `get`, perhaps you need to implement one of them:
[INFO] [stdout]             candidate #1: `Embed`
[INFO] [stdout]             candidate #2: `Row`
[INFO] [stdout]             candidate #3: `SliceIndex`
[INFO] [stdout]             candidate #4: `icu_collections::codepointtrie::cptrie::TypedCodePointTrie`
[INFO] [stdout]             candidate #5: `icu_properties::names::PropertyEnumToValueNameLookup`
[INFO] [stdout]             candidate #6: `icu_provider::baked::DataStore`
[INFO] [stdout]             candidate #7: `rustls::server::server_conn::StoresServerSessions`
[INFO] [stdout] 
[INFO] [stdout] 
[INFO] [stdout] For more information about this error, try `rustc --explain E0599`.
[INFO] [stdout] 
[INFO] [stderr] error: could not compile `vust-host-scanner` (bin "vust-host-scanner") due to 3 previous errors
[INFO] [stderr] warning: build failed, waiting for other jobs to finish...
[INFO] [stdout] For more information about this error, try `rustc --explain E0599`.
[INFO] [stdout] 
[INFO] [stderr] error: could not compile `vust-host-scanner` (bin "vust-host-scanner" test) due to 3 previous errors
[INFO] running `Command { std: "docker" "inspect" "5f0235552107a9946654ac5bc8bd5f15637747d717be3db1c1dcbd9071487fc3", kill_on_drop: false }`
[INFO] running `Command { std: "docker" "rm" "-f" "5f0235552107a9946654ac5bc8bd5f15637747d717be3db1c1dcbd9071487fc3", kill_on_drop: false }`
[INFO] [stdout] 5f0235552107a9946654ac5bc8bd5f15637747d717be3db1c1dcbd9071487fc3
