[INFO] cloning repository https://github.com/vurse007/2496z-v1
[INFO] running `Command { std: "git" "-c" "credential.helper=" "-c" "credential.helper=/workspace/cargo-home/bin/git-credential-null" "clone" "--bare" "https://github.com/vurse007/2496z-v1" "/workspace/cache/git-repos/https%3A%2F%2Fgithub.com%2Fvurse007%2F2496z-v1", kill_on_drop: false }`
[INFO] [stderr] Cloning into bare repository '/workspace/cache/git-repos/https%3A%2F%2Fgithub.com%2Fvurse007%2F2496z-v1'...
[INFO] running `Command { std: "git" "rev-parse" "HEAD", kill_on_drop: false }`
[INFO] [stdout] 2cf18ef431adc5b3abfaa2e5a5f9b3586f683bb1
[INFO] checking vurse007/2496z-v1 against 3154cc1a3e6424e44f438a95007d043ed5ceaaf6 for pr-133502-30
[INFO] running `Command { std: "git" "clone" "/workspace/cache/git-repos/https%3A%2F%2Fgithub.com%2Fvurse007%2F2496z-v1" "/workspace/builds/worker-4-tc2/source", kill_on_drop: false }`
[INFO] [stderr] Cloning into '/workspace/builds/worker-4-tc2/source'...
[INFO] [stderr] done.
[INFO] removed /workspace/builds/worker-4-tc2/source/.cargo/config.toml
[INFO] removed /workspace/builds/worker-4-tc2/source/rust-toolchain.toml
[INFO] started tweaking git repo https://github.com/vurse007/2496z-v1
[INFO] finished tweaking git repo https://github.com/vurse007/2496z-v1
[INFO] tweaked toml for git repo https://github.com/vurse007/2496z-v1 written to /workspace/builds/worker-4-tc2/source/Cargo.toml
[INFO] validating manifest of git repo https://github.com/vurse007/2496z-v1 on toolchain 3154cc1a3e6424e44f438a95007d043ed5ceaaf6
[INFO] running `Command { std: CARGO_HOME="/workspace/cargo-home" RUSTUP_HOME="/workspace/rustup-home" "/workspace/cargo-home/bin/cargo" "+3154cc1a3e6424e44f438a95007d043ed5ceaaf6" "metadata" "--manifest-path" "Cargo.toml" "--no-deps", kill_on_drop: false }`
[INFO] crate git repo https://github.com/vurse007/2496z-v1 already has a lockfile, it will not be regenerated
[INFO] running `Command { std: CARGO_HOME="/workspace/cargo-home" RUSTUP_HOME="/workspace/rustup-home" "/workspace/cargo-home/bin/cargo" "+3154cc1a3e6424e44f438a95007d043ed5ceaaf6" "fetch" "--manifest-path" "Cargo.toml", kill_on_drop: false }`
[INFO] running `Command { std: "docker" "create" "-v" "/var/lib/crater-agent-workspace/builds/worker-4-tc2/source:/opt/rustwide/workdir:ro,Z" "-v" "/var/lib/crater-agent-workspace/builds/worker-4-tc2/target:/opt/rustwide/target:rw,Z" "-v" "/var/lib/crater-agent-workspace/cargo-home:/opt/rustwide/cargo-home:ro,Z" "-v" "/var/lib/crater-agent-workspace/rustup-home:/opt/rustwide/rustup-home:ro,Z" "-m" "1610612736" "--network" "none" "ghcr.io/rust-lang/crates-build-env/linux@sha256:77db811e55d90add9212f6832c23229e3de5f1c1f9905e8cb07319ea15df73ac" "sleep" "infinity", kill_on_drop: false }`
[INFO] [stdout] dc2e33610de192668c16fa5b3d1c5bc98a4c8110869ef96a588fb52eeeaba590
[INFO] running `Command { std: "docker" "start" "dc2e33610de192668c16fa5b3d1c5bc98a4c8110869ef96a588fb52eeeaba590", kill_on_drop: false }`
[INFO] running `Command { std: "docker" "inspect" "dc2e33610de192668c16fa5b3d1c5bc98a4c8110869ef96a588fb52eeeaba590", kill_on_drop: false }`
[INFO] running `Command { std: "docker" "exec" "-e" "SOURCE_DIR=/opt/rustwide/workdir" "-e" "CARGO_HOME=/opt/rustwide/cargo-home" "-e" "RUSTUP_HOME=/opt/rustwide/rustup-home" "-e" "CARGO_TARGET_DIR=/opt/rustwide/target" "-w" "/opt/rustwide/workdir" "--user" "0:0" "dc2e33610de192668c16fa5b3d1c5bc98a4c8110869ef96a588fb52eeeaba590" "/opt/rustwide/cargo-home/bin/cargo" "+3154cc1a3e6424e44f438a95007d043ed5ceaaf6" "metadata" "--no-deps" "--format-version=1", kill_on_drop: false }`
[INFO] running `Command { std: "docker" "inspect" "dc2e33610de192668c16fa5b3d1c5bc98a4c8110869ef96a588fb52eeeaba590", kill_on_drop: false }`
[INFO] running `Command { std: "docker" "exec" "-e" "SOURCE_DIR=/opt/rustwide/workdir" "-e" "CARGO_HOME=/opt/rustwide/cargo-home" "-e" "RUSTUP_HOME=/opt/rustwide/rustup-home" "-e" "CARGO_TARGET_DIR=/opt/rustwide/target" "-e" "CARGO_INCREMENTAL=0" "-e" "RUST_BACKTRACE=full" "-e" "RUSTFLAGS=--cap-lints=forbid" "-e" "RUSTDOCFLAGS=--cap-lints=forbid" "-w" "/opt/rustwide/workdir" "--user" "0:0" "dc2e33610de192668c16fa5b3d1c5bc98a4c8110869ef96a588fb52eeeaba590" "/opt/rustwide/cargo-home/bin/cargo" "+3154cc1a3e6424e44f438a95007d043ed5ceaaf6" "check" "--frozen" "--all" "--all-targets" "--message-format=json", kill_on_drop: false }`
[INFO] [stderr]    Compiling proc-macro2 v1.0.101
[INFO] [stderr]    Compiling unicode-ident v1.0.19
[INFO] [stderr]     Checking futures-core v0.3.34
[INFO] [stderr]     Checking vex-sdk v0.28.0
[INFO] [stderr]    Compiling lock_api v0.4.13
[INFO] [stderr]    Compiling time-core v0.1.6
[INFO] [stderr]     Checking concurrent-queue v2.5.0
[INFO] [stderr]    Compiling deranged v0.5.3
[INFO] [stderr]    Compiling libm v0.2.15
[INFO] [stderr]     Checking bitflags v2.9.4
[INFO] [stderr]     Checking event-listener v5.4.1
[INFO] [stderr]    Compiling time-macros v0.2.24
[INFO] [stderr]    Compiling semver v1.0.27
[INFO] [stderr]    Compiling itoa v1.0.15
[INFO] [stderr]    Compiling vexide-startup v0.5.0
[INFO] [stderr]     Checking futures-task v0.3.34
[INFO] [stderr]     Checking event-listener-strategy v0.5.4
[INFO] [stderr]    Compiling once_cell v1.21.3
[INFO] [stderr]     Checking futures-util v0.3.34
[INFO] [stderr]    Compiling rustc_version v0.4.1
[INFO] [stderr]     Checking talc v4.4.3
[INFO] [stderr]     Checking async-lock v3.4.1
[INFO] [stderr]     Checking vex-sdk-mock v0.1.0
[INFO] [stderr]     Checking waker-fn v1.2.0
[INFO] [stderr]     Checking mint v0.5.9
[INFO] [stdout] error[E0107]: struct takes 1 lifetime argument but 2 lifetime arguments were supplied
[INFO] [stdout]    --> /opt/rustwide/cargo-home/registry/src/index.crates.io-1949cf8c6b5b557f/vex-sdk-mock-0.1.0/src/display.rs:107:15
[INFO] [stdout]     |
[INFO] [stdout] 107 |     mut args: VaList<'_, '_>,
[INFO] [stdout]     |               ^^^^^^   ---- help: remove the lifetime argument
[INFO] [stdout]     |               |
[INFO] [stdout]     |               expected 1 lifetime argument
[INFO] [stdout] 
[INFO] [stdout] 
[INFO] [stdout] error[E0107]: struct takes 1 lifetime argument but 2 lifetime arguments were supplied
[INFO] [stdout]    --> /opt/rustwide/cargo-home/registry/src/index.crates.io-1949cf8c6b5b557f/vex-sdk-mock-0.1.0/src/display.rs:115:11
[INFO] [stdout]     |
[INFO] [stdout] 115 |     args: VaList<'_, '_>,
[INFO] [stdout]     |           ^^^^^^   ---- help: remove the lifetime argument
[INFO] [stdout]     |           |
[INFO] [stdout]     |           expected 1 lifetime argument
[INFO] [stdout] 
[INFO] [stdout] 
[INFO] [stdout] error[E0107]: struct takes 1 lifetime argument but 2 lifetime arguments were supplied
[INFO] [stdout]    --> /opt/rustwide/cargo-home/registry/src/index.crates.io-1949cf8c6b5b557f/vex-sdk-mock-0.1.0/src/display.rs:123:11
[INFO] [stdout]     |
[INFO] [stdout] 123 |     args: VaList<'_, '_>,
[INFO] [stdout]     |           ^^^^^^   ---- help: remove the lifetime argument
[INFO] [stdout]     |           |
[INFO] [stdout]     |           expected 1 lifetime argument
[INFO] [stdout] 
[INFO] [stdout] 
[INFO] [stdout] error[E0107]: struct takes 1 lifetime argument but 2 lifetime arguments were supplied
[INFO] [stdout]    --> /opt/rustwide/cargo-home/registry/src/index.crates.io-1949cf8c6b5b557f/vex-sdk-mock-0.1.0/src/display.rs:130:11
[INFO] [stdout]     |
[INFO] [stdout] 130 |     args: VaList<'_, '_>,
[INFO] [stdout]     |           ^^^^^^   ---- help: remove the lifetime argument
[INFO] [stdout]     |           |
[INFO] [stdout]     |           expected 1 lifetime argument
[INFO] [stdout] 
[INFO] [stdout] 
[INFO] [stdout] error[E0107]: struct takes 1 lifetime argument but 2 lifetime arguments were supplied
[INFO] [stdout]    --> /opt/rustwide/cargo-home/registry/src/index.crates.io-1949cf8c6b5b557f/vex-sdk-mock-0.1.0/src/display.rs:138:11
[INFO] [stdout]     |
[INFO] [stdout] 138 |     args: VaList<'_, '_>,
[INFO] [stdout]     |           ^^^^^^   ---- help: remove the lifetime argument
[INFO] [stdout]     |           |
[INFO] [stdout]     |           expected 1 lifetime argument
[INFO] [stdout] 
[INFO] [stdout] 
[INFO] [stdout] error[E0107]: struct takes 1 lifetime argument but 2 lifetime arguments were supplied
[INFO] [stdout]    --> /opt/rustwide/cargo-home/registry/src/index.crates.io-1949cf8c6b5b557f/vex-sdk-mock-0.1.0/src/display.rs:145:11
[INFO] [stdout]     |
[INFO] [stdout] 145 |     args: VaList<'_, '_>,
[INFO] [stdout]     |           ^^^^^^   ---- help: remove the lifetime argument
[INFO] [stdout]     |           |
[INFO] [stdout]     |           expected 1 lifetime argument
[INFO] [stdout] 
[INFO] [stdout] 
[INFO] [stdout] error[E0107]: struct takes 1 lifetime argument but 2 lifetime arguments were supplied
[INFO] [stdout]    --> /opt/rustwide/cargo-home/registry/src/index.crates.io-1949cf8c6b5b557f/vex-sdk-mock-0.1.0/src/display.rs:152:11
[INFO] [stdout]     |
[INFO] [stdout] 152 |     args: VaList<'_, '_>,
[INFO] [stdout]     |           ^^^^^^   ---- help: remove the lifetime argument
[INFO] [stdout]     |           |
[INFO] [stdout]     |           expected 1 lifetime argument
[INFO] [stdout] 
[INFO] [stdout] 
[INFO] [stdout] error[E0107]: struct takes 1 lifetime argument but 2 lifetime arguments were supplied
[INFO] [stdout]    --> /opt/rustwide/cargo-home/registry/src/index.crates.io-1949cf8c6b5b557f/vex-sdk-mock-0.1.0/src/display.rs:159:11
[INFO] [stdout]     |
[INFO] [stdout] 159 |     args: VaList<'_, '_>,
[INFO] [stdout]     |           ^^^^^^   ---- help: remove the lifetime argument
[INFO] [stdout]     |           |
[INFO] [stdout]     |           expected 1 lifetime argument
[INFO] [stdout] 
[INFO] [stdout] 
[INFO] [stdout] error[E0599]: no method named `as_va_list` found for struct `VaList<'a>` in the current scope
[INFO] [stdout]    --> /opt/rustwide/cargo-home/registry/src/index.crates.io-1949cf8c6b5b557f/vex-sdk-mock-0.1.0/src/display.rs:171:66
[INFO] [stdout]     |
[INFO] [stdout] 171 |     unsafe { vexDisplayVPrintf(xpos, ypos, bOpaque, format, args.as_va_list()) }
[INFO] [stdout]     |                                                                  ^^^^^^^^^^ method not found in `VaList<'_>`
[INFO] [stdout] 
[INFO] [stdout] 
[INFO] [stdout] error[E0599]: no method named `as_va_list` found for struct `VaList<'a>` in the current scope
[INFO] [stdout]    --> /opt/rustwide/cargo-home/registry/src/index.crates.io-1949cf8c6b5b557f/vex-sdk-mock-0.1.0/src/display.rs:176:58
[INFO] [stdout]     |
[INFO] [stdout] 176 |     unsafe { vexDisplayVString(nLineNumber, format, args.as_va_list()) }
[INFO] [stdout]     |                                                          ^^^^^^^^^^ method not found in `VaList<'_>`
[INFO] [stdout] 
[INFO] [stdout] 
[INFO] [stdout] error[E0599]: no method named `as_va_list` found for struct `VaList<'a>` in the current scope
[INFO] [stdout]    --> /opt/rustwide/cargo-home/registry/src/index.crates.io-1949cf8c6b5b557f/vex-sdk-mock-0.1.0/src/display.rs:186:59
[INFO] [stdout]     |
[INFO] [stdout] 186 |     unsafe { vexDisplayVStringAt(xpos, ypos, format, args.as_va_list()) }
[INFO] [stdout]     |                                                           ^^^^^^^^^^ method not found in `VaList<'_>`
[INFO] [stdout] 
[INFO] [stdout] 
[INFO] [stdout] error[E0599]: no method named `as_va_list` found for struct `VaList<'a>` in the current scope
[INFO] [stdout]    --> /opt/rustwide/cargo-home/registry/src/index.crates.io-1949cf8c6b5b557f/vex-sdk-mock-0.1.0/src/display.rs:195:61
[INFO] [stdout]     |
[INFO] [stdout] 195 |     unsafe { vexDisplayVBigString(nLineNumber, format, args.as_va_list()) }
[INFO] [stdout]     |                                                             ^^^^^^^^^^ method not found in `VaList<'_>`
[INFO] [stdout] 
[INFO] [stdout] 
[INFO] [stdout] error[E0599]: no method named `as_va_list` found for struct `VaList<'a>` in the current scope
[INFO] [stdout]    --> /opt/rustwide/cargo-home/registry/src/index.crates.io-1949cf8c6b5b557f/vex-sdk-mock-0.1.0/src/display.rs:205:62
[INFO] [stdout]     |
[INFO] [stdout] 205 |     unsafe { vexDisplayVBigStringAt(xpos, ypos, format, args.as_va_list()) }
[INFO] [stdout]     |                                                              ^^^^^^^^^^ method not found in `VaList<'_>`
[INFO] [stdout] 
[INFO] [stdout] 
[INFO] [stdout] error[E0599]: no method named `as_va_list` found for struct `VaList<'a>` in the current scope
[INFO] [stdout]    --> /opt/rustwide/cargo-home/registry/src/index.crates.io-1949cf8c6b5b557f/vex-sdk-mock-0.1.0/src/display.rs:215:64
[INFO] [stdout]     |
[INFO] [stdout] 215 |     unsafe { vexDisplayVSmallStringAt(xpos, ypos, format, args.as_va_list()) }
[INFO] [stdout]     |                                                                ^^^^^^^^^^ method not found in `VaList<'_>`
[INFO] [stdout] 
[INFO] [stdout] 
[INFO] [stdout] error[E0599]: no method named `as_va_list` found for struct `VaList<'a>` in the current scope
[INFO] [stdout]    --> /opt/rustwide/cargo-home/registry/src/index.crates.io-1949cf8c6b5b557f/vex-sdk-mock-0.1.0/src/display.rs:224:66
[INFO] [stdout]     |
[INFO] [stdout] 224 |     unsafe { vexDisplayVCenteredString(nLineNumber, format, args.as_va_list()) }
[INFO] [stdout]     |                                                                  ^^^^^^^^^^ method not found in `VaList<'_>`
[INFO] [stdout] 
[INFO] [stdout] 
[INFO] [stdout] error[E0599]: no method named `as_va_list` found for struct `VaList<'a>` in the current scope
[INFO] [stdout]    --> /opt/rustwide/cargo-home/registry/src/index.crates.io-1949cf8c6b5b557f/vex-sdk-mock-0.1.0/src/display.rs:233:69
[INFO] [stdout]     |
[INFO] [stdout] 233 |     unsafe { vexDisplayVBigCenteredString(nLineNumber, format, args.as_va_list()) }
[INFO] [stdout]     |                                                                     ^^^^^^^^^^ method not found in `VaList<'_>`
[INFO] [stdout] 
[INFO] [stdout] 
[INFO] [stdout] Some errors have detailed explanations: E0107, E0599.
[INFO] [stdout] 
[INFO] [stdout] For more information about an error, try `rustc --explain E0107`.
[INFO] [stdout] 
[INFO] [stderr] error: could not compile `vex-sdk-mock` (lib) due to 16 previous errors
[INFO] [stderr] warning: build failed, waiting for other jobs to finish...
[INFO] running `Command { std: "docker" "inspect" "dc2e33610de192668c16fa5b3d1c5bc98a4c8110869ef96a588fb52eeeaba590", kill_on_drop: false }`
[INFO] running `Command { std: "docker" "rm" "-f" "dc2e33610de192668c16fa5b3d1c5bc98a4c8110869ef96a588fb52eeeaba590", kill_on_drop: false }`
[INFO] [stdout] dc2e33610de192668c16fa5b3d1c5bc98a4c8110869ef96a588fb52eeeaba590
