[INFO] cloning repository https://github.com/vrlda/memory-aware-inference
[INFO] running `Command { std: "git" "-c" "credential.helper=" "-c" "credential.helper=/workspace/cargo-home/bin/git-credential-null" "clone" "--bare" "https://github.com/vrlda/memory-aware-inference" "/workspace/cache/git-repos/https%3A%2F%2Fgithub.com%2Fvrlda%2Fmemory-aware-inference", kill_on_drop: false }`
[INFO] [stderr] Cloning into bare repository '/workspace/cache/git-repos/https%3A%2F%2Fgithub.com%2Fvrlda%2Fmemory-aware-inference'...
[INFO] running `Command { std: "git" "rev-parse" "HEAD", kill_on_drop: false }`
[INFO] [stdout] 6c813d867688f6d105a320989a42005214c6fb53
[INFO] checking vrlda/memory-aware-inference against 3154cc1a3e6424e44f438a95007d043ed5ceaaf6+rustflags=-Znext-solver=coherence for pr-133502-30
[INFO] running `Command { std: "git" "clone" "/workspace/cache/git-repos/https%3A%2F%2Fgithub.com%2Fvrlda%2Fmemory-aware-inference" "/workspace/builds/worker-6-tc1/source", kill_on_drop: false }`
[INFO] [stderr] Cloning into '/workspace/builds/worker-6-tc1/source'...
[INFO] [stderr] done.
[INFO] started tweaking git repo https://github.com/vrlda/memory-aware-inference
[INFO] finished tweaking git repo https://github.com/vrlda/memory-aware-inference
[INFO] tweaked toml for git repo https://github.com/vrlda/memory-aware-inference written to /workspace/builds/worker-6-tc1/source/Cargo.toml
[INFO] validating manifest of git repo https://github.com/vrlda/memory-aware-inference on toolchain 3154cc1a3e6424e44f438a95007d043ed5ceaaf6
[INFO] running `Command { std: CARGO_HOME="/workspace/cargo-home" RUSTUP_HOME="/workspace/rustup-home" "/workspace/cargo-home/bin/cargo" "+3154cc1a3e6424e44f438a95007d043ed5ceaaf6" "metadata" "--manifest-path" "Cargo.toml" "--no-deps", kill_on_drop: false }`
[INFO] crate git repo https://github.com/vrlda/memory-aware-inference already has a lockfile, it will not be regenerated
[INFO] running `Command { std: CARGO_HOME="/workspace/cargo-home" RUSTUP_HOME="/workspace/rustup-home" "/workspace/cargo-home/bin/cargo" "+3154cc1a3e6424e44f438a95007d043ed5ceaaf6" "fetch" "--manifest-path" "Cargo.toml", kill_on_drop: false }`
[INFO] [stderr]     Updating crates.io index
[INFO] [stderr]  Downloading crates ...
[INFO] [stderr]   Downloaded rayon-cond v0.4.0
[INFO] [stderr]   Downloaded macro_rules_attribute-proc_macro v0.2.3
[INFO] [stderr]   Downloaded unicode-normalization-alignments v0.1.12
[INFO] [stderr]   Downloaded monostate-impl v0.1.18
[INFO] [stderr]   Downloaded derive_builder_macro v0.20.2
[INFO] [stderr]   Downloaded monostate v0.1.18
[INFO] [stderr]   Downloaded macro_rules_attribute v0.2.3
[INFO] [stderr]   Downloaded dary_heap v0.3.9
[INFO] [stderr]   Downloaded derive_builder_core v0.20.2
[INFO] [stderr]   Downloaded pastey v0.2.3
[INFO] [stderr]   Downloaded find-msvc-tools v0.1.10
[INFO] [stderr]   Downloaded derive_builder v0.20.2
[INFO] [stderr]   Downloaded daachorse v1.0.1
[INFO] [stderr]   Downloaded unicode_categories v0.1.1
[INFO] [stderr]   Downloaded cc v1.4.2
[INFO] [stderr]   Downloaded tokenizers v0.23.1
[INFO] [stderr]   Downloaded esaxx-rs v0.1.10
[INFO] [stderr]   Downloaded spm_precompiled v0.1.4
[INFO] running `Command { std: "docker" "create" "-v" "/var/lib/crater-agent-workspace/builds/worker-6-tc1/source:/opt/rustwide/workdir:ro,Z" "-v" "/var/lib/crater-agent-workspace/builds/worker-6-tc1/target:/opt/rustwide/target:rw,Z" "-v" "/var/lib/crater-agent-workspace/cargo-home:/opt/rustwide/cargo-home:ro,Z" "-v" "/var/lib/crater-agent-workspace/rustup-home:/opt/rustwide/rustup-home:ro,Z" "-m" "1610612736" "--network" "none" "ghcr.io/rust-lang/crates-build-env/linux@sha256:77db811e55d90add9212f6832c23229e3de5f1c1f9905e8cb07319ea15df73ac" "sleep" "infinity", kill_on_drop: false }`
[INFO] [stdout] fd0d2ccea6875c88c69c629a4d093651da06379924ba1bc6d57676aa4d9fbd1f
[INFO] running `Command { std: "docker" "start" "fd0d2ccea6875c88c69c629a4d093651da06379924ba1bc6d57676aa4d9fbd1f", kill_on_drop: false }`
[INFO] running `Command { std: "docker" "inspect" "fd0d2ccea6875c88c69c629a4d093651da06379924ba1bc6d57676aa4d9fbd1f", kill_on_drop: false }`
[INFO] running `Command { std: "docker" "exec" "-e" "SOURCE_DIR=/opt/rustwide/workdir" "-e" "CARGO_HOME=/opt/rustwide/cargo-home" "-e" "RUSTUP_HOME=/opt/rustwide/rustup-home" "-e" "CARGO_TARGET_DIR=/opt/rustwide/target" "-w" "/opt/rustwide/workdir" "--user" "0:0" "fd0d2ccea6875c88c69c629a4d093651da06379924ba1bc6d57676aa4d9fbd1f" "/opt/rustwide/cargo-home/bin/cargo" "+3154cc1a3e6424e44f438a95007d043ed5ceaaf6" "metadata" "--no-deps" "--format-version=1", kill_on_drop: false }`
[INFO] running `Command { std: "docker" "inspect" "fd0d2ccea6875c88c69c629a4d093651da06379924ba1bc6d57676aa4d9fbd1f", kill_on_drop: false }`
[INFO] running `Command { std: "docker" "exec" "-e" "SOURCE_DIR=/opt/rustwide/workdir" "-e" "CARGO_HOME=/opt/rustwide/cargo-home" "-e" "RUSTUP_HOME=/opt/rustwide/rustup-home" "-e" "CARGO_TARGET_DIR=/opt/rustwide/target" "-e" "CARGO_INCREMENTAL=0" "-e" "RUST_BACKTRACE=full" "-e" "RUSTFLAGS=--cap-lints=forbid -Znext-solver=coherence" "-e" "RUSTDOCFLAGS=--cap-lints=forbid" "-w" "/opt/rustwide/workdir" "--user" "0:0" "fd0d2ccea6875c88c69c629a4d093651da06379924ba1bc6d57676aa4d9fbd1f" "/opt/rustwide/cargo-home/bin/cargo" "+3154cc1a3e6424e44f438a95007d043ed5ceaaf6" "check" "--frozen" "--all" "--all-targets" "--message-format=json", kill_on_drop: false }`
[INFO] [stderr]    Compiling proc-macro2 v1.0.107
[INFO] [stderr]    Compiling quote v1.0.47
[INFO] [stderr]    Compiling libc v0.2.189
[INFO] [stderr]    Compiling serde_core v1.0.229
[INFO] [stderr]    Compiling find-msvc-tools v0.1.10
[INFO] [stderr]    Compiling shlex v2.0.1
[INFO] [stderr]    Compiling crossbeam-utils v0.8.22
[INFO] [stderr]    Compiling serde v1.0.229
[INFO] [stderr]     Checking memchr v2.8.3
[INFO] [stderr]    Compiling cc v1.4.2
[INFO] [stderr]    Compiling getrandom v0.3.4
[INFO] [stderr]    Compiling crossbeam-epoch v0.9.20
[INFO] [stderr]    Compiling zerocopy v0.8.56
[INFO] [stderr]    Compiling generic-array v0.14.7
[INFO] [stderr]    Compiling crossbeam-deque v0.8.7
[INFO] [stderr]    Compiling rustversion v1.0.23
[INFO] [stderr]    Compiling rayon-core v1.13.0
[INFO] [stderr]     Checking typenum v1.20.1
[INFO] [stderr]    Compiling zmij v1.0.23
[INFO] [stderr]    Compiling portable-atomic v1.14.0
[INFO] [stderr]    Compiling syn v2.0.119
[INFO] [stderr]    Compiling syn v3.0.3
[INFO] [stderr]     Checking either v1.17.0
[INFO] [stderr]     Checking rand_core v0.9.5
[INFO] [stderr]     Checking aho-corasick v1.1.5
[INFO] [stderr]    Compiling onig_sys v69.9.3
[INFO] [stderr]    Compiling esaxx-rs v0.1.10
[INFO] [stderr]    Compiling ahash v0.8.12
[INFO] [stderr]    Compiling thiserror v2.0.20
[INFO] [stderr]     Checking unicode-width v0.2.2
[INFO] [stderr]    Compiling serde_json v1.0.151
[INFO] [stderr]     Checking regex-syntax v0.8.11
[INFO] [stderr]     Checking minimal-lexical v0.2.1
[INFO] [stderr]    Compiling crc32fast v1.5.0
[INFO] [stderr]     Checking nom v7.1.3
[INFO] [stderr]     Checking console v0.16.4
[INFO] [stderr]     Checking castaway v0.2.4
[INFO] [stderr]     Checking block-buffer v0.10.4
[INFO] [stderr]     Checking crypto-common v0.1.7
[INFO] [stderr]     Checking rayon v1.12.0
[INFO] [stderr]    Compiling serde_derive v1.0.229
[INFO] [stderr]    Compiling thiserror-impl v2.0.20
[INFO] [stderr]     Checking regex-automata v0.4.18
[INFO] [stderr]    Compiling darling_core v0.20.11
[INFO] [stderr]     Checking ppv-lite86 v0.2.21
[INFO] [stderr]     Checking itertools v0.14.0
[INFO] [stderr]     Checking rand_chacha v0.9.0
[INFO] [stderr]     Checking unit-prefix v0.5.2
[INFO] [stderr]     Checking smallvec v1.15.2
[INFO] [stderr]     Checking unicode-segmentation v1.13.3
[INFO] [stderr]    Compiling pastey v0.2.3
[INFO] [stderr]     Checking simd-adler32 v0.3.10
[INFO] [stderr]    Compiling macro_rules_attribute-proc_macro v0.2.3
[INFO] [stderr]     Checking adler2 v2.0.1
[INFO] [stderr]     Checking bitflags v2.13.1
[INFO] [stderr]     Checking ryu v1.0.23
[INFO] [stderr]     Checking onig v6.5.3
[INFO] [stderr]     Checking miniz_oxide v0.8.9
[INFO] [stderr]     Checking macro_rules_attribute v0.2.3
[INFO] [stderr]     Checking regex v1.13.1
[INFO] [stderr]     Checking unicode-normalization-alignments v0.1.12
[INFO] [stderr]     Checking rayon-cond v0.4.0
[INFO] [stderr]     Checking indicatif v0.18.6
[INFO] [stderr]     Checking rand v0.9.5
[INFO] [stderr]    Compiling monostate-impl v0.1.18
[INFO] [stderr]     Checking monostate v0.1.18
[INFO] [stderr]     Checking digest v0.10.7
[INFO] [stderr]     Checking log v0.4.33
[INFO] [stderr]     Checking unicode_categories v0.1.1
[INFO] [stderr]     Checking daachorse v1.0.1
[INFO] [stderr]     Checking sha2 v0.10.9
[INFO] [stderr]     Checking flate2 v1.1.9
[INFO] [stderr]     Checking memmap2 v0.9.11
[INFO] [stderr]    Compiling darling_macro v0.20.11
[INFO] [stderr]    Compiling darling v0.20.11
[INFO] [stderr]    Compiling derive_builder_core v0.20.2
[INFO] [stderr]     Checking spm_precompiled v0.1.4
[INFO] [stderr]     Checking compact_str v0.9.1
[INFO] [stderr]     Checking dary_heap v0.3.9
[INFO] [stderr]    Compiling derive_builder_macro v0.20.2
[INFO] [stderr]     Checking derive_builder v0.20.2
[INFO] [stderr]     Checking tokenizers v0.23.1
[INFO] [stderr]     Checking super-inference v0.1.0 (/opt/rustwide/workdir)
[INFO] [stdout] error[E0432]: unresolved imports `super::parse_layer_set`, `super::retains_stride_layer`, `super::stage_output_prefetch_enabled`, `super::stage_pipeline_depth`
[INFO] [stdout]     --> src/qwen35_runtime.rs:2337:9
[INFO] [stdout]      |
[INFO] [stdout] 2337 |         parse_layer_set, retains_stride_layer, stage_output_prefetch_enabled, stage_pipeline_depth,
[INFO] [stdout]      |         ^^^^^^^^^^^^^^^  ^^^^^^^^^^^^^^^^^^^^  ^^^^^^^^^^^^^^^^^^^^^^^^^^^^^  ^^^^^^^^^^^^^^^^^^^^ no `stage_pipeline_depth` in `qwen35_runtime`
[INFO] [stdout]      |         |                |                     |
[INFO] [stdout]      |         |                |                     no `stage_output_prefetch_enabled` in `qwen35_runtime`
[INFO] [stdout]      |         |                no `retains_stride_layer` in `qwen35_runtime`
[INFO] [stdout]      |         no `parse_layer_set` in `qwen35_runtime`
[INFO] [stdout]      |
[INFO] [stdout] note: found an item that was configured out
[INFO] [stdout]     --> src/qwen35_runtime.rs:2275:4
[INFO] [stdout]      |
[INFO] [stdout] 2274 | #[cfg(target_os = "macos")]
[INFO] [stdout]      |       ------------------- the item is gated behind the `macos` feature
[INFO] [stdout] 2275 | fn parse_layer_set(value: &str) -> BTreeSet<usize> {
[INFO] [stdout]      |    ^^^^^^^^^^^^^^^
[INFO] [stdout] note: found an item that was configured out
[INFO] [stdout]     --> src/qwen35_runtime.rs:2270:4
[INFO] [stdout]      |
[INFO] [stdout] 2269 | #[cfg(target_os = "macos")]
[INFO] [stdout]      |       ------------------- the item is gated behind the `macos` feature
[INFO] [stdout] 2270 | fn retains_stride_layer(layer: usize, stride: usize, offset: usize) -> bool {
[INFO] [stdout]      |    ^^^^^^^^^^^^^^^^^^^^
[INFO] [stdout] note: found an item that was configured out
[INFO] [stdout]     --> src/qwen35_runtime.rs:2283:4
[INFO] [stdout]      |
[INFO] [stdout] 2282 | #[cfg(target_os = "macos")]
[INFO] [stdout]      |       ------------------- the item is gated behind the `macos` feature
[INFO] [stdout] 2283 | fn stage_output_prefetch_enabled(stage_pipeline: bool, setting: Option<&str>) -> bool {
[INFO] [stdout]      |    ^^^^^^^^^^^^^^^^^^^^^^^^^^^^^
[INFO] [stdout] note: found an item that was configured out
[INFO] [stdout]     --> src/qwen35_runtime.rs:2288:4
[INFO] [stdout]      |
[INFO] [stdout] 2287 | #[cfg(target_os = "macos")]
[INFO] [stdout]      |       ------------------- the item is gated behind the `macos` feature
[INFO] [stdout] 2288 | fn stage_pipeline_depth(setting: Option<&str>) -> usize {
[INFO] [stdout]      |    ^^^^^^^^^^^^^^^^^^^^
[INFO] [stdout] 
[INFO] [stdout] 
[INFO] [stdout] warning: constant `DEFAULT_STREAM_PREFETCH_MIB` is never used
[INFO] [stdout]   --> src/runtime.rs:51:7
[INFO] [stdout]    |
[INFO] [stdout] 51 | const DEFAULT_STREAM_PREFETCH_MIB: usize = 0;
[INFO] [stdout]    |       ^^^^^^^^^^^^^^^^^^^^^^^^^^^
[INFO] [stdout]    |
[INFO] [stdout]    = note: `#[warn(dead_code)]` (part of `#[warn(unused)]`) on by default
[INFO] [stdout] 
[INFO] [stdout] 
[INFO] [stdout] warning: function `memory_measurement_label` is never used
[INFO] [stdout]     --> src/runtime.rs:2720:4
[INFO] [stdout]      |
[INFO] [stdout] 2720 | fn memory_measurement_label(model_path: &str) -> &'static str {
[INFO] [stdout]      |    ^^^^^^^^^^^^^^^^^^^^^^^^
[INFO] [stdout] 
[INFO] [stdout] 
[INFO] [stdout] warning: unused import: `std::time::Instant`
[INFO] [stdout]  --> src/bin/si-qwen35-prefix-probe.rs:3:5
[INFO] [stdout]   |
[INFO] [stdout] 3 | use std::time::Instant;
[INFO] [stdout]   |     ^^^^^^^^^^^^^^^^^^
[INFO] [stdout]   |
[INFO] [stdout]   = note: `#[warn(unused_imports)]` (part of `#[warn(unused)]`) on by default
[INFO] [stdout] 
[INFO] [stdout] 
[INFO] [stdout] warning: unused import: `std::path::PathBuf`
[INFO] [stdout]  --> src/bin/si-matmul-many-probe.rs:1:5
[INFO] [stdout]   |
[INFO] [stdout] 1 | use std::path::PathBuf;
[INFO] [stdout]   |     ^^^^^^^^^^^^^^^^^^
[INFO] [stdout]   |
[INFO] [stdout]   = note: `#[warn(unused_imports)]` (part of `#[warn(unused)]`) on by default
[INFO] [stdout] 
[INFO] [stdout] 
[INFO] [stdout] error[E0432]: unresolved import `super_inference::qwen35_runtime::Qwen35Runtime`
[INFO] [stdout]     --> src/bin/si-qwen35-extrapolate-probe.rs:6:5
[INFO] [stdout]      |
[INFO] [stdout]    6 | use super_inference::qwen35_runtime::Qwen35Runtime;
[INFO] [stdout]      |     ^^^^^^^^^^^^^^^^^^^^^^^^^^^^^^^^^-------------
[INFO] [stdout]      |                                      |
[INFO] [stdout]      |                                      no `Qwen35Runtime` in `qwen35_runtime`
[INFO] [stdout]      |
[INFO] [stdout] note: found an item that was configured out
[INFO] [stdout]     --> src/qwen35_runtime.rs:1519:12
[INFO] [stdout]      |
[INFO] [stdout] 1518 | #[cfg(target_os = "macos")]
[INFO] [stdout]      |       ------------------- the item is gated behind the `macos` feature
[INFO] [stdout] 1519 | pub struct Qwen35Runtime<'a> {
[INFO] [stdout]      |            ^^^^^^^^^^^^^
[INFO] [stdout] 
[INFO] [stdout] 
[INFO] [stdout] error[E0432]: unresolved import `super_inference::qwen35_runtime::Qwen35Runtime`
[INFO] [stdout]     --> src/bin/si-qwen35-jacobi-probe.rs:6:5
[INFO] [stdout]      |
[INFO] [stdout]    6 | use super_inference::qwen35_runtime::Qwen35Runtime;
[INFO] [stdout]      |     ^^^^^^^^^^^^^^^^^^^^^^^^^^^^^^^^^-------------
[INFO] [stdout]      |                                      |
[INFO] [stdout]      |                                      no `Qwen35Runtime` in `qwen35_runtime`
[INFO] [stdout]      |
[INFO] [stdout] note: found an item that was configured out
[INFO] [stdout]     --> src/qwen35_runtime.rs:1519:12
[INFO] [stdout]      |
[INFO] [stdout] 1518 | #[cfg(target_os = "macos")]
[INFO] [stdout]      |       ------------------- the item is gated behind the `macos` feature
[INFO] [stdout] 1519 | pub struct Qwen35Runtime<'a> {
[INFO] [stdout]      |            ^^^^^^^^^^^^^
[INFO] [stdout] 
[INFO] [stdout] 
[INFO] [stdout] warning: unused import: `std::time::Instant`
[INFO] [stdout]  --> src/bin/si-qwen35-jacobi-probe.rs:3:5
[INFO] [stdout]   |
[INFO] [stdout] 3 | use std::time::Instant;
[INFO] [stdout]   |     ^^^^^^^^^^^^^^^^^^
[INFO] [stdout]   |
[INFO] [stdout]   = note: `#[warn(unused_imports)]` (part of `#[warn(unused)]`) on by default
[INFO] [stdout] 
[INFO] [stdout] 
[INFO] [stdout] warning: unused import: `super_inference::model::GgufModelStore`
[INFO] [stdout]  --> src/bin/si-qwen35-jacobi-probe.rs:5:5
[INFO] [stdout]   |
[INFO] [stdout] 5 | use super_inference::model::GgufModelStore;
[INFO] [stdout]   |     ^^^^^^^^^^^^^^^^^^^^^^^^^^^^^^^^^^^^^^
[INFO] [stdout] 
[INFO] [stdout] 
[INFO] [stdout] warning: unused import: `super_inference::tokenizer::QwenTokenizer`
[INFO] [stdout]  --> src/bin/si-qwen35-jacobi-probe.rs:7:5
[INFO] [stdout]   |
[INFO] [stdout] 7 | use super_inference::tokenizer::QwenTokenizer;
[INFO] [stdout]   |     ^^^^^^^^^^^^^^^^^^^^^^^^^^^^^^^^^^^^^^^^^
[INFO] [stdout] 
[INFO] [stdout] 
[INFO] [stdout] warning: unused import: `std::time::Instant`
[INFO] [stdout]  --> src/bin/si-qwen35-extrapolate-probe.rs:3:5
[INFO] [stdout]   |
[INFO] [stdout] 3 | use std::time::Instant;
[INFO] [stdout]   |     ^^^^^^^^^^^^^^^^^^
[INFO] [stdout]   |
[INFO] [stdout]   = note: `#[warn(unused_imports)]` (part of `#[warn(unused)]`) on by default
[INFO] [stdout] 
[INFO] [stdout] 
[INFO] [stdout] warning: unused import: `super_inference::model::GgufModelStore`
[INFO] [stdout]  --> src/bin/si-qwen35-extrapolate-probe.rs:5:5
[INFO] [stdout]   |
[INFO] [stdout] 5 | use super_inference::model::GgufModelStore;
[INFO] [stdout]   |     ^^^^^^^^^^^^^^^^^^^^^^^^^^^^^^^^^^^^^^
[INFO] [stdout] 
[INFO] [stdout] 
[INFO] [stdout] warning: unused import: `super_inference::tokenizer::QwenTokenizer`
[INFO] [stdout]  --> src/bin/si-qwen35-extrapolate-probe.rs:7:5
[INFO] [stdout]   |
[INFO] [stdout] 7 | use super_inference::tokenizer::QwenTokenizer;
[INFO] [stdout]   |     ^^^^^^^^^^^^^^^^^^^^^^^^^^^^^^^^^^^^^^^^^
[INFO] [stdout] 
[INFO] [stdout] 
[INFO] [stdout] error[E0432]: unresolved import `super_inference::qwen35_runtime::Qwen35Runtime`
[INFO] [stdout]     --> src/bin/si-qwen35-spec-probe.rs:6:5
[INFO] [stdout]      |
[INFO] [stdout]    6 | use super_inference::qwen35_runtime::Qwen35Runtime;
[INFO] [stdout]      |     ^^^^^^^^^^^^^^^^^^^^^^^^^^^^^^^^^-------------
[INFO] [stdout]      |                                      |
[INFO] [stdout]      |                                      no `Qwen35Runtime` in `qwen35_runtime`
[INFO] [stdout]      |
[INFO] [stdout] note: found an item that was configured out
[INFO] [stdout]     --> src/qwen35_runtime.rs:1519:12
[INFO] [stdout]      |
[INFO] [stdout] 1518 | #[cfg(target_os = "macos")]
[INFO] [stdout]      |       ------------------- the item is gated behind the `macos` feature
[INFO] [stdout] 1519 | pub struct Qwen35Runtime<'a> {
[INFO] [stdout]      |            ^^^^^^^^^^^^^
[INFO] [stdout] 
[INFO] [stdout] 
[INFO] [stdout] warning: unused import: `std::time::Instant`
[INFO] [stdout]  --> src/bin/si-qwen35-spec-probe.rs:3:5
[INFO] [stdout]   |
[INFO] [stdout] 3 | use std::time::Instant;
[INFO] [stdout]   |     ^^^^^^^^^^^^^^^^^^
[INFO] [stdout]   |
[INFO] [stdout]   = note: `#[warn(unused_imports)]` (part of `#[warn(unused)]`) on by default
[INFO] [stdout] 
[INFO] [stdout] 
[INFO] [stdout] warning: unused import: `super_inference::model::GgufModelStore`
[INFO] [stdout]  --> src/bin/si-qwen35-spec-probe.rs:5:5
[INFO] [stdout]   |
[INFO] [stdout] 5 | use super_inference::model::GgufModelStore;
[INFO] [stdout]   |     ^^^^^^^^^^^^^^^^^^^^^^^^^^^^^^^^^^^^^^
[INFO] [stdout] 
[INFO] [stdout] 
[INFO] [stdout] warning: unused import: `super_inference::tokenizer::QwenTokenizer`
[INFO] [stdout]  --> src/bin/si-qwen35-spec-probe.rs:7:5
[INFO] [stdout]   |
[INFO] [stdout] 7 | use super_inference::tokenizer::QwenTokenizer;
[INFO] [stdout]   |     ^^^^^^^^^^^^^^^^^^^^^^^^^^^^^^^^^^^^^^^^^
[INFO] [stdout] 
[INFO] [stdout] 
[INFO] [stdout] warning: unused import: `std::time::Instant`
[INFO] [stdout]  --> src/bin/si-qwen35-block-probe.rs:3:5
[INFO] [stdout]   |
[INFO] [stdout] 3 | use std::time::Instant;
[INFO] [stdout]   |     ^^^^^^^^^^^^^^^^^^
[INFO] [stdout]   |
[INFO] [stdout]   = note: `#[warn(unused_imports)]` (part of `#[warn(unused)]`) on by default
[INFO] [stdout] 
[INFO] [stdout] 
[INFO] [stdout] For more information about this error, try `rustc --explain E0432`.
[INFO] [stdout] 
[INFO] [stderr] error: could not compile `super-inference` (bin "si-qwen35-jacobi-probe" test) due to 1 previous error; 3 warnings emitted
[INFO] [stderr] warning: build failed, waiting for other jobs to finish...
[INFO] [stdout] For more information about this error, try `rustc --explain E0432`.
[INFO] [stdout] 
[INFO] [stdout] For more information about this error, try `rustc --explain E0432`.
[INFO] [stdout] 
[INFO] [stdout] warning: unused import: `Instant`
[INFO] [stdout]  --> src/bin/si-qwen35-attn-probe.rs:3:27
[INFO] [stdout]   |
[INFO] [stdout] 3 | use std::time::{Duration, Instant};
[INFO] [stdout]   |                           ^^^^^^^
[INFO] [stdout]   |
[INFO] [stdout]   = note: `#[warn(unused_imports)]` (part of `#[warn(unused)]`) on by default
[INFO] [stdout] 
[INFO] [stdout] 
[INFO] [stdout] warning: unused imports: `GgufModelStore`, `GgufQwen35LayerKind`, and `GgufTensorView`
[INFO] [stdout]  --> src/bin/si-qwen35-attn-probe.rs:5:30
[INFO] [stdout]   |
[INFO] [stdout] 5 | use super_inference::model::{GgufModelStore, GgufQwen35LayerKind, GgufTensorView};
[INFO] [stdout]   |                              ^^^^^^^^^^^^^^  ^^^^^^^^^^^^^^^^^^^  ^^^^^^^^^^^^^^
[INFO] [stdout] 
[INFO] [stdout] 
[INFO] [stderr] error: could not compile `super-inference` (bin "si-qwen35-extrapolate-probe" test) due to 1 previous error; 3 warnings emitted
[INFO] [stderr] error: could not compile `super-inference` (bin "si-qwen35-spec-probe" test) due to 1 previous error; 3 warnings emitted
[INFO] [stdout] warning: unused import: `std::path::PathBuf`
[INFO] [stdout]  --> src/bin/si-resident-drafter-probe.rs:5:5
[INFO] [stdout]   |
[INFO] [stdout] 5 | use std::path::PathBuf;
[INFO] [stdout]   |     ^^^^^^^^^^^^^^^^^^
[INFO] [stdout]   |
[INFO] [stdout]   = note: `#[warn(unused_imports)]` (part of `#[warn(unused)]`) on by default
[INFO] [stdout] 
[INFO] [stdout] 
[INFO] [stdout] warning: struct `StageTimes` is never constructed
[INFO] [stdout]   --> src/bin/si-qwen35-attn-probe.rs:62:8
[INFO] [stdout]    |
[INFO] [stdout] 62 | struct StageTimes {
[INFO] [stdout]    |        ^^^^^^^^^^
[INFO] [stdout]    |
[INFO] [stdout]    = note: `#[warn(dead_code)]` (part of `#[warn(unused)]`) on by default
[INFO] [stdout] 
[INFO] [stdout] 
[INFO] [stdout] For more information about this error, try `rustc --explain E0432`.
[INFO] [stdout] 
[INFO] [stderr] error: could not compile `super-inference` (lib test) due to 1 previous error
[INFO] running `Command { std: "docker" "inspect" "fd0d2ccea6875c88c69c629a4d093651da06379924ba1bc6d57676aa4d9fbd1f", kill_on_drop: false }`
[INFO] running `Command { std: "docker" "rm" "-f" "fd0d2ccea6875c88c69c629a4d093651da06379924ba1bc6d57676aa4d9fbd1f", kill_on_drop: false }`
[INFO] [stdout] fd0d2ccea6875c88c69c629a4d093651da06379924ba1bc6d57676aa4d9fbd1f
