[INFO] cloning repository https://github.com/vndangkhoa/kv-file
[INFO] running `Command { std: "git" "-c" "credential.helper=" "-c" "credential.helper=/workspace/cargo-home/bin/git-credential-null" "clone" "--bare" "https://github.com/vndangkhoa/kv-file" "/workspace/cache/git-repos/https%3A%2F%2Fgithub.com%2Fvndangkhoa%2Fkv-file", kill_on_drop: false }`
[INFO] [stderr] Cloning into bare repository '/workspace/cache/git-repos/https%3A%2F%2Fgithub.com%2Fvndangkhoa%2Fkv-file'...
[INFO] running `Command { std: "git" "rev-parse" "HEAD", kill_on_drop: false }`
[INFO] [stdout] f7aff47017b3339a8f93e03b5555a98531f49da5
[INFO] checking vndangkhoa/kv-file against 3154cc1a3e6424e44f438a95007d043ed5ceaaf6+rustflags=-Znext-solver=coherence for pr-133502-30
[INFO] running `Command { std: "git" "clone" "/workspace/cache/git-repos/https%3A%2F%2Fgithub.com%2Fvndangkhoa%2Fkv-file" "/workspace/builds/worker-7-tc1/source", kill_on_drop: false }`
[INFO] [stderr] Cloning into '/workspace/builds/worker-7-tc1/source'...
[INFO] [stderr] done.
[INFO] started tweaking git repo https://github.com/vndangkhoa/kv-file
[INFO] finished tweaking git repo https://github.com/vndangkhoa/kv-file
[INFO] tweaked toml for git repo https://github.com/vndangkhoa/kv-file written to /workspace/builds/worker-7-tc1/source/Cargo.toml
[INFO] validating manifest of git repo https://github.com/vndangkhoa/kv-file on toolchain 3154cc1a3e6424e44f438a95007d043ed5ceaaf6
[INFO] running `Command { std: CARGO_HOME="/workspace/cargo-home" RUSTUP_HOME="/workspace/rustup-home" "/workspace/cargo-home/bin/cargo" "+3154cc1a3e6424e44f438a95007d043ed5ceaaf6" "metadata" "--manifest-path" "Cargo.toml" "--no-deps", kill_on_drop: false }`
[INFO] crate git repo https://github.com/vndangkhoa/kv-file already has a lockfile, it will not be regenerated
[INFO] running `Command { std: CARGO_HOME="/workspace/cargo-home" RUSTUP_HOME="/workspace/rustup-home" "/workspace/cargo-home/bin/cargo" "+3154cc1a3e6424e44f438a95007d043ed5ceaaf6" "fetch" "--manifest-path" "Cargo.toml", kill_on_drop: false }`
[INFO] [stderr]     Updating crates.io index
[INFO] [stderr]  Downloading crates ...
[INFO] [stderr]   Downloaded qrcodegen-image v1.5.2
[INFO] [stderr]   Downloaded totp-rs v6.0.0
[INFO] running `Command { std: "docker" "create" "-v" "/var/lib/crater-agent-workspace/builds/worker-7-tc1/source:/opt/rustwide/workdir:ro,Z" "-v" "/var/lib/crater-agent-workspace/builds/worker-7-tc1/target:/opt/rustwide/target:rw,Z" "-v" "/var/lib/crater-agent-workspace/cargo-home:/opt/rustwide/cargo-home:ro,Z" "-v" "/var/lib/crater-agent-workspace/rustup-home:/opt/rustwide/rustup-home:ro,Z" "-m" "1610612736" "--network" "none" "ghcr.io/rust-lang/crates-build-env/linux@sha256:77db811e55d90add9212f6832c23229e3de5f1c1f9905e8cb07319ea15df73ac" "sleep" "infinity", kill_on_drop: false }`
[INFO] [stdout] 34217a89717baa4a13860933e2b0140773688494ebdbc9dc2d62f6dff531c0b9
[INFO] running `Command { std: "docker" "start" "34217a89717baa4a13860933e2b0140773688494ebdbc9dc2d62f6dff531c0b9", kill_on_drop: false }`
[INFO] running `Command { std: "docker" "inspect" "34217a89717baa4a13860933e2b0140773688494ebdbc9dc2d62f6dff531c0b9", kill_on_drop: false }`
[INFO] running `Command { std: "docker" "exec" "-e" "SOURCE_DIR=/opt/rustwide/workdir" "-e" "CARGO_HOME=/opt/rustwide/cargo-home" "-e" "RUSTUP_HOME=/opt/rustwide/rustup-home" "-e" "CARGO_TARGET_DIR=/opt/rustwide/target" "-w" "/opt/rustwide/workdir" "--user" "0:0" "34217a89717baa4a13860933e2b0140773688494ebdbc9dc2d62f6dff531c0b9" "/opt/rustwide/cargo-home/bin/cargo" "+3154cc1a3e6424e44f438a95007d043ed5ceaaf6" "metadata" "--no-deps" "--format-version=1", kill_on_drop: false }`
[INFO] running `Command { std: "docker" "inspect" "34217a89717baa4a13860933e2b0140773688494ebdbc9dc2d62f6dff531c0b9", kill_on_drop: false }`
[INFO] running `Command { std: "docker" "exec" "-e" "SOURCE_DIR=/opt/rustwide/workdir" "-e" "CARGO_HOME=/opt/rustwide/cargo-home" "-e" "RUSTUP_HOME=/opt/rustwide/rustup-home" "-e" "CARGO_TARGET_DIR=/opt/rustwide/target" "-e" "CARGO_INCREMENTAL=0" "-e" "RUST_BACKTRACE=full" "-e" "RUSTFLAGS=--cap-lints=forbid -Znext-solver=coherence" "-e" "RUSTDOCFLAGS=--cap-lints=forbid" "-w" "/opt/rustwide/workdir" "--user" "0:0" "34217a89717baa4a13860933e2b0140773688494ebdbc9dc2d62f6dff531c0b9" "/opt/rustwide/cargo-home/bin/cargo" "+3154cc1a3e6424e44f438a95007d043ed5ceaaf6" "check" "--frozen" "--all" "--all-targets" "--message-format=json", kill_on_drop: false }`
[INFO] [stderr]     Checking smallvec v1.16.1
[INFO] [stderr]    Compiling mime_guess v2.0.5
[INFO] [stderr]    Compiling num-traits v0.2.19
[INFO] [stderr]     Checking digest v0.11.3
[INFO] [stderr]     Checking digest v0.10.7
[INFO] [stderr]     Checking getrandom v0.3.4
[INFO] [stderr]     Checking futures-util v0.3.34
[INFO] [stderr]     Checking serde v1.0.229
[INFO] [stderr]     Checking rand_core v0.9.5
[INFO] [stderr]     Checking parking_lot_core v0.9.12
[INFO] [stderr]     Checking rand_chacha v0.9.0
[INFO] [stderr]     Checking icu_normalizer v2.3.0
[INFO] [stderr]    Compiling inotify-sys v0.1.8
[INFO] [stderr]     Checking parking_lot v0.12.5
[INFO] [stderr]     Checking tokio v1.53.1
[INFO] [stderr]    Compiling sha2 v0.11.0
[INFO] [stderr]    Compiling libsqlite3-sys v0.30.1
[INFO] [stderr]     Checking idna_adapter v1.2.2
[INFO] [stderr]     Checking rand v0.9.5
[INFO] [stderr]     Checking png v0.18.1
[INFO] [stderr]     Checking moxcms v0.8.1
[INFO] [stderr]     Checking sha1 v0.10.7
[INFO] [stderr]     Checking ahash v0.8.12
[INFO] [stderr]    Compiling multer v3.1.0
[INFO] [stderr]     Checking bytemuck v1.25.2
[INFO] [stderr]    Compiling mime v0.3.17
[INFO] [stderr]     Checking sync_wrapper v1.0.2
[INFO] [stderr]     Checking compression-core v0.4.33
[INFO] [stderr]     Checking compression-codecs v0.4.41
[INFO] [stderr]     Checking tungstenite v0.29.0
[INFO] [stderr]    Compiling rust-embed-utils v8.12.0
[INFO] [stderr]     Checking hashbrown v0.14.5
[INFO] [stderr]     Checking idna v1.1.0
[INFO] [stderr]     Checking bumpalo v3.20.3
[INFO] [stderr]     Checking spin v0.9.9
[INFO] [stderr]    Compiling zip v2.4.2
[INFO] [stderr]     Checking qrcodegen v1.8.0
[INFO] [stderr]     Checking chrono v0.4.45
[INFO] [stderr]     Checking hashlink v0.9.1
[INFO] [stderr]    Compiling clap_derive v4.6.4
[INFO] [stderr]     Checking zopfli v0.8.3
[INFO] [stderr]    Compiling rust-embed-impl v8.12.0
[INFO] [stderr]     Checking password-hash v0.5.0
[INFO] [stderr]     Checking serde_urlencoded v0.7.1
[INFO] [stderr]     Checking url v2.5.8
[INFO] [stderr]     Checking inotify v0.9.6
[INFO] [stderr]     Checking rand v0.10.2
[INFO] [stderr]     Checking crossbeam-channel v0.5.17
[INFO] [stderr]     Checking serde_json v1.0.151
[INFO] [stderr]     Checking axum-core v0.5.6
[INFO] [stderr]     Checking uuid v1.26.1
[INFO] [stderr]     Checking sha1 v0.11.0
[INFO] [stderr]     Checking hmac v0.13.0
[INFO] [stderr]     Checking blake2 v0.10.6
[INFO] [stderr]     Checking serde_path_to_error v0.1.20
[INFO] [stderr]    Compiling async-stream-impl v0.3.6
[INFO] [stderr]     Checking filetime v0.2.29
[INFO] [stderr]     Checking mio v0.8.11
[INFO] [stderr]     Checking constant_time_eq v0.4.2
[INFO] [stderr]     Checking http-range-header v0.4.2
[INFO] [stderr]     Checking tracing-subscriber v0.3.23
[INFO] [stderr]     Checking async-stream v0.3.6
[INFO] [stderr]     Checking notify v6.1.1
[INFO] [stderr]     Checking clap v4.6.6
[INFO] [stderr]     Checking argon2 v0.5.3
[INFO] [stderr]     Checking rust-embed v8.12.0
[INFO] [stderr]     Checking dunce v1.0.5
[INFO] [stderr]     Checking image v0.25.10
[INFO] [stderr]     Checking hyper v1.11.1
[INFO] [stderr]     Checking async-compression v0.4.46
[INFO] [stderr]     Checking tower v0.5.3
[INFO] [stderr]     Checking tokio-util v0.7.19
[INFO] [stderr]     Checking tokio-tungstenite v0.29.0
[INFO] [stderr]     Checking tower-http v0.6.11
[INFO] [stderr]     Checking hyper-util v0.1.20
[INFO] [stderr]     Checking axum v0.8.9
[INFO] [stderr]     Checking qrcodegen-image v1.5.2
[INFO] [stderr]     Checking totp-rs v6.0.0
[INFO] [stderr]     Checking rusqlite v0.32.1
[INFO] [stderr]     Checking kv-files v2.0.0 (/opt/rustwide/workdir)
[INFO] [stdout] error: #[derive(RustEmbed)] folder '/opt/rustwide/workdir/web/dist/' does not exist. cwd: '/opt/rustwide/workdir'
[INFO] [stdout]   --> src/api/static_files.rs:9:1
[INFO] [stdout]    |
[INFO] [stdout]  9 | / #[folder = "web/dist/"]
[INFO] [stdout] 10 | | struct Assets;
[INFO] [stdout]    | |______________^
[INFO] [stdout] 
[INFO] [stdout] 
[INFO] [stdout] error: #[derive(RustEmbed)] folder '/opt/rustwide/workdir/web/dist/' does not exist. cwd: '/opt/rustwide/workdir'
[INFO] [stdout]   --> src/api/static_files.rs:9:1
[INFO] [stdout]    |
[INFO] [stdout]  9 | / #[folder = "web/dist/"]
[INFO] [stdout] 10 | | struct Assets;
[INFO] [stdout]    | |______________^
[INFO] [stdout] 
[INFO] [stdout] 
[INFO] [stdout] error[E0599]: no associated function or constant named `get` found for struct `Assets` in the current scope
[INFO] [stdout]   --> src/api/static_files.rs:22:36
[INFO] [stdout]    |
[INFO] [stdout] 10 | struct Assets;
[INFO] [stdout]    | ------------- associated function or constant `get` not found for this struct
[INFO] [stdout] ...
[INFO] [stdout] 22 |     if let Some(content) = Assets::get(target_path) {
[INFO] [stdout]    |                                    ^^^ associated function or constant not found in `Assets`
[INFO] [stdout]    |
[INFO] [stdout]    = help: items from traits can only be used if the trait is implemented and in scope
[INFO] [stdout]    = note: the following traits define an item `get`, perhaps you need to implement one of them:
[INFO] [stdout]            candidate #1: `Embed`
[INFO] [stdout]            candidate #2: `SliceIndex`
[INFO] [stdout]            candidate #3: `fallible_streaming_iterator::FallibleStreamingIterator`
[INFO] [stdout]            candidate #4: `icu_collections::codepointtrie::cptrie::TypedCodePointTrie`
[INFO] [stdout]            candidate #5: `icu_properties::names::PropertyEnumToValueNameLookup`
[INFO] [stdout]            candidate #6: `icu_provider::baked::DataStore`
[INFO] [stdout] 
[INFO] [stdout] 
[INFO] [stdout] error[E0599]: no associated function or constant named `get` found for struct `Assets` in the current scope
[INFO] [stdout]   --> src/api/static_files.rs:22:36
[INFO] [stdout]    |
[INFO] [stdout] 10 | struct Assets;
[INFO] [stdout]    | ------------- associated function or constant `get` not found for this struct
[INFO] [stdout] ...
[INFO] [stdout] 22 |     if let Some(content) = Assets::get(target_path) {
[INFO] [stdout]    |                                    ^^^ associated function or constant not found in `Assets`
[INFO] [stdout]    |
[INFO] [stdout]    = help: items from traits can only be used if the trait is implemented and in scope
[INFO] [stdout]    = note: the following traits define an item `get`, perhaps you need to implement one of them:
[INFO] [stdout]            candidate #1: `Embed`
[INFO] [stdout]            candidate #2: `SliceIndex`
[INFO] [stdout]            candidate #3: `fallible_streaming_iterator::FallibleStreamingIterator`
[INFO] [stdout]            candidate #4: `icu_collections::codepointtrie::cptrie::TypedCodePointTrie`
[INFO] [stdout]            candidate #5: `icu_properties::names::PropertyEnumToValueNameLookup`
[INFO] [stdout]            candidate #6: `icu_provider::baked::DataStore`
[INFO] [stdout] 
[INFO] [stdout] 
[INFO] [stdout] error[E0599]: no associated function or constant named `get` found for struct `Assets` in the current scope
[INFO] [stdout]   --> src/api/static_files.rs:34:36
[INFO] [stdout]    |
[INFO] [stdout] 10 | struct Assets;
[INFO] [stdout]    | ------------- associated function or constant `get` not found for this struct
[INFO] [stdout] ...
[INFO] [stdout] 34 |     if let Some(content) = Assets::get(&dir_index) {
[INFO] [stdout]    |                                    ^^^ associated function or constant not found in `Assets`
[INFO] [stdout]    |
[INFO] [stdout]    = help: items from traits can only be used if the trait is implemented and in scope
[INFO] [stdout]    = note: the following traits define an item `get`, perhaps you need to implement one of them:
[INFO] [stdout]            candidate #1: `Embed`
[INFO] [stdout]            candidate #2: `SliceIndex`
[INFO] [stdout]            candidate #3: `fallible_streaming_iterator::FallibleStreamingIterator`
[INFO] [stdout]            candidate #4: `icu_collections::codepointtrie::cptrie::TypedCodePointTrie`
[INFO] [stdout]            candidate #5: `icu_properties::names::PropertyEnumToValueNameLookup`
[INFO] [stdout]            candidate #6: `icu_provider::baked::DataStore`
[INFO] [stdout] 
[INFO] [stdout] 
[INFO] [stdout] error[E0599]: no associated function or constant named `get` found for struct `Assets` in the current scope
[INFO] [stdout]   --> src/api/static_files.rs:44:34
[INFO] [stdout]    |
[INFO] [stdout] 10 | struct Assets;
[INFO] [stdout]    | ------------- associated function or constant `get` not found for this struct
[INFO] [stdout] ...
[INFO] [stdout] 44 |     if let Some(index) = Assets::get("index.html") {
[INFO] [stdout]    |                                  ^^^ associated function or constant not found in `Assets`
[INFO] [stdout]    |
[INFO] [stdout]    = help: items from traits can only be used if the trait is implemented and in scope
[INFO] [stdout]    = note: the following traits define an item `get`, perhaps you need to implement one of them:
[INFO] [stdout]            candidate #1: `Embed`
[INFO] [stdout]            candidate #2: `SliceIndex`
[INFO] [stdout]            candidate #3: `fallible_streaming_iterator::FallibleStreamingIterator`
[INFO] [stdout]            candidate #4: `icu_collections::codepointtrie::cptrie::TypedCodePointTrie`
[INFO] [stdout]            candidate #5: `icu_properties::names::PropertyEnumToValueNameLookup`
[INFO] [stdout]            candidate #6: `icu_provider::baked::DataStore`
[INFO] [stdout] 
[INFO] [stdout] 
[INFO] [stdout] error[E0599]: no associated function or constant named `get` found for struct `Assets` in the current scope
[INFO] [stdout]   --> src/api/static_files.rs:34:36
[INFO] [stdout]    |
[INFO] [stdout] 10 | struct Assets;
[INFO] [stdout]    | ------------- associated function or constant `get` not found for this struct
[INFO] [stdout] ...
[INFO] [stdout] 34 |     if let Some(content) = Assets::get(&dir_index) {
[INFO] [stdout]    |                                    ^^^ associated function or constant not found in `Assets`
[INFO] [stdout]    |
[INFO] [stdout]    = help: items from traits can only be used if the trait is implemented and in scope
[INFO] [stdout]    = note: the following traits define an item `get`, perhaps you need to implement one of them:
[INFO] [stdout]            candidate #1: `Embed`
[INFO] [stdout]            candidate #2: `SliceIndex`
[INFO] [stdout]            candidate #3: `fallible_streaming_iterator::FallibleStreamingIterator`
[INFO] [stdout]            candidate #4: `icu_collections::codepointtrie::cptrie::TypedCodePointTrie`
[INFO] [stdout]            candidate #5: `icu_properties::names::PropertyEnumToValueNameLookup`
[INFO] [stdout]            candidate #6: `icu_provider::baked::DataStore`
[INFO] [stdout] 
[INFO] [stdout] 
[INFO] [stdout] error[E0599]: no associated function or constant named `get` found for struct `Assets` in the current scope
[INFO] [stdout]   --> src/api/static_files.rs:44:34
[INFO] [stdout]    |
[INFO] [stdout] 10 | struct Assets;
[INFO] [stdout]    | ------------- associated function or constant `get` not found for this struct
[INFO] [stdout] ...
[INFO] [stdout] 44 |     if let Some(index) = Assets::get("index.html") {
[INFO] [stdout]    |                                  ^^^ associated function or constant not found in `Assets`
[INFO] [stdout]    |
[INFO] [stdout]    = help: items from traits can only be used if the trait is implemented and in scope
[INFO] [stdout]    = note: the following traits define an item `get`, perhaps you need to implement one of them:
[INFO] [stdout]            candidate #1: `Embed`
[INFO] [stdout]            candidate #2: `SliceIndex`
[INFO] [stdout]            candidate #3: `fallible_streaming_iterator::FallibleStreamingIterator`
[INFO] [stdout]            candidate #4: `icu_collections::codepointtrie::cptrie::TypedCodePointTrie`
[INFO] [stdout]            candidate #5: `icu_properties::names::PropertyEnumToValueNameLookup`
[INFO] [stdout]            candidate #6: `icu_provider::baked::DataStore`
[INFO] [stdout] 
[INFO] [stdout] 
[INFO] [stdout] For more information about this error, try `rustc --explain E0599`.
[INFO] [stdout] 
[INFO] [stderr] error: could not compile `kv-files` (lib) due to 4 previous errors
[INFO] [stderr] warning: build failed, waiting for other jobs to finish...
[INFO] [stdout] For more information about this error, try `rustc --explain E0599`.
[INFO] [stdout] 
[INFO] [stderr] error: could not compile `kv-files` (lib test) due to 4 previous errors
[INFO] running `Command { std: "docker" "inspect" "34217a89717baa4a13860933e2b0140773688494ebdbc9dc2d62f6dff531c0b9", kill_on_drop: false }`
[INFO] running `Command { std: "docker" "rm" "-f" "34217a89717baa4a13860933e2b0140773688494ebdbc9dc2d62f6dff531c0b9", kill_on_drop: false }`
[INFO] [stdout] 34217a89717baa4a13860933e2b0140773688494ebdbc9dc2d62f6dff531c0b9
