[INFO] cloning repository https://github.com/vndangkhoa/kv-file-pro
[INFO] running `Command { std: "git" "-c" "credential.helper=" "-c" "credential.helper=/workspace/cargo-home/bin/git-credential-null" "clone" "--bare" "https://github.com/vndangkhoa/kv-file-pro" "/workspace/cache/git-repos/https%3A%2F%2Fgithub.com%2Fvndangkhoa%2Fkv-file-pro", kill_on_drop: false }`
[INFO] [stderr] Cloning into bare repository '/workspace/cache/git-repos/https%3A%2F%2Fgithub.com%2Fvndangkhoa%2Fkv-file-pro'...
[INFO] running `Command { std: "git" "rev-parse" "HEAD", kill_on_drop: false }`
[INFO] [stdout] a5ef131df8b8fdfe251817c8ebc13cf1f1ff6469
[INFO] checking vndangkhoa/kv-file-pro against 3154cc1a3e6424e44f438a95007d043ed5ceaaf6 for pr-133502-30
[INFO] running `Command { std: "git" "clone" "/workspace/cache/git-repos/https%3A%2F%2Fgithub.com%2Fvndangkhoa%2Fkv-file-pro" "/workspace/builds/worker-1-tc2/source", kill_on_drop: false }`
[INFO] [stderr] Cloning into '/workspace/builds/worker-1-tc2/source'...
[INFO] [stderr] done.
[INFO] started tweaking git repo https://github.com/vndangkhoa/kv-file-pro
[INFO] finished tweaking git repo https://github.com/vndangkhoa/kv-file-pro
[INFO] tweaked toml for git repo https://github.com/vndangkhoa/kv-file-pro written to /workspace/builds/worker-1-tc2/source/Cargo.toml
[INFO] validating manifest of git repo https://github.com/vndangkhoa/kv-file-pro on toolchain 3154cc1a3e6424e44f438a95007d043ed5ceaaf6
[INFO] running `Command { std: CARGO_HOME="/workspace/cargo-home" RUSTUP_HOME="/workspace/rustup-home" "/workspace/cargo-home/bin/cargo" "+3154cc1a3e6424e44f438a95007d043ed5ceaaf6" "metadata" "--manifest-path" "Cargo.toml" "--no-deps", kill_on_drop: false }`
[INFO] crate git repo https://github.com/vndangkhoa/kv-file-pro already has a lockfile, it will not be regenerated
[INFO] running `Command { std: CARGO_HOME="/workspace/cargo-home" RUSTUP_HOME="/workspace/rustup-home" "/workspace/cargo-home/bin/cargo" "+3154cc1a3e6424e44f438a95007d043ed5ceaaf6" "fetch" "--manifest-path" "Cargo.toml", kill_on_drop: false }`
[INFO] running `Command { std: "docker" "create" "-v" "/var/lib/crater-agent-workspace/builds/worker-1-tc2/source:/opt/rustwide/workdir:ro,Z" "-v" "/var/lib/crater-agent-workspace/builds/worker-1-tc2/target:/opt/rustwide/target:rw,Z" "-v" "/var/lib/crater-agent-workspace/cargo-home:/opt/rustwide/cargo-home:ro,Z" "-v" "/var/lib/crater-agent-workspace/rustup-home:/opt/rustwide/rustup-home:ro,Z" "-m" "1610612736" "--network" "none" "ghcr.io/rust-lang/crates-build-env/linux@sha256:77db811e55d90add9212f6832c23229e3de5f1c1f9905e8cb07319ea15df73ac" "sleep" "infinity", kill_on_drop: false }`
[INFO] [stdout] d3e6df12481ee94681b7662a367472438291f9b515ba8916da4f5a1e677de0e6
[INFO] running `Command { std: "docker" "start" "d3e6df12481ee94681b7662a367472438291f9b515ba8916da4f5a1e677de0e6", kill_on_drop: false }`
[INFO] running `Command { std: "docker" "inspect" "d3e6df12481ee94681b7662a367472438291f9b515ba8916da4f5a1e677de0e6", kill_on_drop: false }`
[INFO] running `Command { std: "docker" "exec" "-e" "SOURCE_DIR=/opt/rustwide/workdir" "-e" "CARGO_HOME=/opt/rustwide/cargo-home" "-e" "RUSTUP_HOME=/opt/rustwide/rustup-home" "-e" "CARGO_TARGET_DIR=/opt/rustwide/target" "-w" "/opt/rustwide/workdir" "--user" "0:0" "d3e6df12481ee94681b7662a367472438291f9b515ba8916da4f5a1e677de0e6" "/opt/rustwide/cargo-home/bin/cargo" "+3154cc1a3e6424e44f438a95007d043ed5ceaaf6" "metadata" "--no-deps" "--format-version=1", kill_on_drop: false }`
[INFO] running `Command { std: "docker" "inspect" "d3e6df12481ee94681b7662a367472438291f9b515ba8916da4f5a1e677de0e6", kill_on_drop: false }`
[INFO] running `Command { std: "docker" "exec" "-e" "SOURCE_DIR=/opt/rustwide/workdir" "-e" "CARGO_HOME=/opt/rustwide/cargo-home" "-e" "RUSTUP_HOME=/opt/rustwide/rustup-home" "-e" "CARGO_TARGET_DIR=/opt/rustwide/target" "-e" "CARGO_INCREMENTAL=0" "-e" "RUST_BACKTRACE=full" "-e" "RUSTFLAGS=--cap-lints=forbid" "-e" "RUSTDOCFLAGS=--cap-lints=forbid" "-w" "/opt/rustwide/workdir" "--user" "0:0" "d3e6df12481ee94681b7662a367472438291f9b515ba8916da4f5a1e677de0e6" "/opt/rustwide/cargo-home/bin/cargo" "+3154cc1a3e6424e44f438a95007d043ed5ceaaf6" "check" "--frozen" "--all" "--all-targets" "--message-format=json", kill_on_drop: false }`
[INFO] [stderr]    Compiling syn v3.0.5
[INFO] [stderr]     Checking parking_lot_core v0.9.12
[INFO] [stderr]     Checking zerofrom v0.1.8
[INFO] [stderr]     Checking block-buffer v0.10.4
[INFO] [stderr]     Checking crypto-common v0.1.7
[INFO] [stderr]    Compiling serde_core v1.0.229
[INFO] [stderr]     Checking flate2 v1.1.10
[INFO] [stderr]     Checking hybrid-array v0.4.15
[INFO] [stderr]    Compiling mime_guess v2.0.5
[INFO] [stderr]     Checking digest v0.10.7
[INFO] [stderr]     Checking yoke v0.8.3
[INFO] [stderr]     Checking parking_lot v0.12.5
[INFO] [stderr]     Checking tracing v0.1.44
[INFO] [stderr]    Compiling ring v0.17.14
[INFO] [stderr]    Compiling typenum v1.20.1
[INFO] [stderr]    Compiling num-traits v0.2.19
[INFO] [stderr]     Checking cpufeatures v0.3.1
[INFO] [stderr]    Compiling getrandom v0.4.3
[INFO] [stderr]    Compiling rustls v0.23.45
[INFO] [stderr]    Compiling const-oid v0.10.2
[INFO] [stderr]     Checking rand_chacha v0.9.0
[INFO] [stderr]     Checking pxfm v0.1.30
[INFO] [stderr]     Checking crypto-common v0.2.2
[INFO] [stderr]     Checking block-buffer v0.12.1
[INFO] [stderr]    Compiling serde_json v1.0.151
[INFO] [stderr]     Checking ipnet v2.12.2
[INFO] [stderr]     Checking compression-core v0.4.33
[INFO] [stderr]    Compiling libsqlite3-sys v0.30.1
[INFO] [stderr]     Checking compression-codecs v0.4.41
[INFO] [stderr]     Checking png v0.18.1
[INFO] [stderr]     Checking rand v0.9.5
[INFO] [stderr]     Checking ahash v0.8.12
[INFO] [stderr]     Checking sha1 v0.10.7
[INFO] [stderr]     Checking digest v0.11.3
[INFO] [stderr]    Compiling multer v3.1.0
[INFO] [stderr]     Checking sha2 v0.11.0
[INFO] [stderr]     Checking bytemuck v1.25.2
[INFO] [stderr]     Checking data-encoding v2.11.1
[INFO] [stderr]    Compiling mime v0.3.17
[INFO] [stderr]     Checking hashbrown v0.14.5
[INFO] [stderr]     Checking chacha20 v0.10.2
[INFO] [stderr]     Checking webpki-roots v1.0.9
[INFO] [stderr]    Compiling curve25519-dalek-derive v0.1.1
[INFO] [stderr]     Checking signature v2.2.0
[INFO] [stderr]     Checking spin v0.9.9
[INFO] [stderr]     Checking rand_core v0.6.4
[INFO] [stderr]     Checking http-range-header v0.4.2
[INFO] [stderr]     Checking moxcms v0.8.1
[INFO] [stderr]     Checking qrcodegen v1.8.0
[INFO] [stderr]     Checking password-hash v0.5.0
[INFO] [stderr]     Checking curve25519-dalek v4.1.3
[INFO] [stderr]     Checking clap_builder v4.6.6
[INFO] [stderr]     Checking zopfli v0.8.3
[INFO] [stderr]     Checking inotify v0.9.6
[INFO] [stderr]     Checking ed25519 v2.2.3
[INFO] [stderr]     Checking rand v0.10.2
[INFO] [stderr]     Checking rust-embed-utils v8.12.0
[INFO] [stderr]     Checking hashlink v0.9.1
[INFO] [stderr]     Checking hmac v0.13.0
[INFO] [stderr]     Checking sha1 v0.11.0
[INFO] [stderr]     Checking uuid v1.26.1
[INFO] [stderr]     Checking rustls-webpki v0.103.15
[INFO] [stderr]     Checking serde_path_to_error v0.1.20
[INFO] [stderr]     Checking axum-core v0.5.6
[INFO] [stderr]     Checking sha2 v0.10.9
[INFO] [stderr]     Checking blake2 v0.10.6
[INFO] [stderr]     Checking filetime v0.2.29
[INFO] [stderr]     Checking mio v0.8.11
[INFO] [stderr]     Checking base32 v0.5.1
[INFO] [stderr]    Compiling rust-embed-impl v8.12.0
[INFO] [stderr]     Checking constant_time_eq v0.4.2
[INFO] [stderr]     Checking notify v6.1.1
[INFO] [stderr]     Checking tracing-subscriber v0.3.23
[INFO] [stderr]     Checking argon2 v0.5.3
[INFO] [stderr]     Checking rust-embed v8.12.0
[INFO] [stderr]     Checking async-stream v0.3.6
[INFO] [stderr]     Checking ed25519-dalek v2.2.0
[INFO] [stderr]     Checking hmac v0.12.1
[INFO] [stderr]    Compiling zerovec-derive v0.11.6
[INFO] [stderr]    Compiling displaydoc v0.2.7
[INFO] [stderr]    Compiling tokio-macros v2.7.2
[INFO] [stderr]    Compiling futures-macro v0.3.34
[INFO] [stderr]    Compiling serde_derive v1.0.229
[INFO] [stderr]    Compiling thiserror-impl v2.0.20
[INFO] [stderr]     Checking zerotrie v0.2.5
[INFO] [stderr]     Checking tokio v1.53.1
[INFO] [stderr]    Compiling multiversion-macros v0.9.0
[INFO] [stderr]     Checking futures-util v0.3.34
[INFO] [stderr]     Checking zerovec v0.11.8
[INFO] [stderr]     Checking thiserror v2.0.20
[INFO] [stderr]     Checking tungstenite v0.29.0
[INFO] [stderr]     Checking image v0.25.10
[INFO] [stderr]     Checking multiversion v0.9.0
[INFO] [stderr]     Checking encoding_rs v0.8.41
[INFO] [stderr]     Checking tinystr v0.8.4
[INFO] [stderr]     Checking icu_locale_core v2.3.0
[INFO] [stderr]     Checking potential_utf v0.1.6
[INFO] [stderr]     Checking icu_collections v2.3.0
[INFO] [stderr]    Compiling clap_derive v4.6.4
[INFO] [stderr]     Checking icu_provider v2.3.1
[INFO] [stderr]     Checking zip v2.4.2
[INFO] [stderr]     Checking icu_normalizer v2.3.0
[INFO] [stderr]     Checking icu_properties v2.3.0
[INFO] [stderr]     Checking clap v4.6.6
[INFO] [stderr]     Checking serde v1.0.229
[INFO] [stderr]     Checking idna_adapter v1.2.2
[INFO] [stderr]     Checking qrcodegen-image v1.5.2
[INFO] [stderr]     Checking idna v1.1.0
[INFO] [stderr]     Checking url v2.5.8
[INFO] [stderr]     Checking serde_urlencoded v0.7.1
[INFO] [stderr]     Checking chrono v0.4.45
[INFO] [stderr]     Checking totp-rs v6.0.0
[INFO] [stderr]     Checking hyper v1.11.1
[INFO] [stderr]     Checking tower v0.5.3
[INFO] [stderr]     Checking tokio-util v0.7.19
[INFO] [stderr]     Checking tokio-rustls v0.26.5
[INFO] [stderr]     Checking async-compression v0.4.46
[INFO] [stderr]     Checking tokio-tungstenite v0.29.0
[INFO] [stderr]     Checking tower-http v0.6.11
[INFO] [stderr]     Checking rusqlite v0.32.1
[INFO] [stderr]     Checking hyper-util v0.1.20
[INFO] [stderr]     Checking hyper-rustls v0.27.9
[INFO] [stderr]     Checking axum v0.8.9
[INFO] [stderr]     Checking reqwest v0.12.28
[INFO] [stderr]     Checking kv-files v2.1.0 (/opt/rustwide/workdir)
[INFO] [stdout] error: #[derive(RustEmbed)] folder '/opt/rustwide/workdir/web/dist/' does not exist. cwd: '/opt/rustwide/workdir'
[INFO] [stdout]   --> src/api/static_files.rs:9:1
[INFO] [stdout]    |
[INFO] [stdout]  9 | / #[folder = "web/dist/"]
[INFO] [stdout] 10 | | struct Assets;
[INFO] [stdout]    | |______________^
[INFO] [stdout] 
[INFO] [stdout] 
[INFO] [stdout] error: #[derive(RustEmbed)] folder '/opt/rustwide/workdir/web/dist/' does not exist. cwd: '/opt/rustwide/workdir'
[INFO] [stdout]   --> src/api/static_files.rs:9:1
[INFO] [stdout]    |
[INFO] [stdout]  9 | / #[folder = "web/dist/"]
[INFO] [stdout] 10 | | struct Assets;
[INFO] [stdout]    | |______________^
[INFO] [stdout] 
[INFO] [stdout] 
[INFO] [stdout] error[E0599]: no associated function or constant named `get` found for struct `Assets` in the current scope
[INFO] [stdout]   --> src/api/static_files.rs:42:36
[INFO] [stdout]    |
[INFO] [stdout] 10 | struct Assets;
[INFO] [stdout]    | ------------- associated function or constant `get` not found for this struct
[INFO] [stdout] ...
[INFO] [stdout] 42 |     if let Some(content) = Assets::get(target_path) {
[INFO] [stdout]    |                                    ^^^ associated function or constant not found in `Assets`
[INFO] [stdout]    |
[INFO] [stdout]    = help: items from traits can only be used if the trait is implemented and in scope
[INFO] [stdout]    = note: the following traits define an item `get`, perhaps you need to implement one of them:
[INFO] [stdout]            candidate #1: `Embed`
[INFO] [stdout]            candidate #2: `SliceIndex`
[INFO] [stdout]            candidate #3: `fallible_streaming_iterator::FallibleStreamingIterator`
[INFO] [stdout]            candidate #4: `icu_collections::codepointtrie::cptrie::TypedCodePointTrie`
[INFO] [stdout]            candidate #5: `icu_properties::names::PropertyEnumToValueNameLookup`
[INFO] [stdout]            candidate #6: `icu_provider::baked::DataStore`
[INFO] [stdout]            candidate #7: `rustls::server::server_conn::StoresServerSessions`
[INFO] [stdout] 
[INFO] [stdout] 
[INFO] [stdout] error[E0599]: no associated function or constant named `get` found for struct `Assets` in the current scope
[INFO] [stdout]   --> src/api/static_files.rs:65:36
[INFO] [stdout]    |
[INFO] [stdout] 10 | struct Assets;
[INFO] [stdout]    | ------------- associated function or constant `get` not found for this struct
[INFO] [stdout] ...
[INFO] [stdout] 65 |     if let Some(content) = Assets::get(&dir_index) {
[INFO] [stdout]    |                                    ^^^ associated function or constant not found in `Assets`
[INFO] [stdout]    |
[INFO] [stdout]    = help: items from traits can only be used if the trait is implemented and in scope
[INFO] [stdout]    = note: the following traits define an item `get`, perhaps you need to implement one of them:
[INFO] [stdout]            candidate #1: `Embed`
[INFO] [stdout]            candidate #2: `SliceIndex`
[INFO] [stdout]            candidate #3: `fallible_streaming_iterator::FallibleStreamingIterator`
[INFO] [stdout]            candidate #4: `icu_collections::codepointtrie::cptrie::TypedCodePointTrie`
[INFO] [stdout]            candidate #5: `icu_properties::names::PropertyEnumToValueNameLookup`
[INFO] [stdout]            candidate #6: `icu_provider::baked::DataStore`
[INFO] [stdout]            candidate #7: `rustls::server::server_conn::StoresServerSessions`
[INFO] [stdout] 
[INFO] [stdout] 
[INFO] [stdout] error[E0599]: no associated function or constant named `get` found for struct `Assets` in the current scope
[INFO] [stdout]   --> src/api/static_files.rs:86:34
[INFO] [stdout]    |
[INFO] [stdout] 10 | struct Assets;
[INFO] [stdout]    | ------------- associated function or constant `get` not found for this struct
[INFO] [stdout] ...
[INFO] [stdout] 86 |     if let Some(index) = Assets::get("index.html") {
[INFO] [stdout]    |                                  ^^^ associated function or constant not found in `Assets`
[INFO] [stdout]    |
[INFO] [stdout]    = help: items from traits can only be used if the trait is implemented and in scope
[INFO] [stdout]    = note: the following traits define an item `get`, perhaps you need to implement one of them:
[INFO] [stdout]            candidate #1: `Embed`
[INFO] [stdout]            candidate #2: `SliceIndex`
[INFO] [stdout]            candidate #3: `fallible_streaming_iterator::FallibleStreamingIterator`
[INFO] [stdout]            candidate #4: `icu_collections::codepointtrie::cptrie::TypedCodePointTrie`
[INFO] [stdout]            candidate #5: `icu_properties::names::PropertyEnumToValueNameLookup`
[INFO] [stdout]            candidate #6: `icu_provider::baked::DataStore`
[INFO] [stdout]            candidate #7: `rustls::server::server_conn::StoresServerSessions`
[INFO] [stdout] 
[INFO] [stdout] 
[INFO] [stdout] error[E0599]: no associated function or constant named `get` found for struct `Assets` in the current scope
[INFO] [stdout]   --> src/api/static_files.rs:42:36
[INFO] [stdout]    |
[INFO] [stdout] 10 | struct Assets;
[INFO] [stdout]    | ------------- associated function or constant `get` not found for this struct
[INFO] [stdout] ...
[INFO] [stdout] 42 |     if let Some(content) = Assets::get(target_path) {
[INFO] [stdout]    |                                    ^^^ associated function or constant not found in `Assets`
[INFO] [stdout]    |
[INFO] [stdout]    = help: items from traits can only be used if the trait is implemented and in scope
[INFO] [stdout]    = note: the following traits define an item `get`, perhaps you need to implement one of them:
[INFO] [stdout]            candidate #1: `Embed`
[INFO] [stdout]            candidate #2: `SliceIndex`
[INFO] [stdout]            candidate #3: `fallible_streaming_iterator::FallibleStreamingIterator`
[INFO] [stdout]            candidate #4: `icu_collections::codepointtrie::cptrie::TypedCodePointTrie`
[INFO] [stdout]            candidate #5: `icu_properties::names::PropertyEnumToValueNameLookup`
[INFO] [stdout]            candidate #6: `icu_provider::baked::DataStore`
[INFO] [stdout]            candidate #7: `rustls::server::server_conn::StoresServerSessions`
[INFO] [stdout] 
[INFO] [stdout] 
[INFO] [stdout] error[E0599]: no associated function or constant named `get` found for struct `Assets` in the current scope
[INFO] [stdout]   --> src/api/static_files.rs:65:36
[INFO] [stdout]    |
[INFO] [stdout] 10 | struct Assets;
[INFO] [stdout]    | ------------- associated function or constant `get` not found for this struct
[INFO] [stdout] ...
[INFO] [stdout] 65 |     if let Some(content) = Assets::get(&dir_index) {
[INFO] [stdout]    |                                    ^^^ associated function or constant not found in `Assets`
[INFO] [stdout]    |
[INFO] [stdout]    = help: items from traits can only be used if the trait is implemented and in scope
[INFO] [stdout]    = note: the following traits define an item `get`, perhaps you need to implement one of them:
[INFO] [stdout]            candidate #1: `Embed`
[INFO] [stdout]            candidate #2: `SliceIndex`
[INFO] [stdout]            candidate #3: `fallible_streaming_iterator::FallibleStreamingIterator`
[INFO] [stdout]            candidate #4: `icu_collections::codepointtrie::cptrie::TypedCodePointTrie`
[INFO] [stdout]            candidate #5: `icu_properties::names::PropertyEnumToValueNameLookup`
[INFO] [stdout]            candidate #6: `icu_provider::baked::DataStore`
[INFO] [stdout]            candidate #7: `rustls::server::server_conn::StoresServerSessions`
[INFO] [stdout] 
[INFO] [stdout] 
[INFO] [stdout] error[E0599]: no associated function or constant named `get` found for struct `Assets` in the current scope
[INFO] [stdout]   --> src/api/static_files.rs:86:34
[INFO] [stdout]    |
[INFO] [stdout] 10 | struct Assets;
[INFO] [stdout]    | ------------- associated function or constant `get` not found for this struct
[INFO] [stdout] ...
[INFO] [stdout] 86 |     if let Some(index) = Assets::get("index.html") {
[INFO] [stdout]    |                                  ^^^ associated function or constant not found in `Assets`
[INFO] [stdout]    |
[INFO] [stdout]    = help: items from traits can only be used if the trait is implemented and in scope
[INFO] [stdout]    = note: the following traits define an item `get`, perhaps you need to implement one of them:
[INFO] [stdout]            candidate #1: `Embed`
[INFO] [stdout]            candidate #2: `SliceIndex`
[INFO] [stdout]            candidate #3: `fallible_streaming_iterator::FallibleStreamingIterator`
[INFO] [stdout]            candidate #4: `icu_collections::codepointtrie::cptrie::TypedCodePointTrie`
[INFO] [stdout]            candidate #5: `icu_properties::names::PropertyEnumToValueNameLookup`
[INFO] [stdout]            candidate #6: `icu_provider::baked::DataStore`
[INFO] [stdout]            candidate #7: `rustls::server::server_conn::StoresServerSessions`
[INFO] [stdout] 
[INFO] [stdout] 
[INFO] [stdout] For more information about this error, try `rustc --explain E0599`.
[INFO] [stdout] 
[INFO] [stderr] error: could not compile `kv-files` (lib) due to 4 previous errors
[INFO] [stderr] warning: build failed, waiting for other jobs to finish...
[INFO] [stdout] For more information about this error, try `rustc --explain E0599`.
[INFO] [stdout] 
[INFO] [stderr] error: could not compile `kv-files` (lib test) due to 4 previous errors
[INFO] running `Command { std: "docker" "inspect" "d3e6df12481ee94681b7662a367472438291f9b515ba8916da4f5a1e677de0e6", kill_on_drop: false }`
[INFO] running `Command { std: "docker" "rm" "-f" "d3e6df12481ee94681b7662a367472438291f9b515ba8916da4f5a1e677de0e6", kill_on_drop: false }`
[INFO] [stdout] d3e6df12481ee94681b7662a367472438291f9b515ba8916da4f5a1e677de0e6
