[INFO] cloning repository https://github.com/vlyl/filtra
[INFO] running `Command { std: "git" "-c" "credential.helper=" "-c" "credential.helper=/workspace/cargo-home/bin/git-credential-null" "clone" "--bare" "https://github.com/vlyl/filtra" "/workspace/cache/git-repos/https%3A%2F%2Fgithub.com%2Fvlyl%2Ffiltra", kill_on_drop: false }`
[INFO] [stderr] Cloning into bare repository '/workspace/cache/git-repos/https%3A%2F%2Fgithub.com%2Fvlyl%2Ffiltra'...
[INFO] running `Command { std: "git" "rev-parse" "HEAD", kill_on_drop: false }`
[INFO] [stdout] 529b08113b3b499eb2727c0bc4a23c30630cd870
[INFO] checking vlyl/filtra against 3154cc1a3e6424e44f438a95007d043ed5ceaaf6 for pr-133502-30
[INFO] running `Command { std: "git" "clone" "/workspace/cache/git-repos/https%3A%2F%2Fgithub.com%2Fvlyl%2Ffiltra" "/workspace/builds/worker-1-tc2/source", kill_on_drop: false }`
[INFO] [stderr] Cloning into '/workspace/builds/worker-1-tc2/source'...
[INFO] [stderr] done.
[INFO] started tweaking git repo https://github.com/vlyl/filtra
[INFO] finished tweaking git repo https://github.com/vlyl/filtra
[INFO] tweaked toml for git repo https://github.com/vlyl/filtra written to /workspace/builds/worker-1-tc2/source/Cargo.toml
[INFO] validating manifest of git repo https://github.com/vlyl/filtra on toolchain 3154cc1a3e6424e44f438a95007d043ed5ceaaf6
[INFO] running `Command { std: CARGO_HOME="/workspace/cargo-home" RUSTUP_HOME="/workspace/rustup-home" "/workspace/cargo-home/bin/cargo" "+3154cc1a3e6424e44f438a95007d043ed5ceaaf6" "metadata" "--manifest-path" "Cargo.toml" "--no-deps", kill_on_drop: false }`
[INFO] crate git repo https://github.com/vlyl/filtra already has a lockfile, it will not be regenerated
[INFO] running `Command { std: CARGO_HOME="/workspace/cargo-home" RUSTUP_HOME="/workspace/rustup-home" "/workspace/cargo-home/bin/cargo" "+3154cc1a3e6424e44f438a95007d043ed5ceaaf6" "fetch" "--manifest-path" "Cargo.toml", kill_on_drop: false }`
[INFO] running `Command { std: "docker" "create" "-v" "/var/lib/crater-agent-workspace/builds/worker-1-tc2/source:/opt/rustwide/workdir:ro,Z" "-v" "/var/lib/crater-agent-workspace/builds/worker-1-tc2/target:/opt/rustwide/target:rw,Z" "-v" "/var/lib/crater-agent-workspace/cargo-home:/opt/rustwide/cargo-home:ro,Z" "-v" "/var/lib/crater-agent-workspace/rustup-home:/opt/rustwide/rustup-home:ro,Z" "-m" "1610612736" "--network" "none" "ghcr.io/rust-lang/crates-build-env/linux@sha256:77db811e55d90add9212f6832c23229e3de5f1c1f9905e8cb07319ea15df73ac" "sleep" "infinity", kill_on_drop: false }`
[INFO] [stdout] b6b4dd5472b99826d1fdb51d7bd4359d74d1a2969fc018ec1a945bd99cb32263
[INFO] running `Command { std: "docker" "start" "b6b4dd5472b99826d1fdb51d7bd4359d74d1a2969fc018ec1a945bd99cb32263", kill_on_drop: false }`
[INFO] running `Command { std: "docker" "inspect" "b6b4dd5472b99826d1fdb51d7bd4359d74d1a2969fc018ec1a945bd99cb32263", kill_on_drop: false }`
[INFO] running `Command { std: "docker" "exec" "-e" "SOURCE_DIR=/opt/rustwide/workdir" "-e" "CARGO_HOME=/opt/rustwide/cargo-home" "-e" "RUSTUP_HOME=/opt/rustwide/rustup-home" "-e" "CARGO_TARGET_DIR=/opt/rustwide/target" "-w" "/opt/rustwide/workdir" "--user" "0:0" "b6b4dd5472b99826d1fdb51d7bd4359d74d1a2969fc018ec1a945bd99cb32263" "/opt/rustwide/cargo-home/bin/cargo" "+3154cc1a3e6424e44f438a95007d043ed5ceaaf6" "metadata" "--no-deps" "--format-version=1", kill_on_drop: false }`
[INFO] running `Command { std: "docker" "inspect" "b6b4dd5472b99826d1fdb51d7bd4359d74d1a2969fc018ec1a945bd99cb32263", kill_on_drop: false }`
[INFO] running `Command { std: "docker" "exec" "-e" "SOURCE_DIR=/opt/rustwide/workdir" "-e" "CARGO_HOME=/opt/rustwide/cargo-home" "-e" "RUSTUP_HOME=/opt/rustwide/rustup-home" "-e" "CARGO_TARGET_DIR=/opt/rustwide/target" "-e" "CARGO_INCREMENTAL=0" "-e" "RUST_BACKTRACE=full" "-e" "RUSTFLAGS=--cap-lints=forbid" "-e" "RUSTDOCFLAGS=--cap-lints=forbid" "-w" "/opt/rustwide/workdir" "--user" "0:0" "b6b4dd5472b99826d1fdb51d7bd4359d74d1a2969fc018ec1a945bd99cb32263" "/opt/rustwide/cargo-home/bin/cargo" "+3154cc1a3e6424e44f438a95007d043ed5ceaaf6" "check" "--frozen" "--all" "--all-targets" "--message-format=json", kill_on_drop: false }`
[INFO] [stderr]    Compiling num-traits v0.2.19
[INFO] [stderr]     Checking secrecy v0.10.3
[INFO] [stderr]     Checking der v0.7.10
[INFO] [stderr]     Checking generic-array v0.14.7
[INFO] [stderr]     Checking uuid v1.25.0
[INFO] [stderr]    Compiling clang-sys v1.9.1
[INFO] [stderr]     Checking ff v0.13.1
[INFO] [stderr]    Compiling regex-syntax v0.8.11
[INFO] [stderr]    Compiling thiserror-impl v2.0.20
[INFO] [stderr]    Compiling tracing-attributes v0.1.31
[INFO] [stderr]    Compiling nom v7.1.3
[INFO] [stderr]    Compiling libloading v0.8.9
[INFO] [stderr]     Checking serde v1.0.229
[INFO] [stderr]     Checking ppv-lite86 v0.2.21
[INFO] [stderr]    Compiling libc v0.2.189
[INFO] [stderr]    Compiling bindgen v0.72.1
[INFO] [stderr]    Compiling either v1.18.0
[INFO] [stderr]    Compiling curve25519-dalek v4.1.3
[INFO] [stderr]     Checking group v0.13.0
[INFO] [stderr]     Checking smallvec v1.15.2
[INFO] [stderr]    Compiling num-bigint-dig v0.8.6
[INFO] [stderr]     Checking tempfile v3.27.0
[INFO] [stderr]     Checking pem-rfc7468 v0.7.0
[INFO] [stderr]    Compiling itertools v0.13.0
[INFO] [stderr]    Compiling curve25519-dalek-derive v0.1.1
[INFO] [stderr]     Checking core-foundation-sys v0.8.7
[INFO] [stderr]    Compiling tokio-macros v2.7.2
[INFO] [stderr]     Checking aho-corasick v1.1.5
[INFO] [stderr]     Checking regex-automata v0.4.18
[INFO] [stderr]     Checking security-framework-sys v2.17.0
[INFO] [stderr]     Checking rand_chacha v0.3.1
[INFO] [stderr]     Checking core-foundation v0.10.1
[INFO] [stderr]     Checking crypto-common v0.1.7
[INFO] [stderr]     Checking block-buffer v0.10.4
[INFO] [stderr]     Checking block-padding v0.3.3
[INFO] [stderr]     Checking universal-hash v0.5.1
[INFO] [stderr]     Checking aead v0.5.2
[INFO] [stderr]     Checking poly1305 v0.8.0
[INFO] [stderr]     Checking inout v0.1.4
[INFO] [stderr]     Checking digest v0.10.7
[INFO] [stderr]     Checking crypto-bigint v0.5.5
[INFO] [stderr]     Checking cipher v0.4.4
[INFO] [stderr]     Checking polyval v0.6.2
[INFO] [stderr]     Checking rand v0.8.7
[INFO] [stderr]     Checking security-framework v3.7.0
[INFO] [stderr]     Checking ghash v0.5.1
[INFO] [stderr]     Checking tracing v0.1.44
[INFO] [stderr]     Checking tokio v1.53.1
[INFO] [stderr]     Checking sha2 v0.10.9
[INFO] [stderr]     Checking hmac v0.12.1
[INFO] [stderr]     Checking chacha20 v0.9.1
[INFO] [stderr]     Checking spki v0.7.3
[INFO] [stderr]     Checking signature v2.2.0
[INFO] [stderr]     Checking chrono v0.4.45
[INFO] [stderr]     Checking sec1 v0.7.3
[INFO] [stderr]     Checking num-integer v0.1.47
[INFO] [stderr]     Checking rfc6979 v0.4.0
[INFO] [stderr]     Checking pkcs8 v0.10.2
[INFO] [stderr]     Checking ctr v0.9.2
[INFO] [stderr]     Checking aes v0.8.4
[INFO] [stderr]     Checking ssh-encoding v0.2.0
[INFO] [stderr]     Checking pkcs1 v0.7.5
[INFO] [stderr]     Checking thiserror v2.0.20
[INFO] [stderr]     Checking ed25519 v2.2.3
[INFO] [stderr]     Checking num-iter v0.1.46
[INFO] [stderr]     Checking cbc v0.1.2
[INFO] [stderr]     Checking blowfish v0.9.1
[INFO] [stderr]     Checking pbkdf2 v0.12.2
[INFO] [stderr]     Checking chacha20poly1305 v0.10.1
[INFO] [stderr]     Checking hkdf v0.12.4
[INFO] [stderr]     Checking bcrypt-pbkdf v0.10.0
[INFO] [stderr]     Checking serde_yaml_ng v0.10.0
[INFO] [stderr]     Checking clap_builder v4.6.6
[INFO] [stderr]     Checking rtoolbox v0.0.5
[INFO] [stderr]     Checking rpassword v7.5.4
[INFO] [stderr]     Checking aes-gcm v0.10.3
[INFO] [stderr]     Checking ssh-cipher v0.2.0
[INFO] [stderr]     Checking elliptic-curve v0.13.8
[INFO] [stderr]     Checking ed25519-dalek v2.2.0
[INFO] [stderr]     Checking primeorder v0.13.6
[INFO] [stderr]     Checking ecdsa v0.16.9
[INFO] [stderr]     Checking matchers v0.2.0
[INFO] [stderr]     Checking tracing-subscriber v0.3.23
[INFO] [stderr]     Checking filtra-core v0.1.0 (/opt/rustwide/workdir/crates/filtra-core)
[INFO] [stderr]     Checking rsa v0.9.10
[INFO] [stderr]     Checking p256 v0.13.2
[INFO] [stderr]    Compiling cexpr v0.6.0
[INFO] [stderr]     Checking ssh-key v0.6.7
[INFO] [stderr]     Checking filtra-redact v0.1.0 (/opt/rustwide/workdir/crates/filtra-redact)
[INFO] [stderr]     Checking filtra-secrets v0.1.0 (/opt/rustwide/workdir/crates/filtra-secrets)
[INFO] [stderr]     Checking filtra-audit v0.1.0 (/opt/rustwide/workdir/crates/filtra-audit)
[INFO] [stderr]     Checking filtra-policy v0.1.0 (/opt/rustwide/workdir/crates/filtra-policy)
[INFO] [stdout] error[E0432]: unresolved import `security_framework::passwords`
[INFO] [stdout]   --> crates/filtra-secrets/src/keystore.rs:34:25
[INFO] [stdout]    |
[INFO] [stdout] 34 | use security_framework::passwords::{
[INFO] [stdout]    |                         ^^^^^^^^^ could not find `passwords` in `security_framework`
[INFO] [stdout] 
[INFO] [stdout] 
[INFO] [stdout] error[E0433]: cannot find `base` in `security_framework`
[INFO] [stdout]   --> crates/filtra-secrets/src/keystore.rs:96:37
[INFO] [stdout]    |
[INFO] [stdout] 96 |         source: security_framework::base::Error,
[INFO] [stdout]    |                                     ^^^^ could not find `base` in `security_framework`
[INFO] [stdout] 
[INFO] [stdout] 
[INFO] [stdout] error[E0433]: cannot find `base` in `security_framework`
[INFO] [stdout]    --> crates/filtra-secrets/src/keystore.rs:333:37
[INFO] [stdout]     |
[INFO] [stdout] 333 |         source: security_framework::base::Error,
[INFO] [stdout]     |                                     ^^^^ could not find `base` in `security_framework`
[INFO] [stdout] 
[INFO] [stdout] 
[INFO] [stdout] error[E0432]: unresolved import `security_framework::passwords`
[INFO] [stdout]   --> crates/filtra-secrets/src/keystore.rs:34:25
[INFO] [stdout]    |
[INFO] [stdout] 34 | use security_framework::passwords::{
[INFO] [stdout]    |                         ^^^^^^^^^ could not find `passwords` in `security_framework`
[INFO] [stdout] 
[INFO] [stdout] 
[INFO] [stdout] error[E0433]: cannot find `base` in `security_framework`
[INFO] [stdout]   --> crates/filtra-secrets/src/keystore.rs:96:37
[INFO] [stdout]    |
[INFO] [stdout] 96 |         source: security_framework::base::Error,
[INFO] [stdout]    |                                     ^^^^ could not find `base` in `security_framework`
[INFO] [stdout] 
[INFO] [stdout] 
[INFO] [stdout] error[E0433]: cannot find `base` in `security_framework`
[INFO] [stdout]    --> crates/filtra-secrets/src/keystore.rs:333:37
[INFO] [stdout]     |
[INFO] [stdout] 333 |         source: security_framework::base::Error,
[INFO] [stdout]     |                                     ^^^^ could not find `base` in `security_framework`
[INFO] [stdout] 
[INFO] [stdout] 
[INFO] [stdout] error[E0277]: the size for values of type `[u8]` cannot be known at compilation time
[INFO] [stdout]    --> crates/filtra-secrets/src/keystore.rs:354:13
[INFO] [stdout]     |
[INFO] [stdout] 354 |         let mut stored = match generic_password(options) {
[INFO] [stdout]     |             ^^^^^^^^^^ doesn't have a size known at compile-time
[INFO] [stdout]     |
[INFO] [stdout]     = help: the trait `Sized` is not implemented for `[u8]`
[INFO] [stdout]     = note: all local variables must have a statically known size
[INFO] [stdout] 
[INFO] [stdout] 
[INFO] [stdout] error[E0277]: the size for values of type `[u8]` cannot be known at compilation time
[INFO] [stdout]    --> crates/filtra-secrets/src/keystore.rs:354:13
[INFO] [stdout]     |
[INFO] [stdout] 354 |         let mut stored = match generic_password(options) {
[INFO] [stdout]     |             ^^^^^^^^^^ doesn't have a size known at compile-time
[INFO] [stdout]     |
[INFO] [stdout]     = help: the trait `Sized` is not implemented for `[u8]`
[INFO] [stdout]     = note: all local variables must have a statically known size
[INFO] [stdout] 
[INFO] [stdout] 
[INFO] [stdout] Some errors have detailed explanations: E0277, E0432, E0433.
[INFO] [stdout] 
[INFO] [stdout] For more information about an error, try `rustc --explain E0277`.
[INFO] [stdout] 
[INFO] [stderr] error: could not compile `filtra-secrets` (lib test) due to 4 previous errors
[INFO] [stderr] warning: build failed, waiting for other jobs to finish...
[INFO] [stdout] Some errors have detailed explanations: E0277, E0432, E0433.
[INFO] [stdout] 
[INFO] [stdout] For more information about an error, try `rustc --explain E0277`.
[INFO] [stdout] 
[INFO] [stderr] error: could not compile `filtra-secrets` (lib) due to 4 previous errors
[INFO] [stderr] warning: unused dependency `tracing`
[INFO] [stderr]   --> crates/filtra-policy/Cargo.toml:16:1
[INFO] [stderr]    |
[INFO] [stderr] 16 | tracing.workspace = true
[INFO] [stderr]    | ^^^^^^^
[INFO] [stderr]    |
[INFO] [stderr]    = note: `cargo::unused_dependencies` is set to `warn` by default
[INFO] [stderr] help: consider removing the dependency on `tracing`
[INFO] [stderr] warning: `filtra-policy` (manifest) generated 1 warning
[INFO] running `Command { std: "docker" "inspect" "b6b4dd5472b99826d1fdb51d7bd4359d74d1a2969fc018ec1a945bd99cb32263", kill_on_drop: false }`
[INFO] running `Command { std: "docker" "rm" "-f" "b6b4dd5472b99826d1fdb51d7bd4359d74d1a2969fc018ec1a945bd99cb32263", kill_on_drop: false }`
[INFO] [stdout] b6b4dd5472b99826d1fdb51d7bd4359d74d1a2969fc018ec1a945bd99cb32263
