[INFO] cloning repository https://github.com/vivekvx/Vault-key
[INFO] running `Command { std: "git" "-c" "credential.helper=" "-c" "credential.helper=/workspace/cargo-home/bin/git-credential-null" "clone" "--bare" "https://github.com/vivekvx/Vault-key" "/workspace/cache/git-repos/https%3A%2F%2Fgithub.com%2Fvivekvx%2FVault-key", kill_on_drop: false }`
[INFO] [stderr] Cloning into bare repository '/workspace/cache/git-repos/https%3A%2F%2Fgithub.com%2Fvivekvx%2FVault-key'...
[INFO] running `Command { std: "git" "rev-parse" "HEAD", kill_on_drop: false }`
[INFO] [stdout] 4e1d2bef9197aa23c5611b5f1620e5be24d2ee76
[INFO] checking vivekvx/Vault-key against 3154cc1a3e6424e44f438a95007d043ed5ceaaf6+rustflags=-Znext-solver=coherence for pr-133502-30
[INFO] running `Command { std: "git" "clone" "/workspace/cache/git-repos/https%3A%2F%2Fgithub.com%2Fvivekvx%2FVault-key" "/workspace/builds/worker-2-tc1/source", kill_on_drop: false }`
[INFO] [stderr] Cloning into '/workspace/builds/worker-2-tc1/source'...
[INFO] [stderr] done.
[INFO] started tweaking git repo https://github.com/vivekvx/Vault-key
[INFO] finished tweaking git repo https://github.com/vivekvx/Vault-key
[INFO] tweaked toml for git repo https://github.com/vivekvx/Vault-key written to /workspace/builds/worker-2-tc1/source/Cargo.toml
[INFO] validating manifest of git repo https://github.com/vivekvx/Vault-key on toolchain 3154cc1a3e6424e44f438a95007d043ed5ceaaf6
[INFO] running `Command { std: CARGO_HOME="/workspace/cargo-home" RUSTUP_HOME="/workspace/rustup-home" "/workspace/cargo-home/bin/cargo" "+3154cc1a3e6424e44f438a95007d043ed5ceaaf6" "metadata" "--manifest-path" "Cargo.toml" "--no-deps", kill_on_drop: false }`
[INFO] crate git repo https://github.com/vivekvx/Vault-key already has a lockfile, it will not be regenerated
[INFO] running `Command { std: CARGO_HOME="/workspace/cargo-home" RUSTUP_HOME="/workspace/rustup-home" "/workspace/cargo-home/bin/cargo" "+3154cc1a3e6424e44f438a95007d043ed5ceaaf6" "fetch" "--manifest-path" "Cargo.toml", kill_on_drop: false }`
[INFO] [stderr]     Updating crates.io index
[INFO] [stderr]  Downloading crates ...
[INFO] [stderr]   Downloaded scrypt v0.12.0
[INFO] [stderr]   Downloaded salsa20 v0.11.0
[INFO] [stderr]   Downloaded pbkdf2 v0.13.0
[INFO] [stderr]   Downloaded rmcp-macros v2.2.0
[INFO] [stderr]   Downloaded aes v0.9.1
[INFO] [stderr]   Downloaded rmcp v2.2.0
[INFO] running `Command { std: "docker" "create" "-v" "/var/lib/crater-agent-workspace/builds/worker-2-tc1/source:/opt/rustwide/workdir:ro,Z" "-v" "/var/lib/crater-agent-workspace/builds/worker-2-tc1/target:/opt/rustwide/target:rw,Z" "-v" "/var/lib/crater-agent-workspace/cargo-home:/opt/rustwide/cargo-home:ro,Z" "-v" "/var/lib/crater-agent-workspace/rustup-home:/opt/rustwide/rustup-home:ro,Z" "-m" "1610612736" "--network" "none" "ghcr.io/rust-lang/crates-build-env/linux@sha256:77db811e55d90add9212f6832c23229e3de5f1c1f9905e8cb07319ea15df73ac" "sleep" "infinity", kill_on_drop: false }`
[INFO] [stdout] 69fa821c31729f49ea25f58b259446c2bceea41db847435e6fde030941747f42
[INFO] running `Command { std: "docker" "start" "69fa821c31729f49ea25f58b259446c2bceea41db847435e6fde030941747f42", kill_on_drop: false }`
[INFO] running `Command { std: "docker" "inspect" "69fa821c31729f49ea25f58b259446c2bceea41db847435e6fde030941747f42", kill_on_drop: false }`
[INFO] running `Command { std: "docker" "exec" "-e" "SOURCE_DIR=/opt/rustwide/workdir" "-e" "CARGO_HOME=/opt/rustwide/cargo-home" "-e" "RUSTUP_HOME=/opt/rustwide/rustup-home" "-e" "CARGO_TARGET_DIR=/opt/rustwide/target" "-w" "/opt/rustwide/workdir" "--user" "0:0" "69fa821c31729f49ea25f58b259446c2bceea41db847435e6fde030941747f42" "/opt/rustwide/cargo-home/bin/cargo" "+3154cc1a3e6424e44f438a95007d043ed5ceaaf6" "metadata" "--no-deps" "--format-version=1", kill_on_drop: false }`
[INFO] running `Command { std: "docker" "inspect" "69fa821c31729f49ea25f58b259446c2bceea41db847435e6fde030941747f42", kill_on_drop: false }`
[INFO] running `Command { std: "docker" "exec" "-e" "SOURCE_DIR=/opt/rustwide/workdir" "-e" "CARGO_HOME=/opt/rustwide/cargo-home" "-e" "RUSTUP_HOME=/opt/rustwide/rustup-home" "-e" "CARGO_TARGET_DIR=/opt/rustwide/target" "-e" "CARGO_INCREMENTAL=0" "-e" "RUST_BACKTRACE=full" "-e" "RUSTFLAGS=--cap-lints=forbid -Znext-solver=coherence" "-e" "RUSTDOCFLAGS=--cap-lints=forbid" "-w" "/opt/rustwide/workdir" "--user" "0:0" "69fa821c31729f49ea25f58b259446c2bceea41db847435e6fde030941747f42" "/opt/rustwide/cargo-home/bin/cargo" "+3154cc1a3e6424e44f438a95007d043ed5ceaaf6" "check" "--frozen" "--all" "--all-targets" "--message-format=json", kill_on_drop: false }`
[INFO] [stderr]    Compiling syn v2.0.119
[INFO] [stderr]    Compiling syn v3.0.3
[INFO] [stderr]     Checking cmov v0.5.4
[INFO] [stderr]    Compiling serde_json v1.0.151
[INFO] [stderr]     Checking hashbrown v0.17.1
[INFO] [stderr]     Checking getrandom v0.4.3
[INFO] [stderr]     Checking inout v0.2.2
[INFO] [stderr]    Compiling cc v1.3.0
[INFO] [stderr]     Checking cpubits v0.1.1
[INFO] [stderr]    Compiling thiserror v2.0.19
[INFO] [stderr]     Checking chacha20 v0.10.1
[INFO] [stderr]     Checking fallible-iterator v0.3.0
[INFO] [stderr]     Checking smallvec v1.15.2
[INFO] [stderr]     Checking fallible-streaming-iterator v0.1.9
[INFO] [stderr]     Checking toml_write v0.1.2
[INFO] [stderr]    Compiling vaultd v0.1.0 (/opt/rustwide/workdir/crates/vaultd)
[INFO] [stderr]     Checking winnow v1.0.4
[INFO] [stderr]     Checking clap_builder v4.6.2
[INFO] [stderr]     Checking rtoolbox v0.0.5
[INFO] [stderr]     Checking toml_writer v1.1.2+spec-1.1.0
[INFO] [stderr]     Checking toml_datetime v1.1.1+spec-1.1.0
[INFO] [stderr]     Checking ctutils v0.4.2
[INFO] [stderr]     Checking futures-core v0.3.33
[INFO] [stderr]     Checking rpassword v7.5.4
[INFO] [stderr]     Checking crypto-common v0.2.2
[INFO] [stderr]     Checking tempfile v3.27.0
[INFO] [stderr]     Checking futures-sink v0.3.33
[INFO] [stderr]    Compiling serde_core v1.0.229
[INFO] [stderr]     Checking futures-channel v0.3.33
[INFO] [stderr]    Compiling ref-cast v1.0.26
[INFO] [stderr]     Checking futures-task v0.3.33
[INFO] [stderr]     Checking futures-io v0.3.33
[INFO] [stderr]    Compiling memchr v2.8.3
[INFO] [stderr]    Compiling rmcp v2.2.0
[INFO] [stderr]    Compiling pastey v0.2.3
[INFO] [stderr]     Checking rand v0.10.2
[INFO] [stderr]     Checking indexmap v2.14.0
[INFO] [stderr]     Checking hashlink v0.12.1
[INFO] [stderr]     Checking cipher v0.5.2
[INFO] [stderr]     Checking digest v0.11.3
[INFO] [stderr]     Checking universal-hash v0.6.1
[INFO] [stderr]     Checking aead v0.6.1
[INFO] [stderr]     Checking polyval v0.7.3
[INFO] [stderr]     Checking ghash v0.6.0
[INFO] [stderr]     Checking hmac v0.13.0
[INFO] [stderr]     Checking sha2 v0.11.0
[INFO] [stderr]     Checking salsa20 v0.11.0
[INFO] [stderr]     Checking aes v0.9.1
[INFO] [stderr]     Checking ctr v0.10.1
[INFO] [stderr]     Checking pbkdf2 v0.13.0
[INFO] [stderr]    Compiling libsqlite3-sys v0.38.1
[INFO] [stderr]     Checking aes-gcm v0.11.0
[INFO] [stderr]     Checking toml_parser v1.1.3+spec-1.1.0
[INFO] [stderr]     Checking scrypt v0.12.0
[INFO] [stderr]     Checking toml_edit v0.25.13+spec-1.1.0
[INFO] [stderr]    Compiling serde_derive v1.0.229
[INFO] [stderr]    Compiling thiserror-impl v2.0.19
[INFO] [stderr]    Compiling clap_derive v4.6.4
[INFO] [stderr]    Compiling ref-cast-impl v1.0.26
[INFO] [stderr]    Compiling async-trait v0.1.91
[INFO] [stderr]    Compiling darling_core v0.23.0
[INFO] [stderr]    Compiling serde_derive_internals v0.29.1
[INFO] [stderr]    Compiling zeroize_derive v1.5.0
[INFO] [stderr]    Compiling futures-macro v0.3.33
[INFO] [stderr]    Compiling tokio-macros v2.7.1
[INFO] [stderr]    Compiling tracing-attributes v0.1.31
[INFO] [stderr]    Compiling schemars_derive v1.2.1
[INFO] [stderr]     Checking clap v4.6.4
[INFO] [stderr]     Checking tokio v1.53.1
[INFO] [stderr]     Checking futures-util v0.3.33
[INFO] [stderr]     Checking tracing v0.1.44
[INFO] [stderr]     Checking serde v1.0.229
[INFO] [stderr]    Compiling darling_macro v0.23.0
[INFO] [stderr]    Compiling darling v0.23.0
[INFO] [stderr]    Compiling rmcp-macros v2.2.0
[INFO] [stderr]     Checking zeroize v1.9.0
[INFO] [stderr]     Checking toml_datetime v0.6.11
[INFO] [stderr]     Checking serde_spanned v0.6.9
[INFO] [stderr]     Checking chrono v0.4.45
[INFO] [stderr]     Checking vaultd-proto v0.1.0 (/opt/rustwide/workdir/crates/vaultd-proto)
[INFO] [stderr]     Checking toml_edit v0.22.27
[INFO] [stderr]     Checking futures-executor v0.3.33
[INFO] [stderr]     Checking futures v0.3.33
[INFO] [stderr]     Checking tokio-util v0.7.19
[INFO] [stderr]     Checking schemars v1.2.1
[INFO] [stderr]     Checking toml v0.8.23
[INFO] [stderr]     Checking rusqlite v0.40.1
[INFO] [stderr]     Checking vaultd-core v0.1.0 (/opt/rustwide/workdir/crates/vaultd-core)
[INFO] [stdout] warning: use of deprecated associated function `aes_gcm::aead::hybrid_array::Array::<T, U>::from_slice`: use `TryFrom` instead
[INFO] [stdout]   --> crates/vaultd-core/src/crypto.rs:50:42
[INFO] [stdout]    |
[INFO] [stdout] 50 |         Aes256Gcm::new(Key::<Aes256Gcm>::from_slice(&self.0))
[INFO] [stdout]    |                                          ^^^^^^^^^^
[INFO] [stdout]    |
[INFO] [stdout]    = note: `#[warn(deprecated)]` on by default
[INFO] [stdout] 
[INFO] [stdout] 
[INFO] [stdout] warning: use of deprecated associated function `aes_gcm::aead::hybrid_array::Array::<T, U>::from_slice`: use `TryFrom` instead
[INFO] [stdout]   --> crates/vaultd-core/src/crypto.rs:66:24
[INFO] [stdout]    |
[INFO] [stdout] 66 |     let nonce = Nonce::from_slice(&nonce_bytes);
[INFO] [stdout]    |                        ^^^^^^^^^^
[INFO] [stdout] 
[INFO] [stdout] 
[INFO] [stdout] warning: use of deprecated associated function `aes_gcm::aead::hybrid_array::Array::<T, U>::from_slice`: use `TryFrom` instead
[INFO] [stdout]   --> crates/vaultd-core/src/crypto.rs:84:24
[INFO] [stdout]    |
[INFO] [stdout] 84 |     let nonce = Nonce::from_slice(nonce_bytes);
[INFO] [stdout]    |                        ^^^^^^^^^^
[INFO] [stdout] 
[INFO] [stdout] 
[INFO] [stdout] warning: use of deprecated associated function `aes_gcm::aead::hybrid_array::Array::<T, U>::from_slice`: use `TryFrom` instead
[INFO] [stdout]   --> crates/vaultd-core/src/crypto.rs:50:42
[INFO] [stdout]    |
[INFO] [stdout] 50 |         Aes256Gcm::new(Key::<Aes256Gcm>::from_slice(&self.0))
[INFO] [stdout]    |                                          ^^^^^^^^^^
[INFO] [stdout]    |
[INFO] [stdout]    = note: `#[warn(deprecated)]` on by default
[INFO] [stdout] 
[INFO] [stdout] 
[INFO] [stdout] warning: use of deprecated associated function `aes_gcm::aead::hybrid_array::Array::<T, U>::from_slice`: use `TryFrom` instead
[INFO] [stdout]   --> crates/vaultd-core/src/crypto.rs:66:24
[INFO] [stdout]    |
[INFO] [stdout] 66 |     let nonce = Nonce::from_slice(&nonce_bytes);
[INFO] [stdout]    |                        ^^^^^^^^^^
[INFO] [stdout] 
[INFO] [stdout] 
[INFO] [stdout] warning: use of deprecated associated function `aes_gcm::aead::hybrid_array::Array::<T, U>::from_slice`: use `TryFrom` instead
[INFO] [stdout]   --> crates/vaultd-core/src/crypto.rs:84:24
[INFO] [stdout]    |
[INFO] [stdout] 84 |     let nonce = Nonce::from_slice(nonce_bytes);
[INFO] [stdout]    |                        ^^^^^^^^^^
[INFO] [stdout] 
[INFO] [stdout] 
[INFO] [stdout] error[E0433]: cannot find module or crate `core_foundation_sys` in this scope
[INFO] [stdout]   --> crates/vaultd/src/mac_watch.rs:44:5
[INFO] [stdout]    |
[INFO] [stdout] 44 | use core_foundation_sys::base::{kCFAllocatorDefault, CFRelease, CFTypeRef};
[INFO] [stdout]    |     ^^^^^^^^^^^^^^^^^^^ use of unresolved module or unlinked crate `core_foundation_sys`
[INFO] [stdout]    |
[INFO] [stdout]    = help: if you wanted to use a crate named `core_foundation_sys`, use `cargo add core_foundation_sys` to add it to your `Cargo.toml`
[INFO] [stdout] 
[INFO] [stdout] 
[INFO] [stdout] error[E0433]: cannot find module or crate `core_foundation_sys` in this scope
[INFO] [stdout]   --> crates/vaultd/src/mac_watch.rs:45:5
[INFO] [stdout]    |
[INFO] [stdout] 45 | use core_foundation_sys::number::{CFBooleanGetValue, CFBooleanRef};
[INFO] [stdout]    |     ^^^^^^^^^^^^^^^^^^^ use of unresolved module or unlinked crate `core_foundation_sys`
[INFO] [stdout]    |
[INFO] [stdout]    = help: if you wanted to use a crate named `core_foundation_sys`, use `cargo add core_foundation_sys` to add it to your `Cargo.toml`
[INFO] [stdout] 
[INFO] [stdout] 
[INFO] [stdout] error[E0433]: cannot find module or crate `core_foundation_sys` in this scope
[INFO] [stdout]   --> crates/vaultd/src/mac_watch.rs:46:5
[INFO] [stdout]    |
[INFO] [stdout] 46 | use core_foundation_sys::dictionary::{CFDictionaryGetValue, CFDictionaryRef};
[INFO] [stdout]    |     ^^^^^^^^^^^^^^^^^^^ use of unresolved module or unlinked crate `core_foundation_sys`
[INFO] [stdout]    |
[INFO] [stdout]    = help: if you wanted to use a crate named `core_foundation_sys`, use `cargo add core_foundation_sys` to add it to your `Cargo.toml`
[INFO] [stdout] 
[INFO] [stdout] 
[INFO] [stdout] error[E0433]: cannot find module or crate `core_foundation_sys` in this scope
[INFO] [stdout]   --> crates/vaultd/src/mac_watch.rs:47:5
[INFO] [stdout]    |
[INFO] [stdout] 47 | use core_foundation_sys::runloop::{kCFRunLoopDefaultMode, CFRunLoopAddSource, CFRunLoopRun};
[INFO] [stdout]    |     ^^^^^^^^^^^^^^^^^^^ use of unresolved module or unlinked crate `core_foundation_sys`
[INFO] [stdout]    |
[INFO] [stdout]    = help: if you wanted to use a crate named `core_foundation_sys`, use `cargo add core_foundation_sys` to add it to your `Cargo.toml`
[INFO] [stdout] 
[INFO] [stdout] 
[INFO] [stdout] error[E0433]: cannot find module or crate `core_foundation_sys` in this scope
[INFO] [stdout]   --> crates/vaultd/src/mac_watch.rs:48:5
[INFO] [stdout]    |
[INFO] [stdout] 48 | use core_foundation_sys::string::{kCFStringEncodingUTF8, CFStringCreateWithCString, CFStringRef};
[INFO] [stdout]    |     ^^^^^^^^^^^^^^^^^^^ use of unresolved module or unlinked crate `core_foundation_sys`
[INFO] [stdout]    |
[INFO] [stdout]    = help: if you wanted to use a crate named `core_foundation_sys`, use `cargo add core_foundation_sys` to add it to your `Cargo.toml`
[INFO] [stdout] 
[INFO] [stdout] 
[INFO] [stdout] error[E0433]: cannot find module or crate `core_foundation_sys` in this scope
[INFO] [stdout]    --> crates/vaultd/src/mac_watch.rs:135:5
[INFO] [stdout]     |
[INFO] [stdout] 135 | use core_foundation_sys::runloop::CFRunLoopSourceRef;
[INFO] [stdout]     |     ^^^^^^^^^^^^^^^^^^^ use of unresolved module or unlinked crate `core_foundation_sys`
[INFO] [stdout]     |
[INFO] [stdout]     = help: if you wanted to use a crate named `core_foundation_sys`, use `cargo add core_foundation_sys` to add it to your `Cargo.toml`
[INFO] [stdout] 
[INFO] [stdout] 
[INFO] [stdout] error[E0433]: cannot find module or crate `core_foundation_sys` in this scope
[INFO] [stdout]   --> crates/vaultd/src/mac_watch.rs:44:5
[INFO] [stdout]    |
[INFO] [stdout] 44 | use core_foundation_sys::base::{kCFAllocatorDefault, CFRelease, CFTypeRef};
[INFO] [stdout]    |     ^^^^^^^^^^^^^^^^^^^ use of unresolved module or unlinked crate `core_foundation_sys`
[INFO] [stdout]    |
[INFO] [stdout]    = help: if you wanted to use a crate named `core_foundation_sys`, use `cargo add core_foundation_sys` to add it to your `Cargo.toml`
[INFO] [stdout] 
[INFO] [stdout] 
[INFO] [stdout] error[E0433]: cannot find module or crate `core_foundation_sys` in this scope
[INFO] [stdout]   --> crates/vaultd/src/mac_watch.rs:45:5
[INFO] [stdout]    |
[INFO] [stdout] 45 | use core_foundation_sys::number::{CFBooleanGetValue, CFBooleanRef};
[INFO] [stdout]    |     ^^^^^^^^^^^^^^^^^^^ use of unresolved module or unlinked crate `core_foundation_sys`
[INFO] [stdout]    |
[INFO] [stdout]    = help: if you wanted to use a crate named `core_foundation_sys`, use `cargo add core_foundation_sys` to add it to your `Cargo.toml`
[INFO] [stdout] 
[INFO] [stdout] 
[INFO] [stdout] error[E0433]: cannot find module or crate `core_foundation_sys` in this scope
[INFO] [stdout]   --> crates/vaultd/src/mac_watch.rs:46:5
[INFO] [stdout]    |
[INFO] [stdout] 46 | use core_foundation_sys::dictionary::{CFDictionaryGetValue, CFDictionaryRef};
[INFO] [stdout]    |     ^^^^^^^^^^^^^^^^^^^ use of unresolved module or unlinked crate `core_foundation_sys`
[INFO] [stdout]    |
[INFO] [stdout]    = help: if you wanted to use a crate named `core_foundation_sys`, use `cargo add core_foundation_sys` to add it to your `Cargo.toml`
[INFO] [stdout] 
[INFO] [stdout] 
[INFO] [stdout] error[E0433]: cannot find module or crate `core_foundation_sys` in this scope
[INFO] [stdout]   --> crates/vaultd/src/mac_watch.rs:47:5
[INFO] [stdout]    |
[INFO] [stdout] 47 | use core_foundation_sys::runloop::{kCFRunLoopDefaultMode, CFRunLoopAddSource, CFRunLoopRun};
[INFO] [stdout]    |     ^^^^^^^^^^^^^^^^^^^ use of unresolved module or unlinked crate `core_foundation_sys`
[INFO] [stdout]    |
[INFO] [stdout]    = help: if you wanted to use a crate named `core_foundation_sys`, use `cargo add core_foundation_sys` to add it to your `Cargo.toml`
[INFO] [stdout] 
[INFO] [stdout] 
[INFO] [stdout] error[E0433]: cannot find module or crate `core_foundation_sys` in this scope
[INFO] [stdout]   --> crates/vaultd/src/mac_watch.rs:48:5
[INFO] [stdout]    |
[INFO] [stdout] 48 | use core_foundation_sys::string::{kCFStringEncodingUTF8, CFStringCreateWithCString, CFStringRef};
[INFO] [stdout]    |     ^^^^^^^^^^^^^^^^^^^ use of unresolved module or unlinked crate `core_foundation_sys`
[INFO] [stdout]    |
[INFO] [stdout]    = help: if you wanted to use a crate named `core_foundation_sys`, use `cargo add core_foundation_sys` to add it to your `Cargo.toml`
[INFO] [stdout] 
[INFO] [stdout] 
[INFO] [stdout] error[E0433]: cannot find module or crate `core_foundation_sys` in this scope
[INFO] [stdout]    --> crates/vaultd/src/mac_watch.rs:135:5
[INFO] [stdout]     |
[INFO] [stdout] 135 | use core_foundation_sys::runloop::CFRunLoopSourceRef;
[INFO] [stdout]     |     ^^^^^^^^^^^^^^^^^^^ use of unresolved module or unlinked crate `core_foundation_sys`
[INFO] [stdout]     |
[INFO] [stdout]     = help: if you wanted to use a crate named `core_foundation_sys`, use `cargo add core_foundation_sys` to add it to your `Cargo.toml`
[INFO] [stdout] 
[INFO] [stdout] 
[INFO] [stdout] error[E0433]: cannot find module or crate `core_foundation_sys` in this scope
[INFO] [stdout]    --> crates/vaultd/src/mac_watch.rs:228:17
[INFO] [stdout]     |
[INFO] [stdout] 228 |                 core_foundation_sys::runloop::CFRunLoopGetCurrent(),
[INFO] [stdout]     |                 ^^^^^^^^^^^^^^^^^^^ use of unresolved module or unlinked crate `core_foundation_sys`
[INFO] [stdout]     |
[INFO] [stdout]     = help: if you wanted to use a crate named `core_foundation_sys`, use `cargo add core_foundation_sys` to add it to your `Cargo.toml`
[INFO] [stdout] 
[INFO] [stdout] 
[INFO] [stdout] error[E0425]: cannot find function `getpeereid` in crate `libc`
[INFO] [stdout]    --> crates/vaultd/src/lib.rs:627:30
[INFO] [stdout]     |
[INFO] [stdout] 627 |     let ret = unsafe { libc::getpeereid(stream.as_raw_fd(), &mut euid, &mut egid) };
[INFO] [stdout]     |                              ^^^^^^^^^^ not found in `libc`
[INFO] [stdout] 
[INFO] [stdout] 
[INFO] [stdout] error[E0433]: cannot find module or crate `core_foundation_sys` in this scope
[INFO] [stdout]    --> crates/vaultd/src/mac_watch.rs:228:17
[INFO] [stdout]     |
[INFO] [stdout] 228 |                 core_foundation_sys::runloop::CFRunLoopGetCurrent(),
[INFO] [stdout]     |                 ^^^^^^^^^^^^^^^^^^^ use of unresolved module or unlinked crate `core_foundation_sys`
[INFO] [stdout]     |
[INFO] [stdout]     = help: if you wanted to use a crate named `core_foundation_sys`, use `cargo add core_foundation_sys` to add it to your `Cargo.toml`
[INFO] [stdout] 
[INFO] [stdout] 
[INFO] [stdout] error[E0425]: cannot find function `getpeereid` in crate `libc`
[INFO] [stdout]    --> crates/vaultd/src/lib.rs:627:30
[INFO] [stdout]     |
[INFO] [stdout] 627 |     let ret = unsafe { libc::getpeereid(stream.as_raw_fd(), &mut euid, &mut egid) };
[INFO] [stdout]     |                              ^^^^^^^^^^ not found in `libc`
[INFO] [stdout] 
[INFO] [stdout] 
[INFO] [stdout] Some errors have detailed explanations: E0425, E0433.
[INFO] [stdout] 
[INFO] [stdout] For more information about an error, try `rustc --explain E0425`.
[INFO] [stdout] 
[INFO] [stderr] error: could not compile `vaultd` (lib) due to 8 previous errors
[INFO] [stderr] warning: build failed, waiting for other jobs to finish...
[INFO] [stdout] Some errors have detailed explanations: E0425, E0433.
[INFO] [stdout] 
[INFO] [stdout] For more information about an error, try `rustc --explain E0425`.
[INFO] [stdout] 
[INFO] [stderr] error: could not compile `vaultd` (lib test) due to 8 previous errors
[INFO] running `Command { std: "docker" "inspect" "69fa821c31729f49ea25f58b259446c2bceea41db847435e6fde030941747f42", kill_on_drop: false }`
[INFO] running `Command { std: "docker" "rm" "-f" "69fa821c31729f49ea25f58b259446c2bceea41db847435e6fde030941747f42", kill_on_drop: false }`
[INFO] [stdout] 69fa821c31729f49ea25f58b259446c2bceea41db847435e6fde030941747f42
