[INFO] cloning repository https://github.com/vitusOS-Development/vitusOS-dev
[INFO] running `Command { std: "git" "-c" "credential.helper=" "-c" "credential.helper=/workspace/cargo-home/bin/git-credential-null" "clone" "--bare" "https://github.com/vitusOS-Development/vitusOS-dev" "/workspace/cache/git-repos/https%3A%2F%2Fgithub.com%2FvitusOS-Development%2FvitusOS-dev", kill_on_drop: false }`
[INFO] [stderr] Cloning into bare repository '/workspace/cache/git-repos/https%3A%2F%2Fgithub.com%2FvitusOS-Development%2FvitusOS-dev'...
[INFO] running `Command { std: "git" "rev-parse" "HEAD", kill_on_drop: false }`
[INFO] [stdout] b169d48d62a819d73e237fdce979675d429e391e
[INFO] checking vitusOS-Development/vitusOS-dev against 3154cc1a3e6424e44f438a95007d043ed5ceaaf6 for pr-133502-30
[INFO] running `Command { std: "git" "clone" "/workspace/cache/git-repos/https%3A%2F%2Fgithub.com%2FvitusOS-Development%2FvitusOS-dev" "/workspace/builds/worker-0-tc2/source", kill_on_drop: false }`
[INFO] [stderr] Cloning into '/workspace/builds/worker-0-tc2/source'...
[INFO] [stderr] done.
[INFO] removed /workspace/builds/worker-0-tc2/source/.cargo/config.toml
[INFO] started tweaking git repo https://github.com/vitusOS-Development/vitusOS-dev
[INFO] finished tweaking git repo https://github.com/vitusOS-Development/vitusOS-dev
[INFO] tweaked toml for git repo https://github.com/vitusOS-Development/vitusOS-dev written to /workspace/builds/worker-0-tc2/source/Cargo.toml
[INFO] validating manifest of git repo https://github.com/vitusOS-Development/vitusOS-dev on toolchain 3154cc1a3e6424e44f438a95007d043ed5ceaaf6
[INFO] running `Command { std: CARGO_HOME="/workspace/cargo-home" RUSTUP_HOME="/workspace/rustup-home" "/workspace/cargo-home/bin/cargo" "+3154cc1a3e6424e44f438a95007d043ed5ceaaf6" "metadata" "--manifest-path" "Cargo.toml" "--no-deps", kill_on_drop: false }`
[INFO] crate git repo https://github.com/vitusOS-Development/vitusOS-dev already has a lockfile, it will not be regenerated
[INFO] running `Command { std: CARGO_HOME="/workspace/cargo-home" RUSTUP_HOME="/workspace/rustup-home" "/workspace/cargo-home/bin/cargo" "+3154cc1a3e6424e44f438a95007d043ed5ceaaf6" "fetch" "--manifest-path" "Cargo.toml", kill_on_drop: false }`
[INFO] [stderr] warning: unused workspace dependency `crossbeam-channel`
[INFO] [stderr]  --> Cargo.toml:9:1
[INFO] [stderr]   |
[INFO] [stderr] 9 | crossbeam-channel = "0.5"
[INFO] [stderr]   | ^^^^^^^^^^^^^^^^^
[INFO] [stderr]   |
[INFO] [stderr]   = note: `cargo::unused_workspace_dependencies` is set to `warn` by default
[INFO] [stderr] help: consider removing the workspace dependency `crossbeam-channel`
[INFO] [stderr] warning: unused workspace dependency `subtle`
[INFO] [stderr]   --> Cargo.toml:15:1
[INFO] [stderr]    |
[INFO] [stderr] 15 | subtle = "2.6"
[INFO] [stderr]    | ^^^^^^
[INFO] [stderr]    |
[INFO] [stderr] help: consider removing the workspace dependency `subtle`
[INFO] [stderr] warning: unused field `repository` in `workspace.package`
[INFO] [stderr]   --> Cargo.toml:76:1
[INFO] [stderr]    |
[INFO] [stderr] 76 | repository = "https://github.com/vitusOS/vitusos"
[INFO] [stderr]    | ^^^^^^^^^^
[INFO] [stderr]    |
[INFO] [stderr]    = note: `cargo::unused_workspace_package_fields` is set to `warn` by default
[INFO] [stderr] help: consider removing the field `workspace.package.repository`
[INFO] [stderr] warning: workspace (manifest) generated 3 warnings
[INFO] running `Command { std: "docker" "create" "-v" "/var/lib/crater-agent-workspace/builds/worker-0-tc2/source:/opt/rustwide/workdir:ro,Z" "-v" "/var/lib/crater-agent-workspace/builds/worker-0-tc2/target:/opt/rustwide/target:rw,Z" "-v" "/var/lib/crater-agent-workspace/cargo-home:/opt/rustwide/cargo-home:ro,Z" "-v" "/var/lib/crater-agent-workspace/rustup-home:/opt/rustwide/rustup-home:ro,Z" "-m" "1610612736" "--network" "none" "ghcr.io/rust-lang/crates-build-env/linux@sha256:77db811e55d90add9212f6832c23229e3de5f1c1f9905e8cb07319ea15df73ac" "sleep" "infinity", kill_on_drop: false }`
[INFO] [stdout] eefddb1d6701594cb16151c9fc9460a53d6fd8a7e61f66639f2212daae411bb5
[INFO] running `Command { std: "docker" "start" "eefddb1d6701594cb16151c9fc9460a53d6fd8a7e61f66639f2212daae411bb5", kill_on_drop: false }`
[INFO] running `Command { std: "docker" "inspect" "eefddb1d6701594cb16151c9fc9460a53d6fd8a7e61f66639f2212daae411bb5", kill_on_drop: false }`
[INFO] running `Command { std: "docker" "exec" "-e" "SOURCE_DIR=/opt/rustwide/workdir" "-e" "CARGO_HOME=/opt/rustwide/cargo-home" "-e" "RUSTUP_HOME=/opt/rustwide/rustup-home" "-e" "CARGO_TARGET_DIR=/opt/rustwide/target" "-w" "/opt/rustwide/workdir" "--user" "0:0" "eefddb1d6701594cb16151c9fc9460a53d6fd8a7e61f66639f2212daae411bb5" "/opt/rustwide/cargo-home/bin/cargo" "+3154cc1a3e6424e44f438a95007d043ed5ceaaf6" "metadata" "--no-deps" "--format-version=1", kill_on_drop: false }`
[INFO] running `Command { std: "docker" "inspect" "eefddb1d6701594cb16151c9fc9460a53d6fd8a7e61f66639f2212daae411bb5", kill_on_drop: false }`
[INFO] running `Command { std: "docker" "exec" "-e" "SOURCE_DIR=/opt/rustwide/workdir" "-e" "CARGO_HOME=/opt/rustwide/cargo-home" "-e" "RUSTUP_HOME=/opt/rustwide/rustup-home" "-e" "CARGO_TARGET_DIR=/opt/rustwide/target" "-e" "CARGO_INCREMENTAL=0" "-e" "RUST_BACKTRACE=full" "-e" "RUSTFLAGS=--cap-lints=forbid" "-e" "RUSTDOCFLAGS=--cap-lints=forbid" "-w" "/opt/rustwide/workdir" "--user" "0:0" "eefddb1d6701594cb16151c9fc9460a53d6fd8a7e61f66639f2212daae411bb5" "/opt/rustwide/cargo-home/bin/cargo" "+3154cc1a3e6424e44f438a95007d043ed5ceaaf6" "check" "--frozen" "--all" "--all-targets" "--message-format=json", kill_on_drop: false }`
[INFO] [stderr] warning: unused workspace dependency `crossbeam-channel`
[INFO] [stderr]  --> Cargo.toml:9:1
[INFO] [stderr]   |
[INFO] [stderr] 9 | crossbeam-channel = "0.5"
[INFO] [stderr]   | ^^^^^^^^^^^^^^^^^
[INFO] [stderr]   |
[INFO] [stderr]   = note: `cargo::unused_workspace_dependencies` is set to `warn` by default
[INFO] [stderr] help: consider removing the workspace dependency `crossbeam-channel`
[INFO] [stderr] warning: unused workspace dependency `subtle`
[INFO] [stderr]   --> Cargo.toml:15:1
[INFO] [stderr]    |
[INFO] [stderr] 15 | subtle = "2.6"
[INFO] [stderr]    | ^^^^^^
[INFO] [stderr]    |
[INFO] [stderr] help: consider removing the workspace dependency `subtle`
[INFO] [stderr] warning: unused field `repository` in `workspace.package`
[INFO] [stderr]   --> Cargo.toml:76:1
[INFO] [stderr]    |
[INFO] [stderr] 76 | repository = "https://github.com/vitusOS/vitusos"
[INFO] [stderr]    | ^^^^^^^^^^
[INFO] [stderr]    |
[INFO] [stderr]    = note: `cargo::unused_workspace_package_fields` is set to `warn` by default
[INFO] [stderr] help: consider removing the field `workspace.package.repository`
[INFO] [stderr] warning: workspace (manifest) generated 3 warnings
[INFO] [stderr]    Compiling libc v0.2.189
[INFO] [stderr]     Checking smallvec v1.15.2
[INFO] [stderr]     Checking typenum v1.20.1
[INFO] [stderr]    Compiling indexmap v2.14.1
[INFO] [stderr]     Checking tracing-core v0.1.36
[INFO] [stderr]    Compiling rustix v1.1.4
[INFO] [stderr]    Compiling zmij v1.0.23
[INFO] [stderr]    Compiling syn v3.0.4
[INFO] [stderr]    Compiling syn v2.0.119
[INFO] [stderr]     Checking fastrand v2.5.0
[INFO] [stderr]     Checking bytes v1.12.1
[INFO] [stderr]    Compiling serde_json v1.0.151
[INFO] [stderr]     Checking linux-raw-sys v0.12.1
[INFO] [stderr]     Checking uuid v1.26.0
[INFO] [stderr]     Checking memchr v2.8.3
[INFO] [stderr]     Checking itoa v1.0.18
[INFO] [stderr]    Compiling zerocopy v0.8.56
[INFO] [stderr]     Checking futures-lite v2.6.1
[INFO] [stderr]     Checking subtle v2.6.1
[INFO] [stderr]    Compiling ahash v0.8.12
[INFO] [stderr]     Checking cpufeatures v0.2.17
[INFO] [stderr]    Compiling cc v1.4.4
[INFO] [stderr]     Checking opaque-debug v0.3.1
[INFO] [stderr]     Checking core_maths v0.1.1
[INFO] [stderr]     Checking base64ct v1.8.3
[INFO] [stderr]     Checking foldhash v0.1.5
[INFO] [stderr]     Checking ttf-parser v0.25.1
[INFO] [stderr]     Checking fallible-iterator v0.3.0
[INFO] [stderr]     Checking hashbrown v0.15.5
[INFO] [stderr]     Checking regex-syntax v0.8.11
[INFO] [stderr]     Checking fallible-streaming-iterator v0.1.9
[INFO] [stderr]     Checking lazy_static v1.5.0
[INFO] [stderr]     Checking log v0.4.34
[INFO] [stderr]    Compiling anyhow v1.0.104
[INFO] [stderr]     Checking sharded-slab v0.1.7
[INFO] [stderr]    Compiling toml_edit v0.25.13+spec-1.1.0
[INFO] [stderr]     Checking tracing-log v0.2.0
[INFO] [stderr]     Checking thread_local v1.1.10
[INFO] [stderr]     Checking nu-ansi-term v0.50.3
[INFO] [stderr]    Compiling nix v0.29.0
[INFO] [stderr]     Checking option-ext v0.2.0
[INFO] [stderr]     Checking generic-array v0.14.7
[INFO] [stderr]     Checking regex-automata v0.4.18
[INFO] [stderr]    Compiling proc-macro-crate v3.5.0
[INFO] [stderr]    Compiling libsqlite3-sys v0.30.1
[INFO] [stderr]     Checking inout v0.1.4
[INFO] [stderr]     Checking block-buffer v0.10.4
[INFO] [stderr]     Checking getrandom v0.2.17
[INFO] [stderr]     Checking parking_lot_core v0.9.12
[INFO] [stderr]     Checking errno v0.3.14
[INFO] [stderr]     Checking mio v1.2.2
[INFO] [stderr]     Checking socket2 v0.6.5
[INFO] [stderr]     Checking dirs-sys v0.4.1
[INFO] [stderr]     Checking signal-hook-registry v1.4.8
[INFO] [stderr]     Checking dirs v5.0.1
[INFO] [stderr]     Checking rand_core v0.6.4
[INFO] [stderr]     Checking parking_lot v0.12.5
[INFO] [stderr]     Checking crypto-common v0.1.7
[INFO] [stderr]     Checking password-hash v0.5.0
[INFO] [stderr]     Checking universal-hash v0.5.1
[INFO] [stderr]     Checking cipher v0.4.4
[INFO] [stderr]     Checking digest v0.10.7
[INFO] [stderr]     Checking polyval v0.6.2
[INFO] [stderr]     Checking aead v0.5.2
[INFO] [stderr]     Checking fontdue v0.9.4
[INFO] [stderr]     Checking ghash v0.5.1
[INFO] [stderr]     Checking aes v0.8.4
[INFO] [stderr]     Checking ctr v0.9.2
[INFO] [stderr]     Checking blake2 v0.10.6
[INFO] [stderr]     Checking argon2 v0.5.3
[INFO] [stderr]     Checking aes-gcm v0.10.3
[INFO] [stderr]     Checking matchers v0.2.0
[INFO] [stderr]    Compiling enumflags2_derive v0.7.12
[INFO] [stderr]    Compiling tracing-attributes v0.1.31
[INFO] [stderr]    Compiling zeroize_derive v1.5.0
[INFO] [stderr]    Compiling async-recursion v1.1.1
[INFO] [stderr]    Compiling thiserror-impl v1.0.69
[INFO] [stderr]     Checking zeroize v1.9.0
[INFO] [stderr]    Compiling serde_derive v1.0.229
[INFO] [stderr]    Compiling tokio-macros v2.7.2
[INFO] [stderr]    Compiling serde_repr v0.1.21
[INFO] [stderr]    Compiling async-trait v0.1.92
[INFO] [stderr]     Checking thiserror v1.0.69
[INFO] [stderr]     Checking tokio v1.53.1
[INFO] [stderr]     Checking tracing v0.1.44
[INFO] [stderr]     Checking tracing-subscriber v0.3.23
[INFO] [stderr]     Checking ppv-lite86 v0.2.21
[INFO] [stderr]     Checking hashbrown v0.14.5
[INFO] [stderr]     Checking rand_chacha v0.3.1
[INFO] [stderr]     Checking rand v0.8.8
[INFO] [stderr]     Checking hashlink v0.9.1
[INFO] [stderr]    Compiling serde v1.0.229
[INFO] [stderr]     Checking enumflags2 v0.7.12
[INFO] [stderr]     Checking zvariant_utils v4.2.0
[INFO] [stderr]     Checking zcheapstr v1.1.0
[INFO] [stderr]     Checking glam v0.29.3
[INFO] [stderr]    Compiling zvariant_derive v5.15.0
[INFO] [stderr]    Compiling zvariant v5.15.0
[INFO] [stderr]    Compiling zbus_names v4.3.4
[INFO] [stderr]     Checking rusqlite v0.32.1
[INFO] [stderr]     Checking animus-physics v0.1.0 (/opt/rustwide/workdir/crates/animus-physics)
[INFO] [stderr]    Compiling zbus_macros v5.19.0
[INFO] [stderr]     Checking zbus v5.19.0
[INFO] [stderr]     Checking animus-core v0.1.0 (/opt/rustwide/workdir/crates/animus-core)
[INFO] [stderr]     Checking animus-hev v0.1.0 (/opt/rustwide/workdir/crates/animus-hev)
[INFO] [stderr]     Checking animus-render v0.1.0 (/opt/rustwide/workdir/crates/animus-render)
[INFO] [stderr]     Checking animus-cache v0.1.0 (/opt/rustwide/workdir/crates/animus-cache)
[INFO] [stderr]     Checking animus-input v0.1.0 (/opt/rustwide/workdir/crates/animus-input)
[INFO] [stderr]     Checking vitusos-installer v0.1.0 (/opt/rustwide/workdir/crates/vitusos-installer)
[INFO] [stderr]     Checking vitusos-native v0.1.0 (/opt/rustwide/workdir/crates/vitusos-native)
[INFO] [stderr]     Checking animus-compositor v0.1.0 (/opt/rustwide/workdir/crates/animus-compositor)
[INFO] [stdout] error[E0308]: mismatched types
[INFO] [stdout]    --> crates/vitusos-native/src/terminow.rs:110:47
[INFO] [stdout]     |
[INFO] [stdout] 110 |                         self.master_fd = Some(pty.master);
[INFO] [stdout]     |                                          ---- ^^^^^^^^^^ expected `i32`, found `OwnedFd`
[INFO] [stdout]     |                                          |
[INFO] [stdout]     |                                          arguments to this enum variant are incorrect
[INFO] [stdout]     |
[INFO] [stdout] help: the type constructed contains `OwnedFd` due to the type of the argument passed
[INFO] [stdout]    --> crates/vitusos-native/src/terminow.rs:110:42
[INFO] [stdout]     |
[INFO] [stdout] 110 |                         self.master_fd = Some(pty.master);
[INFO] [stdout]     |                                          ^^^^^----------^
[INFO] [stdout]     |                                               |
[INFO] [stdout]     |                                               this argument influences the type of `Some`
[INFO] [stdout] note: tuple variant defined here
[INFO] [stdout]    --> /rustc/3154cc1a3e6424e44f438a95007d043ed5ceaaf6/library/core/src/option.rs:606:4
[INFO] [stdout] 
[INFO] [stdout] 
[INFO] [stdout] error[E0277]: `OwnedFd` doesn't implement `std::fmt::Display`
[INFO] [stdout]    --> crates/vitusos-native/src/terminow.rs:112:97
[INFO] [stdout]     |
[INFO] [stdout] 112 |                         info!("Terminow: Spawned real PTY child PID {} on master fd {}", child, pty.master);
[INFO] [stdout]     |                                                                                     --          ^^^^^^^^^^ `OwnedFd` cannot be formatted with the default formatter
[INFO] [stdout]     |                                                                                     |
[INFO] [stdout]     |                                                                                     required by this formatting parameter
[INFO] [stdout]     |
[INFO] [stdout]     = help: the trait `std::fmt::Display` is not implemented for `OwnedFd`
[INFO] [stdout]     = note: in format strings you may be able to use `{:?}` (or `{:#?}` for pretty-print) instead
[INFO] [stdout]     = note: this error originates in the macro `$crate::__macro_support::format_args` which comes from the expansion of the macro `info` (in Nightly builds, run with -Z macro-backtrace for more info)
[INFO] [stdout] 
[INFO] [stdout] 
[INFO] [stdout] error[E0308]: mismatched types
[INFO] [stdout]    --> crates/vitusos-native/src/terminow.rs:118:42
[INFO] [stdout]     |
[INFO] [stdout] 118 | ...                   let _ = dup2(slave, 0);
[INFO] [stdout]     |                               ---- ^^^^^ expected `i32`, found `OwnedFd`
[INFO] [stdout]     |                               |
[INFO] [stdout]     |                               arguments to this function are incorrect
[INFO] [stdout]     |
[INFO] [stdout] note: function defined here
[INFO] [stdout]    --> /opt/rustwide/cargo-home/registry/src/index.crates.io-1949cf8c6b5b557f/nix-0.29.0/src/unistd.rs:439:8
[INFO] [stdout]     |
[INFO] [stdout] 439 | pub fn dup2(oldfd: RawFd, newfd: RawFd) -> Result<RawFd> {
[INFO] [stdout]     |        ^^^^
[INFO] [stdout] 
[INFO] [stdout] 
[INFO] [stdout] error[E0308]: mismatched types
[INFO] [stdout]    --> crates/vitusos-native/src/terminow.rs:119:42
[INFO] [stdout]     |
[INFO] [stdout] 119 | ...                   let _ = dup2(slave, 1);
[INFO] [stdout]     |                               ---- ^^^^^ expected `i32`, found `OwnedFd`
[INFO] [stdout]     |                               |
[INFO] [stdout]     |                               arguments to this function are incorrect
[INFO] [stdout]     |
[INFO] [stdout] note: function defined here
[INFO] [stdout]    --> /opt/rustwide/cargo-home/registry/src/index.crates.io-1949cf8c6b5b557f/nix-0.29.0/src/unistd.rs:439:8
[INFO] [stdout]     |
[INFO] [stdout] 439 | pub fn dup2(oldfd: RawFd, newfd: RawFd) -> Result<RawFd> {
[INFO] [stdout]     |        ^^^^
[INFO] [stdout] 
[INFO] [stdout] 
[INFO] [stdout] error[E0308]: mismatched types
[INFO] [stdout]    --> crates/vitusos-native/src/terminow.rs:120:42
[INFO] [stdout]     |
[INFO] [stdout] 120 | ...                   let _ = dup2(slave, 2);
[INFO] [stdout]     |                               ---- ^^^^^ expected `i32`, found `OwnedFd`
[INFO] [stdout]     |                               |
[INFO] [stdout]     |                               arguments to this function are incorrect
[INFO] [stdout]     |
[INFO] [stdout] note: function defined here
[INFO] [stdout]    --> /opt/rustwide/cargo-home/registry/src/index.crates.io-1949cf8c6b5b557f/nix-0.29.0/src/unistd.rs:439:8
[INFO] [stdout]     |
[INFO] [stdout] 439 | pub fn dup2(oldfd: RawFd, newfd: RawFd) -> Result<RawFd> {
[INFO] [stdout]     |        ^^^^
[INFO] [stdout] 
[INFO] [stdout] 
[INFO] [stdout] error[E0277]: the trait bound `i32: AsFd` is not satisfied
[INFO] [stdout]     --> crates/vitusos-native/src/terminow.rs:147:31
[INFO] [stdout]      |
[INFO] [stdout]  147 |                 let _ = write(fd, text.as_bytes());
[INFO] [stdout]      |                         ----- ^^ the trait `AsFd` is not implemented for `i32`
[INFO] [stdout]      |                         |
[INFO] [stdout]      |                         required by a bound introduced by this call
[INFO] [stdout]      |
[INFO] [stdout]      = help: the following other types implement trait `AsFd`:
[INFO] [stdout]                &T
[INFO] [stdout]                &mut T
[INFO] [stdout]                Arc<T>
[INFO] [stdout]                AsyncFd<T>
[INFO] [stdout]                BorrowedFd<'_>
[INFO] [stdout]                Box<T, A>
[INFO] [stdout]                Dir
[INFO] [stdout]                OwnedFd
[INFO] [stdout]              and 56 others
[INFO] [stdout] note: required by a bound in `nix::unistd::write`
[INFO] [stdout]     --> /opt/rustwide/cargo-home/registry/src/index.crates.io-1949cf8c6b5b557f/nix-0.29.0/src/unistd.rs:1105:18
[INFO] [stdout]      |
[INFO] [stdout] 1105 | pub fn write<Fd: AsFd>(fd: Fd, buf: &[u8]) -> Result<usize> {
[INFO] [stdout]      |                  ^^^^ required by this bound in `write`
[INFO] [stdout] 
[INFO] [stdout] 
[INFO] [stdout] error[E0277]: the trait bound `i32: AsFd` is not satisfied
[INFO] [stdout]     --> crates/vitusos-native/src/terminow.rs:169:31
[INFO] [stdout]      |
[INFO] [stdout]  169 |                 let _ = write(fd, &cmd_bytes);
[INFO] [stdout]      |                         ----- ^^ the trait `AsFd` is not implemented for `i32`
[INFO] [stdout]      |                         |
[INFO] [stdout]      |                         required by a bound introduced by this call
[INFO] [stdout]      |
[INFO] [stdout]      = help: the following other types implement trait `AsFd`:
[INFO] [stdout]                &T
[INFO] [stdout]                &mut T
[INFO] [stdout]                Arc<T>
[INFO] [stdout]                AsyncFd<T>
[INFO] [stdout]                BorrowedFd<'_>
[INFO] [stdout]                Box<T, A>
[INFO] [stdout]                Dir
[INFO] [stdout]                OwnedFd
[INFO] [stdout]              and 56 others
[INFO] [stdout] note: required by a bound in `nix::unistd::write`
[INFO] [stdout]     --> /opt/rustwide/cargo-home/registry/src/index.crates.io-1949cf8c6b5b557f/nix-0.29.0/src/unistd.rs:1105:18
[INFO] [stdout]      |
[INFO] [stdout] 1105 | pub fn write<Fd: AsFd>(fd: Fd, buf: &[u8]) -> Result<usize> {
[INFO] [stdout]      |                  ^^^^ required by this bound in `write`
[INFO] [stdout] 
[INFO] [stdout] 
[INFO] [stdout] error[E0308]: mismatched types
[INFO] [stdout]    --> crates/vitusos-native/src/terminow.rs:110:47
[INFO] [stdout]     |
[INFO] [stdout] 110 |                         self.master_fd = Some(pty.master);
[INFO] [stdout]     |                                          ---- ^^^^^^^^^^ expected `i32`, found `OwnedFd`
[INFO] [stdout]     |                                          |
[INFO] [stdout]     |                                          arguments to this enum variant are incorrect
[INFO] [stdout]     |
[INFO] [stdout] help: the type constructed contains `OwnedFd` due to the type of the argument passed
[INFO] [stdout]    --> crates/vitusos-native/src/terminow.rs:110:42
[INFO] [stdout]     |
[INFO] [stdout] 110 |                         self.master_fd = Some(pty.master);
[INFO] [stdout]     |                                          ^^^^^----------^
[INFO] [stdout]     |                                               |
[INFO] [stdout]     |                                               this argument influences the type of `Some`
[INFO] [stdout] note: tuple variant defined here
[INFO] [stdout]    --> /rustc/3154cc1a3e6424e44f438a95007d043ed5ceaaf6/library/core/src/option.rs:606:4
[INFO] [stdout] 
[INFO] [stdout] 
[INFO] [stdout] error[E0277]: `OwnedFd` doesn't implement `std::fmt::Display`
[INFO] [stdout]    --> crates/vitusos-native/src/terminow.rs:112:97
[INFO] [stdout]     |
[INFO] [stdout] 112 |                         info!("Terminow: Spawned real PTY child PID {} on master fd {}", child, pty.master);
[INFO] [stdout]     |                                                                                     --          ^^^^^^^^^^ `OwnedFd` cannot be formatted with the default formatter
[INFO] [stdout]     |                                                                                     |
[INFO] [stdout]     |                                                                                     required by this formatting parameter
[INFO] [stdout]     |
[INFO] [stdout]     = help: the trait `std::fmt::Display` is not implemented for `OwnedFd`
[INFO] [stdout]     = note: in format strings you may be able to use `{:?}` (or `{:#?}` for pretty-print) instead
[INFO] [stdout]     = note: this error originates in the macro `$crate::__macro_support::format_args` which comes from the expansion of the macro `info` (in Nightly builds, run with -Z macro-backtrace for more info)
[INFO] [stdout] 
[INFO] [stdout] 
[INFO] [stdout] error[E0308]: mismatched types
[INFO] [stdout]    --> crates/vitusos-native/src/terminow.rs:118:42
[INFO] [stdout]     |
[INFO] [stdout] 118 | ...                   let _ = dup2(slave, 0);
[INFO] [stdout]     |                               ---- ^^^^^ expected `i32`, found `OwnedFd`
[INFO] [stdout]     |                               |
[INFO] [stdout]     |                               arguments to this function are incorrect
[INFO] [stdout]     |
[INFO] [stdout] note: function defined here
[INFO] [stdout]    --> /opt/rustwide/cargo-home/registry/src/index.crates.io-1949cf8c6b5b557f/nix-0.29.0/src/unistd.rs:439:8
[INFO] [stdout]     |
[INFO] [stdout] 439 | pub fn dup2(oldfd: RawFd, newfd: RawFd) -> Result<RawFd> {
[INFO] [stdout]     |        ^^^^
[INFO] [stdout] 
[INFO] [stdout] 
[INFO] [stdout] error[E0308]: mismatched types
[INFO] [stdout]    --> crates/vitusos-native/src/terminow.rs:119:42
[INFO] [stdout]     |
[INFO] [stdout] 119 | ...                   let _ = dup2(slave, 1);
[INFO] [stdout]     |                               ---- ^^^^^ expected `i32`, found `OwnedFd`
[INFO] [stdout]     |                               |
[INFO] [stdout]     |                               arguments to this function are incorrect
[INFO] [stdout]     |
[INFO] [stdout] note: function defined here
[INFO] [stdout]    --> /opt/rustwide/cargo-home/registry/src/index.crates.io-1949cf8c6b5b557f/nix-0.29.0/src/unistd.rs:439:8
[INFO] [stdout]     |
[INFO] [stdout] 439 | pub fn dup2(oldfd: RawFd, newfd: RawFd) -> Result<RawFd> {
[INFO] [stdout]     |        ^^^^
[INFO] [stdout] 
[INFO] [stdout] 
[INFO] [stdout] error[E0308]: mismatched types
[INFO] [stdout]    --> crates/vitusos-native/src/terminow.rs:120:42
[INFO] [stdout]     |
[INFO] [stdout] 120 | ...                   let _ = dup2(slave, 2);
[INFO] [stdout]     |                               ---- ^^^^^ expected `i32`, found `OwnedFd`
[INFO] [stdout]     |                               |
[INFO] [stdout]     |                               arguments to this function are incorrect
[INFO] [stdout]     |
[INFO] [stdout] note: function defined here
[INFO] [stdout]    --> /opt/rustwide/cargo-home/registry/src/index.crates.io-1949cf8c6b5b557f/nix-0.29.0/src/unistd.rs:439:8
[INFO] [stdout]     |
[INFO] [stdout] 439 | pub fn dup2(oldfd: RawFd, newfd: RawFd) -> Result<RawFd> {
[INFO] [stdout]     |        ^^^^
[INFO] [stdout] 
[INFO] [stdout] 
[INFO] [stdout] error[E0277]: the trait bound `i32: AsFd` is not satisfied
[INFO] [stdout]     --> crates/vitusos-native/src/terminow.rs:147:31
[INFO] [stdout]      |
[INFO] [stdout]  147 |                 let _ = write(fd, text.as_bytes());
[INFO] [stdout]      |                         ----- ^^ the trait `AsFd` is not implemented for `i32`
[INFO] [stdout]      |                         |
[INFO] [stdout]      |                         required by a bound introduced by this call
[INFO] [stdout]      |
[INFO] [stdout]      = help: the following other types implement trait `AsFd`:
[INFO] [stdout]                &T
[INFO] [stdout]                &mut T
[INFO] [stdout]                Arc<T>
[INFO] [stdout]                AsyncFd<T>
[INFO] [stdout]                BorrowedFd<'_>
[INFO] [stdout]                Box<T, A>
[INFO] [stdout]                Dir
[INFO] [stdout]                OwnedFd
[INFO] [stdout]              and 56 others
[INFO] [stdout] note: required by a bound in `nix::unistd::write`
[INFO] [stdout]     --> /opt/rustwide/cargo-home/registry/src/index.crates.io-1949cf8c6b5b557f/nix-0.29.0/src/unistd.rs:1105:18
[INFO] [stdout]      |
[INFO] [stdout] 1105 | pub fn write<Fd: AsFd>(fd: Fd, buf: &[u8]) -> Result<usize> {
[INFO] [stdout]      |                  ^^^^ required by this bound in `write`
[INFO] [stdout] 
[INFO] [stdout] 
[INFO] [stdout] error[E0277]: the trait bound `i32: AsFd` is not satisfied
[INFO] [stdout]     --> crates/vitusos-native/src/terminow.rs:169:31
[INFO] [stdout]      |
[INFO] [stdout]  169 |                 let _ = write(fd, &cmd_bytes);
[INFO] [stdout]      |                         ----- ^^ the trait `AsFd` is not implemented for `i32`
[INFO] [stdout]      |                         |
[INFO] [stdout]      |                         required by a bound introduced by this call
[INFO] [stdout]      |
[INFO] [stdout]      = help: the following other types implement trait `AsFd`:
[INFO] [stdout]                &T
[INFO] [stdout]                &mut T
[INFO] [stdout]                Arc<T>
[INFO] [stdout]                AsyncFd<T>
[INFO] [stdout]                BorrowedFd<'_>
[INFO] [stdout]                Box<T, A>
[INFO] [stdout]                Dir
[INFO] [stdout]                OwnedFd
[INFO] [stdout]              and 56 others
[INFO] [stdout] note: required by a bound in `nix::unistd::write`
[INFO] [stdout]     --> /opt/rustwide/cargo-home/registry/src/index.crates.io-1949cf8c6b5b557f/nix-0.29.0/src/unistd.rs:1105:18
[INFO] [stdout]      |
[INFO] [stdout] 1105 | pub fn write<Fd: AsFd>(fd: Fd, buf: &[u8]) -> Result<usize> {
[INFO] [stdout]      |                  ^^^^ required by this bound in `write`
[INFO] [stdout] 
[INFO] [stdout] 
[INFO] [stdout] Some errors have detailed explanations: E0277, E0308.
[INFO] [stdout] 
[INFO] [stdout] For more information about an error, try `rustc --explain E0277`.
[INFO] [stdout] 
[INFO] [stderr] error: could not compile `vitusos-native` (lib test) due to 7 previous errors
[INFO] [stderr] warning: build failed, waiting for other jobs to finish...
[INFO] [stdout] Some errors have detailed explanations: E0277, E0308.
[INFO] [stdout] 
[INFO] [stdout] For more information about an error, try `rustc --explain E0277`.
[INFO] [stdout] 
[INFO] [stderr] error: could not compile `vitusos-native` (lib) due to 7 previous errors
[INFO] [stderr] warning: unused dependency `animus-core`
[INFO] [stderr]  --> crates/animus-cache/Cargo.toml:9:1
[INFO] [stderr]   |
[INFO] [stderr] 9 | animus-core.workspace = true
[INFO] [stderr]   | ^^^^^^^^^^^
[INFO] [stderr]   |
[INFO] [stderr]   = note: `cargo::unused_dependencies` is set to `warn` by default
[INFO] [stderr] help: consider removing the dependency on `animus-core`
[INFO] [stderr] warning: `animus-cache` (manifest) generated 1 warning
[INFO] [stderr] warning: unused dependency `animus-core`
[INFO] [stderr]  --> crates/animus-hev/Cargo.toml:9:1
[INFO] [stderr]   |
[INFO] [stderr] 9 | animus-core.workspace = true
[INFO] [stderr]   | ^^^^^^^^^^^
[INFO] [stderr]   |
[INFO] [stderr]   = note: `cargo::unused_dependencies` is set to `warn` by default
[INFO] [stderr] help: consider removing the dependency on `animus-core`
[INFO] [stderr] warning: `animus-hev` (manifest) generated 1 warning
[INFO] [stderr] warning: unused dependency `glam`
[INFO] [stderr]  --> crates/animus-physics/Cargo.toml:9:1
[INFO] [stderr]   |
[INFO] [stderr] 9 | glam.workspace = true
[INFO] [stderr]   | ^^^^
[INFO] [stderr]   |
[INFO] [stderr]   = note: `cargo::unused_dependencies` is set to `warn` by default
[INFO] [stderr] help: consider removing the dependency on `glam`
[INFO] [stderr] warning: `animus-physics` (manifest) generated 1 warning
[INFO] [stderr] warning: unused dependency `animus-core`
[INFO] [stderr]   --> crates/animus-render/Cargo.toml:10:1
[INFO] [stderr]    |
[INFO] [stderr] 10 | animus-core.workspace = true
[INFO] [stderr]    | ^^^^^^^^^^^
[INFO] [stderr]    |
[INFO] [stderr]    = note: `cargo::unused_dependencies` is set to `warn` by default
[INFO] [stderr] help: consider removing the dependency on `animus-core`
[INFO] [stderr] warning: `animus-render` (manifest) generated 1 warning
[INFO] running `Command { std: "docker" "inspect" "eefddb1d6701594cb16151c9fc9460a53d6fd8a7e61f66639f2212daae411bb5", kill_on_drop: false }`
[INFO] running `Command { std: "docker" "rm" "-f" "eefddb1d6701594cb16151c9fc9460a53d6fd8a7e61f66639f2212daae411bb5", kill_on_drop: false }`
[INFO] [stdout] eefddb1d6701594cb16151c9fc9460a53d6fd8a7e61f66639f2212daae411bb5
