[INFO] cloning repository https://github.com/vitorrezend/mta_sheet
[INFO] running `Command { std: "git" "-c" "credential.helper=" "-c" "credential.helper=/workspace/cargo-home/bin/git-credential-null" "clone" "--bare" "https://github.com/vitorrezend/mta_sheet" "/workspace/cache/git-repos/https%3A%2F%2Fgithub.com%2Fvitorrezend%2Fmta_sheet", kill_on_drop: false }`
[INFO] [stderr] Cloning into bare repository '/workspace/cache/git-repos/https%3A%2F%2Fgithub.com%2Fvitorrezend%2Fmta_sheet'...
[INFO] running `Command { std: "git" "rev-parse" "HEAD", kill_on_drop: false }`
[INFO] [stdout] 82a131c030c69dccf8a1a552419a5edb4c63cbb0
[INFO] checking vitorrezend/mta_sheet against 3154cc1a3e6424e44f438a95007d043ed5ceaaf6+rustflags=-Znext-solver=coherence for pr-133502-30
[INFO] running `Command { std: "git" "clone" "/workspace/cache/git-repos/https%3A%2F%2Fgithub.com%2Fvitorrezend%2Fmta_sheet" "/workspace/builds/worker-7-tc1/source", kill_on_drop: false }`
[INFO] [stderr] Cloning into '/workspace/builds/worker-7-tc1/source'...
[INFO] [stderr] done.
[INFO] started tweaking git repo https://github.com/vitorrezend/mta_sheet
[INFO] removed 0 missing tests
[INFO] finished tweaking git repo https://github.com/vitorrezend/mta_sheet
[INFO] tweaked toml for git repo https://github.com/vitorrezend/mta_sheet written to /workspace/builds/worker-7-tc1/source/Cargo.toml
[INFO] validating manifest of git repo https://github.com/vitorrezend/mta_sheet on toolchain 3154cc1a3e6424e44f438a95007d043ed5ceaaf6
[INFO] running `Command { std: CARGO_HOME="/workspace/cargo-home" RUSTUP_HOME="/workspace/rustup-home" "/workspace/cargo-home/bin/cargo" "+3154cc1a3e6424e44f438a95007d043ed5ceaaf6" "metadata" "--manifest-path" "Cargo.toml" "--no-deps", kill_on_drop: false }`
[INFO] crate git repo https://github.com/vitorrezend/mta_sheet already has a lockfile, it will not be regenerated
[INFO] running `Command { std: CARGO_HOME="/workspace/cargo-home" RUSTUP_HOME="/workspace/rustup-home" "/workspace/cargo-home/bin/cargo" "+3154cc1a3e6424e44f438a95007d043ed5ceaaf6" "fetch" "--manifest-path" "Cargo.toml", kill_on_drop: false }`
[INFO] [stderr]     Updating crates.io index
[INFO] [stderr]  Downloading crates ...
[INFO] [stderr]   Downloaded wasm-bindgen-futures v0.4.43
[INFO] [stderr]   Downloaded lru v0.11.1
[INFO] [stderr]   Downloaded leptos_meta v0.6.15
[INFO] [stderr]   Downloaded linear-map v1.2.0
[INFO] [stderr]   Downloaded serde_test v1.0.177
[INFO] [stderr]   Downloaded typed-builder v0.18.2
[INFO] [stderr]   Downloaded leptos v0.6.15
[INFO] [stderr]   Downloaded typed-builder-macro v0.18.2
[INFO] [stderr]   Downloaded leptos_router v0.6.15
[INFO] [stderr]   Downloaded serde_qs v0.13.0
[INFO] [stderr]   Downloaded wasm-streams v0.4.1
[INFO] [stderr]   Downloaded web-sys v0.3.70
[INFO] [stderr]   Downloaded leptos_server v0.6.15
[INFO] [stderr]   Downloaded oco_ref v0.1.1
[INFO] [stderr]   Downloaded leptos_hot_reload v0.6.15
[INFO] [stderr]   Downloaded rstml v0.11.2
[INFO] [stderr]   Downloaded manyhow-macros v0.10.4
[INFO] [stderr]   Downloaded leptos_reactive v0.6.15
[INFO] [stderr]   Downloaded leptos_macro v0.6.15
[INFO] [stderr]   Downloaded attribute-derive v0.9.2
[INFO] [stderr]   Downloaded proc-macro-utils v0.8.0
[INFO] [stderr]   Downloaded attribute-derive-macro v0.9.2
[INFO] [stderr]   Downloaded manyhow v0.10.4
[INFO] [stderr]   Downloaded leptos_dom v0.6.15
[INFO] [stderr]   Downloaded pad-adapter v0.1.1
[INFO] [stderr]   Downloaded leptos_config v0.6.15
[INFO] [stderr]   Downloaded cached_proc_macro v0.18.1
[INFO] [stderr]   Downloaded cached v0.45.1
[INFO] [stderr]   Downloaded leptos_integration_utils v0.6.15
[INFO] [stderr]   Downloaded leptos_axum v0.6.15
[INFO] running `Command { std: "docker" "create" "-v" "/var/lib/crater-agent-workspace/builds/worker-7-tc1/source:/opt/rustwide/workdir:ro,Z" "-v" "/var/lib/crater-agent-workspace/builds/worker-7-tc1/target:/opt/rustwide/target:rw,Z" "-v" "/var/lib/crater-agent-workspace/cargo-home:/opt/rustwide/cargo-home:ro,Z" "-v" "/var/lib/crater-agent-workspace/rustup-home:/opt/rustwide/rustup-home:ro,Z" "-m" "1610612736" "--network" "none" "ghcr.io/rust-lang/crates-build-env/linux@sha256:77db811e55d90add9212f6832c23229e3de5f1c1f9905e8cb07319ea15df73ac" "sleep" "infinity", kill_on_drop: false }`
[INFO] [stdout] 7c4d67966a96ac25d6967e171d3134563e2c873a88f28f20a37ce84daea01d49
[INFO] running `Command { std: "docker" "start" "7c4d67966a96ac25d6967e171d3134563e2c873a88f28f20a37ce84daea01d49", kill_on_drop: false }`
[INFO] running `Command { std: "docker" "inspect" "7c4d67966a96ac25d6967e171d3134563e2c873a88f28f20a37ce84daea01d49", kill_on_drop: false }`
[INFO] running `Command { std: "docker" "exec" "-e" "SOURCE_DIR=/opt/rustwide/workdir" "-e" "CARGO_HOME=/opt/rustwide/cargo-home" "-e" "RUSTUP_HOME=/opt/rustwide/rustup-home" "-e" "CARGO_TARGET_DIR=/opt/rustwide/target" "-w" "/opt/rustwide/workdir" "--user" "0:0" "7c4d67966a96ac25d6967e171d3134563e2c873a88f28f20a37ce84daea01d49" "/opt/rustwide/cargo-home/bin/cargo" "+3154cc1a3e6424e44f438a95007d043ed5ceaaf6" "metadata" "--no-deps" "--format-version=1", kill_on_drop: false }`
[INFO] running `Command { std: "docker" "inspect" "7c4d67966a96ac25d6967e171d3134563e2c873a88f28f20a37ce84daea01d49", kill_on_drop: false }`
[INFO] running `Command { std: "docker" "exec" "-e" "SOURCE_DIR=/opt/rustwide/workdir" "-e" "CARGO_HOME=/opt/rustwide/cargo-home" "-e" "RUSTUP_HOME=/opt/rustwide/rustup-home" "-e" "CARGO_TARGET_DIR=/opt/rustwide/target" "-e" "CARGO_INCREMENTAL=0" "-e" "RUST_BACKTRACE=full" "-e" "RUSTFLAGS=--cap-lints=forbid -Znext-solver=coherence" "-e" "RUSTDOCFLAGS=--cap-lints=forbid" "-w" "/opt/rustwide/workdir" "--user" "0:0" "7c4d67966a96ac25d6967e171d3134563e2c873a88f28f20a37ce84daea01d49" "/opt/rustwide/cargo-home/bin/cargo" "+3154cc1a3e6424e44f438a95007d043ed5ceaaf6" "check" "--frozen" "--all" "--all-targets" "--message-format=json", kill_on_drop: false }`
[INFO] [stderr]    Compiling proc-macro2 v1.0.106
[INFO] [stderr]     Checking cfg-if v1.0.4
[INFO] [stderr]    Compiling wasm-bindgen-shared v0.2.121
[INFO] [stderr]     Checking once_cell v1.21.4
[INFO] [stderr]     Checking memchr v2.8.0
[INFO] [stderr]     Checking stable_deref_trait v1.2.1
[INFO] [stderr]    Compiling bumpalo v3.20.2
[INFO] [stderr]     Checking unicode-ident v1.0.24
[INFO] [stderr]     Checking futures-core v0.3.32
[INFO] [stderr]     Checking futures-sink v0.3.32
[INFO] [stderr]     Checking serde_core v1.0.228
[INFO] [stderr]     Checking litemap v0.8.2
[INFO] [stderr]     Checking writeable v0.6.3
[INFO] [stderr]     Checking smallvec v1.15.1
[INFO] [stderr]    Compiling wasm-bindgen v0.2.121
[INFO] [stderr]     Checking pin-project-lite v0.2.17
[INFO] [stderr]     Checking utf8_iter v1.0.4
[INFO] [stderr]     Checking libc v0.2.186
[INFO] [stderr]     Checking futures-io v0.3.32
[INFO] [stderr]     Checking slab v0.4.12
[INFO] [stderr]     Checking equivalent v1.0.2
[INFO] [stderr]     Checking itoa v1.0.18
[INFO] [stderr]     Checking hashbrown v0.17.1
[INFO] [stderr]     Checking futures-channel v0.3.32
[INFO] [stderr]     Checking futures-task v0.3.32
[INFO] [stderr]    Compiling konst_macro_rules v0.2.19
[INFO] [stderr]     Checking icu_normalizer_data v2.2.0
[INFO] [stderr]     Checking icu_properties_data v2.2.0
[INFO] [stderr]     Checking zmij v1.0.21
[INFO] [stderr]    Compiling proc-macro-error v1.0.4
[INFO] [stderr]    Compiling unicode-segmentation v1.13.2
[INFO] [stderr]     Checking percent-encoding v2.3.2
[INFO] [stderr]    Compiling proc-macro2-diagnostics v0.10.1
[INFO] [stderr]    Compiling xxhash-rust v0.8.15
[INFO] [stderr]    Compiling slotmap v1.1.1
[INFO] [stderr]     Checking scopeguard v1.2.0
[INFO] [stderr]     Checking bytes v1.11.1
[INFO] [stderr]    Compiling konst v0.2.20
[INFO] [stderr]    Compiling camino v1.2.2
[INFO] [stderr]     Checking ciborium-io v0.2.2
[INFO] [stderr]    Compiling yansi v1.0.1
[INFO] [stderr]     Checking lock_api v0.4.14
[INFO] [stderr]     Checking form_urlencoded v1.2.2
[INFO] [stderr]    Compiling serde v1.0.228
[INFO] [stderr]    Compiling anyhow v1.0.102
[INFO] [stderr]     Checking tracing-core v0.1.36
[INFO] [stderr]     Checking toml_write v0.1.2
[INFO] [stderr]     Checking hashbrown v0.14.5
[INFO] [stderr]    Compiling interpolator v0.5.0
[INFO] [stderr]     Checking winnow v0.7.15
[INFO] [stderr]    Compiling collection_literals v1.0.3
[INFO] [stderr]    Compiling convert_case v0.6.0
[INFO] [stderr]     Checking aho-corasick v1.1.4
[INFO] [stderr]     Checking send_wrapper v0.6.0
[INFO] [stderr]    Compiling utf8-width v0.1.8
[INFO] [stderr]    Compiling either v1.15.0
[INFO] [stderr]     Checking minimal-lexical v0.2.1
[INFO] [stderr]     Checking base64 v0.22.1
[INFO] [stderr]     Checking rustc-hash v1.1.0
[INFO] [stderr]     Checking self_cell v1.2.2
[INFO] [stderr]    Compiling quote v1.0.45
[INFO] [stderr]     Checking regex-syntax v0.8.10
[INFO] [stderr]     Checking nom v7.1.3
[INFO] [stderr]    Compiling itertools v0.12.1
[INFO] [stderr]     Checking indexmap v2.14.0
[INFO] [stderr]    Compiling html-escape v0.2.13
[INFO] [stderr]     Checking http v1.4.0
[INFO] [stderr]    Compiling uuid v1.16.0
[INFO] [stderr]    Compiling syn v2.0.117
[INFO] [stderr]    Compiling proc-macro-utils v0.10.0
[INFO] [stderr]    Compiling const_format_proc_macros v0.2.34
[INFO] [stderr]    Compiling proc-macro-error-attr v1.0.4
[INFO] [stderr]    Compiling proc-macro-utils v0.8.0
[INFO] [stderr]     Checking parking_lot_core v0.9.12
[INFO] [stderr]    Compiling proc-macro-error-attr2 v2.0.0
[INFO] [stderr]     Checking dashmap v5.5.3
[INFO] [stderr]     Checking pathdiff v0.2.3
[INFO] [stderr]    Compiling proc-macro-error2 v2.0.1
[INFO] [stderr]     Checking drain_filter_polyfill v0.1.3
[INFO] [stderr]     Checking inventory v0.3.24
[INFO] [stderr]     Checking pad-adapter v0.1.1
[INFO] [stderr]     Checking lazy_static v1.5.0
[INFO] [stderr]     Checking getrandom v0.3.4
[INFO] [stderr]    Compiling mta_sheet v0.21.1 (/opt/rustwide/workdir)
[INFO] [stderr]    Compiling manyhow-macros v0.10.4
[INFO] [stderr]     Checking getrandom v0.2.17
[INFO] [stderr]     Checking log v0.4.29
[INFO] [stderr]    Compiling const_format v0.2.36
[INFO] [stderr]     Checking serde_json v1.0.149
[INFO] [stderr]     Checking regex-automata v0.4.14
[INFO] [stderr]     Checking regex v1.12.3
[INFO] [stderr]    Compiling synstructure v0.13.2
[INFO] [stderr]    Compiling wasm-bindgen-macro-support v0.2.121
[INFO] [stderr]    Compiling server_fn_macro v0.6.15
[INFO] [stderr]    Compiling manyhow v0.10.4
[INFO] [stderr]    Compiling prettyplease v0.2.37
[INFO] [stderr]    Compiling serde_derive v1.0.228
[INFO] [stderr]    Compiling thiserror-impl v1.0.69
[INFO] [stderr]    Compiling zerovec-derive v0.11.3
[INFO] [stderr]    Compiling displaydoc v0.2.5
[INFO] [stderr]    Compiling futures-macro v0.3.32
[INFO] [stderr]    Compiling zerocopy-derive v0.8.48
[INFO] [stderr]    Compiling pin-project-internal v1.1.12
[INFO] [stderr]    Compiling tracing-attributes v0.1.31
[INFO] [stderr]    Compiling quote-use-macros v0.8.4
[INFO] [stderr]    Compiling syn_derive v0.1.8
[INFO] [stderr]    Compiling derive-where v1.6.1
[INFO] [stderr]    Compiling typed-builder-macro v0.18.2
[INFO] [stderr]    Compiling server_fn_macro_default v0.6.15
[INFO] [stderr]    Compiling zerofrom-derive v0.1.7
[INFO] [stderr]    Compiling yoke-derive v0.8.2
[INFO] [stderr]    Compiling quote-use v0.8.4
[INFO] [stderr]    Compiling attribute-derive-macro v0.9.2
[INFO] [stderr]    Compiling async-recursion v1.1.1
[INFO] [stderr]     Checking futures-util v0.3.32
[INFO] [stderr]     Checking tracing v0.1.44
[INFO] [stderr]     Checking zerofrom v0.1.7
[INFO] [stderr]     Checking pin-project v1.1.12
[INFO] [stderr]     Checking yoke v0.8.2
[INFO] [stderr]     Checking typed-builder v0.18.2
[INFO] [stderr]     Checking zerovec v0.11.6
[INFO] [stderr]     Checking zerotrie v0.2.4
[INFO] [stderr]    Compiling attribute-derive v0.9.2
[INFO] [stderr]     Checking thiserror v1.0.69
[INFO] [stderr]     Checking zerocopy v0.8.48
[INFO] [stderr]    Compiling rstml v0.11.2
[INFO] [stderr]     Checking tinystr v0.8.3
[INFO] [stderr]     Checking potential_utf v0.1.5
[INFO] [stderr]     Checking icu_locale_core v2.2.0
[INFO] [stderr]     Checking icu_collections v2.2.0
[INFO] [stderr]    Compiling leptos_hot_reload v0.6.15
[INFO] [stderr]    Compiling wasm-bindgen-macro v0.2.121
[INFO] [stderr]     Checking toml_datetime v0.6.11
[INFO] [stderr]     Checking serde_spanned v0.6.9
[INFO] [stderr]     Checking oco_ref v0.1.1
[INFO] [stderr]     Checking serde_qs v0.12.0
[INFO] [stderr]     Checking serde_test v1.0.177
[INFO] [stderr]     Checking serde_qs v0.13.0
[INFO] [stderr]     Checking futures-executor v0.3.32
[INFO] [stderr]     Checking toml_edit v0.22.27
[INFO] [stderr]     Checking futures v0.3.32
[INFO] [stderr]    Compiling leptos_macro v0.6.15
[INFO] [stderr]     Checking icu_provider v2.2.0
[INFO] [stderr]     Checking linear-map v1.2.0
[INFO] [stderr]     Checking icu_properties v2.2.0
[INFO] [stderr]     Checking icu_normalizer v2.2.0
[INFO] [stderr]     Checking js-sys v0.3.70
[INFO] [stderr]     Checking console_error_panic_hook v0.1.7
[INFO] [stderr]     Checking idna_adapter v1.2.2
[INFO] [stderr]     Checking idna v1.1.0
[INFO] [stderr]     Checking toml v0.8.23
[INFO] [stderr]     Checking url v2.5.8
[INFO] [stderr]     Checking config v0.14.1
[INFO] [stderr]     Checking leptos_config v0.6.15
[INFO] [stderr]     Checking half v2.7.1
[INFO] [stderr]     Checking ciborium-ll v0.2.2
[INFO] [stderr]     Checking ciborium v0.2.2
[INFO] [stderr]     Checking web-sys v0.3.70
[INFO] [stderr]     Checking wasm-bindgen-futures v0.4.43
[INFO] [stderr]     Checking serde-wasm-bindgen v0.6.5
[INFO] [stderr]     Checking gloo-timers v0.3.0
[INFO] [stderr]     Checking leptos_reactive v0.6.15
[INFO] [stderr]     Checking gloo-utils v0.2.0
[INFO] [stderr]     Checking wasm-streams v0.4.1
[INFO] [stderr]     Checking gloo-net v0.6.0
[INFO] [stderr]     Checking server_fn v0.6.15
[INFO] [stderr]     Checking leptos_server v0.6.15
[INFO] [stderr]     Checking leptos_dom v0.6.15
[INFO] [stderr]     Checking leptos v0.6.15
[INFO] [stderr]     Checking leptos_router v0.6.15
[INFO] [stderr]     Checking leptos_meta v0.6.15
[INFO] [stdout] error[E0432]: unresolved import `super::super::events::broadcast_to_room`
[INFO] [stdout]   --> src/rooms/server_fns/sheets.rs:3:5
[INFO] [stdout]    |
[INFO] [stdout]  3 | use super::super::events::broadcast_to_room;
[INFO] [stdout]    |     ^^^^^^^^^^^^^^^^^^^^^^-----------------
[INFO] [stdout]    |                           |
[INFO] [stdout]    |                           no `broadcast_to_room` in `rooms::events`
[INFO] [stdout]    |
[INFO] [stdout] note: found an item that was configured out
[INFO] [stdout]   --> src/rooms/events.rs:52:8
[INFO] [stdout]    |
[INFO] [stdout] 51 | #[cfg(feature = "ssr")]
[INFO] [stdout]    |       --------------- the item is gated behind the `ssr` feature
[INFO] [stdout] 52 | pub fn broadcast_to_room(room_id: &str, event: RoomBroadcastEvent) {
[INFO] [stdout]    |        ^^^^^^^^^^^^^^^^^
[INFO] [stdout] 
[INFO] [stdout] 
[INFO] [stdout] error[E0432]: unresolved import `super::super::events::broadcast_to_room`
[INFO] [stdout]   --> src/rooms/server_fns/initiative.rs:3:5
[INFO] [stdout]    |
[INFO] [stdout]  3 | use super::super::events::broadcast_to_room;
[INFO] [stdout]    |     ^^^^^^^^^^^^^^^^^^^^^^-----------------
[INFO] [stdout]    |                           |
[INFO] [stdout]    |                           no `broadcast_to_room` in `rooms::events`
[INFO] [stdout]    |
[INFO] [stdout] note: found an item that was configured out
[INFO] [stdout]   --> src/rooms/events.rs:52:8
[INFO] [stdout]    |
[INFO] [stdout] 51 | #[cfg(feature = "ssr")]
[INFO] [stdout]    |       --------------- the item is gated behind the `ssr` feature
[INFO] [stdout] 52 | pub fn broadcast_to_room(room_id: &str, event: RoomBroadcastEvent) {
[INFO] [stdout]    |        ^^^^^^^^^^^^^^^^^
[INFO] [stdout] 
[INFO] [stdout] 
[INFO] [stdout] error[E0432]: unresolved import `super::super::events::broadcast_to_room`
[INFO] [stdout]   --> src/rooms/server_fns/sheets.rs:3:5
[INFO] [stdout]    |
[INFO] [stdout]  3 | use super::super::events::broadcast_to_room;
[INFO] [stdout]    |     ^^^^^^^^^^^^^^^^^^^^^^-----------------
[INFO] [stdout]    |                           |
[INFO] [stdout]    |                           no `broadcast_to_room` in `rooms::events`
[INFO] [stdout]    |
[INFO] [stdout] note: found an item that was configured out
[INFO] [stdout]   --> src/rooms/events.rs:52:8
[INFO] [stdout]    |
[INFO] [stdout] 51 | #[cfg(feature = "ssr")]
[INFO] [stdout]    |       --------------- the item is gated behind the `ssr` feature
[INFO] [stdout] 52 | pub fn broadcast_to_room(room_id: &str, event: RoomBroadcastEvent) {
[INFO] [stdout]    |        ^^^^^^^^^^^^^^^^^
[INFO] [stdout] 
[INFO] [stdout] 
[INFO] [stdout] error[E0432]: unresolved import `super::super::events::broadcast_to_room`
[INFO] [stdout]   --> src/rooms/server_fns/initiative.rs:3:5
[INFO] [stdout]    |
[INFO] [stdout]  3 | use super::super::events::broadcast_to_room;
[INFO] [stdout]    |     ^^^^^^^^^^^^^^^^^^^^^^-----------------
[INFO] [stdout]    |                           |
[INFO] [stdout]    |                           no `broadcast_to_room` in `rooms::events`
[INFO] [stdout]    |
[INFO] [stdout] note: found an item that was configured out
[INFO] [stdout]   --> src/rooms/events.rs:52:8
[INFO] [stdout]    |
[INFO] [stdout] 51 | #[cfg(feature = "ssr")]
[INFO] [stdout]    |       --------------- the item is gated behind the `ssr` feature
[INFO] [stdout] 52 | pub fn broadcast_to_room(room_id: &str, event: RoomBroadcastEvent) {
[INFO] [stdout]    |        ^^^^^^^^^^^^^^^^^
[INFO] [stdout] 
[INFO] [stdout] 
[INFO] [stdout] warning: unnecessary parentheses around closure body
[INFO] [stdout]   --> src/components/common/specialty_picker.rs:35:52
[INFO] [stdout]    |
[INFO] [stdout] 35 |                 class:has-specialty-active=move || (level.get() >= 4)
[INFO] [stdout]    |                                                    ^                ^
[INFO] [stdout]    |
[INFO] [stdout]    = note: `#[warn(unused_parens)]` (part of `#[warn(unused)]`) on by default
[INFO] [stdout] help: remove these parentheses
[INFO] [stdout]    |
[INFO] [stdout] 35 -                 class:has-specialty-active=move || (level.get() >= 4)
[INFO] [stdout] 35 +                 class:has-specialty-active=move || level.get() >= 4
[INFO] [stdout]    |
[INFO] [stdout] 
[INFO] [stdout] 
[INFO] [stdout] warning: unnecessary parentheses around closure body
[INFO] [stdout]    --> src/components/views/profile.rs:508:106
[INFO] [stdout]     |
[INFO] [stdout] 508 | ...                   <span class="pwd-check-item" class:valid=move || (new_pwd.get().len() >= 8)>
[INFO] [stdout]     |                                                                        ^                        ^
[INFO] [stdout]     |
[INFO] [stdout] help: remove these parentheses
[INFO] [stdout]     |
[INFO] [stdout] 508 -                                                         <span class="pwd-check-item" class:valid=move || (new_pwd.get().len() >= 8)>
[INFO] [stdout] 508 +                                                         <span class="pwd-check-item" class:valid=move || new_pwd.get().len() >= 8>
[INFO] [stdout]     |
[INFO] [stdout] 
[INFO] [stdout] 
[INFO] [stdout] warning: unused import: `super::models::RoomBroadcastEvent`
[INFO] [stdout]  --> src/rooms/events.rs:1:5
[INFO] [stdout]   |
[INFO] [stdout] 1 | use super::models::RoomBroadcastEvent;
[INFO] [stdout]   |     ^^^^^^^^^^^^^^^^^^^^^^^^^^^^^^^^^
[INFO] [stdout]   |
[INFO] [stdout]   = note: `#[warn(unused_imports)]` (part of `#[warn(unused)]`) on by default
[INFO] [stdout] 
[INFO] [stdout] 
[INFO] [stdout] warning: unused import: `super::*`
[INFO] [stdout]   --> src/rooms/events.rs:70:9
[INFO] [stdout]    |
[INFO] [stdout] 70 |     use super::*;
[INFO] [stdout]    |         ^^^^^^^^
[INFO] [stdout] 
[INFO] [stdout] 
[INFO] [stdout] warning: unused imports: `RoomInitiativeData`, `RoomMemberInfo`, `RoomSheetSummary`, and `build_room_sheet_summary`
[INFO] [stdout]  --> src/rooms/server_fns/crud.rs:2:84
[INFO] [stdout]   |
[INFO] [stdout] 2 | ...MapData, ChantryPoolData, RoomInitiativeData, RoomMemberInfo, RoomSheetSummary, build_room_sheet_summary};
[INFO] [stdout]   |                              ^^^^^^^^^^^^^^^^^^  ^^^^^^^^^^^^^^  ^^^^^^^^^^^^^^^^  ^^^^^^^^^^^^^^^^^^^^^^^^
[INFO] [stdout] 
[INFO] [stdout] 
[INFO] [stdout] warning: unused imports: `RoomBroadcastEvent`, `RoomInitiativeData`, and `build_room_sheet_summary`
[INFO] [stdout]  --> src/rooms/server_fns/sheets.rs:2:63
[INFO] [stdout]   |
[INFO] [stdout] 2 | use super::super::models::{QuickStatAction, RoomSheetSummary, RoomBroadcastEvent, RoomInitiativeData, build_room_sheet_summary};
[INFO] [stdout]   |                                                               ^^^^^^^^^^^^^^^^^^  ^^^^^^^^^^^^^^^^^^  ^^^^^^^^^^^^^^^^^^^^^^^^
[INFO] [stdout] 
[INFO] [stdout] 
[INFO] [stdout] warning: unused import: `RoomBroadcastEvent`
[INFO] [stdout]  --> src/rooms/server_fns/initiative.rs:2:48
[INFO] [stdout]   |
[INFO] [stdout] 2 | use super::super::models::{RoomInitiativeData, RoomBroadcastEvent};
[INFO] [stdout]   |                                                ^^^^^^^^^^^^^^^^^^
[INFO] [stdout] 
[INFO] [stdout] 
[INFO] [stdout] warning: unused import: `events::*`
[INFO] [stdout]  --> src/rooms/mod.rs:6:9
[INFO] [stdout]   |
[INFO] [stdout] 6 | pub use events::*;
[INFO] [stdout]   |         ^^^^^^^^^
[INFO] [stdout] 
[INFO] [stdout] 
[INFO] [stdout] warning: unnecessary parentheses around closure body
[INFO] [stdout]   --> src/components/common/specialty_picker.rs:35:52
[INFO] [stdout]    |
[INFO] [stdout] 35 |                 class:has-specialty-active=move || (level.get() >= 4)
[INFO] [stdout]    |                                                    ^                ^
[INFO] [stdout]    |
[INFO] [stdout]    = note: `#[warn(unused_parens)]` (part of `#[warn(unused)]`) on by default
[INFO] [stdout] help: remove these parentheses
[INFO] [stdout]    |
[INFO] [stdout] 35 -                 class:has-specialty-active=move || (level.get() >= 4)
[INFO] [stdout] 35 +                 class:has-specialty-active=move || level.get() >= 4
[INFO] [stdout]    |
[INFO] [stdout] 
[INFO] [stdout] 
[INFO] [stdout] warning: unnecessary parentheses around closure body
[INFO] [stdout]    --> src/components/views/profile.rs:508:106
[INFO] [stdout]     |
[INFO] [stdout] 508 | ...                   <span class="pwd-check-item" class:valid=move || (new_pwd.get().len() >= 8)>
[INFO] [stdout]     |                                                                        ^                        ^
[INFO] [stdout]     |
[INFO] [stdout] help: remove these parentheses
[INFO] [stdout]     |
[INFO] [stdout] 508 -                                                         <span class="pwd-check-item" class:valid=move || (new_pwd.get().len() >= 8)>
[INFO] [stdout] 508 +                                                         <span class="pwd-check-item" class:valid=move || new_pwd.get().len() >= 8>
[INFO] [stdout]     |
[INFO] [stdout] 
[INFO] [stdout] 
[INFO] [stdout] warning: unused import: `super::models::RoomBroadcastEvent`
[INFO] [stdout]  --> src/rooms/events.rs:1:5
[INFO] [stdout]   |
[INFO] [stdout] 1 | use super::models::RoomBroadcastEvent;
[INFO] [stdout]   |     ^^^^^^^^^^^^^^^^^^^^^^^^^^^^^^^^^
[INFO] [stdout]   |
[INFO] [stdout]   = note: `#[warn(unused_imports)]` (part of `#[warn(unused)]`) on by default
[INFO] [stdout] 
[INFO] [stdout] 
[INFO] [stdout] warning: unused imports: `RoomInitiativeData`, `RoomMemberInfo`, `RoomSheetSummary`, and `build_room_sheet_summary`
[INFO] [stdout]  --> src/rooms/server_fns/crud.rs:2:84
[INFO] [stdout]   |
[INFO] [stdout] 2 | ...MapData, ChantryPoolData, RoomInitiativeData, RoomMemberInfo, RoomSheetSummary, build_room_sheet_summary};
[INFO] [stdout]   |                              ^^^^^^^^^^^^^^^^^^  ^^^^^^^^^^^^^^  ^^^^^^^^^^^^^^^^  ^^^^^^^^^^^^^^^^^^^^^^^^
[INFO] [stdout] 
[INFO] [stdout] 
[INFO] [stdout] warning: unused imports: `RoomBroadcastEvent`, `RoomInitiativeData`, and `build_room_sheet_summary`
[INFO] [stdout]  --> src/rooms/server_fns/sheets.rs:2:63
[INFO] [stdout]   |
[INFO] [stdout] 2 | use super::super::models::{QuickStatAction, RoomSheetSummary, RoomBroadcastEvent, RoomInitiativeData, build_room_sheet_summary};
[INFO] [stdout]   |                                                               ^^^^^^^^^^^^^^^^^^  ^^^^^^^^^^^^^^^^^^  ^^^^^^^^^^^^^^^^^^^^^^^^
[INFO] [stdout] 
[INFO] [stdout] 
[INFO] [stdout] warning: unused import: `RoomBroadcastEvent`
[INFO] [stdout]  --> src/rooms/server_fns/initiative.rs:2:48
[INFO] [stdout]   |
[INFO] [stdout] 2 | use super::super::models::{RoomInitiativeData, RoomBroadcastEvent};
[INFO] [stdout]   |                                                ^^^^^^^^^^^^^^^^^^
[INFO] [stdout] 
[INFO] [stdout] 
[INFO] [stdout] warning: unused import: `events::*`
[INFO] [stdout]  --> src/rooms/mod.rs:6:9
[INFO] [stdout]   |
[INFO] [stdout] 6 | pub use events::*;
[INFO] [stdout]   |         ^^^^^^^^^
[INFO] [stdout] 
[INFO] [stdout] 
[INFO] [stderr] error: could not compile `mta_sheet` (lib test) due to 2 previous errors; 8 warnings emitted
[INFO] [stderr] 
[INFO] [stderr] Caused by:
[INFO] [stderr]   process didn't exit successfully: `/opt/rustwide/rustup-home/toolchains/3154cc1a3e6424e44f438a95007d043ed5ceaaf6/bin/rustc --crate-name mta_sheet --edition=2024 src/lib.rs --error-format=json --json=diagnostic-rendered-ansi,artifacts,future-incompat,unused-externs-silent --emit=dep-info,metadata -C embed-bitcode=no -C codegen-units=1 -C debuginfo=2 '--deny=clippy::unwrap_used' --allow=unexpected_cfgs '--deny=clippy::panic' '--warn=clippy::expect_used' --test --check-cfg 'cfg(docsrs,test)' --check-cfg 'cfg(feature, values("csr", "hydrate", "ssr"))' -C metadata=5d6343d1482bffe9 -C extra-filename=-13ed7c1c6ce3865b --out-dir /opt/rustwide/target/debug/build/mta_sheet/13ed7c1c6ce3865b/out -L dependency=/opt/rustwide/target/debug/build/aho-corasick/55932f50a0b9fa31/out -L dependency=/opt/rustwide/target/debug/build/async-recursion/25cdd6f293d4925f/out -L dependency=/opt/rustwide/target/debug/build/base64/e9d32a6f3d2c11ca/out -L dependency=/opt/rustwide/target/debug/build/bytes/a937344d55451c79/out -L dependency=/opt/rustwide/target/debug/build/cfg-if/bf9bd5f3ecc06678/out -L dependency=/opt/rustwide/target/debug/build/ciborium-io/6b7144caa2f87fa6/out -L dependency=/opt/rustwide/target/debug/build/ciborium-ll/388cdb7314012688/out -L dependency=/opt/rustwide/target/debug/build/ciborium/0df3d1331afa011b/out -L dependency=/opt/rustwide/target/debug/build/config/2d185d8b95b35498/out -L dependency=/opt/rustwide/target/debug/build/const_format/ecd04e4cdb5ca402/out -L dependency=/opt/rustwide/target/debug/build/const_format_proc_macros/b3df696e51bd571d/out -L dependency=/opt/rustwide/target/debug/build/convert_case/8f8aff8360405e35/out -L dependency=/opt/rustwide/target/debug/build/dashmap/30c22c7ba4f340dd/out -L dependency=/opt/rustwide/target/debug/build/displaydoc/468e8f7a0c5e0628/out -L dependency=/opt/rustwide/target/debug/build/drain_filter_polyfill/ebd340a1be68871d/out -L dependency=/opt/rustwide/target/debug/build/either/bdd7793c78d0c4e1/out -L dependency=/opt/rustwide/target/debug/build/equivalent/7072926b128d584b/out -L dependency=/opt/rustwide/target/debug/build/form_urlencoded/04f5eb19757d8faf/out -L dependency=/opt/rustwide/target/debug/build/futures-channel/39628ebbae3e6ead/out -L dependency=/opt/rustwide/target/debug/build/futures-core/489b59b0d675b094/out -L dependency=/opt/rustwide/target/debug/build/futures-executor/466ea4b6b07da30e/out -L dependency=/opt/rustwide/target/debug/build/futures-io/50440e7e0a733669/out -L dependency=/opt/rustwide/target/debug/build/futures-macro/613e79c79529dd20/out -L dependency=/opt/rustwide/target/debug/build/futures-sink/2dab20e295e0c0fa/out -L dependency=/opt/rustwide/target/debug/build/futures-task/ceb9a667c9402676/out -L dependency=/opt/rustwide/target/debug/build/futures-util/303bbe4b2dcb08c2/out -L dependency=/opt/rustwide/target/debug/build/futures/14590e27dc5245b0/out -L dependency=/opt/rustwide/target/debug/build/getrandom/b42f2d9b2cee91c2/out -L dependency=/opt/rustwide/target/debug/build/gloo-net/3b84eefedfb2d43b/out -L dependency=/opt/rustwide/target/debug/build/gloo-utils/d1e8d78ef58ad803/out -L dependency=/opt/rustwide/target/debug/build/half/e704a297c0af0e0f/out -L dependency=/opt/rustwide/target/debug/build/hashbrown/56cc13088dda40db/out -L dependency=/opt/rustwide/target/debug/build/hashbrown/9da60d8e1ee6a630/out -L dependency=/opt/rustwide/target/debug/build/html-escape/d61b23e2bd8090a0/out -L dependency=/opt/rustwide/target/debug/build/http/b437d0935135065a/out -L dependency=/opt/rustwide/target/debug/build/icu_collections/6153547a4371242b/out -L dependency=/opt/rustwide/target/debug/build/icu_locale_core/888e5921767bf121/out -L dependency=/opt/rustwide/target/debug/build/icu_normalizer/fdd057fd390aac2b/out -L dependency=/opt/rustwide/target/debug/build/icu_normalizer_data/4804a8a1c09454bf/out -L dependency=/opt/rustwide/target/debug/build/icu_properties/012222191734c1b5/out -L dependency=/opt/rustwide/target/debug/build/icu_properties_data/cd179958c751fff5/out -L dependency=/opt/rustwide/target/debug/build/icu_provider/a2bee71574f9eaaa/out -L dependency=/opt/rustwide/target/debug/build/idna/63961768cc18c12a/out -L dependency=/opt/rustwide/target/debug/build/idna_adapter/8ddf4d2a0ece1a2a/out -L dependency=/opt/rustwide/target/debug/build/indexmap/5cbb7c470d84fc0e/out -L dependency=/opt/rustwide/target/debug/build/inventory/80ff63f5fd8aed59/out -L dependency=/opt/rustwide/target/debug/build/itertools/a9c6caed437bc407/out -L dependency=/opt/rustwide/target/debug/build/itoa/a860f05b01a7d252/out -L dependency=/opt/rustwide/target/debug/build/js-sys/8fe51e0895bc4efb/out -L dependency=/opt/rustwide/target/debug/build/konst/c988ef6a2c5d1cd9/out -L dependency=/opt/rustwide/target/debug/build/konst_macro_rules/ef41a142ed6a78a3/out -L dependency=/opt/rustwide/target/debug/build/lazy_static/37620701d6e73642/out -L dependency=/opt/rustwide/target/debug/build/leptos/7f1a02e0a553d8e2/out -L dependency=/opt/rustwide/target/debug/build/leptos_config/e4a664469fd665ae/out -L dependency=/opt/rustwide/target/debug/build/leptos_dom/abf93ea1b3ee13bc/out -L dependency=/opt/rustwide/target/debug/build/leptos_macro/9ab40c17f8394600/out -L dependency=/opt/rustwide/target/debug/build/leptos_reactive/e1f0d21309dc5e62/out -L dependency=/opt/rustwide/target/debug/build/leptos_server/caf284406d4bf154/out -L dependency=/opt/rustwide/target/debug/build/libc/3fb98e4c4cb48e92/out -L dependency=/opt/rustwide/target/debug/build/linear-map/bc66f66565362839/out -L dependency=/opt/rustwide/target/debug/build/litemap/de8014a36e9e6640/out -L dependency=/opt/rustwide/target/debug/build/lock_api/1459b119f1267270/out -L dependency=/opt/rustwide/target/debug/build/memchr/6ef197058df117f5/out -L dependency=/opt/rustwide/target/debug/build/minimal-lexical/717e31abb6f3691d/out -L dependency=/opt/rustwide/target/debug/build/nom/f232e7c9b32a37c7/out -L dependency=/opt/rustwide/target/debug/build/oco_ref/19400d20b9053b72/out -L dependency=/opt/rustwide/target/debug/build/once_cell/23a09b769a3250b1/out -L dependency=/opt/rustwide/target/debug/build/pad-adapter/70cbb12197c62ca2/out -L dependency=/opt/rustwide/target/debug/build/parking_lot_core/7f73c0d798e714f8/out -L dependency=/opt/rustwide/target/debug/build/paste/ed0d01cb7994f7d7/out -L dependency=/opt/rustwide/target/debug/build/pathdiff/8688c04a4d17abe7/out -L dependency=/opt/rustwide/target/debug/build/percent-encoding/16f721550349d66f/out -L dependency=/opt/rustwide/target/debug/build/pin-project-internal/a4d6395e2caacc1e/out -L dependency=/opt/rustwide/target/debug/build/pin-project-lite/62011b3d930046e3/out -L dependency=/opt/rustwide/target/debug/build/pin-project/a4be91bb56d49c8c/out -L dependency=/opt/rustwide/target/debug/build/potential_utf/81b9f0ce025e1cca/out -L dependency=/opt/rustwide/target/debug/build/regex-automata/2d5f0da045df6d30/out -L dependency=/opt/rustwide/target/debug/build/regex-syntax/b8e187e77fee8db4/out -L dependency=/opt/rustwide/target/debug/build/regex/5fd43405f354e155/out -L dependency=/opt/rustwide/target/debug/build/rustc-hash/f8b80a9338879956/out -L dependency=/opt/rustwide/target/debug/build/scopeguard/4fd95fe8d528734f/out -L dependency=/opt/rustwide/target/debug/build/self_cell/af52e06b4e481494/out -L dependency=/opt/rustwide/target/debug/build/send_wrapper/a967cd36a3dedb01/out -L dependency=/opt/rustwide/target/debug/build/serde-wasm-bindgen/a8ff6b21810ac591/out -L dependency=/opt/rustwide/target/debug/build/serde/80571e78b233c710/out -L dependency=/opt/rustwide/target/debug/build/serde_core/ca223a0ace1202a2/out -L dependency=/opt/rustwide/target/debug/build/serde_derive/10137b205ac5478c/out -L dependency=/opt/rustwide/target/debug/build/serde_json/927a83fbbafaf845/out -L dependency=/opt/rustwide/target/debug/build/serde_qs/03aac91b94f04b5e/out -L dependency=/opt/rustwide/target/debug/build/serde_qs/772d6d4e2273fdb8/out -L dependency=/opt/rustwide/target/debug/build/serde_spanned/60b31f9d1bf71b98/out -L dependency=/opt/rustwide/target/debug/build/serde_test/b00cec731471c57a/out -L dependency=/opt/rustwide/target/debug/build/server_fn/7f0ea0dc2c1db89c/out -L dependency=/opt/rustwide/target/debug/build/server_fn_macro_default/faafe87a48493d5d/out -L dependency=/opt/rustwide/target/debug/build/slab/871283f7c21e35e8/out -L dependency=/opt/rustwide/target/debug/build/slotmap/a8521ed29537f983/out -L dependency=/opt/rustwide/target/debug/build/smallvec/9136b11408cd2509/out -L dependency=/opt/rustwide/target/debug/build/stable_deref_trait/7a2e550f9097d37c/out -L dependency=/opt/rustwide/target/debug/build/thiserror-impl/f9dd9b96bbaeef87/out -L dependency=/opt/rustwide/target/debug/build/thiserror/80f06fa9a3f588ab/out -L dependency=/opt/rustwide/target/debug/build/tinystr/7a2fa277d60ed230/out -L dependency=/opt/rustwide/target/debug/build/toml/75d30ff5381e88ac/out -L dependency=/opt/rustwide/target/debug/build/toml_datetime/b0a833983428c675/out -L dependency=/opt/rustwide/target/debug/build/toml_edit/5a856e16dd107100/out -L dependency=/opt/rustwide/target/debug/build/toml_write/7fbd501061b3e2cc/out -L dependency=/opt/rustwide/target/debug/build/tracing-attributes/25552b6ad16dd387/out -L dependency=/opt/rustwide/target/debug/build/tracing-core/e713609eec3efae4/out -L dependency=/opt/rustwide/target/debug/build/tracing/0166a68978ca995f/out -L dependency=/opt/rustwide/target/debug/build/typed-builder-macro/1a65db8c35f72996/out -L dependency=/opt/rustwide/target/debug/build/typed-builder/6aad3791d27337e2/out -L dependency=/opt/rustwide/target/debug/build/unicode-ident/7e139da8ef321612/out -L dependency=/opt/rustwide/target/debug/build/unicode-segmentation/1530be4d9f3caec3/out -L dependency=/opt/rustwide/target/debug/build/url/8878dc9e62c25ff0/out -L dependency=/opt/rustwide/target/debug/build/utf8-width/cca6e8116bdb76d0/out -L dependency=/opt/rustwide/target/debug/build/utf8_iter/1a7945fd3331e708/out -L dependency=/opt/rustwide/target/debug/build/wasm-bindgen-futures/d3281b4514cf9f8a/out -L dependency=/opt/rustwide/target/debug/build/wasm-bindgen-macro/26970bab8569b028/out -L dependency=/opt/rustwide/target/debug/build/wasm-bindgen-shared/f6f21bf636337b81/out -L dependency=/opt/rustwide/target/debug/build/wasm-bindgen/4b7ca333b7f927cb/out -L dependency=/opt/rustwide/target/debug/build/wasm-streams/124b538d63f8956a/out -L dependency=/opt/rustwide/target/debug/build/web-sys/7d1f65e97a1de191/out -L dependency=/opt/rustwide/target/debug/build/winnow/8bb494fee8ca5d66/out -L dependency=/opt/rustwide/target/debug/build/writeable/b53f26e34040237f/out -L dependency=/opt/rustwide/target/debug/build/xxhash-rust/88c7aa7f290cdfaf/out -L dependency=/opt/rustwide/target/debug/build/yoke-derive/d99daf8340053696/out -L dependency=/opt/rustwide/target/debug/build/yoke/893bcfd86850829d/out -L dependency=/opt/rustwide/target/debug/build/zerocopy-derive/4c890f8549df1676/out -L dependency=/opt/rustwide/target/debug/build/zerocopy/5c8bb0e5787acef7/out -L dependency=/opt/rustwide/target/debug/build/zerofrom-derive/07fae11b648e910f/out -L dependency=/opt/rustwide/target/debug/build/zerofrom/1b5faf6f9ad26652/out -L dependency=/opt/rustwide/target/debug/build/zerotrie/af43ad8ae67b3a59/out -L dependency=/opt/rustwide/target/debug/build/zerovec-derive/1dc258c28c101d1f/out -L dependency=/opt/rustwide/target/debug/build/zerovec/d779fe0c19202350/out -L dependency=/opt/rustwide/target/debug/build/zmij/49121e23ae388896/out --extern base64=/opt/rustwide/target/debug/build/base64/e9d32a6f3d2c11ca/out/libbase64-e9d32a6f3d2c11ca.rmeta --extern console_error_panic_hook=/opt/rustwide/target/debug/build/console_error_panic_hook/a4b14da6260f5262/out/libconsole_error_panic_hook-a4b14da6260f5262.rmeta --extern getrandom=/opt/rustwide/target/debug/build/getrandom/1642c14a0e965ef1/out/libgetrandom-1642c14a0e965ef1.rmeta --extern gloo_net=/opt/rustwide/target/debug/build/gloo-net/3b84eefedfb2d43b/out/libgloo_net-3b84eefedfb2d43b.rmeta --extern gloo_timers=/opt/rustwide/target/debug/build/gloo-timers/e7b4e98b40ddece1/out/libgloo_timers-e7b4e98b40ddece1.rmeta --extern http=/opt/rustwide/target/debug/build/http/b437d0935135065a/out/libhttp-b437d0935135065a.rmeta --extern js_sys=/opt/rustwide/target/debug/build/js-sys/8fe51e0895bc4efb/out/libjs_sys-8fe51e0895bc4efb.rmeta --extern leptos=/opt/rustwide/target/debug/build/leptos/7f1a02e0a553d8e2/out/libleptos-7f1a02e0a553d8e2.rmeta --extern leptos_meta=/opt/rustwide/target/debug/build/leptos_meta/282897a910b9527e/out/libleptos_meta-282897a910b9527e.rmeta --extern leptos_router=/opt/rustwide/target/debug/build/leptos_router/7645d80e86862318/out/libleptos_router-7645d80e86862318.rmeta --extern log=/opt/rustwide/target/debug/build/log/6719e7800099c334/out/liblog-6719e7800099c334.rmeta --extern serde=/opt/rustwide/target/debug/build/serde/80571e78b233c710/out/libserde-80571e78b233c710.rmeta --extern serde_json=/opt/rustwide/target/debug/build/serde_json/927a83fbbafaf845/out/libserde_json-927a83fbbafaf845.rmeta --extern uuid=/opt/rustwide/target/debug/build/uuid/11a5c1ddf23f1abc/out/libuuid-11a5c1ddf23f1abc.rmeta --extern wasm_bindgen=/opt/rustwide/target/debug/build/wasm-bindgen/4b7ca333b7f927cb/out/libwasm_bindgen-4b7ca333b7f927cb.rmeta --extern web_sys=/opt/rustwide/target/debug/build/web-sys/7d1f65e97a1de191/out/libweb_sys-7d1f65e97a1de191.rmeta --cap-lints=forbid -Znext-solver=coherence --force-warn=unused_crate_dependencies` (signal: 9, SIGKILL: kill)
[INFO] [stderr] warning: build failed, waiting for other jobs to finish...
[INFO] [stdout] For more information about this error, try `rustc --explain E0432`.
[INFO] [stdout] 
[INFO] [stderr] error: could not compile `mta_sheet` (lib) due to 2 previous errors; 7 warnings emitted
[INFO] [stderr] warning: unused dependency `console_error_panic_hook`
[INFO] [stderr]  --> Cargo.toml:8:1
[INFO] [stderr]   |
[INFO] [stderr] 8 | console_error_panic_hook = "0.1.7"
[INFO] [stderr]   | ^^^^^^^^^^^^^^^^^^^^^^^^^^^^^^^^^^
[INFO] [stderr]   |
[INFO] [stderr]   = note: `cargo::unused_dependencies` is set to `warn` by default
[INFO] [stderr] help: consider removing the dependency on `console_error_panic_hook`
[INFO] [stderr] warning: unused dependency `getrandom`
[INFO] [stderr]   --> Cargo.toml:39:15
[INFO] [stderr]    |
[INFO] [stderr] 39 | [dependencies.getrandom]
[INFO] [stderr]    |               ^^^^^^^^^^
[INFO] [stderr]    |
[INFO] [stderr] help: consider removing the dependency on `getrandom`
[INFO] [stderr] warning: `mta_sheet` (manifest) generated 2 warnings
[INFO] running `Command { std: "docker" "inspect" "7c4d67966a96ac25d6967e171d3134563e2c873a88f28f20a37ce84daea01d49", kill_on_drop: false }`
[INFO] running `Command { std: "docker" "rm" "-f" "7c4d67966a96ac25d6967e171d3134563e2c873a88f28f20a37ce84daea01d49", kill_on_drop: false }`
[INFO] [stdout] 7c4d67966a96ac25d6967e171d3134563e2c873a88f28f20a37ce84daea01d49
