[INFO] cloning repository https://github.com/virtualritz/nsi-moonray
[INFO] running `Command { std: "git" "-c" "credential.helper=" "-c" "credential.helper=/workspace/cargo-home/bin/git-credential-null" "clone" "--bare" "https://github.com/virtualritz/nsi-moonray" "/workspace/cache/git-repos/https%3A%2F%2Fgithub.com%2Fvirtualritz%2Fnsi-moonray", kill_on_drop: false }`
[INFO] [stderr] Cloning into bare repository '/workspace/cache/git-repos/https%3A%2F%2Fgithub.com%2Fvirtualritz%2Fnsi-moonray'...
[INFO] running `Command { std: "git" "rev-parse" "HEAD", kill_on_drop: false }`
[INFO] [stdout] 123f9f26c14b25ff6a4bb61aa7f7f0dd277ea101
[INFO] checking virtualritz/nsi-moonray against 3154cc1a3e6424e44f438a95007d043ed5ceaaf6+rustflags=-Znext-solver=coherence for pr-133502-30
[INFO] running `Command { std: "git" "clone" "/workspace/cache/git-repos/https%3A%2F%2Fgithub.com%2Fvirtualritz%2Fnsi-moonray" "/workspace/builds/worker-1-tc1/source", kill_on_drop: false }`
[INFO] [stderr] Cloning into '/workspace/builds/worker-1-tc1/source'...
[INFO] [stderr] done.
[INFO] started tweaking git repo https://github.com/virtualritz/nsi-moonray
[INFO] finished tweaking git repo https://github.com/virtualritz/nsi-moonray
[INFO] tweaked toml for git repo https://github.com/virtualritz/nsi-moonray written to /workspace/builds/worker-1-tc1/source/Cargo.toml
[INFO] validating manifest of git repo https://github.com/virtualritz/nsi-moonray on toolchain 3154cc1a3e6424e44f438a95007d043ed5ceaaf6
[INFO] running `Command { std: CARGO_HOME="/workspace/cargo-home" RUSTUP_HOME="/workspace/rustup-home" "/workspace/cargo-home/bin/cargo" "+3154cc1a3e6424e44f438a95007d043ed5ceaaf6" "metadata" "--manifest-path" "Cargo.toml" "--no-deps", kill_on_drop: false }`
[INFO] crate git repo https://github.com/virtualritz/nsi-moonray already has a lockfile, it will not be regenerated
[INFO] running `Command { std: CARGO_HOME="/workspace/cargo-home" RUSTUP_HOME="/workspace/rustup-home" "/workspace/cargo-home/bin/cargo" "+3154cc1a3e6424e44f438a95007d043ed5ceaaf6" "fetch" "--manifest-path" "Cargo.toml", kill_on_drop: false }`
[INFO] [stderr]     Blocking waiting for file lock on package cache
[INFO] [stderr]     Updating crates.io index
[INFO] [stderr]     Blocking waiting for file lock on package cache
[INFO] [stderr]  Downloading crates ...
[INFO] [stderr]   Downloaded smallvec v1.16.1
[INFO] [stderr]   Downloaded frame-sequence v0.2.2
[INFO] [stderr]   Downloaded lerp v0.5.0
[INFO] [stderr]   Downloaded ndspy-sys v0.2.3
[INFO] [stderr]   Downloaded nsi-sys v0.9.0
[INFO] [stderr]   Downloaded null-terminated-str v0.1.4
[INFO] [stderr]   Downloaded dlopen2_derive v0.4.3
[INFO] [stderr]   Downloaded nsi-trait v0.4.2
[INFO] [stderr]   Downloaded nsi-parse v0.1.0
[INFO] [stderr]   Downloaded dlopen2 v0.8.2
[INFO] [stderr]   Downloaded pest_generator v2.9.1
[INFO] [stderr]   Downloaded find-msvc-tools v0.1.12
[INFO] [stderr]   Downloaded notify-types v2.1.0
[INFO] [stderr]   Downloaded inotify v0.11.5
[INFO] [stderr]   Downloaded pest_derive v2.9.1
[INFO] [stderr]   Downloaded oslquery-petite v0.1.2
[INFO] [stderr]   Downloaded pest_meta v2.9.1
[INFO] [stderr]   Downloaded ucd-trie v0.1.7
[INFO] [stderr]   Downloaded ariadne v0.5.1
[INFO] [stderr]   Downloaded notify v8.2.0
[INFO] [stderr]   Downloaded clap_complete v4.6.11
[INFO] [stderr]   Downloaded uniform-cubic-splines v0.5.2
[INFO] [stderr]   Downloaded nsi-ffi-wrap v0.10.3
[INFO] [stderr]   Downloaded cc v1.4.6
[INFO] [stderr]   Downloaded zerocopy v0.8.57
[INFO] [stderr]   Downloaded zerocopy-derive v0.8.57
[INFO] [stderr]   Downloaded nsi-intermediate v0.1.0
[INFO] [stderr]   Downloaded pest v2.9.1
[INFO] [stderr]   Downloaded syn v3.0.5
[INFO] [stderr]   Downloaded ustr v1.1.0
[INFO] running `Command { std: "docker" "create" "-v" "/var/lib/crater-agent-workspace/builds/worker-1-tc1/source:/opt/rustwide/workdir:ro,Z" "-v" "/var/lib/crater-agent-workspace/builds/worker-1-tc1/target:/opt/rustwide/target:rw,Z" "-v" "/var/lib/crater-agent-workspace/cargo-home:/opt/rustwide/cargo-home:ro,Z" "-v" "/var/lib/crater-agent-workspace/rustup-home:/opt/rustwide/rustup-home:ro,Z" "-m" "1610612736" "--network" "none" "ghcr.io/rust-lang/crates-build-env/linux@sha256:77db811e55d90add9212f6832c23229e3de5f1c1f9905e8cb07319ea15df73ac" "sleep" "infinity", kill_on_drop: false }`
[INFO] [stdout] 95d840415218afb4768ec189a62d126b665ae23735f588ecd9518190e12c1e2c
[INFO] running `Command { std: "docker" "start" "95d840415218afb4768ec189a62d126b665ae23735f588ecd9518190e12c1e2c", kill_on_drop: false }`
[INFO] running `Command { std: "docker" "inspect" "95d840415218afb4768ec189a62d126b665ae23735f588ecd9518190e12c1e2c", kill_on_drop: false }`
[INFO] running `Command { std: "docker" "exec" "-e" "SOURCE_DIR=/opt/rustwide/workdir" "-e" "CARGO_HOME=/opt/rustwide/cargo-home" "-e" "RUSTUP_HOME=/opt/rustwide/rustup-home" "-e" "CARGO_TARGET_DIR=/opt/rustwide/target" "-w" "/opt/rustwide/workdir" "--user" "0:0" "95d840415218afb4768ec189a62d126b665ae23735f588ecd9518190e12c1e2c" "/opt/rustwide/cargo-home/bin/cargo" "+3154cc1a3e6424e44f438a95007d043ed5ceaaf6" "metadata" "--no-deps" "--format-version=1", kill_on_drop: false }`
[INFO] running `Command { std: "docker" "inspect" "95d840415218afb4768ec189a62d126b665ae23735f588ecd9518190e12c1e2c", kill_on_drop: false }`
[INFO] running `Command { std: "docker" "exec" "-e" "SOURCE_DIR=/opt/rustwide/workdir" "-e" "CARGO_HOME=/opt/rustwide/cargo-home" "-e" "RUSTUP_HOME=/opt/rustwide/rustup-home" "-e" "CARGO_TARGET_DIR=/opt/rustwide/target" "-e" "CARGO_INCREMENTAL=0" "-e" "RUST_BACKTRACE=full" "-e" "RUSTFLAGS=--cap-lints=forbid -Znext-solver=coherence" "-e" "RUSTDOCFLAGS=--cap-lints=forbid" "-w" "/opt/rustwide/workdir" "--user" "0:0" "95d840415218afb4768ec189a62d126b665ae23735f588ecd9518190e12c1e2c" "/opt/rustwide/cargo-home/bin/cargo" "+3154cc1a3e6424e44f438a95007d043ed5ceaaf6" "check" "--frozen" "--all" "--all-targets" "--message-format=json", kill_on_drop: false }`
[INFO] [stderr]    Compiling proc-macro2 v1.0.107
[INFO] [stderr]     Checking bitflags v2.13.2
[INFO] [stderr]    Compiling glob v0.3.4
[INFO] [stderr]    Compiling prettyplease v0.2.37
[INFO] [stderr]    Compiling regex-syntax v0.8.11
[INFO] [stderr]    Compiling cfg-if v1.0.4
[INFO] [stderr]    Compiling minimal-lexical v0.2.1
[INFO] [stderr]    Compiling either v1.18.0
[INFO] [stderr]    Compiling bindgen v0.72.1
[INFO] [stderr]    Compiling quote v1.0.47
[INFO] [stderr]    Compiling shlex v1.3.0
[INFO] [stderr]    Compiling log v0.4.34
[INFO] [stderr]    Compiling libc v0.2.189
[INFO] [stderr]    Compiling zerocopy v0.8.57
[INFO] [stderr]    Compiling serde_core v1.0.229
[INFO] [stderr]     Checking smallvec v1.16.1
[INFO] [stderr]    Compiling libloading v0.8.9
[INFO] [stderr]    Compiling serde v1.0.229
[INFO] [stderr]    Compiling getrandom v0.3.4
[INFO] [stderr]    Compiling indexmap v2.14.2
[INFO] [stderr]    Compiling num-traits v0.2.19
[INFO] [stderr]    Compiling itertools v0.13.0
[INFO] [stderr]    Compiling ahash v0.8.12
[INFO] [stderr]    Compiling toml_datetime v1.1.1+spec-1.1.0
[INFO] [stderr]    Compiling crossbeam-utils v0.8.23
[INFO] [stderr]    Compiling rustversion v1.0.23
[INFO] [stderr]    Compiling clang-sys v1.9.1
[INFO] [stderr]    Compiling rustix v1.1.4
[INFO] [stderr]     Checking parking_lot_core v0.9.12
[INFO] [stderr]    Compiling nom v7.1.3
[INFO] [stderr]    Compiling ucd-trie v0.1.7
[INFO] [stderr]     Checking linux-raw-sys v0.12.1
[INFO] [stderr]     Checking parking_lot v0.12.5
[INFO] [stderr]     Checking utf8parse v0.2.2
[INFO] [stderr]     Checking simd-adler32 v0.3.10
[INFO] [stderr]    Compiling crossbeam-epoch v0.9.21
[INFO] [stderr]     Checking anstyle-parse v1.0.0
[INFO] [stderr]    Compiling pest v2.9.1
[INFO] [stderr]     Checking anstyle v1.0.14
[INFO] [stderr]    Compiling syn v2.0.119
[INFO] [stderr]    Compiling syn v3.0.5
[INFO] [stderr]     Checking anstyle-query v1.1.5
[INFO] [stderr]    Compiling inotify-sys v0.1.8
[INFO] [stderr]    Compiling libm v0.2.16
[INFO] [stderr]    Compiling once_cell v1.21.4
[INFO] [stderr]    Compiling toml_edit v0.25.15+spec-1.1.0
[INFO] [stderr]    Compiling crc32fast v1.5.2
[INFO] [stderr]     Checking colorchoice v1.0.5
[INFO] [stderr]    Compiling crossbeam-deque v0.8.8
[INFO] [stderr]    Compiling nsi-ffi-wrap v0.10.3
[INFO] [stderr]     Checking is_terminal_polyfill v1.70.2
[INFO] [stderr]     Checking nsi-trait v0.4.2
[INFO] [stderr]     Checking strsim v0.11.1
[INFO] [stderr]     Checking anstream v1.0.0
[INFO] [stderr]     Checking null-terminated-str v0.1.4
[INFO] [stderr]     Checking bytemuck v1.25.2
[INFO] [stderr]    Compiling find-msvc-tools v0.1.12
[INFO] [stderr]     Checking clap_lex v1.1.1
[INFO] [stderr]     Checking unicase v2.9.0
[INFO] [stderr]    Compiling regex-automata v0.4.18
[INFO] [stderr]     Checking num-complex v0.4.6
[INFO] [stderr]    Compiling cc v1.4.6
[INFO] [stderr]     Checking miniz_oxide v0.9.1
[INFO] [stderr]     Checking terminal_size v0.4.4
[INFO] [stderr]     Checking raw-cpuid v11.6.0
[INFO] [stderr]     Checking same-file v1.0.6
[INFO] [stderr]     Checking clap_builder v4.6.7
[INFO] [stderr]     Checking yansi v1.0.1
[INFO] [stderr]     Checking unicode-width v0.1.14
[INFO] [stderr]    Compiling proc-macro-crate v3.5.0
[INFO] [stderr]    Compiling pest_meta v2.9.1
[INFO] [stderr]     Checking ariadne v0.5.1
[INFO] [stderr]     Checking flate2 v1.1.10
[INFO] [stderr]     Checking itertools v0.14.0
[INFO] [stderr]     Checking walkdir v2.5.0
[INFO] [stderr]     Checking rayon-core v1.13.0
[INFO] [stderr]     Checking inotify v0.11.5
[INFO] [stderr]     Checking lerp v0.5.0
[INFO] [stderr]     Checking zune-inflate v0.2.54
[INFO] [stderr]     Checking mio v1.2.3
[INFO] [stderr]    Compiling cexpr v0.6.0
[INFO] [stderr]     Checking miniz_oxide v0.8.9
[INFO] [stderr]     Checking nom v8.0.0
[INFO] [stderr]     Checking notify-types v2.1.0
[INFO] [stderr]     Checking bit_field v0.10.3
[INFO] [stderr]     Checking lebe v0.5.3
[INFO] [stderr]    Compiling nsi-moonray v0.1.0 (/opt/rustwide/workdir)
[INFO] [stderr]    Compiling linktime-proc-macro v0.2.3
[INFO] [stderr]     Checking link-section v0.19.3
[INFO] [stderr]     Checking notify v8.2.0
[INFO] [stderr]    Compiling regex v1.13.1
[INFO] [stderr]     Checking ctor v1.0.13
[INFO] [stderr]    Compiling thiserror-impl v2.0.20
[INFO] [stderr]    Compiling clap_derive v4.6.7
[INFO] [stderr]     Checking pulp v0.22.3
[INFO] [stderr]     Checking triomphe v0.1.16
[INFO] [stderr]     Checking clap v4.6.7
[INFO] [stderr]     Checking clap_complete v4.6.11
[INFO] [stderr]     Checking thiserror v2.0.20
[INFO] [stderr]     Checking uniform-cubic-splines v0.5.2
[INFO] [stderr]    Compiling pest_generator v2.9.1
[INFO] [stderr]    Compiling zerocopy-derive v0.8.57
[INFO] [stderr]    Compiling dlopen2_derive v0.4.3
[INFO] [stderr]    Compiling num_enum_derive v0.7.6
[INFO] [stderr]    Compiling enum_dispatch v0.3.13
[INFO] [stderr]    Compiling pest_derive v2.9.1
[INFO] [stderr]     Checking dlopen2 v0.8.2
[INFO] [stderr]     Checking frame-sequence v0.2.2
[INFO] [stderr]     Checking num_enum v0.7.6
[INFO] [stderr]     Checking half v2.7.1
[INFO] [stderr]     Checking ustr v1.1.0
[INFO] [stderr]     Checking exr v1.74.2
[INFO] [stderr]     Checking oslquery-petite v0.1.2
[INFO] [stderr]    Compiling nsi-sys v0.9.0
[INFO] [stderr]    Compiling ndspy-sys v0.2.3
[INFO] [stderr]     Checking nsi-parse v0.1.0
[INFO] [stderr]     Checking nsi-intermediate v0.1.0
[INFO] [stdout] error[E0599]: no variant, associated function, or constant named `Point4F32` found for enum `nsi_ffi_wrap::Type` in the current scope
[INFO] [stdout]    --> src/capi.rs:296:21
[INFO] [stdout]     |
[INFO] [stdout] 296 |             | Type::Point4F32 => OwnedData::F32(
[INFO] [stdout]     |                     ^^^^^^^^^ variant, associated function, or constant not found in `nsi_ffi_wrap::Type`
[INFO] [stdout] 
[INFO] [stdout] 
[INFO] [stdout] error[E0599]: no variant, associated function, or constant named `Point4F32` found for enum `nsi_ffi_wrap::Type` in the current scope
[INFO] [stdout]    --> src/capi.rs:371:21
[INFO] [stdout]     |
[INFO] [stdout] 371 |         10 => Type::Point4F32,
[INFO] [stdout]     |                     ^^^^^^^^^ variant, associated function, or constant not found in `nsi_ffi_wrap::Type`
[INFO] [stdout] 
[INFO] [stdout] 
[INFO] [stdout] error[E0599]: no variant, associated function, or constant named `Point4F32` found for enum `nsi_ffi_wrap::Type` in the current scope
[INFO] [stdout]    --> src/capi.rs:380:15
[INFO] [stdout]     |
[INFO] [stdout] 380 |         Type::Point4F32 => 4,
[INFO] [stdout]     |               ^^^^^^^^^ variant, associated function, or constant not found in `nsi_ffi_wrap::Type`
[INFO] [stdout] 
[INFO] [stdout] 
[INFO] [stdout] error[E0599]: no variant, associated function, or constant named `Point4F32` found for enum `nsi_ffi_wrap::Type` in the current scope
[INFO] [stdout]    --> src/capi.rs:296:21
[INFO] [stdout]     |
[INFO] [stdout] 296 |             | Type::Point4F32 => OwnedData::F32(
[INFO] [stdout]     |                     ^^^^^^^^^ variant, associated function, or constant not found in `nsi_ffi_wrap::Type`
[INFO] [stdout] 
[INFO] [stdout] 
[INFO] [stdout] error[E0599]: no variant, associated function, or constant named `Point4F32` found for enum `nsi_ffi_wrap::Type` in the current scope
[INFO] [stdout]    --> src/capi.rs:371:21
[INFO] [stdout]     |
[INFO] [stdout] 371 |         10 => Type::Point4F32,
[INFO] [stdout]     |                     ^^^^^^^^^ variant, associated function, or constant not found in `nsi_ffi_wrap::Type`
[INFO] [stdout] 
[INFO] [stdout] 
[INFO] [stdout] error[E0599]: no variant, associated function, or constant named `Point4F32` found for enum `nsi_ffi_wrap::Type` in the current scope
[INFO] [stdout]    --> src/capi.rs:380:15
[INFO] [stdout]     |
[INFO] [stdout] 380 |         Type::Point4F32 => 4,
[INFO] [stdout]     |               ^^^^^^^^^ variant, associated function, or constant not found in `nsi_ffi_wrap::Type`
[INFO] [stdout] 
[INFO] [stdout] 
[INFO] [stdout] For more information about this error, try `rustc --explain E0599`.
[INFO] [stdout] 
[INFO] [stderr] error: could not compile `nsi-moonray` (lib) due to 3 previous errors
[INFO] [stderr] warning: build failed, waiting for other jobs to finish...
[INFO] [stdout] For more information about this error, try `rustc --explain E0599`.
[INFO] [stdout] 
[INFO] [stderr] error: could not compile `nsi-moonray` (lib test) due to 3 previous errors
[INFO] running `Command { std: "docker" "inspect" "95d840415218afb4768ec189a62d126b665ae23735f588ecd9518190e12c1e2c", kill_on_drop: false }`
[INFO] running `Command { std: "docker" "rm" "-f" "95d840415218afb4768ec189a62d126b665ae23735f588ecd9518190e12c1e2c", kill_on_drop: false }`
[INFO] [stdout] 95d840415218afb4768ec189a62d126b665ae23735f588ecd9518190e12c1e2c
