[INFO] cloning repository https://github.com/viorizz/diskutility
[INFO] running `Command { std: "git" "-c" "credential.helper=" "-c" "credential.helper=/workspace/cargo-home/bin/git-credential-null" "clone" "--bare" "https://github.com/viorizz/diskutility" "/workspace/cache/git-repos/https%3A%2F%2Fgithub.com%2Fviorizz%2Fdiskutility", kill_on_drop: false }`
[INFO] [stderr] Cloning into bare repository '/workspace/cache/git-repos/https%3A%2F%2Fgithub.com%2Fviorizz%2Fdiskutility'...
[INFO] running `Command { std: "git" "rev-parse" "HEAD", kill_on_drop: false }`
[INFO] [stdout] 6e4642a33342f7b3a3ec8e6f2d038923172e6f5d
[INFO] checking viorizz/diskutility against 3154cc1a3e6424e44f438a95007d043ed5ceaaf6 for pr-133502-30
[INFO] running `Command { std: "git" "clone" "/workspace/cache/git-repos/https%3A%2F%2Fgithub.com%2Fviorizz%2Fdiskutility" "/workspace/builds/worker-7-tc2/source", kill_on_drop: false }`
[INFO] [stderr] Cloning into '/workspace/builds/worker-7-tc2/source'...
[INFO] [stderr] done.
[INFO] started tweaking git repo https://github.com/viorizz/diskutility
[INFO] finished tweaking git repo https://github.com/viorizz/diskutility
[INFO] tweaked toml for git repo https://github.com/viorizz/diskutility written to /workspace/builds/worker-7-tc2/source/Cargo.toml
[INFO] validating manifest of git repo https://github.com/viorizz/diskutility on toolchain 3154cc1a3e6424e44f438a95007d043ed5ceaaf6
[INFO] running `Command { std: CARGO_HOME="/workspace/cargo-home" RUSTUP_HOME="/workspace/rustup-home" "/workspace/cargo-home/bin/cargo" "+3154cc1a3e6424e44f438a95007d043ed5ceaaf6" "metadata" "--manifest-path" "Cargo.toml" "--no-deps", kill_on_drop: false }`
[INFO] crate git repo https://github.com/viorizz/diskutility already has a lockfile, it will not be regenerated
[INFO] running `Command { std: CARGO_HOME="/workspace/cargo-home" RUSTUP_HOME="/workspace/rustup-home" "/workspace/cargo-home/bin/cargo" "+3154cc1a3e6424e44f438a95007d043ed5ceaaf6" "fetch" "--manifest-path" "Cargo.toml", kill_on_drop: false }`
[INFO] running `Command { std: "docker" "create" "-v" "/var/lib/crater-agent-workspace/builds/worker-7-tc2/source:/opt/rustwide/workdir:ro,Z" "-v" "/var/lib/crater-agent-workspace/builds/worker-7-tc2/target:/opt/rustwide/target:rw,Z" "-v" "/var/lib/crater-agent-workspace/cargo-home:/opt/rustwide/cargo-home:ro,Z" "-v" "/var/lib/crater-agent-workspace/rustup-home:/opt/rustwide/rustup-home:ro,Z" "-m" "1610612736" "--network" "none" "ghcr.io/rust-lang/crates-build-env/linux@sha256:77db811e55d90add9212f6832c23229e3de5f1c1f9905e8cb07319ea15df73ac" "sleep" "infinity", kill_on_drop: false }`
[INFO] [stdout] 8a608cd96ffdaf22eae596d31c618a42095ba706c38a46d790d68b3e21aa7655
[INFO] running `Command { std: "docker" "start" "8a608cd96ffdaf22eae596d31c618a42095ba706c38a46d790d68b3e21aa7655", kill_on_drop: false }`
[INFO] running `Command { std: "docker" "inspect" "8a608cd96ffdaf22eae596d31c618a42095ba706c38a46d790d68b3e21aa7655", kill_on_drop: false }`
[INFO] running `Command { std: "docker" "exec" "-e" "SOURCE_DIR=/opt/rustwide/workdir" "-e" "CARGO_HOME=/opt/rustwide/cargo-home" "-e" "RUSTUP_HOME=/opt/rustwide/rustup-home" "-e" "CARGO_TARGET_DIR=/opt/rustwide/target" "-w" "/opt/rustwide/workdir" "--user" "0:0" "8a608cd96ffdaf22eae596d31c618a42095ba706c38a46d790d68b3e21aa7655" "/opt/rustwide/cargo-home/bin/cargo" "+3154cc1a3e6424e44f438a95007d043ed5ceaaf6" "metadata" "--no-deps" "--format-version=1", kill_on_drop: false }`
[INFO] running `Command { std: "docker" "inspect" "8a608cd96ffdaf22eae596d31c618a42095ba706c38a46d790d68b3e21aa7655", kill_on_drop: false }`
[INFO] running `Command { std: "docker" "exec" "-e" "SOURCE_DIR=/opt/rustwide/workdir" "-e" "CARGO_HOME=/opt/rustwide/cargo-home" "-e" "RUSTUP_HOME=/opt/rustwide/rustup-home" "-e" "CARGO_TARGET_DIR=/opt/rustwide/target" "-e" "CARGO_INCREMENTAL=0" "-e" "RUST_BACKTRACE=full" "-e" "RUSTFLAGS=--cap-lints=forbid" "-e" "RUSTDOCFLAGS=--cap-lints=forbid" "-w" "/opt/rustwide/workdir" "--user" "0:0" "8a608cd96ffdaf22eae596d31c618a42095ba706c38a46d790d68b3e21aa7655" "/opt/rustwide/cargo-home/bin/cargo" "+3154cc1a3e6424e44f438a95007d043ed5ceaaf6" "check" "--frozen" "--all" "--all-targets" "--message-format=json", kill_on_drop: false }`
[INFO] [stderr]    Compiling signal-hook v0.3.18
[INFO] [stderr]     Checking log v0.4.33
[INFO] [stderr]    Compiling rustix v0.38.44
[INFO] [stderr]     Checking smallvec v1.15.2
[INFO] [stderr]     Checking foldhash v0.1.5
[INFO] [stderr]    Compiling num-traits v0.2.19
[INFO] [stderr]    Compiling instability v0.3.13
[INFO] [stderr]     Checking allocator-api2 v0.2.21
[INFO] [stderr]     Checking linux-raw-sys v0.4.15
[INFO] [stderr]    Compiling syn v3.0.3
[INFO] [stderr]     Checking errno v0.3.14
[INFO] [stderr]    Compiling syn v2.0.119
[INFO] [stderr]     Checking castaway v0.2.4
[INFO] [stderr]     Checking itertools v0.13.0
[INFO] [stderr]    Compiling indoc v2.0.7
[INFO] [stderr]     Checking ryu v1.0.23
[INFO] [stderr]     Checking parking_lot_core v0.9.12
[INFO] [stderr]     Checking mio v1.2.2
[INFO] [stderr]     Checking signal-hook-registry v1.4.8
[INFO] [stderr]     Checking iana-time-zone v0.1.65
[INFO] [stderr]     Checking cassowary v0.3.0
[INFO] [stderr]     Checking compact_str v0.8.2
[INFO] [stderr]     Checking unicode-width v0.2.0
[INFO] [stderr]     Checking serde_json v1.0.151
[INFO] [stderr]    Compiling diskutility v0.4.9 (/opt/rustwide/workdir)
[INFO] [stderr]     Checking parking_lot v0.12.5
[INFO] [stderr]     Checking hashbrown v0.15.5
[INFO] [stderr]     Checking signal-hook-mio v0.2.5
[INFO] [stderr]     Checking lru v0.12.5
[INFO] [stderr]     Checking chrono v0.4.45
[INFO] [stderr]     Checking crossterm v0.28.1
[INFO] [stderr]     Checking unicode-truncate v1.1.0
[INFO] [stderr]    Compiling strum_macros v0.26.4
[INFO] [stderr]    Compiling darling_core v0.24.1
[INFO] [stderr]    Compiling serde_derive v1.0.229
[INFO] [stderr]     Checking strum v0.26.3
[INFO] [stderr]    Compiling darling_macro v0.24.1
[INFO] [stderr]    Compiling darling v0.24.1
[INFO] [stderr]     Checking serde v1.0.229
[INFO] [stderr]     Checking ratatui v0.29.0
[INFO] [stderr]     Checking utility-core v0.2.0 (https://github.com/viorizz/utility-core?tag=v0.2.0#1b7cba88)
[INFO] [stdout] error: diskutility targets Windows (uses PowerShell storage cmdlets and \\.\PhysicalDrive access)
[INFO] [stdout]  --> src/main.rs:2:1
[INFO] [stdout]   |
[INFO] [stdout] 2 | compile_error!("diskutility targets Windows (uses PowerShell storage cmdlets and \\\\.\\PhysicalDrive access)");
[INFO] [stdout]   | ^^^^^^^^^^^^^^^^^^^^^^^^^^^^^^^^^^^^^^^^^^^^^^^^^^^^^^^^^^^^^^^^^^^^^^^^^^^^^^^^^^^^^^^^^^^^^^^^^^^^^^^^^^^^^^^
[INFO] [stdout] 
[INFO] [stdout] 
[INFO] [stdout] error: diskutility targets Windows (uses PowerShell storage cmdlets and \\.\PhysicalDrive access)
[INFO] [stdout]  --> src/main.rs:2:1
[INFO] [stdout]   |
[INFO] [stdout] 2 | compile_error!("diskutility targets Windows (uses PowerShell storage cmdlets and \\\\.\\PhysicalDrive access)");
[INFO] [stdout]   | ^^^^^^^^^^^^^^^^^^^^^^^^^^^^^^^^^^^^^^^^^^^^^^^^^^^^^^^^^^^^^^^^^^^^^^^^^^^^^^^^^^^^^^^^^^^^^^^^^^^^^^^^^^^^^^^
[INFO] [stdout] 
[INFO] [stdout] 
[INFO] [stdout] error[E0433]: cannot find `windows` in `os`
[INFO] [stdout]  --> src/bench.rs:8:14
[INFO] [stdout]   |
[INFO] [stdout] 8 | use std::os::windows::fs::OpenOptionsExt;
[INFO] [stdout]   |              ^^^^^^^ could not find `windows` in `os`
[INFO] [stdout]   |
[INFO] [stdout] note: found an item that was configured out
[INFO] [stdout]  --> /rustc/3154cc1a3e6424e44f438a95007d043ed5ceaaf6/library/std/src/os/mod.rs:62:4
[INFO] [stdout]   |
[INFO] [stdout]   = note: the item is gated behind the `windows` feature
[INFO] [stdout] 
[INFO] [stdout] 
[INFO] [stdout] error[E0433]: cannot find `windows` in `os`
[INFO] [stdout]  --> src/ops.rs:3:14
[INFO] [stdout]   |
[INFO] [stdout] 3 | use std::os::windows::fs::OpenOptionsExt;
[INFO] [stdout]   |              ^^^^^^^ could not find `windows` in `os`
[INFO] [stdout]   |
[INFO] [stdout] note: found an item that was configured out
[INFO] [stdout]  --> /rustc/3154cc1a3e6424e44f438a95007d043ed5ceaaf6/library/std/src/os/mod.rs:62:4
[INFO] [stdout]   |
[INFO] [stdout]   = note: the item is gated behind the `windows` feature
[INFO] [stdout] 
[INFO] [stdout] 
[INFO] [stdout] error[E0433]: cannot find `windows` in `os`
[INFO] [stdout]    --> src/ops.rs:562:18
[INFO] [stdout]     |
[INFO] [stdout] 562 |     use std::os::windows::ffi::OsStrExt;
[INFO] [stdout]     |                  ^^^^^^^ could not find `windows` in `os`
[INFO] [stdout]     |
[INFO] [stdout] note: found an item that was configured out
[INFO] [stdout]    --> /rustc/3154cc1a3e6424e44f438a95007d043ed5ceaaf6/library/std/src/os/mod.rs:62:4
[INFO] [stdout]     |
[INFO] [stdout]     = note: the item is gated behind the `windows` feature
[INFO] [stdout] 
[INFO] [stdout] 
[INFO] [stdout] error[E0432]: unresolved import `utility_core::ps`
[INFO] [stdout]   --> src/ops.rs:94:23
[INFO] [stdout]    |
[INFO] [stdout] 94 | pub use utility_core::ps::{ps_quote, run_ps, run_ps_quiet};
[INFO] [stdout]    |                       ^^ could not find `ps` in `utility_core`
[INFO] [stdout]    |
[INFO] [stdout] note: found an item that was configured out
[INFO] [stdout]   --> /opt/rustwide/cargo-home/git/checkouts/utility-core-48a280edfe84a5bc/1b7cba8/src/lib.rs:47:9
[INFO] [stdout]    |
[INFO] [stdout] 46 | #[cfg(windows)]
[INFO] [stdout]    |       ------- the item is gated here
[INFO] [stdout] 47 | pub mod ps;
[INFO] [stdout]    |         ^^
[INFO] [stdout] 
[INFO] [stdout] 
[INFO] [stdout] error[E0433]: cannot find module or crate `windows_sys` in this scope
[INFO] [stdout]    --> src/ops.rs:563:9
[INFO] [stdout]     |
[INFO] [stdout] 563 |     use windows_sys::Win32::Storage::FileSystem::GetDiskFreeSpaceExW;
[INFO] [stdout]     |         ^^^^^^^^^^^ use of unresolved module or unlinked crate `windows_sys`
[INFO] [stdout]     |
[INFO] [stdout]     = help: if you wanted to use a crate named `windows_sys`, use `cargo add windows_sys` to add it to your `Cargo.toml`
[INFO] [stdout] 
[INFO] [stdout] 
[INFO] [stdout] error[E0433]: cannot find module or crate `windows_sys` in this scope
[INFO] [stdout]    --> src/ops.rs:575:9
[INFO] [stdout]     |
[INFO] [stdout] 575 |     use windows_sys::Win32::Storage::FileSystem::GetVolumeInformationW;
[INFO] [stdout]     |         ^^^^^^^^^^^ use of unresolved module or unlinked crate `windows_sys`
[INFO] [stdout]     |
[INFO] [stdout]     = help: if you wanted to use a crate named `windows_sys`, use `cargo add windows_sys` to add it to your `Cargo.toml`
[INFO] [stdout] 
[INFO] [stdout] 
[INFO] [stdout] error[E0432]: unresolved import `utility_core::notify`
[INFO] [stdout]   --> src/main.rs:14:32
[INFO] [stdout]    |
[INFO] [stdout] 14 | pub use utility_core::{logger, notify};
[INFO] [stdout]    |                                ^^^^^^ no `notify` in the root
[INFO] [stdout]    |
[INFO] [stdout] note: found an item that was configured out
[INFO] [stdout]   --> /opt/rustwide/cargo-home/git/checkouts/utility-core-48a280edfe84a5bc/1b7cba8/src/lib.rs:45:9
[INFO] [stdout]    |
[INFO] [stdout] 44 | #[cfg(windows)]
[INFO] [stdout]    |       ------- the item is gated here
[INFO] [stdout] 45 | pub mod notify;
[INFO] [stdout]    |         ^^^^^^
[INFO] [stdout] 
[INFO] [stdout] 
[INFO] [stdout] error[E0425]: cannot find function `copy_to_clipboard` in module `logger`
[INFO] [stdout]    --> src/app.rs:511:23
[INFO] [stdout]     |
[INFO] [stdout] 511 |         match logger::copy_to_clipboard() {
[INFO] [stdout]     |                       ^^^^^^^^^^^^^^^^^ not found in `logger`
[INFO] [stdout]     |
[INFO] [stdout] note: found an item that was configured out
[INFO] [stdout]    --> /opt/rustwide/cargo-home/git/checkouts/utility-core-48a280edfe84a5bc/1b7cba8/src/logger.rs:113:8
[INFO] [stdout]     |
[INFO] [stdout] 112 | #[cfg(windows)]
[INFO] [stdout]     |       ------- the item is gated here
[INFO] [stdout] 113 | pub fn copy_to_clipboard() -> Result<usize, String> {
[INFO] [stdout]     |        ^^^^^^^^^^^^^^^^^
[INFO] [stdout] 
[INFO] [stdout] 
[INFO] [stdout] error[E0433]: cannot find `windows` in `os`
[INFO] [stdout]  --> src/bench.rs:8:14
[INFO] [stdout]   |
[INFO] [stdout] 8 | use std::os::windows::fs::OpenOptionsExt;
[INFO] [stdout]   |              ^^^^^^^ could not find `windows` in `os`
[INFO] [stdout]   |
[INFO] [stdout] note: found an item that was configured out
[INFO] [stdout]  --> /rustc/3154cc1a3e6424e44f438a95007d043ed5ceaaf6/library/std/src/os/mod.rs:62:4
[INFO] [stdout]   |
[INFO] [stdout]   = note: the item is gated behind the `windows` feature
[INFO] [stdout] 
[INFO] [stdout] 
[INFO] [stdout] error[E0433]: cannot find `windows` in `os`
[INFO] [stdout]  --> src/ops.rs:3:14
[INFO] [stdout]   |
[INFO] [stdout] 3 | use std::os::windows::fs::OpenOptionsExt;
[INFO] [stdout]   |              ^^^^^^^ could not find `windows` in `os`
[INFO] [stdout]   |
[INFO] [stdout] note: found an item that was configured out
[INFO] [stdout]  --> /rustc/3154cc1a3e6424e44f438a95007d043ed5ceaaf6/library/std/src/os/mod.rs:62:4
[INFO] [stdout]   |
[INFO] [stdout]   = note: the item is gated behind the `windows` feature
[INFO] [stdout] 
[INFO] [stdout] 
[INFO] [stdout] error[E0433]: cannot find `windows` in `os`
[INFO] [stdout]    --> src/ops.rs:562:18
[INFO] [stdout]     |
[INFO] [stdout] 562 |     use std::os::windows::ffi::OsStrExt;
[INFO] [stdout]     |                  ^^^^^^^ could not find `windows` in `os`
[INFO] [stdout]     |
[INFO] [stdout] note: found an item that was configured out
[INFO] [stdout]    --> /rustc/3154cc1a3e6424e44f438a95007d043ed5ceaaf6/library/std/src/os/mod.rs:62:4
[INFO] [stdout]     |
[INFO] [stdout]     = note: the item is gated behind the `windows` feature
[INFO] [stdout] 
[INFO] [stdout] 
[INFO] [stdout] error[E0432]: unresolved import `utility_core::ps`
[INFO] [stdout]   --> src/ops.rs:94:23
[INFO] [stdout]    |
[INFO] [stdout] 94 | pub use utility_core::ps::{ps_quote, run_ps, run_ps_quiet};
[INFO] [stdout]    |                       ^^ could not find `ps` in `utility_core`
[INFO] [stdout]    |
[INFO] [stdout] note: found an item that was configured out
[INFO] [stdout]   --> /opt/rustwide/cargo-home/git/checkouts/utility-core-48a280edfe84a5bc/1b7cba8/src/lib.rs:47:9
[INFO] [stdout]    |
[INFO] [stdout] 46 | #[cfg(windows)]
[INFO] [stdout]    |       ------- the item is gated here
[INFO] [stdout] 47 | pub mod ps;
[INFO] [stdout]    |         ^^
[INFO] [stdout] 
[INFO] [stdout] 
[INFO] [stdout] error[E0433]: cannot find module or crate `windows_sys` in this scope
[INFO] [stdout]    --> src/ops.rs:563:9
[INFO] [stdout]     |
[INFO] [stdout] 563 |     use windows_sys::Win32::Storage::FileSystem::GetDiskFreeSpaceExW;
[INFO] [stdout]     |         ^^^^^^^^^^^ use of unresolved module or unlinked crate `windows_sys`
[INFO] [stdout]     |
[INFO] [stdout]     = help: if you wanted to use a crate named `windows_sys`, use `cargo add windows_sys` to add it to your `Cargo.toml`
[INFO] [stdout] 
[INFO] [stdout] 
[INFO] [stdout] error[E0433]: cannot find module or crate `windows_sys` in this scope
[INFO] [stdout]    --> src/ops.rs:575:9
[INFO] [stdout]     |
[INFO] [stdout] 575 |     use windows_sys::Win32::Storage::FileSystem::GetVolumeInformationW;
[INFO] [stdout]     |         ^^^^^^^^^^^ use of unresolved module or unlinked crate `windows_sys`
[INFO] [stdout]     |
[INFO] [stdout]     = help: if you wanted to use a crate named `windows_sys`, use `cargo add windows_sys` to add it to your `Cargo.toml`
[INFO] [stdout] 
[INFO] [stdout] 
[INFO] [stdout] error[E0432]: unresolved import `utility_core::notify`
[INFO] [stdout]   --> src/main.rs:14:32
[INFO] [stdout]    |
[INFO] [stdout] 14 | pub use utility_core::{logger, notify};
[INFO] [stdout]    |                                ^^^^^^ no `notify` in the root
[INFO] [stdout]    |
[INFO] [stdout] note: found an item that was configured out
[INFO] [stdout]   --> /opt/rustwide/cargo-home/git/checkouts/utility-core-48a280edfe84a5bc/1b7cba8/src/lib.rs:45:9
[INFO] [stdout]    |
[INFO] [stdout] 44 | #[cfg(windows)]
[INFO] [stdout]    |       ------- the item is gated here
[INFO] [stdout] 45 | pub mod notify;
[INFO] [stdout]    |         ^^^^^^
[INFO] [stdout] 
[INFO] [stdout] 
[INFO] [stdout] error[E0425]: cannot find function `copy_to_clipboard` in module `logger`
[INFO] [stdout]    --> src/app.rs:511:23
[INFO] [stdout]     |
[INFO] [stdout] 511 |         match logger::copy_to_clipboard() {
[INFO] [stdout]     |                       ^^^^^^^^^^^^^^^^^ not found in `logger`
[INFO] [stdout]     |
[INFO] [stdout] note: found an item that was configured out
[INFO] [stdout]    --> /opt/rustwide/cargo-home/git/checkouts/utility-core-48a280edfe84a5bc/1b7cba8/src/logger.rs:113:8
[INFO] [stdout]     |
[INFO] [stdout] 112 | #[cfg(windows)]
[INFO] [stdout]     |       ------- the item is gated here
[INFO] [stdout] 113 | pub fn copy_to_clipboard() -> Result<usize, String> {
[INFO] [stdout]     |        ^^^^^^^^^^^^^^^^^
[INFO] [stdout] 
[INFO] [stdout] 
[INFO] [stdout] error[E0599]: no method named `custom_flags` found for mutable reference `&mut OpenOptions` in the current scope
[INFO] [stdout]   --> src/bench.rs:89:10
[INFO] [stdout]    |
[INFO] [stdout] 88 |     opts.read(true)
[INFO] [stdout] 89 |         .custom_flags(FILE_FLAG_NO_BUFFERING | FILE_FLAG_WRITE_THROUGH);
[INFO] [stdout]    |          ^^^^^^^^^^^^ method not found in `&mut OpenOptions`
[INFO] [stdout]    |
[INFO] [stdout]    = help: items from traits can only be used if the trait is in scope
[INFO] [stdout] help: trait `OpenOptionsExt` which provides `custom_flags` is implemented but not in scope; perhaps you want to import it
[INFO] [stdout]    |
[INFO] [stdout]  6 + use std::os::unix::fs::OpenOptionsExt;
[INFO] [stdout]    |
[INFO] [stdout] 
[INFO] [stdout] 
[INFO] [stdout] error[E0599]: no method named `custom_flags` found for mutable reference `&mut OpenOptions` in the current scope
[INFO] [stdout]   --> src/bench.rs:89:10
[INFO] [stdout]    |
[INFO] [stdout] 88 |     opts.read(true)
[INFO] [stdout] 89 |         .custom_flags(FILE_FLAG_NO_BUFFERING | FILE_FLAG_WRITE_THROUGH);
[INFO] [stdout]    |          ^^^^^^^^^^^^ method not found in `&mut OpenOptions`
[INFO] [stdout]    |
[INFO] [stdout]    = help: items from traits can only be used if the trait is in scope
[INFO] [stdout] help: trait `OpenOptionsExt` which provides `custom_flags` is implemented but not in scope; perhaps you want to import it
[INFO] [stdout]    |
[INFO] [stdout]  6 + use std::os::unix::fs::OpenOptionsExt;
[INFO] [stdout]    |
[INFO] [stdout] 
[INFO] [stdout] 
[INFO] [stdout] error[E0599]: no method named `encode_wide` found for reference `&OsStr` in the current scope
[INFO] [stdout]    --> src/ops.rs:565:42
[INFO] [stdout]     |
[INFO] [stdout] 565 |     let wide: Vec<u16> = dir.as_os_str().encode_wide().chain(std::iter::once(0)).collect();
[INFO] [stdout]     |                                          ^^^^^^^^^^^ method not found in `&OsStr`
[INFO] [stdout] 
[INFO] [stdout] 
[INFO] [stdout] error[E0599]: no method named `custom_flags` found for mutable reference `&mut OpenOptions` in the current scope
[INFO] [stdout]    --> src/ops.rs:735:22
[INFO] [stdout]     |
[INFO] [stdout] 733 |                 let f = OpenOptions::new()
[INFO] [stdout] 734 |                     .write(true)
[INFO] [stdout] 735 |                     .custom_flags(FILE_FLAG_SEQUENTIAL_SCAN)
[INFO] [stdout]     |                      ^^^^^^^^^^^^ method not found in `&mut OpenOptions`
[INFO] [stdout]     |
[INFO] [stdout]     = help: items from traits can only be used if the trait is in scope
[INFO] [stdout] help: trait `OpenOptionsExt` which provides `custom_flags` is implemented but not in scope; perhaps you want to import it
[INFO] [stdout]     |
[INFO] [stdout]   1 + use std::os::unix::fs::OpenOptionsExt;
[INFO] [stdout]     |
[INFO] [stdout] 
[INFO] [stdout] 
[INFO] [stdout] error[E0599]: no method named `encode_wide` found for reference `&OsStr` in the current scope
[INFO] [stdout]    --> src/ops.rs:565:42
[INFO] [stdout]     |
[INFO] [stdout] 565 |     let wide: Vec<u16> = dir.as_os_str().encode_wide().chain(std::iter::once(0)).collect();
[INFO] [stdout]     |                                          ^^^^^^^^^^^ method not found in `&OsStr`
[INFO] [stdout] 
[INFO] [stdout] 
[INFO] [stdout] error[E0599]: no method named `custom_flags` found for mutable reference `&mut OpenOptions` in the current scope
[INFO] [stdout]    --> src/ops.rs:747:22
[INFO] [stdout]     |
[INFO] [stdout] 744 |                 let f = OpenOptions::new()
[INFO] [stdout] 745 |                     .write(true)
[INFO] [stdout] 746 |                     .create_new(true)
[INFO] [stdout] 747 |                     .custom_flags(FILE_FLAG_SEQUENTIAL_SCAN)
[INFO] [stdout]     |                      ^^^^^^^^^^^^ method not found in `&mut OpenOptions`
[INFO] [stdout]     |
[INFO] [stdout]     = help: items from traits can only be used if the trait is in scope
[INFO] [stdout] help: trait `OpenOptionsExt` which provides `custom_flags` is implemented but not in scope; perhaps you want to import it
[INFO] [stdout]     |
[INFO] [stdout]   1 + use std::os::unix::fs::OpenOptionsExt;
[INFO] [stdout]     |
[INFO] [stdout] 
[INFO] [stdout] 
[INFO] [stdout] error[E0599]: no method named `custom_flags` found for mutable reference `&mut OpenOptions` in the current scope
[INFO] [stdout]    --> src/ops.rs:735:22
[INFO] [stdout]     |
[INFO] [stdout] 733 |                 let f = OpenOptions::new()
[INFO] [stdout] 734 |                     .write(true)
[INFO] [stdout] 735 |                     .custom_flags(FILE_FLAG_SEQUENTIAL_SCAN)
[INFO] [stdout]     |                      ^^^^^^^^^^^^ method not found in `&mut OpenOptions`
[INFO] [stdout]     |
[INFO] [stdout]     = help: items from traits can only be used if the trait is in scope
[INFO] [stdout] help: trait `OpenOptionsExt` which provides `custom_flags` is implemented but not in scope; perhaps you want to import it
[INFO] [stdout]     |
[INFO] [stdout]   1 + use std::os::unix::fs::OpenOptionsExt;
[INFO] [stdout]     |
[INFO] [stdout] 
[INFO] [stdout] 
[INFO] [stdout] error[E0599]: no method named `custom_flags` found for mutable reference `&mut OpenOptions` in the current scope
[INFO] [stdout]    --> src/ops.rs:747:22
[INFO] [stdout]     |
[INFO] [stdout] 744 |                 let f = OpenOptions::new()
[INFO] [stdout] 745 |                     .write(true)
[INFO] [stdout] 746 |                     .create_new(true)
[INFO] [stdout] 747 |                     .custom_flags(FILE_FLAG_SEQUENTIAL_SCAN)
[INFO] [stdout]     |                      ^^^^^^^^^^^^ method not found in `&mut OpenOptions`
[INFO] [stdout]     |
[INFO] [stdout]     = help: items from traits can only be used if the trait is in scope
[INFO] [stdout] help: trait `OpenOptionsExt` which provides `custom_flags` is implemented but not in scope; perhaps you want to import it
[INFO] [stdout]     |
[INFO] [stdout]   1 + use std::os::unix::fs::OpenOptionsExt;
[INFO] [stdout]     |
[INFO] [stdout] 
[INFO] [stdout] 
[INFO] [stdout] Some errors have detailed explanations: E0425, E0432, E0433, E0599.
[INFO] [stdout] 
[INFO] [stdout] For more information about an error, try `rustc --explain E0425`.
[INFO] [stdout] 
[INFO] [stderr] error: could not compile `diskutility` (bin "diskutility") due to 13 previous errors
[INFO] [stderr] warning: build failed, waiting for other jobs to finish...
[INFO] [stdout] Some errors have detailed explanations: E0425, E0432, E0433, E0599.
[INFO] [stdout] 
[INFO] [stdout] For more information about an error, try `rustc --explain E0425`.
[INFO] [stdout] 
[INFO] [stderr] error: could not compile `diskutility` (bin "diskutility" test) due to 13 previous errors
[INFO] running `Command { std: "docker" "inspect" "8a608cd96ffdaf22eae596d31c618a42095ba706c38a46d790d68b3e21aa7655", kill_on_drop: false }`
[INFO] running `Command { std: "docker" "rm" "-f" "8a608cd96ffdaf22eae596d31c618a42095ba706c38a46d790d68b3e21aa7655", kill_on_drop: false }`
[INFO] [stdout] 8a608cd96ffdaf22eae596d31c618a42095ba706c38a46d790d68b3e21aa7655
