[INFO] cloning repository https://github.com/vidilec-dev/jyth
[INFO] running `Command { std: "git" "-c" "credential.helper=" "-c" "credential.helper=/workspace/cargo-home/bin/git-credential-null" "clone" "--bare" "https://github.com/vidilec-dev/jyth" "/workspace/cache/git-repos/https%3A%2F%2Fgithub.com%2Fvidilec-dev%2Fjyth", kill_on_drop: false }`
[INFO] [stderr] Cloning into bare repository '/workspace/cache/git-repos/https%3A%2F%2Fgithub.com%2Fvidilec-dev%2Fjyth'...
[INFO] running `Command { std: "git" "rev-parse" "HEAD", kill_on_drop: false }`
[INFO] [stdout] c7a094c310cd29879785a91ce824147f08332824
[INFO] checking vidilec-dev/jyth against 3154cc1a3e6424e44f438a95007d043ed5ceaaf6 for pr-133502-30
[INFO] running `Command { std: "git" "clone" "/workspace/cache/git-repos/https%3A%2F%2Fgithub.com%2Fvidilec-dev%2Fjyth" "/workspace/builds/worker-2-tc2/source", kill_on_drop: false }`
[INFO] [stderr] Cloning into '/workspace/builds/worker-2-tc2/source'...
[INFO] [stderr] done.
[INFO] started tweaking git repo https://github.com/vidilec-dev/jyth
[INFO] finished tweaking git repo https://github.com/vidilec-dev/jyth
[INFO] tweaked toml for git repo https://github.com/vidilec-dev/jyth written to /workspace/builds/worker-2-tc2/source/Cargo.toml
[INFO] validating manifest of git repo https://github.com/vidilec-dev/jyth on toolchain 3154cc1a3e6424e44f438a95007d043ed5ceaaf6
[INFO] running `Command { std: CARGO_HOME="/workspace/cargo-home" RUSTUP_HOME="/workspace/rustup-home" "/workspace/cargo-home/bin/cargo" "+3154cc1a3e6424e44f438a95007d043ed5ceaaf6" "metadata" "--manifest-path" "Cargo.toml" "--no-deps", kill_on_drop: false }`
[INFO] crate git repo https://github.com/vidilec-dev/jyth already has a lockfile, it will not be regenerated
[INFO] running `Command { std: CARGO_HOME="/workspace/cargo-home" RUSTUP_HOME="/workspace/rustup-home" "/workspace/cargo-home/bin/cargo" "+3154cc1a3e6424e44f438a95007d043ed5ceaaf6" "fetch" "--manifest-path" "Cargo.toml", kill_on_drop: false }`
[INFO] [stderr] warning: unused workspace dependency `clap`
[INFO] [stderr]   --> Cargo.toml:11:25
[INFO] [stderr]    |
[INFO] [stderr] 11 | [workspace.dependencies.clap]
[INFO] [stderr]    |                         ^^^^
[INFO] [stderr]    |
[INFO] [stderr]    = note: `cargo::unused_workspace_dependencies` is set to `warn` by default
[INFO] [stderr] help: consider removing the workspace dependency `clap`
[INFO] [stderr] warning: unused workspace dependency `hcs-admin`
[INFO] [stderr]   --> Cargo.toml:27:25
[INFO] [stderr]    |
[INFO] [stderr] 27 | [workspace.dependencies.hcs-admin]
[INFO] [stderr]    |                         ^^^^^^^^^
[INFO] [stderr]    |
[INFO] [stderr] help: consider removing the workspace dependency `hcs-admin`
[INFO] [stderr] warning: unused workspace dependency `jyth`
[INFO] [stderr]   --> Cargo.toml:48:25
[INFO] [stderr]    |
[INFO] [stderr] 48 | [workspace.dependencies.jyth]
[INFO] [stderr]    |                         ^^^^
[INFO] [stderr]    |
[INFO] [stderr] help: consider removing the workspace dependency `jyth`
[INFO] [stderr] warning: workspace (manifest) generated 3 warnings
[INFO] [stderr]     Blocking waiting for file lock on package cache
[INFO] running `Command { std: "docker" "create" "-v" "/var/lib/crater-agent-workspace/builds/worker-2-tc2/source:/opt/rustwide/workdir:ro,Z" "-v" "/var/lib/crater-agent-workspace/builds/worker-2-tc2/target:/opt/rustwide/target:rw,Z" "-v" "/var/lib/crater-agent-workspace/cargo-home:/opt/rustwide/cargo-home:ro,Z" "-v" "/var/lib/crater-agent-workspace/rustup-home:/opt/rustwide/rustup-home:ro,Z" "-m" "1610612736" "--network" "none" "ghcr.io/rust-lang/crates-build-env/linux@sha256:77db811e55d90add9212f6832c23229e3de5f1c1f9905e8cb07319ea15df73ac" "sleep" "infinity", kill_on_drop: false }`
[INFO] [stdout] 477a3307f3d499c7704a3e74c6fdcf3659dbb49fa9cdfd1350e3ef3e5d034933
[INFO] running `Command { std: "docker" "start" "477a3307f3d499c7704a3e74c6fdcf3659dbb49fa9cdfd1350e3ef3e5d034933", kill_on_drop: false }`
[INFO] running `Command { std: "docker" "inspect" "477a3307f3d499c7704a3e74c6fdcf3659dbb49fa9cdfd1350e3ef3e5d034933", kill_on_drop: false }`
[INFO] running `Command { std: "docker" "exec" "-e" "SOURCE_DIR=/opt/rustwide/workdir" "-e" "CARGO_HOME=/opt/rustwide/cargo-home" "-e" "RUSTUP_HOME=/opt/rustwide/rustup-home" "-e" "CARGO_TARGET_DIR=/opt/rustwide/target" "-w" "/opt/rustwide/workdir" "--user" "0:0" "477a3307f3d499c7704a3e74c6fdcf3659dbb49fa9cdfd1350e3ef3e5d034933" "/opt/rustwide/cargo-home/bin/cargo" "+3154cc1a3e6424e44f438a95007d043ed5ceaaf6" "metadata" "--no-deps" "--format-version=1", kill_on_drop: false }`
[INFO] running `Command { std: "docker" "inspect" "477a3307f3d499c7704a3e74c6fdcf3659dbb49fa9cdfd1350e3ef3e5d034933", kill_on_drop: false }`
[INFO] running `Command { std: "docker" "exec" "-e" "SOURCE_DIR=/opt/rustwide/workdir" "-e" "CARGO_HOME=/opt/rustwide/cargo-home" "-e" "RUSTUP_HOME=/opt/rustwide/rustup-home" "-e" "CARGO_TARGET_DIR=/opt/rustwide/target" "-e" "CARGO_INCREMENTAL=0" "-e" "RUST_BACKTRACE=full" "-e" "RUSTFLAGS=--cap-lints=forbid" "-e" "RUSTDOCFLAGS=--cap-lints=forbid" "-w" "/opt/rustwide/workdir" "--user" "0:0" "477a3307f3d499c7704a3e74c6fdcf3659dbb49fa9cdfd1350e3ef3e5d034933" "/opt/rustwide/cargo-home/bin/cargo" "+3154cc1a3e6424e44f438a95007d043ed5ceaaf6" "check" "--frozen" "--all" "--all-targets" "--message-format=json", kill_on_drop: false }`
[INFO] [stderr] warning: unused workspace dependency `clap`
[INFO] [stderr]   --> Cargo.toml:11:25
[INFO] [stderr]    |
[INFO] [stderr] 11 | [workspace.dependencies.clap]
[INFO] [stderr]    |                         ^^^^
[INFO] [stderr]    |
[INFO] [stderr]    = note: `cargo::unused_workspace_dependencies` is set to `warn` by default
[INFO] [stderr] help: consider removing the workspace dependency `clap`
[INFO] [stderr] warning: unused workspace dependency `hcs-admin`
[INFO] [stderr]   --> Cargo.toml:27:25
[INFO] [stderr]    |
[INFO] [stderr] 27 | [workspace.dependencies.hcs-admin]
[INFO] [stderr]    |                         ^^^^^^^^^
[INFO] [stderr]    |
[INFO] [stderr] help: consider removing the workspace dependency `hcs-admin`
[INFO] [stderr] warning: unused workspace dependency `jyth`
[INFO] [stderr]   --> Cargo.toml:48:25
[INFO] [stderr]    |
[INFO] [stderr] 48 | [workspace.dependencies.jyth]
[INFO] [stderr]    |                         ^^^^
[INFO] [stderr]    |
[INFO] [stderr] help: consider removing the workspace dependency `jyth`
[INFO] [stderr] warning: workspace (manifest) generated 3 warnings
[INFO] [stderr]    Compiling quote v1.0.46
[INFO] [stderr]    Compiling libc v0.2.186
[INFO] [stderr]    Compiling serde_core v1.0.228
[INFO] [stderr]     Checking smallvec v1.15.2
[INFO] [stderr]     Checking memchr v2.8.3
[INFO] [stderr]    Compiling semver v1.0.28
[INFO] [stderr]    Compiling thiserror v2.0.19
[INFO] [stderr]    Compiling rustc_version v0.4.1
[INFO] [stderr]     Checking ipnet v2.12.0
[INFO] [stderr]     Checking bitflags v2.13.0
[INFO] [stderr]    Compiling syn v2.0.118
[INFO] [stderr]    Compiling syn v3.0.3
[INFO] [stderr]    Compiling error-stack v0.8.0
[INFO] [stderr]     Checking subtle v2.6.1
[INFO] [stderr]    Compiling rustix v1.1.4
[INFO] [stderr]     Checking linux-raw-sys v0.12.1
[INFO] [stderr]    Compiling serde v1.0.228
[INFO] [stderr]     Checking log v0.4.33
[INFO] [stderr]    Compiling jobserver v0.1.35
[INFO] [stderr]    Compiling fs_extra v1.3.0
[INFO] [stderr]    Compiling dunce v1.0.5
[INFO] [stderr]    Compiling crossbeam-utils v0.8.22
[INFO] [stderr]    Compiling cc v1.2.67
[INFO] [stderr]     Checking futures-channel v0.3.32
[INFO] [stderr]     Checking getrandom v0.4.3
[INFO] [stderr]     Checking errno v0.3.14
[INFO] [stderr]     Checking signal-hook-registry v1.4.8
[INFO] [stderr]     Checking parking_lot_core v0.9.12
[INFO] [stderr]     Checking socket2 v0.6.5
[INFO] [stderr]     Checking mio v1.2.2
[INFO] [stderr]     Checking parking_lot v0.12.5
[INFO] [stderr]     Checking simdutf8 v0.1.5
[INFO] [stderr]    Compiling serde_json v1.0.150
[INFO] [stderr]    Compiling aws-lc-rs v1.17.1
[INFO] [stderr]     Checking tracing-core v0.1.36
[INFO] [stderr]     Checking http v1.4.2
[INFO] [stderr]     Checking rustls-pki-types v1.15.0
[INFO] [stderr]     Checking uuid v1.23.5
[INFO] [stderr]    Compiling rustls v0.23.42
[INFO] [stderr]    Compiling cmake v0.1.58
[INFO] [stderr]     Checking constant_time_eq v0.4.2
[INFO] [stderr]     Checking form_urlencoded v1.2.2
[INFO] [stderr]     Checking sync_wrapper v1.0.2
[INFO] [stderr]     Checking openssl-probe v0.2.1
[INFO] [stderr]     Checking rustls-native-certs v0.8.4
[INFO] [stderr]    Compiling redb v4.1.0
[INFO] [stderr]     Checking http-body v1.1.0
[INFO] [stderr]     Checking cpio v0.4.1
[INFO] [stderr]     Checking http-body-util v0.1.4
[INFO] [stderr]     Checking filetime v0.2.29
[INFO] [stderr]    Compiling aws-lc-sys v0.42.0
[INFO] [stderr]    Compiling blake3 v1.8.5
[INFO] [stderr]    Compiling thiserror-impl v2.0.19
[INFO] [stderr]    Compiling zstd-sys v2.0.16+zstd.1.5.7
[INFO] [stderr]     Checking aho-corasick v1.1.4
[INFO] [stderr]     Checking regex-syntax v0.8.11
[INFO] [stderr]     Checking vm-model v0.1.0 (/opt/rustwide/workdir/libs/vm-model)
[INFO] [stderr]     Checking winnow v1.0.4
[INFO] [stderr]     Checking hypervisor-api v0.1.0 (/opt/rustwide/workdir/libs/hypervisor-api)
[INFO] [stderr]     Checking hypervisor-hcs v0.1.0 (/opt/rustwide/workdir/libs/hypervisor-hcs)
[INFO] [stderr]     Checking toml_datetime v0.7.5+spec-1.1.0
[INFO] [stderr]     Checking toml_parser v1.1.3+spec-1.1.0
[INFO] [stderr]     Checking serde_spanned v1.1.1
[INFO] [stderr]     Checking toml_writer v1.1.2+spec-1.1.0
[INFO] [stderr]    Compiling escargot v0.5.15
[INFO] [stderr]     Checking winnow v0.7.15
[INFO] [stderr]     Checking hypervisor-kvm v0.1.0 (/opt/rustwide/workdir/libs/hypervisor-kvm)
[INFO] [stderr]    Compiling heck v0.4.1
[INFO] [stderr]    Compiling anyhow v1.0.103
[INFO] [stderr]    Compiling synstructure v0.13.2
[INFO] [stderr]     Checking regex-automata v0.4.16
[INFO] [stderr]     Checking fastrand v2.4.1
[INFO] [stderr]     Checking hypervisor v0.1.0 (/opt/rustwide/workdir/libs/hypervisor)
[INFO] [stderr]     Checking xattr v1.6.1
[INFO] [stderr]     Checking tar v0.4.46
[INFO] [stderr]    Compiling tokio-macros v2.7.0
[INFO] [stderr]    Compiling zerofrom-derive v0.1.7
[INFO] [stderr]    Compiling yoke-derive v0.8.2
[INFO] [stderr]     Checking tokio v1.52.3
[INFO] [stderr]    Compiling serde_derive v1.0.228
[INFO] [stderr]    Compiling zerovec-derive v0.11.3
[INFO] [stderr]    Compiling displaydoc v0.2.6
[INFO] [stderr]     Checking zerofrom v0.1.8
[INFO] [stderr]     Checking yoke v0.8.3
[INFO] [stderr]    Compiling ptr_meta_derive v0.3.1
[INFO] [stderr]     Checking ptr_meta v0.3.1
[INFO] [stderr]     Checking rancor v0.1.2
[INFO] [stderr]    Compiling futures-macro v0.3.32
[INFO] [stderr]    Compiling bytecheck_derive v0.8.2
[INFO] [stderr]     Checking zerovec v0.11.6
[INFO] [stderr]     Checking zerotrie v0.2.4
[INFO] [stderr]     Checking bytecheck v0.8.2
[INFO] [stderr]    Compiling munge_macro v0.4.7
[INFO] [stderr]     Checking futures-util v0.3.32
[INFO] [stderr]     Checking rend v0.5.4
[INFO] [stderr]     Checking tinystr v0.8.3
[INFO] [stderr]     Checking potential_utf v0.1.5
[INFO] [stderr]     Checking icu_collections v2.2.0
[INFO] [stderr]     Checking icu_locale_core v2.2.0
[INFO] [stderr]     Checking munge v0.4.7
[INFO] [stderr]    Compiling tracing-attributes v0.1.31
[INFO] [stderr]     Checking icu_provider v2.2.0
[INFO] [stderr]    Compiling rkyv_derive v0.8.17
[INFO] [stderr]     Checking tracing v0.1.44
[INFO] [stderr]     Checking icu_properties v2.2.0
[INFO] [stderr]     Checking icu_normalizer v2.2.0
[INFO] [stderr]     Checking toml v0.9.12+spec-1.1.0
[INFO] [stderr]     Checking tokio-util v0.7.18
[INFO] [stderr]     Checking hyper v1.10.1
[INFO] [stderr]     Checking idna_adapter v1.2.2
[INFO] [stderr]     Checking tower v0.5.3
[INFO] [stderr]     Checking idna v1.1.0
[INFO] [stderr]     Checking scheduler v0.1.0 (/opt/rustwide/workdir/libs/scheduler)
[INFO] [stderr]     Checking url v2.5.8
[INFO] [stderr]     Checking utf8parse v0.2.2
[INFO] [stderr]     Checking anstyle-parse v1.0.0
[INFO] [stderr]     Checking tower-http v0.6.11
[INFO] [stderr]     Checking hyper-util v0.1.20
[INFO] [stderr]     Checking colorchoice v1.0.5
[INFO] [stderr]     Checking is_terminal_polyfill v1.70.2
[INFO] [stderr]     Checking anstyle v1.0.14
[INFO] [stderr]    Compiling crossbeam-epoch v0.9.20
[INFO] [stderr]     Checking anstyle-query v1.1.5
[INFO] [stderr]     Checking boot-image v0.1.0 (/opt/rustwide/workdir/libs/boot-image)
[INFO] [stderr]     Checking anstream v1.0.0
[INFO] [stderr]     Checking rkyv v0.8.17
[INFO] [stderr]    Compiling sealed v0.5.0
[INFO] [stderr]     Checking terminal_size v0.4.4
[INFO] [stderr]    Compiling zmij v1.0.23
[INFO] [stderr]     Checking strsim v0.11.1
[INFO] [stderr]    Compiling minimal-lexical v0.2.1
[INFO] [stderr]    Compiling crossbeam-deque v0.8.7
[INFO] [stderr]     Checking clap_lex v1.1.0
[INFO] [stderr]    Compiling nom v7.1.3
[INFO] [stderr]    Compiling clap_derive v4.6.1
[INFO] [stderr]     Checking clap_builder v4.6.2
[INFO] [stderr]    Compiling regex v1.13.1
[INFO] [stderr]    Compiling synthez-core v0.3.1
[INFO] [stderr]    Compiling derive_more v0.99.20
[INFO] [stderr]     Checking concurrent-queue v2.5.0
[INFO] [stderr]     Checking bstr v1.13.0
[INFO] [stderr]    Compiling zstd-safe v7.2.4
[INFO] [stderr]    Compiling bytecount v0.6.9
[INFO] [stderr]    Compiling peg-runtime v0.6.3
[INFO] [stderr]     Checking zstd v0.13.3
[INFO] [stderr]     Checking unicode-width v0.2.2
[INFO] [stderr]     Checking same-file v1.0.6
[INFO] [stderr]    Compiling either v1.17.0
[INFO] [stderr]     Checking globset v0.4.19
[INFO] [stderr]     Checking walkdir v2.5.0
[INFO] [stderr]     Checking protocol v0.1.0 (/opt/rustwide/workdir/libs/protocol)
[INFO] [stderr]    Compiling synthez-codegen v0.3.1
[INFO] [stderr]    Compiling peg-macros v0.6.3
[INFO] [stderr]    Compiling gherkin v0.14.0
[INFO] [stderr]    Compiling nom_locate v4.2.0
[INFO] [stderr]     Checking clap v4.6.2
[INFO] [stderr]    Compiling thiserror-impl v1.0.69
[INFO] [stderr]     Checking guest-client v0.1.0 (/opt/rustwide/workdir/libs/guest-client)
[INFO] [stderr]     Checking com v0.1.0 (/opt/rustwide/workdir/libs/com)
[INFO] [stderr]    Compiling typed-builder-macro v0.15.2
[INFO] [stderr]     Checking smawk v0.3.3
[INFO] [stderr]     Checking unicode-linebreak v0.1.5
[INFO] [stderr]     Checking jyth-runtime v0.1.0 (/opt/rustwide/workdir/libs/jyth-runtime)
[INFO] [stderr]    Compiling regex-syntax v0.7.5
[INFO] [stderr]     Checking textwrap v0.16.2
[INFO] [stderr]     Checking peg v0.6.3
[INFO] [stderr]     Checking ignore v0.4.31
[INFO] [stderr]    Compiling synthez v0.3.1
[INFO] [stderr]    Compiling itertools v0.13.0
[INFO] [stderr]    Compiling lazy-regex-proc_macros v3.6.1
[INFO] [stderr]     Checking typed-builder v0.15.2
[INFO] [stderr]     Checking futures-executor v0.3.32
[INFO] [stderr]     Checking thiserror v1.0.69
[INFO] [stderr]    Compiling pin-project-internal v1.1.13
[INFO] [stderr]    Compiling inflections v1.1.1
[INFO] [stderr]     Checking globwalk v0.9.1
[INFO] [stderr]     Checking lazy-regex v3.6.1
[INFO] [stderr]     Checking futures v0.3.32
[INFO] [stderr]     Checking console v0.15.11
[INFO] [stderr]    Compiling smart-default v0.7.1
[INFO] [stderr]     Checking hcs-admin v0.1.0 (/opt/rustwide/workdir/libs/hcs-admin)
[INFO] [stderr]     Checking linked-hash-map v0.5.6
[INFO] [stderr]     Checking humantime v2.4.0
[INFO] [stderr]     Checking pin-project v1.1.13
[INFO] [stderr]     Checking inventory v0.3.24
[INFO] [stderr]     Checking drain_filter_polyfill v0.1.3
[INFO] [stderr]     Checking event-listener v5.4.1
[INFO] [stderr]     Checking futures-lite v2.6.1
[INFO] [stderr]     Checking polling v3.11.0
[INFO] [stderr]     Checking piper v0.2.5
[INFO] [stderr]     Checking event-listener-strategy v0.5.4
[INFO] [stderr]     Checking tempfile v3.27.0
[INFO] [stderr]     Checking async-channel v2.5.0
[INFO] [stderr]     Checking async-lock v3.4.2
[INFO] [stderr]    Compiling cucumber-expressions v0.3.0
[INFO] [stderr]    Compiling cfg_aliases v0.2.1
[INFO] [stderr]    Compiling nix v0.31.3
[INFO] [stderr]     Checking lazy_static v1.5.0
[INFO] [stderr]     Checking sharded-slab v0.1.7
[INFO] [stderr]     Checking matchers v0.2.0
[INFO] [stderr]     Checking async-io v2.6.0
[INFO] [stderr]     Checking blocking v1.6.2
[INFO] [stderr]     Checking async-executor v1.14.0
[INFO] [stderr]     Checking async-fs v2.2.0
[INFO] [stderr]     Checking tracing-log v0.2.0
[INFO] [stderr]     Checking thread_local v1.1.10
[INFO] [stderr]     Checking nu-ansi-term v0.50.3
[INFO] [stderr]    Compiling cucumber-codegen v0.21.1
[INFO] [stderr]     Checking async-signal v0.2.14
[INFO] [stderr]     Checking async-net v2.0.0
[INFO] [stderr]     Checking async-process v2.5.0
[INFO] [stderr]     Checking tracing-subscriber v0.3.23
[INFO] [stderr]     Checking smol v2.0.2
[INFO] [stderr]     Checking init v0.1.0 (/opt/rustwide/workdir/libs/init)
[INFO] [stdout] warning: use of deprecated method `std::sync::atomic::Atomic::<u64>::fetch_update`: renamed to `try_update` for consistency
[INFO] [stdout]    --> libs/init/src/bus/dispatch.rs:511:10
[INFO] [stdout]     |
[INFO] [stdout] 511 |         .fetch_update(Ordering::Relaxed, Ordering::Relaxed, |current| {
[INFO] [stdout]     |          ^^^^^^^^^^^^
[INFO] [stdout]     |
[INFO] [stdout]     = note: `#[warn(deprecated)]` on by default
[INFO] [stdout] help: replace the use of the deprecated method
[INFO] [stdout]     |
[INFO] [stdout] 511 -         .fetch_update(Ordering::Relaxed, Ordering::Relaxed, |current| {
[INFO] [stdout] 511 +         .try_update(Ordering::Relaxed, Ordering::Relaxed, |current| {
[INFO] [stdout]     |
[INFO] [stdout] 
[INFO] [stdout] 
[INFO] [stdout] warning: use of deprecated method `std::sync::atomic::Atomic::<u64>::fetch_update`: renamed to `try_update` for consistency
[INFO] [stdout]    --> libs/init/src/bus/dispatch.rs:511:10
[INFO] [stdout]     |
[INFO] [stdout] 511 |         .fetch_update(Ordering::Relaxed, Ordering::Relaxed, |current| {
[INFO] [stdout]     |          ^^^^^^^^^^^^
[INFO] [stdout]     |
[INFO] [stdout]     = note: `#[warn(deprecated)]` on by default
[INFO] [stdout] help: replace the use of the deprecated method
[INFO] [stdout]     |
[INFO] [stdout] 511 -         .fetch_update(Ordering::Relaxed, Ordering::Relaxed, |current| {
[INFO] [stdout] 511 +         .try_update(Ordering::Relaxed, Ordering::Relaxed, |current| {
[INFO] [stdout]     |
[INFO] [stdout] 
[INFO] [stdout] 
[INFO] [stderr]     Checking cucumber v0.21.1
[INFO] [stderr]     Checking arch-tests v0.1.0 (/opt/rustwide/workdir/tests/arch)
[INFO] [stdout] warning: unused variable: `e`
[INFO] [stdout]    --> libs/init/src/bus/dispatch.rs:145:28
[INFO] [stdout]     |
[INFO] [stdout] 145 |                 if let Err(e) = handle_connection(stream, pm, cancel, authentication, peer).await {
[INFO] [stdout]     |                            ^ help: if this is intentional, prefix it with an underscore: `_e`
[INFO] [stdout]     |
[INFO] [stdout]     = note: `#[warn(unused_variables)]` (part of `#[warn(unused)]`) on by default
[INFO] [stdout] 
[INFO] [stdout] 
[INFO] [stdout] warning: unused variable: `e`
[INFO] [stdout]    --> libs/init/src/bus/dispatch.rs:687:24
[INFO] [stdout]     |
[INFO] [stdout] 687 |             if let Err(e) =
[INFO] [stdout]     |                        ^ help: if this is intentional, prefix it with an underscore: `_e`
[INFO] [stdout] 
[INFO] [stdout] 
[INFO] [stdout] warning: unused variable: `e`
[INFO] [stdout]    --> libs/init/src/bus/dispatch.rs:713:24
[INFO] [stdout]     |
[INFO] [stdout] 713 |             if let Err(e) =
[INFO] [stdout]     |                        ^ help: if this is intentional, prefix it with an underscore: `_e`
[INFO] [stdout] 
[INFO] [stdout] 
[INFO] [stdout] warning: unused variable: `port`
[INFO] [stdout]    --> libs/init/src/bus/dispatch.rs:886:29
[INFO] [stdout]     |
[INFO] [stdout] 886 |         Command::PortBind { port } => {
[INFO] [stdout]     |                             ^^^^ help: try ignoring the field: `port: _`
[INFO] [stdout] 
[INFO] [stdout] 
[INFO] [stdout] warning: unused variable: `e`
[INFO] [stdout]    --> libs/init/src/bus/dispatch.rs:145:28
[INFO] [stdout]     |
[INFO] [stdout] 145 |                 if let Err(e) = handle_connection(stream, pm, cancel, authentication, peer).await {
[INFO] [stdout]     |                            ^ help: if this is intentional, prefix it with an underscore: `_e`
[INFO] [stdout]     |
[INFO] [stdout]     = note: `#[warn(unused_variables)]` (part of `#[warn(unused)]`) on by default
[INFO] [stdout] 
[INFO] [stdout] 
[INFO] [stdout] warning: unused variable: `e`
[INFO] [stdout]    --> libs/init/src/bus/dispatch.rs:687:24
[INFO] [stdout]     |
[INFO] [stdout] 687 |             if let Err(e) =
[INFO] [stdout]     |                        ^ help: if this is intentional, prefix it with an underscore: `_e`
[INFO] [stdout] 
[INFO] [stdout] 
[INFO] [stdout] warning: unused variable: `e`
[INFO] [stdout]    --> libs/init/src/bus/dispatch.rs:713:24
[INFO] [stdout]     |
[INFO] [stdout] 713 |             if let Err(e) =
[INFO] [stdout]     |                        ^ help: if this is intentional, prefix it with an underscore: `_e`
[INFO] [stdout] 
[INFO] [stdout] 
[INFO] [stdout] warning: unused variable: `port`
[INFO] [stdout]    --> libs/init/src/bus/dispatch.rs:886:29
[INFO] [stdout]     |
[INFO] [stdout] 886 |         Command::PortBind { port } => {
[INFO] [stdout]     |                             ^^^^ help: try ignoring the field: `port: _`
[INFO] [stdout] 
[INFO] [stdout] 
[INFO] [stdout] warning: method `is_complete` is never used
[INFO] [stdout]   --> libs/init/src/components/process_manager.rs:66:8
[INFO] [stdout]    |
[INFO] [stdout] 38 | impl Completion {
[INFO] [stdout]    | --------------- method in this implementation
[INFO] [stdout] ...
[INFO] [stdout] 66 |     fn is_complete(&self) -> bool {
[INFO] [stdout]    |        ^^^^^^^^^^^
[INFO] [stdout]    |
[INFO] [stdout]    = note: `#[warn(dead_code)]` (part of `#[warn(unused)]`) on by default
[INFO] [stdout] 
[INFO] [stdout] 
[INFO] [stdout] warning: field `uuid` is never read
[INFO] [stdout]    --> libs/init/src/components/process_manager.rs:602:16
[INFO] [stdout]     |
[INFO] [stdout] 601 | pub(crate) struct Process {
[INFO] [stdout]     |                   ------- field in this struct
[INFO] [stdout] 602 |     pub(crate) uuid: Uuid,
[INFO] [stdout]     |                ^^^^
[INFO] [stdout] 
[INFO] [stdout] 
[INFO] [stdout] warning: variant `NotFoundKernelModules` is never constructed
[INFO] [stdout]   --> libs/init/src/errors/mod.rs:31:5
[INFO] [stdout]    |
[INFO] [stdout] 11 | pub enum InitError {
[INFO] [stdout]    |          --------- variant in this enum
[INFO] [stdout] ...
[INFO] [stdout] 31 |     NotFoundKernelModules,
[INFO] [stdout]    |     ^^^^^^^^^^^^^^^^^^^^^
[INFO] [stdout]    |
[INFO] [stdout]    = note: `InitError` has derived impls for the traits `Clone` and `Debug`, but these are intentionally ignored during dead code analysis
[INFO] [stdout] 
[INFO] [stdout] 
[INFO] [stdout] warning: function `bring_up_net` is never used
[INFO] [stdout]    --> libs/init/src/ops/bring_up_net.rs:134:15
[INFO] [stdout]     |
[INFO] [stdout] 134 | pub(crate) fn bring_up_net() -> InitResult<()> {
[INFO] [stdout]     |               ^^^^^^^^^^^^
[INFO] [stdout] 
[INFO] [stdout] 
[INFO] [stderr]     Checking runtime-isolation-fixture v0.1.0 (/opt/rustwide/workdir/tests/fixtures/runtime-isolation)
[INFO] [stdout] error[E0433]: cannot find `Session` in `hypervisor`
[INFO] [stdout]    --> tests/fixtures/runtime-isolation/src/main.rs:119:31
[INFO] [stdout]     |
[INFO] [stdout] 119 |     let session = hypervisor::Session::open(state_root)
[INFO] [stdout]     |                               ^^^^^^^ could not find `Session` in `hypervisor`
[INFO] [stdout]     |
[INFO] [stdout] note: found an item that was configured out
[INFO] [stdout]    --> libs/hypervisor/src/lib.rs:41:26
[INFO] [stdout]     |
[INFO] [stdout]  40 | #[cfg(target_os = "windows")]
[INFO] [stdout]     |       --------------------- the item is gated behind the `windows` feature
[INFO] [stdout]  41 | pub use hypervisor_hcs::{Session, Vm};
[INFO] [stdout]     |                          ^^^^^^^
[INFO] [stdout] 
[INFO] [stdout] 
[INFO] [stdout] warning: method `is_complete` is never used
[INFO] [stdout]   --> libs/init/src/components/process_manager.rs:66:8
[INFO] [stdout]    |
[INFO] [stdout] 38 | impl Completion {
[INFO] [stdout]    | --------------- method in this implementation
[INFO] [stdout] ...
[INFO] [stdout] 66 |     fn is_complete(&self) -> bool {
[INFO] [stdout]    |        ^^^^^^^^^^^
[INFO] [stdout]    |
[INFO] [stdout]    = note: `#[warn(dead_code)]` (part of `#[warn(unused)]`) on by default
[INFO] [stdout] 
[INFO] [stdout] 
[INFO] [stdout] warning: field `uuid` is never read
[INFO] [stdout]    --> libs/init/src/components/process_manager.rs:602:16
[INFO] [stdout]     |
[INFO] [stdout] 601 | pub(crate) struct Process {
[INFO] [stdout]     |                   ------- field in this struct
[INFO] [stdout] 602 |     pub(crate) uuid: Uuid,
[INFO] [stdout]     |                ^^^^
[INFO] [stdout] 
[INFO] [stdout] 
[INFO] [stdout] warning: variant `NotFoundKernelModules` is never constructed
[INFO] [stdout]   --> libs/init/src/errors/mod.rs:31:5
[INFO] [stdout]    |
[INFO] [stdout] 11 | pub enum InitError {
[INFO] [stdout]    |          --------- variant in this enum
[INFO] [stdout] ...
[INFO] [stdout] 31 |     NotFoundKernelModules,
[INFO] [stdout]    |     ^^^^^^^^^^^^^^^^^^^^^
[INFO] [stdout]    |
[INFO] [stdout]    = note: `InitError` has derived impls for the traits `Clone` and `Debug`, but these are intentionally ignored during dead code analysis
[INFO] [stdout] 
[INFO] [stdout] 
[INFO] [stdout] warning: associated function `parse` is never used
[INFO] [stdout]   --> libs/init/src/ops/bring_up_net.rs:45:19
[INFO] [stdout]    |
[INFO] [stdout] 39 | impl NetConfig {
[INFO] [stdout]    | -------------- associated function in this implementation
[INFO] [stdout] ...
[INFO] [stdout] 45 |     pub(crate) fn parse(cmdline: &str) -> InitResult<Option<Self>> {
[INFO] [stdout]    |                   ^^^^^
[INFO] [stdout] 
[INFO] [stdout] 
[INFO] [stdout] warning: function `bring_up_net` is never used
[INFO] [stdout]    --> libs/init/src/ops/bring_up_net.rs:134:15
[INFO] [stdout]     |
[INFO] [stdout] 134 | pub(crate) fn bring_up_net() -> InitResult<()> {
[INFO] [stdout]     |               ^^^^^^^^^^^^
[INFO] [stdout] 
[INFO] [stdout] 
[INFO] [stdout] error[E0433]: cannot find `Session` in `hypervisor`
[INFO] [stdout]    --> tests/fixtures/runtime-isolation/src/main.rs:195:31
[INFO] [stdout]     |
[INFO] [stdout] 195 |     let session = hypervisor::Session::open(&state_root)
[INFO] [stdout]     |                               ^^^^^^^ could not find `Session` in `hypervisor`
[INFO] [stdout]     |
[INFO] [stdout] note: found an item that was configured out
[INFO] [stdout]    --> libs/hypervisor/src/lib.rs:41:26
[INFO] [stdout]     |
[INFO] [stdout]  40 | #[cfg(target_os = "windows")]
[INFO] [stdout]     |       --------------------- the item is gated behind the `windows` feature
[INFO] [stdout]  41 | pub use hypervisor_hcs::{Session, Vm};
[INFO] [stdout]     |                          ^^^^^^^
[INFO] [stdout] 
[INFO] [stdout] 
[INFO] [stderr]     Checking journal-lock-hold v0.1.0 (/opt/rustwide/workdir/tests/fixtures/journal-lock-hold)
[INFO] [stdout] error[E0599]: no associated function or constant named `new_with_session` found for struct `Vm` in the current scope
[INFO] [stdout]    --> tests/fixtures/runtime-isolation/src/main.rs:122:30
[INFO] [stdout]     |
[INFO] [stdout] 122 |     let vm = hypervisor::Vm::new_with_session(
[INFO] [stdout]     |                              ^^^^^^^^^^^^^^^^ associated function or constant not found in `Vm`
[INFO] [stdout] 
[INFO] [stdout] 
[INFO] [stderr]     Checking tracing v0.1.0 (/opt/rustwide/workdir/util/tracing)
[INFO] [stdout] error[E0599]: no associated function or constant named `new_with_session` found for struct `Vm` in the current scope
[INFO] [stdout]    --> tests/fixtures/runtime-isolation/src/main.rs:198:30
[INFO] [stdout]     |
[INFO] [stdout] 198 |     let vm = hypervisor::Vm::new_with_session(
[INFO] [stdout]     |                              ^^^^^^^^^^^^^^^^ associated function or constant not found in `Vm`
[INFO] [stdout] 
[INFO] [stdout] 
[INFO] [stdout] error[E0433]: cannot find `journal` in `hypervisor_hcs`
[INFO] [stdout]   --> tests/fixtures/journal-lock-hold/src/main.rs:35:36
[INFO] [stdout]    |
[INFO] [stdout] 35 |     let _session = hypervisor_hcs::journal::SessionJournal::create_current(&root, session_id)
[INFO] [stdout]    |                                    ^^^^^^^ could not find `journal` in `hypervisor_hcs`
[INFO] [stdout] 
[INFO] [stdout] 
[INFO] [stdout] For more information about this error, try `rustc --explain E0433`.
[INFO] [stdout] 
[INFO] [stderr] error: could not compile `journal-lock-hold` (bin "journal-lock-hold" test) due to 1 previous error
[INFO] [stderr] warning: build failed, waiting for other jobs to finish...
[INFO] [stdout] error[E0433]: cannot find `Session` in `hypervisor`
[INFO] [stdout]    --> tests/fixtures/runtime-isolation/src/main.rs:119:31
[INFO] [stdout]     |
[INFO] [stdout] 119 |     let session = hypervisor::Session::open(state_root)
[INFO] [stdout]     |                               ^^^^^^^ could not find `Session` in `hypervisor`
[INFO] [stdout]     |
[INFO] [stdout] note: found an item that was configured out
[INFO] [stdout]    --> libs/hypervisor/src/lib.rs:41:26
[INFO] [stdout]     |
[INFO] [stdout]  40 | #[cfg(target_os = "windows")]
[INFO] [stdout]     |       --------------------- the item is gated behind the `windows` feature
[INFO] [stdout]  41 | pub use hypervisor_hcs::{Session, Vm};
[INFO] [stdout]     |                          ^^^^^^^
[INFO] [stdout] 
[INFO] [stdout] 
[INFO] [stdout] error[E0433]: cannot find `Session` in `hypervisor`
[INFO] [stdout]    --> tests/fixtures/runtime-isolation/src/main.rs:195:31
[INFO] [stdout]     |
[INFO] [stdout] 195 |     let session = hypervisor::Session::open(&state_root)
[INFO] [stdout]     |                               ^^^^^^^ could not find `Session` in `hypervisor`
[INFO] [stdout]     |
[INFO] [stdout] note: found an item that was configured out
[INFO] [stdout]    --> libs/hypervisor/src/lib.rs:41:26
[INFO] [stdout]     |
[INFO] [stdout]  40 | #[cfg(target_os = "windows")]
[INFO] [stdout]     |       --------------------- the item is gated behind the `windows` feature
[INFO] [stdout]  41 | pub use hypervisor_hcs::{Session, Vm};
[INFO] [stdout]     |                          ^^^^^^^
[INFO] [stdout] 
[INFO] [stdout] 
[INFO] [stdout] Some errors have detailed explanations: E0433, E0599.
[INFO] [stdout] 
[INFO] [stdout] For more information about an error, try `rustc --explain E0433`.
[INFO] [stdout] 
[INFO] [stdout] error[E0599]: no associated function or constant named `new_with_session` found for struct `Vm` in the current scope
[INFO] [stdout]    --> tests/fixtures/runtime-isolation/src/main.rs:122:30
[INFO] [stdout]     |
[INFO] [stdout] 122 |     let vm = hypervisor::Vm::new_with_session(
[INFO] [stdout]     |                              ^^^^^^^^^^^^^^^^ associated function or constant not found in `Vm`
[INFO] [stdout] 
[INFO] [stdout] 
[INFO] [stderr] error: could not compile `runtime-isolation-fixture` (bin "runtime-isolation-fixture" test) due to 4 previous errors
[INFO] [stdout] error[E0599]: no associated function or constant named `new_with_session` found for struct `Vm` in the current scope
[INFO] [stdout]    --> tests/fixtures/runtime-isolation/src/main.rs:198:30
[INFO] [stdout]     |
[INFO] [stdout] 198 |     let vm = hypervisor::Vm::new_with_session(
[INFO] [stdout]     |                              ^^^^^^^^^^^^^^^^ associated function or constant not found in `Vm`
[INFO] [stdout] 
[INFO] [stdout] 
[INFO] [stdout] Some errors have detailed explanations: E0433, E0599.
[INFO] [stdout] 
[INFO] [stdout] For more information about an error, try `rustc --explain E0433`.
[INFO] [stdout] 
[INFO] [stderr] error: could not compile `runtime-isolation-fixture` (bin "runtime-isolation-fixture") due to 4 previous errors
[INFO] [stderr] warning: unused dependency `vm-model`
[INFO] [stderr]  --> libs/boot-image/Cargo.toml:9:1
[INFO] [stderr]   |
[INFO] [stderr] 9 | vm-model = { workspace = true }
[INFO] [stderr]   | ^^^^^^^^^^^^^^^^^^^^^^^^^^^^^^^
[INFO] [stderr]   |
[INFO] [stderr]   = note: `cargo::unused_dependencies` is set to `warn` by default
[INFO] [stderr] help: consider removing the dependency on `vm-model`
[INFO] [stderr] warning: `boot-image` (manifest) generated 1 warning
[INFO] [stderr] warning: unused dependency `hypervisor-hcs`
[INFO] [stderr]  --> libs/hcs-admin/Cargo.toml:9:1
[INFO] [stderr]   |
[INFO] [stderr] 9 | hypervisor-hcs = { workspace = true }
[INFO] [stderr]   | ^^^^^^^^^^^^^^^^^^^^^^^^^^^^^^^^^^^^^
[INFO] [stderr]   |
[INFO] [stderr]   = note: `cargo::unused_dependencies` is set to `warn` by default
[INFO] [stderr] help: consider removing the dependency on `hypervisor-hcs`
[INFO] [stderr] warning: `hcs-admin` (manifest) generated 1 warning
[INFO] [stderr] warning: unused dependency `hypervisor-hcs`
[INFO] [stderr]   --> libs/hypervisor/Cargo.toml:11:1
[INFO] [stderr]    |
[INFO] [stderr] 11 | hypervisor-hcs = { workspace = true }
[INFO] [stderr]    | ^^^^^^^^^^^^^^^^^^^^^^^^^^^^^^^^^^^^^
[INFO] [stderr]    |
[INFO] [stderr]    = note: `cargo::unused_dependencies` is set to `warn` by default
[INFO] [stderr] help: consider removing the dependency on `hypervisor-hcs`
[INFO] [stderr] warning: `hypervisor` (manifest) generated 1 warning
[INFO] [stderr] warning: unused dependency `error-stack`
[INFO] [stderr]   --> libs/hypervisor-hcs/Cargo.toml:11:1
[INFO] [stderr]    |
[INFO] [stderr] 11 | error-stack    = { workspace = true }
[INFO] [stderr]    | ^^^^^^^^^^^^^^^^^^^^^^^^^^^^^^^^^^^^^
[INFO] [stderr]    |
[INFO] [stderr]    = note: `cargo::unused_dependencies` is set to `warn` by default
[INFO] [stderr] help: consider removing the dependency on `error-stack`
[INFO] [stderr] warning: unused dependency `hypervisor-api`
[INFO] [stderr]  --> libs/hypervisor-hcs/Cargo.toml:9:1
[INFO] [stderr]   |
[INFO] [stderr] 9 | hypervisor-api = { workspace = true }
[INFO] [stderr]   | ^^^^^^^^^^^^^^^^^^^^^^^^^^^^^^^^^^^^^
[INFO] [stderr]   |
[INFO] [stderr] help: consider removing the dependency on `hypervisor-api`
[INFO] [stderr] warning: unused dependency `sha2`
[INFO] [stderr]   --> libs/hypervisor-hcs/Cargo.toml:14:1
[INFO] [stderr]    |
[INFO] [stderr] 14 | sha2           = { workspace = true }
[INFO] [stderr]    | ^^^^^^^^^^^^^^^^^^^^^^^^^^^^^^^^^^^^^
[INFO] [stderr]    |
[INFO] [stderr] help: consider removing the dependency on `sha2`
[INFO] [stderr] warning: `hypervisor-hcs` (manifest) generated 3 warnings
[INFO] running `Command { std: "docker" "inspect" "477a3307f3d499c7704a3e74c6fdcf3659dbb49fa9cdfd1350e3ef3e5d034933", kill_on_drop: false }`
[INFO] running `Command { std: "docker" "rm" "-f" "477a3307f3d499c7704a3e74c6fdcf3659dbb49fa9cdfd1350e3ef3e5d034933", kill_on_drop: false }`
[INFO] [stdout] 477a3307f3d499c7704a3e74c6fdcf3659dbb49fa9cdfd1350e3ef3e5d034933
