[INFO] cloning repository https://github.com/vastamaki/cs2-linguist
[INFO] running `Command { std: "git" "-c" "credential.helper=" "-c" "credential.helper=/workspace/cargo-home/bin/git-credential-null" "clone" "--bare" "https://github.com/vastamaki/cs2-linguist" "/workspace/cache/git-repos/https%3A%2F%2Fgithub.com%2Fvastamaki%2Fcs2-linguist", kill_on_drop: false }`
[INFO] [stderr] Cloning into bare repository '/workspace/cache/git-repos/https%3A%2F%2Fgithub.com%2Fvastamaki%2Fcs2-linguist'...
[INFO] running `Command { std: "git" "rev-parse" "HEAD", kill_on_drop: false }`
[INFO] [stdout] 5c6ae33c0a4ad5787f5392a29be11f1308b031b6
[INFO] checking vastamaki/cs2-linguist against 3154cc1a3e6424e44f438a95007d043ed5ceaaf6+rustflags=-Znext-solver=coherence for pr-133502-30
[INFO] running `Command { std: "git" "clone" "/workspace/cache/git-repos/https%3A%2F%2Fgithub.com%2Fvastamaki%2Fcs2-linguist" "/workspace/builds/worker-0-tc1/source", kill_on_drop: false }`
[INFO] [stderr] Cloning into '/workspace/builds/worker-0-tc1/source'...
[INFO] [stderr] done.
[INFO] started tweaking git repo https://github.com/vastamaki/cs2-linguist
[INFO] finished tweaking git repo https://github.com/vastamaki/cs2-linguist
[INFO] tweaked toml for git repo https://github.com/vastamaki/cs2-linguist written to /workspace/builds/worker-0-tc1/source/Cargo.toml
[INFO] validating manifest of git repo https://github.com/vastamaki/cs2-linguist on toolchain 3154cc1a3e6424e44f438a95007d043ed5ceaaf6
[INFO] running `Command { std: CARGO_HOME="/workspace/cargo-home" RUSTUP_HOME="/workspace/rustup-home" "/workspace/cargo-home/bin/cargo" "+3154cc1a3e6424e44f438a95007d043ed5ceaaf6" "metadata" "--manifest-path" "Cargo.toml" "--no-deps", kill_on_drop: false }`
[INFO] crate git repo https://github.com/vastamaki/cs2-linguist already has a lockfile, it will not be regenerated
[INFO] running `Command { std: CARGO_HOME="/workspace/cargo-home" RUSTUP_HOME="/workspace/rustup-home" "/workspace/cargo-home/bin/cargo" "+3154cc1a3e6424e44f438a95007d043ed5ceaaf6" "fetch" "--manifest-path" "Cargo.toml", kill_on_drop: false }`
[INFO] [stderr]     Updating crates.io index
[INFO] [stderr]  Downloading crates ...
[INFO] [stderr]   Downloaded tauri-plugin-single-instance v2.4.4
[INFO] [stderr]   Downloaded whatlang v0.18.0
[INFO] [stderr]   Downloaded cxxbridge-flags v1.0.202
[INFO] [stderr]   Downloaded cxxbridge-cmd v1.0.202
[INFO] [stderr]   Downloaded cxx-build v1.0.202
[INFO] [stderr]   Downloaded cxxbridge-macro v1.0.202
[INFO] [stderr]   Downloaded sentencepiece v0.13.2
[INFO] [stderr]   Downloaded cxx v1.0.202
[INFO] [stderr]   Downloaded isolang v2.4.0
[INFO] [stderr]   Downloaded sentencepiece-sys v0.13.2
[INFO] [stderr]   Downloaded ct2rs v0.10.1
[INFO] running `Command { std: "docker" "create" "-v" "/var/lib/crater-agent-workspace/builds/worker-0-tc1/source:/opt/rustwide/workdir:ro,Z" "-v" "/var/lib/crater-agent-workspace/builds/worker-0-tc1/target:/opt/rustwide/target:rw,Z" "-v" "/var/lib/crater-agent-workspace/cargo-home:/opt/rustwide/cargo-home:ro,Z" "-v" "/var/lib/crater-agent-workspace/rustup-home:/opt/rustwide/rustup-home:ro,Z" "-m" "1610612736" "--network" "none" "ghcr.io/rust-lang/crates-build-env/linux@sha256:77db811e55d90add9212f6832c23229e3de5f1c1f9905e8cb07319ea15df73ac" "sleep" "infinity", kill_on_drop: false }`
[INFO] [stdout] 30083a82678a0a393d49dcd38b84626e840d422306dbf1a1e19b4bff31101bce
[INFO] running `Command { std: "docker" "start" "30083a82678a0a393d49dcd38b84626e840d422306dbf1a1e19b4bff31101bce", kill_on_drop: false }`
[INFO] running `Command { std: "docker" "inspect" "30083a82678a0a393d49dcd38b84626e840d422306dbf1a1e19b4bff31101bce", kill_on_drop: false }`
[INFO] running `Command { std: "docker" "exec" "-e" "SOURCE_DIR=/opt/rustwide/workdir" "-e" "CARGO_HOME=/opt/rustwide/cargo-home" "-e" "RUSTUP_HOME=/opt/rustwide/rustup-home" "-e" "CARGO_TARGET_DIR=/opt/rustwide/target" "-w" "/opt/rustwide/workdir" "--user" "0:0" "30083a82678a0a393d49dcd38b84626e840d422306dbf1a1e19b4bff31101bce" "/opt/rustwide/cargo-home/bin/cargo" "+3154cc1a3e6424e44f438a95007d043ed5ceaaf6" "metadata" "--no-deps" "--format-version=1", kill_on_drop: false }`
[INFO] running `Command { std: "docker" "inspect" "30083a82678a0a393d49dcd38b84626e840d422306dbf1a1e19b4bff31101bce", kill_on_drop: false }`
[INFO] running `Command { std: "docker" "exec" "-e" "SOURCE_DIR=/opt/rustwide/workdir" "-e" "CARGO_HOME=/opt/rustwide/cargo-home" "-e" "RUSTUP_HOME=/opt/rustwide/rustup-home" "-e" "CARGO_TARGET_DIR=/opt/rustwide/target" "-e" "CARGO_INCREMENTAL=0" "-e" "RUST_BACKTRACE=full" "-e" "RUSTFLAGS=--cap-lints=forbid -Znext-solver=coherence" "-e" "RUSTDOCFLAGS=--cap-lints=forbid" "-w" "/opt/rustwide/workdir" "--user" "0:0" "30083a82678a0a393d49dcd38b84626e840d422306dbf1a1e19b4bff31101bce" "/opt/rustwide/cargo-home/bin/cargo" "+3154cc1a3e6424e44f438a95007d043ed5ceaaf6" "check" "--frozen" "--all" "--all-targets" "--message-format=json", kill_on_drop: false }`
[INFO] [stderr]    Compiling syn v3.0.5
[INFO] [stderr]    Compiling syn v2.0.119
[INFO] [stderr]    Compiling cc v1.4.6
[INFO] [stderr]    Compiling parking_lot_core v0.9.12
[INFO] [stderr]    Compiling uuid v1.26.1
[INFO] [stderr]    Compiling toml v1.1.6+spec-1.1.0
[INFO] [stderr]    Compiling either v1.18.0
[INFO] [stderr]    Compiling crc32fast v1.5.2
[INFO] [stderr]    Compiling clang-sys v1.9.1
[INFO] [stderr]    Compiling toml_edit v0.25.15+spec-1.1.0
[INFO] [stderr]    Compiling prettyplease v0.2.37
[INFO] [stderr]     Checking indexmap v2.14.2
[INFO] [stderr]     Checking concurrent-queue v2.5.0
[INFO] [stderr]     Checking crossbeam-channel v0.5.17
[INFO] [stderr]    Compiling minimal-lexical v0.2.1
[INFO] [stderr]    Compiling itertools v0.13.0
[INFO] [stderr]    Compiling parking_lot v0.12.5
[INFO] [stderr]    Compiling flate2 v1.1.10
[INFO] [stderr]    Compiling nom v7.1.3
[INFO] [stderr]    Compiling cfb v0.7.3
[INFO] [stderr]    Compiling tauri-runtime v2.11.3
[INFO] [stderr]    Compiling bindgen v0.72.1
[INFO] [stderr]    Compiling string_cache v0.9.0
[INFO] [stderr]    Compiling wry v0.55.1
[INFO] [stderr]    Compiling png v0.17.16
[INFO] [stderr]     Checking rustix v1.1.4
[INFO] [stderr]     Checking sha2 v0.10.9
[INFO] [stderr]    Compiling proc-macro-crate v3.5.0
[INFO] [stderr]     Checking getrandom v0.2.17
[INFO] [stderr]    Compiling scratch v1.0.9
[INFO] [stderr]    Compiling tauri-runtime-wry v2.11.4
[INFO] [stderr]    Compiling infer v0.19.0
[INFO] [stderr]    Compiling cmake v0.1.58
[INFO] [stderr]    Compiling embed-resource v3.0.11
[INFO] [stderr]     Checking png v0.18.1
[INFO] [stderr]    Compiling termcolor v1.4.1
[INFO] [stderr]    Compiling tauri-winres v0.3.6
[INFO] [stderr]    Compiling cxxbridge-flags v1.0.202
[INFO] [stderr]    Compiling rustls v0.23.45
[INFO] [stderr]     Checking async-channel v2.5.0
[INFO] [stderr]    Compiling rfd v0.16.0
[INFO] [stderr]    Compiling codespan-reporting v0.13.1
[INFO] [stderr]     Checking ipnet v2.12.2
[INFO] [stderr]     Checking async-executor v1.14.0
[INFO] [stderr]    Compiling ico v0.5.0
[INFO] [stderr]     Checking blocking v1.7.0
[INFO] [stderr]     Checking phf_shared v0.11.3
[INFO] [stderr]     Checking foldhash v0.2.0
[INFO] [stderr]    Compiling whisper-rs v0.16.0
[INFO] [stderr]    Compiling ring v0.17.14
[INFO] [stderr]    Compiling link-cplusplus v1.0.12
[INFO] [stderr]    Compiling cxx v1.0.202
[INFO] [stderr]    Compiling sentencepiece-sys v0.13.2
[INFO] [stderr]     Checking phf v0.11.3
[INFO] [stderr]     Checking whatlang v0.18.0
[INFO] [stderr]     Checking isolang v2.4.0
[INFO] [stderr]     Checking hound v3.5.1
[INFO] [stderr]    Compiling cexpr v0.6.0
[INFO] [stderr] error: could not compile `syn` (lib)
[INFO] [stderr] 
[INFO] [stderr] Caused by:
[INFO] [stderr]   process didn't exit successfully: `/opt/rustwide/rustup-home/toolchains/3154cc1a3e6424e44f438a95007d043ed5ceaaf6/bin/rustc --crate-name syn --edition=2021 /opt/rustwide/cargo-home/registry/src/index.crates.io-1949cf8c6b5b557f/syn-2.0.119/src/lib.rs --error-format=json --json=diagnostic-rendered-ansi,artifacts,future-incompat,unused-externs-silent --crate-type lib --emit=dep-info,metadata,link -Z embed-metadata=no -C embed-bitcode=no --cfg 'feature="clone-impls"' --cfg 'feature="default"' --cfg 'feature="derive"' --cfg 'feature="extra-traits"' --cfg 'feature="full"' --cfg 'feature="parsing"' --cfg 'feature="printing"' --cfg 'feature="proc-macro"' --cfg 'feature="visit"' --cfg 'feature="visit-mut"' --check-cfg 'cfg(docsrs,test)' --check-cfg 'cfg(feature, values("clone-impls", "default", "derive", "extra-traits", "fold", "full", "parsing", "printing", "proc-macro", "test", "visit", "visit-mut"))' -C metadata=78927472397253df -C extra-filename=-47ca655e0d69f164 --out-dir /opt/rustwide/target/debug/build/syn/47ca655e0d69f164/out -L dependency=/opt/rustwide/target/debug/build/proc-macro2/62e2d13e47da04c7/out -L dependency=/opt/rustwide/target/debug/build/unicode-ident/69fd460968039056/out --extern proc_macro2=/opt/rustwide/target/debug/build/proc-macro2/62e2d13e47da04c7/out/libproc_macro2-62e2d13e47da04c7.rmeta --extern quote=/opt/rustwide/target/debug/build/quote/1d2e640ead5fa3d4/out/libquote-1d2e640ead5fa3d4.rmeta --extern unicode_ident=/opt/rustwide/target/debug/build/unicode-ident/69fd460968039056/out/libunicode_ident-69fd460968039056.rmeta --cap-lints allow --cap-lints=forbid -Znext-solver=coherence --force-warn=unused_crate_dependencies` (signal: 9, SIGKILL: kill)
[INFO] [stderr] warning: build failed, waiting for other jobs to finish...
[INFO] [stderr] error: could not compile `syn` (lib)
[INFO] [stderr] 
[INFO] [stderr] Caused by:
[INFO] [stderr]   process didn't exit successfully: `/opt/rustwide/rustup-home/toolchains/3154cc1a3e6424e44f438a95007d043ed5ceaaf6/bin/rustc --crate-name syn --edition=2021 /opt/rustwide/cargo-home/registry/src/index.crates.io-1949cf8c6b5b557f/syn-3.0.5/src/lib.rs --error-format=json --json=diagnostic-rendered-ansi,artifacts,future-incompat,unused-externs-silent --crate-type lib --emit=dep-info,metadata,link -Z embed-metadata=no -C embed-bitcode=no --cfg 'feature="clone-impls"' --cfg 'feature="default"' --cfg 'feature="derive"' --cfg 'feature="extra-traits"' --cfg 'feature="fold"' --cfg 'feature="full"' --cfg 'feature="parsing"' --cfg 'feature="printing"' --cfg 'feature="proc-macro"' --cfg 'feature="visit"' --cfg 'feature="visit-mut"' --check-cfg 'cfg(docsrs,test)' --check-cfg 'cfg(feature, values("clone-impls", "default", "derive", "extra-traits", "fold", "full", "parsing", "printing", "proc-macro", "test", "visit", "visit-mut"))' -C metadata=2e73f878ab1a48d5 -C extra-filename=-158b670501b4e4ff --out-dir /opt/rustwide/target/debug/build/syn/158b670501b4e4ff/out -L dependency=/opt/rustwide/target/debug/build/proc-macro2/62e2d13e47da04c7/out -L dependency=/opt/rustwide/target/debug/build/unicode-ident/69fd460968039056/out --extern proc_macro2=/opt/rustwide/target/debug/build/proc-macro2/62e2d13e47da04c7/out/libproc_macro2-62e2d13e47da04c7.rmeta --extern quote=/opt/rustwide/target/debug/build/quote/1d2e640ead5fa3d4/out/libquote-1d2e640ead5fa3d4.rmeta --extern unicode_ident=/opt/rustwide/target/debug/build/unicode-ident/69fd460968039056/out/libunicode_ident-69fd460968039056.rmeta --cap-lints allow --cap-lints=forbid -Znext-solver=coherence --force-warn=unused_crate_dependencies` (signal: 9, SIGKILL: kill)
[INFO] [stderr] error: could not compile `clang-sys` (lib)
[INFO] [stderr] 
[INFO] [stderr] Caused by:
[INFO] [stderr]   process didn't exit successfully: `/opt/rustwide/rustup-home/toolchains/3154cc1a3e6424e44f438a95007d043ed5ceaaf6/bin/rustc --crate-name clang_sys --edition=2021 /opt/rustwide/cargo-home/registry/src/index.crates.io-1949cf8c6b5b557f/clang-sys-1.9.1/src/lib.rs --error-format=json --json=diagnostic-rendered-ansi,artifacts,future-incompat,unused-externs-silent --crate-type lib --emit=dep-info,metadata,link -Z embed-metadata=no -C embed-bitcode=no --cfg 'feature="clang_10_0"' --cfg 'feature="clang_11_0"' --cfg 'feature="clang_3_5"' --cfg 'feature="clang_3_6"' --cfg 'feature="clang_3_7"' --cfg 'feature="clang_3_8"' --cfg 'feature="clang_3_9"' --cfg 'feature="clang_4_0"' --cfg 'feature="clang_5_0"' --cfg 'feature="clang_6_0"' --cfg 'feature="clang_7_0"' --cfg 'feature="clang_8_0"' --cfg 'feature="clang_9_0"' --cfg 'feature="libloading"' --cfg 'feature="runtime"' --check-cfg 'cfg(docsrs,test)' --check-cfg 'cfg(feature, values("clang_10_0", "clang_11_0", "clang_12_0", "clang_13_0", "clang_14_0", "clang_15_0", "clang_16_0", "clang_17_0", "clang_18_0", "clang_19_0", "clang_20_0", "clang_3_5", "clang_3_6", "clang_3_7", "clang_3_8", "clang_3_9", "clang_4_0", "clang_5_0", "clang_6_0", "clang_7_0", "clang_8_0", "clang_9_0", "libcpp", "libloading", "runtime", "static"))' -C metadata=e50c06ce74d75063 -C extra-filename=-55a6daa57128c14c --out-dir /opt/rustwide/target/debug/build/clang-sys/55a6daa57128c14c/out -L dependency=/opt/rustwide/target/debug/build/cfg-if/70389ec646bd910c/out --extern glob=/opt/rustwide/target/debug/build/glob/2cb08d94636e3704/out/libglob-2cb08d94636e3704.rmeta --extern libc=/opt/rustwide/target/debug/build/libc/b5bacc663e2d03e8/out/liblibc-b5bacc663e2d03e8.rmeta --extern libloading=/opt/rustwide/target/debug/build/libloading/395fe9b5b3a167c8/out/liblibloading-395fe9b5b3a167c8.rmeta --cap-lints allow --cap-lints=forbid -Znext-solver=coherence --force-warn=unused_crate_dependencies` (signal: 9, SIGKILL: kill)
[INFO] [stderr] error: could not compile `isolang` (lib)
[INFO] [stderr] 
[INFO] [stderr] Caused by:
[INFO] [stderr]   process didn't exit successfully: `/opt/rustwide/rustup-home/toolchains/3154cc1a3e6424e44f438a95007d043ed5ceaaf6/bin/rustc --crate-name isolang --edition=2021 /opt/rustwide/cargo-home/registry/src/index.crates.io-1949cf8c6b5b557f/isolang-2.4.0/src/lib.rs --error-format=json --json=diagnostic-rendered-ansi,artifacts,future-incompat,unused-externs-silent --crate-type lib --emit=dep-info,metadata -C embed-bitcode=no -C debuginfo=2 --cfg 'feature="default"' --cfg 'feature="english_names"' --check-cfg 'cfg(docsrs,test)' --check-cfg 'cfg(feature, values("async-graphql", "default", "english_names", "list_languages", "local_names", "lowercase_names", "serde"))' -C metadata=b0135da123fb0a31 -C extra-filename=-2fc47c9a44eda813 --out-dir /opt/rustwide/target/debug/build/isolang/2fc47c9a44eda813/out -L dependency=/opt/rustwide/target/debug/build/phf_shared/967cd339bc887448/out -L dependency=/opt/rustwide/target/debug/build/siphasher/d16b28d9a15bbb10/out --extern phf=/opt/rustwide/target/debug/build/phf/9cd6809e4a37fa96/out/libphf-9cd6809e4a37fa96.rmeta --cap-lints allow --cap-lints=forbid -Znext-solver=coherence --force-warn=unused_crate_dependencies` (signal: 9, SIGKILL: kill)
[INFO] [stderr] error: could not compile `syn` (lib)
[INFO] [stderr] 
[INFO] [stderr] Caused by:
[INFO] [stderr]   process didn't exit successfully: `/opt/rustwide/rustup-home/toolchains/3154cc1a3e6424e44f438a95007d043ed5ceaaf6/bin/rustc --crate-name syn --edition=2021 /opt/rustwide/cargo-home/registry/src/index.crates.io-1949cf8c6b5b557f/syn-3.0.5/src/lib.rs --error-format=json --json=diagnostic-rendered-ansi,artifacts,future-incompat,unused-externs-silent --crate-type lib --emit=dep-info,metadata -C embed-bitcode=no -C debuginfo=2 --cfg 'feature="clone-impls"' --cfg 'feature="default"' --cfg 'feature="derive"' --cfg 'feature="extra-traits"' --cfg 'feature="full"' --cfg 'feature="parsing"' --cfg 'feature="printing"' --cfg 'feature="proc-macro"' --check-cfg 'cfg(docsrs,test)' --check-cfg 'cfg(feature, values("clone-impls", "default", "derive", "extra-traits", "fold", "full", "parsing", "printing", "proc-macro", "test", "visit", "visit-mut"))' -C metadata=00b978471ebacfdb -C extra-filename=-70da4afbd55e5170 --out-dir /opt/rustwide/target/debug/build/syn/70da4afbd55e5170/out -L dependency=/opt/rustwide/target/debug/build/proc-macro2/291928dcff301626/out -L dependency=/opt/rustwide/target/debug/build/unicode-ident/34a5014e0dd756af/out --extern proc_macro2=/opt/rustwide/target/debug/build/proc-macro2/291928dcff301626/out/libproc_macro2-291928dcff301626.rmeta --extern quote=/opt/rustwide/target/debug/build/quote/d6f1d9f0d3dfe129/out/libquote-d6f1d9f0d3dfe129.rmeta --extern unicode_ident=/opt/rustwide/target/debug/build/unicode-ident/34a5014e0dd756af/out/libunicode_ident-34a5014e0dd756af.rmeta --cap-lints allow --cap-lints=forbid -Znext-solver=coherence --force-warn=unused_crate_dependencies` (signal: 9, SIGKILL: kill)
[INFO] [stderr] error: could not compile `rustix` (lib)
[INFO] [stderr] 
[INFO] [stderr] Caused by:
[INFO] [stderr]   process didn't exit successfully: `/opt/rustwide/rustup-home/toolchains/3154cc1a3e6424e44f438a95007d043ed5ceaaf6/bin/rustc --crate-name rustix --edition=2021 /opt/rustwide/cargo-home/registry/src/index.crates.io-1949cf8c6b5b557f/rustix-1.1.4/src/lib.rs --error-format=json --json=diagnostic-rendered-ansi,artifacts,future-incompat,unused-externs-silent --crate-type lib --emit=dep-info,metadata -C embed-bitcode=no -C debuginfo=2 --cfg 'feature="alloc"' --cfg 'feature="event"' --cfg 'feature="fs"' --cfg 'feature="net"' --cfg 'feature="pipe"' --cfg 'feature="process"' --cfg 'feature="std"' --cfg 'feature="time"' --check-cfg 'cfg(docsrs,test)' --check-cfg 'cfg(feature, values("all-apis", "alloc", "core", "default", "event", "fs", "io_uring", "libc", "libc_errno", "linux_4_11", "linux_5_1", "linux_5_11", "linux_latest", "mm", "mount", "net", "param", "pipe", "process", "pty", "rand", "runtime", "rustc-dep-of-std", "rustc-std-workspace-alloc", "shm", "std", "stdio", "system", "termios", "thread", "time", "try_close", "use-explicitly-provided-auxv", "use-libc", "use-libc-auxv"))' -C metadata=397abdbaf6d8105b -C extra-filename=-edc1c82d975a876a --out-dir /opt/rustwide/target/debug/build/rustix/edc1c82d975a876a/out -L dependency=/opt/rustwide/target/debug/build/serde_core/f0a96c5bb6baa60d/out --extern bitflags=/opt/rustwide/target/debug/build/bitflags/611021b85db1dc63/out/libbitflags-611021b85db1dc63.rmeta --extern linux_raw_sys=/opt/rustwide/target/debug/build/linux-raw-sys/f000129bbe4e139d/out/liblinux_raw_sys-f000129bbe4e139d.rmeta --cap-lints allow --cap-lints=forbid -Znext-solver=coherence --force-warn=unused_crate_dependencies --cfg static_assertions --cfg lower_upper_exp_for_non_zero --cfg rustc_diagnostics --cfg linux_raw_dep --cfg linux_raw --cfg linux_like --cfg linux_kernel` (signal: 9, SIGKILL: kill)
[INFO] [stderr] warning: cxx@1.0.202: c++: fatal error: Killed signal terminated program cc1plus
[INFO] [stderr] warning: cxx@1.0.202: compilation terminated.
[INFO] [stderr] error: failed to run custom build command for `cxx v1.0.202`
[INFO] [stderr] note: To improve backtraces for build dependencies, set the CARGO_PROFILE_DEV_BUILD_OVERRIDE_DEBUG=true environment variable to enable debug information generation.
[INFO] [stderr] 
[INFO] [stderr] Caused by:
[INFO] [stderr]   process didn't exit successfully: `/opt/rustwide/target/debug/build/cxx/22912309e3743393/out/build_script_build` (exit status: 1)
[INFO] [stderr]   --- stdout
[INFO] [stderr]   cargo:rerun-if-env-changed=CC_FORCE_DISABLE
[INFO] [stderr]   CC_FORCE_DISABLE = None
[INFO] [stderr]   cargo:rerun-if-env-changed=CXX_x86_64-unknown-linux-gnu
[INFO] [stderr]   CXX_x86_64-unknown-linux-gnu = None
[INFO] [stderr]   cargo:rerun-if-env-changed=CXX_x86_64_unknown_linux_gnu
[INFO] [stderr]   CXX_x86_64_unknown_linux_gnu = None
[INFO] [stderr]   cargo:rerun-if-env-changed=HOST_CXX
[INFO] [stderr]   HOST_CXX = None
[INFO] [stderr]   cargo:rerun-if-env-changed=CXX
[INFO] [stderr]   CXX = None
[INFO] [stderr]   cargo:rerun-if-env-changed=CC_ENABLE_DEBUG_OUTPUT
[INFO] [stderr]   cargo:rerun-if-env-changed=CRATE_CC_NO_DEFAULTS
[INFO] [stderr]   CRATE_CC_NO_DEFAULTS = None
[INFO] [stderr]   cargo:rerun-if-env-changed=CRATE_CC_NO_DEFAULTS
[INFO] [stderr]   CRATE_CC_NO_DEFAULTS = None
[INFO] [stderr]   cargo:rerun-if-env-changed=CXXFLAGS
[INFO] [stderr]   CXXFLAGS = None
[INFO] [stderr]   cargo:rerun-if-env-changed=HOST_CXXFLAGS
[INFO] [stderr]   HOST_CXXFLAGS = None
[INFO] [stderr]   cargo:rerun-if-env-changed=CXXFLAGS_x86_64_unknown_linux_gnu
[INFO] [stderr]   CXXFLAGS_x86_64_unknown_linux_gnu = None
[INFO] [stderr]   cargo:rerun-if-env-changed=CXXFLAGS_x86_64-unknown-linux-gnu
[INFO] [stderr]   CXXFLAGS_x86_64-unknown-linux-gnu = None
[INFO] [stderr]   cargo:rerun-if-env-changed=CXXFLAGS
[INFO] [stderr]   CXXFLAGS = None
[INFO] [stderr]   cargo:rerun-if-env-changed=HOST_CXXFLAGS
[INFO] [stderr]   HOST_CXXFLAGS = None
[INFO] [stderr]   cargo:rerun-if-env-changed=CXXFLAGS_x86_64_unknown_linux_gnu
[INFO] [stderr]   CXXFLAGS_x86_64_unknown_linux_gnu = None
[INFO] [stderr]   cargo:rerun-if-env-changed=CXXFLAGS_x86_64-unknown-linux-gnu
[INFO] [stderr]   CXXFLAGS_x86_64-unknown-linux-gnu = None
[INFO] [stderr]   cargo:warning=c++: fatal error: Killed signal terminated program cc1plus
[INFO] [stderr]   cargo:warning=compilation terminated.
[INFO] [stderr] 
[INFO] [stderr]   --- stderr
[INFO] [stderr] 
[INFO] [stderr] 
[INFO] [stderr]   error occurred in cc-rs: command did not execute successfully (status code exit status: 1): LC_ALL="C" "c++" "-O0" "-ffunction-sections" "-fdata-sections" "-fPIC" "-g" "-gdwarf-4" "-fno-omit-frame-pointer" "-mno-omit-leaf-frame-pointer" "-m64" "-std=c++17" "-Wall" "-Wextra" "-o" "/opt/rustwide/target/debug/build/cxx/4e0e3a3aeee9576b/out/c16f17691ff6f04b-cxx.o" "-c" "/opt/rustwide/cargo-home/registry/src/index.crates.io-1949cf8c6b5b557f/cxx-1.0.202/src/cxx.cc"
[INFO] [stderr] 
[INFO] [stderr] 
[INFO] [stderr] error: failed to run custom build command for `sentencepiece-sys v0.13.2`
[INFO] [stderr] note: To improve backtraces for build dependencies, set the CARGO_PROFILE_DEV_BUILD_OVERRIDE_DEBUG=true environment variable to enable debug information generation.
[INFO] [stderr] 
[INFO] [stderr] Caused by:
[INFO] [stderr]   process didn't exit successfully: `/opt/rustwide/target/debug/build/sentencepiece-sys/67e82493a10d871f/out/build_script_build` (exit status: 101)
[INFO] [stderr]   --- stdout
[INFO] [stderr]   cargo:rerun-if-env-changed=SENTENCEPIECE_NO_PKG_CONFIG
[INFO] [stderr]   cargo:rerun-if-env-changed=PKG_CONFIG_x86_64-unknown-linux-gnu
[INFO] [stderr]   cargo:rerun-if-env-changed=PKG_CONFIG_x86_64_unknown_linux_gnu
[INFO] [stderr]   cargo:rerun-if-env-changed=HOST_PKG_CONFIG
[INFO] [stderr]   cargo:rerun-if-env-changed=PKG_CONFIG
[INFO] [stderr]   cargo:rerun-if-env-changed=SENTENCEPIECE_STATIC
[INFO] [stderr]   cargo:rerun-if-env-changed=SENTENCEPIECE_DYNAMIC
[INFO] [stderr]   cargo:rerun-if-env-changed=PKG_CONFIG_ALL_STATIC
[INFO] [stderr]   cargo:rerun-if-env-changed=PKG_CONFIG_ALL_DYNAMIC
[INFO] [stderr]   cargo:rerun-if-env-changed=PKG_CONFIG_PATH_x86_64-unknown-linux-gnu
[INFO] [stderr]   cargo:rerun-if-env-changed=PKG_CONFIG_PATH_x86_64_unknown_linux_gnu
[INFO] [stderr]   cargo:rerun-if-env-changed=HOST_PKG_CONFIG_PATH
[INFO] [stderr]   cargo:rerun-if-env-changed=PKG_CONFIG_PATH
[INFO] [stderr]   cargo:rerun-if-env-changed=PKG_CONFIG_LIBDIR_x86_64-unknown-linux-gnu
[INFO] [stderr]   cargo:rerun-if-env-changed=PKG_CONFIG_LIBDIR_x86_64_unknown_linux_gnu
[INFO] [stderr]   cargo:rerun-if-env-changed=HOST_PKG_CONFIG_LIBDIR
[INFO] [stderr]   cargo:rerun-if-env-changed=PKG_CONFIG_LIBDIR
[INFO] [stderr]   cargo:rerun-if-env-changed=PKG_CONFIG_SYSROOT_DIR_x86_64-unknown-linux-gnu
[INFO] [stderr]   cargo:rerun-if-env-changed=PKG_CONFIG_SYSROOT_DIR_x86_64_unknown_linux_gnu
[INFO] [stderr]   cargo:rerun-if-env-changed=HOST_PKG_CONFIG_SYSROOT_DIR
[INFO] [stderr]   cargo:rerun-if-env-changed=PKG_CONFIG_SYSROOT_DIR
[INFO] [stderr]   cargo:rerun-if-env-changed=CC_x86_64-unknown-linux-gnu
[INFO] [stderr]   CC_x86_64-unknown-linux-gnu = None
[INFO] [stderr]   cargo:rerun-if-env-changed=CC_x86_64_unknown_linux_gnu
[INFO] [stderr]   CC_x86_64_unknown_linux_gnu = None
[INFO] [stderr]   cargo:rerun-if-env-changed=HOST_CC
[INFO] [stderr]   HOST_CC = None
[INFO] [stderr]   cargo:rerun-if-env-changed=CC
[INFO] [stderr]   CC = None
[INFO] [stderr]   cargo:rerun-if-env-changed=CC_ENABLE_DEBUG_OUTPUT
[INFO] [stderr]   cargo:rerun-if-env-changed=CRATE_CC_NO_DEFAULTS
[INFO] [stderr]   CRATE_CC_NO_DEFAULTS = None
[INFO] [stderr]   cargo:rerun-if-env-changed=CRATE_CC_NO_DEFAULTS
[INFO] [stderr]   CRATE_CC_NO_DEFAULTS = None
[INFO] [stderr]   cargo:rerun-if-env-changed=CFLAGS
[INFO] [stderr]   CFLAGS = None
[INFO] [stderr]   cargo:rerun-if-env-changed=HOST_CFLAGS
[INFO] [stderr]   HOST_CFLAGS = None
[INFO] [stderr]   cargo:rerun-if-env-changed=CFLAGS_x86_64_unknown_linux_gnu
[INFO] [stderr]   CFLAGS_x86_64_unknown_linux_gnu = None
[INFO] [stderr]   cargo:rerun-if-env-changed=CFLAGS_x86_64-unknown-linux-gnu
[INFO] [stderr]   CFLAGS_x86_64-unknown-linux-gnu = None
[INFO] [stderr]   cargo:rerun-if-env-changed=CFLAGS
[INFO] [stderr]   CFLAGS = None
[INFO] [stderr]   cargo:rerun-if-env-changed=HOST_CFLAGS
[INFO] [stderr]   HOST_CFLAGS = None
[INFO] [stderr]   cargo:rerun-if-env-changed=CFLAGS_x86_64_unknown_linux_gnu
[INFO] [stderr]   CFLAGS_x86_64_unknown_linux_gnu = None
[INFO] [stderr]   cargo:rerun-if-env-changed=CFLAGS_x86_64-unknown-linux-gnu
[INFO] [stderr]   CFLAGS_x86_64-unknown-linux-gnu = None
[INFO] [stderr]   CMAKE_TOOLCHAIN_FILE_x86_64-unknown-linux-gnu = None
[INFO] [stderr]   CMAKE_TOOLCHAIN_FILE_x86_64_unknown_linux_gnu = None
[INFO] [stderr]   HOST_CMAKE_TOOLCHAIN_FILE = None
[INFO] [stderr]   CMAKE_TOOLCHAIN_FILE = None
[INFO] [stderr]   CMAKE_GENERATOR_x86_64-unknown-linux-gnu = None
[INFO] [stderr]   CMAKE_GENERATOR_x86_64_unknown_linux_gnu = None
[INFO] [stderr]   HOST_CMAKE_GENERATOR = None
[INFO] [stderr]   CMAKE_GENERATOR = None
[INFO] [stderr]   CMAKE_PREFIX_PATH_x86_64-unknown-linux-gnu = None
[INFO] [stderr]   CMAKE_PREFIX_PATH_x86_64_unknown_linux_gnu = None
[INFO] [stderr]   HOST_CMAKE_PREFIX_PATH = None
[INFO] [stderr]   CMAKE_PREFIX_PATH = None
[INFO] [stderr]   CMAKE_x86_64-unknown-linux-gnu = None
[INFO] [stderr]   CMAKE_x86_64_unknown_linux_gnu = None
[INFO] [stderr]   HOST_CMAKE = None
[INFO] [stderr]   CMAKE = None
[INFO] [stderr]   -- VERSION: 0.2.1
[INFO] [stderr]   -- The C compiler identification is GNU 15.2.0
[INFO] [stderr]   -- The CXX compiler identification is GNU 15.2.0
[INFO] [stderr]   -- Detecting C compiler ABI info
[INFO] [stderr]   -- Detecting C compiler ABI info - done
[INFO] [stderr]   -- Check for working C compiler: /usr/bin/cc - skipped
[INFO] [stderr]   -- Detecting C compile features
[INFO] [stderr]   -- Detecting C compile features - done
[INFO] [stderr]   -- Detecting CXX compiler ABI info
[INFO] [stderr]   -- Detecting CXX compiler ABI info - done
[INFO] [stderr]   -- Check for working CXX compiler: /usr/bin/c++ - skipped
[INFO] [stderr]   -- Detecting CXX compile features
[INFO] [stderr]   -- Detecting CXX compile features - done
[INFO] [stderr]   -- Performing Test CMAKE_HAVE_LIBC_PTHREAD
[INFO] [stderr]   -- Performing Test CMAKE_HAVE_LIBC_PTHREAD - Success
[INFO] [stderr]   -- Found Threads: TRUE
[INFO] [stderr]   -- Not Found TCMalloc: TCMALLOC_LIB-NOTFOUND
[INFO] [stderr]   -- Configuring done (4.8s)
[INFO] [stderr]   -- Generating done (0.4s)
[INFO] [stderr]   -- Build files have been written to: /opt/rustwide/target/debug/build/sentencepiece-sys/50d769499a1dba15/out/build
[INFO] [stderr]   [  1%] Building CXX object src/CMakeFiles/sentencepiece.dir/__/third_party/protobuf-lite/common.cc.o
[INFO] [stderr]   [  2%] Building CXX object src/CMakeFiles/sentencepiece.dir/__/third_party/protobuf-lite/coded_stream.cc.o
[INFO] [stderr]   [  3%] Building CXX object src/CMakeFiles/sentencepiece.dir/__/third_party/protobuf-lite/arenastring.cc.o
[INFO] [stderr]   [  4%] Building CXX object src/CMakeFiles/sentencepiece.dir/__/third_party/protobuf-lite/bytestream.cc.o
[INFO] [stderr]   [  5%] Building CXX object src/CMakeFiles/sentencepiece_train-static.dir/builder.cc.o
[INFO] [stderr]   [  5%] Building CXX object src/CMakeFiles/sentencepiece.dir/__/third_party/protobuf-lite/arena.cc.o
[INFO] [stderr]   [  6%] Building CXX object src/CMakeFiles/sentencepiece-static.dir/__/third_party/protobuf-lite/arena.cc.o
[INFO] [stderr]   [  7%] Building CXX object src/CMakeFiles/sentencepiece.dir/__/third_party/protobuf-lite/extension_set.cc.o
[INFO] [stderr]   [  9%] Building CXX object src/CMakeFiles/sentencepiece_train-static.dir/unicode_script.cc.o
[INFO] [stderr]   [  9%] Building CXX object src/CMakeFiles/sentencepiece-static.dir/__/third_party/protobuf-lite/arenastring.cc.o
[INFO] [stderr]   [ 10%] Building CXX object src/CMakeFiles/sentencepiece-static.dir/__/third_party/protobuf-lite/bytestream.cc.o
[INFO] [stderr]   [ 11%] Building CXX object src/CMakeFiles/sentencepiece.dir/__/third_party/protobuf-lite/generated_enum_util.cc.o
[INFO] [stderr]   [ 13%] Building CXX object src/CMakeFiles/sentencepiece_train-static.dir/trainer_interface.cc.o
[INFO] [stderr]   [ 13%] Building CXX object src/CMakeFiles/sentencepiece_train-static.dir/trainer_factory.cc.o
[INFO] [stderr]   [ 13%] Building CXX object src/CMakeFiles/sentencepiece_train-static.dir/unigram_model_trainer.cc.o
[INFO] [stderr]   [ 14%] Building CXX object src/CMakeFiles/sentencepiece_train-static.dir/word_model_trainer.cc.o
[INFO] [stderr]   [ 15%] Building CXX object src/CMakeFiles/sentencepiece.dir/__/third_party/protobuf-lite/generated_message_table_driven_lite.cc.o
[INFO] [stderr]   [ 15%] Building CXX object src/CMakeFiles/sentencepiece.dir/__/third_party/protobuf-lite/generated_message_util.cc.o
[INFO] [stderr]   [ 16%] Building CXX object src/CMakeFiles/sentencepiece.dir/__/third_party/protobuf-lite/implicit_weak_message.cc.o
[INFO] [stderr]   [ 17%] Building CXX object src/CMakeFiles/sentencepiece.dir/__/third_party/protobuf-lite/int128.cc.o
[INFO] [stderr] 
[INFO] [stderr]   --- stderr
[INFO] [stderr]   running: cd "/opt/rustwide/target/debug/build/sentencepiece-sys/50d769499a1dba15/out/build" && CMAKE_PREFIX_PATH="" LC_ALL="C" "cmake" "/opt/rustwide/cargo-home/registry/src/index.crates.io-1949cf8c6b5b557f/sentencepiece-sys-0.13.2/source" "-B" "/opt/rustwide/target/debug/build/sentencepiece-sys/50d769499a1dba15/out/build" "-DCMAKE_POLICY_VERSION_MINIMUM=3.10" "-DCMAKE_INSTALL_PREFIX=/opt/rustwide/target/debug/build/sentencepiece-sys/50d769499a1dba15/out" "-DCMAKE_C_FLAGS= -ffunction-sections -fdata-sections -fPIC -m64 -w" "-DCMAKE_C_COMPILER=/usr/bin/cc" "-DCMAKE_CXX_FLAGS= -ffunction-sections -fdata-sections -fPIC -m64 -w" "-DCMAKE_CXX_COMPILER=/usr/bin/c++" "-DCMAKE_ASM_FLAGS= -ffunction-sections -fdata-sections -fPIC -m64 -w" "-DCMAKE_ASM_COMPILER=/usr/bin/cc" "-DCMAKE_BUILD_TYPE=Debug"
[INFO] [stderr]   CMake Warning:
[INFO] [stderr]     Manually-specified variables were not used by the project:
[INFO] [stderr] 
[INFO] [stderr]       CMAKE_ASM_COMPILER
[INFO] [stderr]       CMAKE_ASM_FLAGS
[INFO] [stderr] 
[INFO] [stderr] 
[INFO] [stderr]   running: cd "/opt/rustwide/target/debug/build/sentencepiece-sys/50d769499a1dba15/out/build" && LC_ALL="C" MAKEFLAGS="-j --jobserver-fds=4,5 --jobserver-auth=4,5" "cmake" "--build" "/opt/rustwide/target/debug/build/sentencepiece-sys/50d769499a1dba15/out/build" "--target" "install" "--config" "Debug"
[INFO] [stderr]   c++: fatal error: Killed signal terminated program cc1plus
[INFO] [stderr]   compilation terminated.
[INFO] [stderr]   gmake[2]: *** [src/CMakeFiles/sentencepiece-static.dir/build.make:79: src/CMakeFiles/sentencepiece-static.dir/__/third_party/protobuf-lite/arena.cc.o] Error 1
[INFO] [stderr]   gmake[2]: *** Waiting for unfinished jobs....
[INFO] [stderr]   c++: fatal error: Killed signal terminated program cc1plus
[INFO] [stderr]   compilation terminated.
[INFO] [stderr]   gmake[2]: *** [src/CMakeFiles/sentencepiece_train-static.dir/build.make:79: src/CMakeFiles/sentencepiece_train-static.dir/builder.cc.o] Error 1
[INFO] [stderr]   gmake[2]: *** Waiting for unfinished jobs....
[INFO] [stderr]   c++: fatal error: Killed signal terminated program cc1plus
[INFO] [stderr]   compilation terminated.
[INFO] [stderr]   gmake[2]: *** [src/CMakeFiles/sentencepiece.dir/build.make:149: src/CMakeFiles/sentencepiece.dir/__/third_party/protobuf-lite/extension_set.cc.o] Error 1
[INFO] [stderr]   gmake[2]: *** Waiting for unfinished jobs....
[INFO] [stderr]   c++: fatal error: Killed signal terminated program cc1plus
[INFO] [stderr]   compilation terminated.
[INFO] [stderr]   gmake[2]: *** [src/CMakeFiles/sentencepiece.dir/build.make:93: src/CMakeFiles/sentencepiece.dir/__/third_party/protobuf-lite/arenastring.cc.o] Error 1
[INFO] [stderr]   gmake[1]: *** [CMakeFiles/Makefile2:217: src/CMakeFiles/sentencepiece-static.dir/all] Error 2
[INFO] [stderr]   gmake[1]: *** Waiting for unfinished jobs....
[INFO] [stderr]   c++: fatal error: Killed signal terminated program cc1plus
[INFO] [stderr]   compilation terminated.
[INFO] [stderr]   gmake[2]: *** [src/CMakeFiles/sentencepiece_train-static.dir/build.make:93: src/CMakeFiles/sentencepiece_train-static.dir/unicode_script.cc.o] Error 1
[INFO] [stderr]   c++: fatal error: Killed signal terminated program cc1plus
[INFO] [stderr]   compilation terminated.
[INFO] [stderr]   gmake[2]: *** [src/CMakeFiles/sentencepiece_train-static.dir/build.make:107: src/CMakeFiles/sentencepiece_train-static.dir/trainer_factory.cc.o] Error 1
[INFO] [stderr]   gmake[1]: *** [CMakeFiles/Makefile2:153: src/CMakeFiles/sentencepiece.dir/all] Error 2
[INFO] [stderr]   gmake[1]: *** [CMakeFiles/Makefile2:249: src/CMakeFiles/sentencepiece_train-static.dir/all] Error 2
[INFO] [stderr]   gmake: *** [Makefile:156: all] Error 2
[INFO] [stderr] 
[INFO] [stderr]   thread 'main' (765) panicked at /opt/rustwide/cargo-home/registry/src/index.crates.io-1949cf8c6b5b557f/cmake-0.1.58/src/lib.rs:1132:5:
[INFO] [stderr] 
[INFO] [stderr]   command did not execute successfully, got: exit status: 2
[INFO] [stderr] 
[INFO] [stderr]   build script failed, must exit now
[INFO] [stderr]   stack backtrace:
[INFO] [stderr]      0:     0x575a2e1e29b1 - std[3164a59e47d3bde]::backtrace_rs::backtrace::libunwind::trace
[INFO] [stderr]                                  at /rustc/3154cc1a3e6424e44f438a95007d043ed5ceaaf6/library/std/src/../../backtrace/src/backtrace/libunwind.rs:117:9
[INFO] [stderr]      1:     0x575a2e1e29b1 - std[3164a59e47d3bde]::backtrace_rs::backtrace::trace_unsynchronized::<std[3164a59e47d3bde]::sys::backtrace::_print_fmt::{closure#1}>
[INFO] [stderr]                                  at /rustc/3154cc1a3e6424e44f438a95007d043ed5ceaaf6/library/std/src/../../backtrace/src/backtrace/mod.rs:66:14
[INFO] [stderr]      2:     0x575a2e1e29b1 - std[3164a59e47d3bde]::sys::backtrace::_print_fmt
[INFO] [stderr]                                  at /rustc/3154cc1a3e6424e44f438a95007d043ed5ceaaf6/library/std/src/sys/backtrace.rs:74:9
[INFO] [stderr]      3:     0x575a2e1e29b1 - <<std[3164a59e47d3bde]::sys::backtrace::BacktraceLock>::print::DisplayBacktrace as core[934024a1e6126fb4]::fmt::Display>::fmt
[INFO] [stderr]                                  at /rustc/3154cc1a3e6424e44f438a95007d043ed5ceaaf6/library/std/src/sys/backtrace.rs:44:26
[INFO] [stderr]      4:     0x575a2e1f76fa - <core[934024a1e6126fb4]::fmt::rt::Argument>::fmt
[INFO] [stderr]                                  at /rustc/3154cc1a3e6424e44f438a95007d043ed5ceaaf6/library/core/src/fmt/rt.rs:152:76
[INFO] [stderr]      5:     0x575a2e1f76fa - core[934024a1e6126fb4]::fmt::write
[INFO] [stderr]      6:     0x575a2e1e835c - core[934024a1e6126fb4]::io::write::default_write_fmt::<std[3164a59e47d3bde]::sys::stdio::unix::Stderr>
[INFO] [stderr]                                  at /rustc/3154cc1a3e6424e44f438a95007d043ed5ceaaf6/library/core/src/io/write.rs:402:11
[INFO] [stderr]      7:     0x575a2e1e835c - <std[3164a59e47d3bde]::sys::stdio::unix::Stderr as core[934024a1e6126fb4]::io::write::Write>::write_fmt
[INFO] [stderr]                                  at /rustc/3154cc1a3e6424e44f438a95007d043ed5ceaaf6/library/core/src/io/write.rs:335:13
[INFO] [stderr]      8:     0x575a2e1c0086 - <std[3164a59e47d3bde]::sys::backtrace::BacktraceLock>::print
[INFO] [stderr]                                  at /rustc/3154cc1a3e6424e44f438a95007d043ed5ceaaf6/library/std/src/sys/backtrace.rs:47:9
[INFO] [stderr]      9:     0x575a2e1c0086 - std[3164a59e47d3bde]::panicking::default_hook::{closure#0}
[INFO] [stderr]                                  at /rustc/3154cc1a3e6424e44f438a95007d043ed5ceaaf6/library/std/src/panicking.rs:289:27
[INFO] [stderr]     10:     0x575a2e1dc891 - std[3164a59e47d3bde]::panicking::default_hook
[INFO] [stderr]                                  at /rustc/3154cc1a3e6424e44f438a95007d043ed5ceaaf6/library/std/src/panicking.rs:316:9
[INFO] [stderr]     11:     0x575a2e1dca4b - std[3164a59e47d3bde]::panicking::panic_with_hook
[INFO] [stderr]                                  at /rustc/3154cc1a3e6424e44f438a95007d043ed5ceaaf6/library/std/src/panicking.rs:811:13
[INFO] [stderr]     12:     0x575a2e1c0132 - std[3164a59e47d3bde]::panicking::panic_handler::{closure#0}
[INFO] [stderr]                                  at /rustc/3154cc1a3e6424e44f438a95007d043ed5ceaaf6/library/std/src/panicking.rs:685:13
[INFO] [stderr]     13:     0x575a2e1b8d99 - std[3164a59e47d3bde]::sys::backtrace::__rust_end_short_backtrace::<std[3164a59e47d3bde]::panicking::panic_handler::{closure#0}, !>
[INFO] [stderr]                                  at /rustc/3154cc1a3e6424e44f438a95007d043ed5ceaaf6/library/std/src/sys/backtrace.rs:182:18
[INFO] [stderr]     14:     0x575a2e1c0a0d - __rustc[2e7b49d4226056d3]::rust_begin_unwind
[INFO] [stderr]                                  at /rustc/3154cc1a3e6424e44f438a95007d043ed5ceaaf6/library/std/src/panicking.rs:676:5
[INFO] [stderr]     15:     0x575a2e1f7eec - core[934024a1e6126fb4]::panicking::panic_fmt
[INFO] [stderr]                                  at /rustc/3154cc1a3e6424e44f438a95007d043ed5ceaaf6/library/core/src/panicking.rs:80:14
[INFO] [stderr]     16:     0x575a2e1336d7 - cmake[8baa7d9f63ae48c]::fail
[INFO] [stderr]     17:     0x575a2e133363 - cmake[8baa7d9f63ae48c]::run
[INFO] [stderr]     18:     0x575a2e139345 - <cmake[8baa7d9f63ae48c]::Config>::build
[INFO] [stderr]     19:     0x575a2e1063ae - build_script_build[e103d3f4341c0866]::build_sentencepiece
[INFO] [stderr]     20:     0x575a2e106a8e - build_script_build[e103d3f4341c0866]::main
[INFO] [stderr]     21:     0x575a2e1072f3 - <fn() as core[934024a1e6126fb4]::ops::function::FnOnce<()>>::call_once
[INFO] [stderr]     22:     0x575a2e105fee - std[3164a59e47d3bde]::sys::backtrace::__rust_begin_short_backtrace::<fn(), ()>
[INFO] [stderr]     23:     0x575a2e105ff9 - std[3164a59e47d3bde]::rt::lang_start::<()>::{closure#0}
[INFO] [stderr]     24:     0x575a2e1dbb98 - <&dyn core[934024a1e6126fb4]::ops::function::Fn<(), Output = i32> + core[934024a1e6126fb4]::marker::Sync + core[934024a1e6126fb4]::panic::unwind_safe::RefUnwindSafe as core[934024a1e6126fb4]::ops::function::FnOnce<()>>::call_once
[INFO] [stderr]                                  at /rustc/3154cc1a3e6424e44f438a95007d043ed5ceaaf6/library/core/src/ops/function.rs:287:21
[INFO] [stderr]     25:     0x575a2e1dbb98 - std[3164a59e47d3bde]::panicking::catch_unwind::do_call::<&dyn core[934024a1e6126fb4]::ops::function::Fn<(), Output = i32> + core[934024a1e6126fb4]::marker::Sync + core[934024a1e6126fb4]::panic::unwind_safe::RefUnwindSafe, i32>
[INFO] [stderr]                                  at /rustc/3154cc1a3e6424e44f438a95007d043ed5ceaaf6/library/std/src/panicking.rs:573:43
[INFO] [stderr]     26:     0x575a2e1dbb98 - std[3164a59e47d3bde]::panicking::catch_unwind::<i32, &dyn core[934024a1e6126fb4]::ops::function::Fn<(), Output = i32> + core[934024a1e6126fb4]::marker::Sync + core[934024a1e6126fb4]::panic::unwind_safe::RefUnwindSafe>
[INFO] [stderr]                                  at /rustc/3154cc1a3e6424e44f438a95007d043ed5ceaaf6/library/std/src/panicking.rs:541:19
[INFO] [stderr]     27:     0x575a2e1dbb98 - std[3164a59e47d3bde]::panic::catch_unwind::<&dyn core[934024a1e6126fb4]::ops::function::Fn<(), Output = i32> + core[934024a1e6126fb4]::marker::Sync + core[934024a1e6126fb4]::panic::unwind_safe::RefUnwindSafe, i32>
[INFO] [stderr]                                  at /rustc/3154cc1a3e6424e44f438a95007d043ed5ceaaf6/library/std/src/panic.rs:359:14
[INFO] [stderr]     28:     0x575a2e1dbb98 - std[3164a59e47d3bde]::rt::lang_start_internal::{closure#0}
[INFO] [stderr]                                  at /rustc/3154cc1a3e6424e44f438a95007d043ed5ceaaf6/library/std/src/rt.rs:175:24
[INFO] [stderr]     29:     0x575a2e1dbb98 - std[3164a59e47d3bde]::panicking::catch_unwind::do_call::<std[3164a59e47d3bde]::rt::lang_start_internal::{closure#0}, isize>
[INFO] [stderr]                                  at /rustc/3154cc1a3e6424e44f438a95007d043ed5ceaaf6/library/std/src/panicking.rs:573:43
[INFO] [stderr]     30:     0x575a2e1dbb98 - std[3164a59e47d3bde]::panicking::catch_unwind::<isize, std[3164a59e47d3bde]::rt::lang_start_internal::{closure#0}>
[INFO] [stderr]                                  at /rustc/3154cc1a3e6424e44f438a95007d043ed5ceaaf6/library/std/src/panicking.rs:541:19
[INFO] [stderr]     31:     0x575a2e1dbb98 - std[3164a59e47d3bde]::panic::catch_unwind::<std[3164a59e47d3bde]::rt::lang_start_internal::{closure#0}, isize>
[INFO] [stderr]                                  at /rustc/3154cc1a3e6424e44f438a95007d043ed5ceaaf6/library/std/src/panic.rs:359:14
[INFO] [stderr]     32:     0x575a2e1dbb98 - std[3164a59e47d3bde]::rt::lang_start_internal
[INFO] [stderr]                                  at /rustc/3154cc1a3e6424e44f438a95007d043ed5ceaaf6/library/std/src/rt.rs:171:5
[INFO] [stderr]     33:     0x575a2e105fe1 - std[3164a59e47d3bde]::rt::lang_start::<()>
[INFO] [stderr]     34:     0x575a2e107365 - main
[INFO] [stderr]     35:     0x77f300b14601 - <unknown>
[INFO] [stderr]     36:     0x77f300b14718 - __libc_start_main
[INFO] [stderr]     37:     0x575a2e104d55 - _start
[INFO] [stderr]     38:                0x0 - <unknown>
[INFO] running `Command { std: "docker" "inspect" "30083a82678a0a393d49dcd38b84626e840d422306dbf1a1e19b4bff31101bce", kill_on_drop: false }`
[INFO] running `Command { std: "docker" "rm" "-f" "30083a82678a0a393d49dcd38b84626e840d422306dbf1a1e19b4bff31101bce", kill_on_drop: false }`
[INFO] [stdout] 30083a82678a0a393d49dcd38b84626e840d422306dbf1a1e19b4bff31101bce
