[INFO] cloning repository https://github.com/v94lere/solon
[INFO] running `Command { std: "git" "-c" "credential.helper=" "-c" "credential.helper=/workspace/cargo-home/bin/git-credential-null" "clone" "--bare" "https://github.com/v94lere/solon" "/workspace/cache/git-repos/https%3A%2F%2Fgithub.com%2Fv94lere%2Fsolon", kill_on_drop: false }`
[INFO] [stderr] Cloning into bare repository '/workspace/cache/git-repos/https%3A%2F%2Fgithub.com%2Fv94lere%2Fsolon'...
[INFO] running `Command { std: "git" "rev-parse" "HEAD", kill_on_drop: false }`
[INFO] [stdout] da356e8200c6841ae28e64906ea4eede7b6e6807
[INFO] checking v94lere/solon against 3154cc1a3e6424e44f438a95007d043ed5ceaaf6+rustflags=-Znext-solver=coherence for pr-133502-30
[INFO] running `Command { std: "git" "clone" "/workspace/cache/git-repos/https%3A%2F%2Fgithub.com%2Fv94lere%2Fsolon" "/workspace/builds/worker-4-tc1/source", kill_on_drop: false }`
[INFO] [stderr] Cloning into '/workspace/builds/worker-4-tc1/source'...
[INFO] [stderr] done.
[INFO] removed /workspace/builds/worker-4-tc1/source/.cargo/config.toml
[INFO] started tweaking git repo https://github.com/v94lere/solon
[INFO] finished tweaking git repo https://github.com/v94lere/solon
[INFO] tweaked toml for git repo https://github.com/v94lere/solon written to /workspace/builds/worker-4-tc1/source/Cargo.toml
[INFO] validating manifest of git repo https://github.com/v94lere/solon on toolchain 3154cc1a3e6424e44f438a95007d043ed5ceaaf6
[INFO] running `Command { std: CARGO_HOME="/workspace/cargo-home" RUSTUP_HOME="/workspace/rustup-home" "/workspace/cargo-home/bin/cargo" "+3154cc1a3e6424e44f438a95007d043ed5ceaaf6" "metadata" "--manifest-path" "Cargo.toml" "--no-deps", kill_on_drop: false }`
[INFO] crate git repo https://github.com/v94lere/solon already has a lockfile, it will not be regenerated
[INFO] running `Command { std: CARGO_HOME="/workspace/cargo-home" RUSTUP_HOME="/workspace/rustup-home" "/workspace/cargo-home/bin/cargo" "+3154cc1a3e6424e44f438a95007d043ed5ceaaf6" "fetch" "--manifest-path" "Cargo.toml", kill_on_drop: false }`
[INFO] [stderr]     Updating crates.io index
[INFO] [stderr]  Downloading crates ...
[INFO] [stderr]   Downloaded tauri-plugin-window-state v2.4.1
[INFO] [stderr]   Downloaded serde_with_macros v3.17.0
[INFO] [stderr]   Downloaded serde_with v3.17.0
[INFO] [stderr]   Downloaded zvariant v5.9.2
[INFO] [stderr]   Downloaded zvariant_derive v5.9.2
[INFO] [stderr]   Downloaded open v5.4.3
[INFO] [stderr]   Downloaded tauri-plugin-notification v2.4.0
[INFO] [stderr]   Downloaded notify-rust v4.17.0
[INFO] [stderr]   Downloaded tauri-plugin-global-shortcut v2.3.2
[INFO] [stderr]   Downloaded rcgen v0.14.7
[INFO] running `Command { std: "docker" "create" "-v" "/var/lib/crater-agent-workspace/builds/worker-4-tc1/source:/opt/rustwide/workdir:ro,Z" "-v" "/var/lib/crater-agent-workspace/builds/worker-4-tc1/target:/opt/rustwide/target:rw,Z" "-v" "/var/lib/crater-agent-workspace/cargo-home:/opt/rustwide/cargo-home:ro,Z" "-v" "/var/lib/crater-agent-workspace/rustup-home:/opt/rustwide/rustup-home:ro,Z" "-m" "1610612736" "--network" "none" "ghcr.io/rust-lang/crates-build-env/linux@sha256:77db811e55d90add9212f6832c23229e3de5f1c1f9905e8cb07319ea15df73ac" "sleep" "infinity", kill_on_drop: false }`
[INFO] [stdout] c6d826927f9c6a277fa9283bcc0f2aebcbf143723ff4a6b923930e24a10bd91c
[INFO] running `Command { std: "docker" "start" "c6d826927f9c6a277fa9283bcc0f2aebcbf143723ff4a6b923930e24a10bd91c", kill_on_drop: false }`
[INFO] running `Command { std: "docker" "inspect" "c6d826927f9c6a277fa9283bcc0f2aebcbf143723ff4a6b923930e24a10bd91c", kill_on_drop: false }`
[INFO] running `Command { std: "docker" "exec" "-e" "SOURCE_DIR=/opt/rustwide/workdir" "-e" "CARGO_HOME=/opt/rustwide/cargo-home" "-e" "RUSTUP_HOME=/opt/rustwide/rustup-home" "-e" "CARGO_TARGET_DIR=/opt/rustwide/target" "-w" "/opt/rustwide/workdir" "--user" "0:0" "c6d826927f9c6a277fa9283bcc0f2aebcbf143723ff4a6b923930e24a10bd91c" "/opt/rustwide/cargo-home/bin/cargo" "+3154cc1a3e6424e44f438a95007d043ed5ceaaf6" "metadata" "--no-deps" "--format-version=1", kill_on_drop: false }`
[INFO] running `Command { std: "docker" "inspect" "c6d826927f9c6a277fa9283bcc0f2aebcbf143723ff4a6b923930e24a10bd91c", kill_on_drop: false }`
[INFO] running `Command { std: "docker" "exec" "-e" "SOURCE_DIR=/opt/rustwide/workdir" "-e" "CARGO_HOME=/opt/rustwide/cargo-home" "-e" "RUSTUP_HOME=/opt/rustwide/rustup-home" "-e" "CARGO_TARGET_DIR=/opt/rustwide/target" "-e" "CARGO_INCREMENTAL=0" "-e" "RUST_BACKTRACE=full" "-e" "RUSTFLAGS=--cap-lints=forbid -Znext-solver=coherence" "-e" "RUSTDOCFLAGS=--cap-lints=forbid" "-w" "/opt/rustwide/workdir" "--user" "0:0" "c6d826927f9c6a277fa9283bcc0f2aebcbf143723ff4a6b923930e24a10bd91c" "/opt/rustwide/cargo-home/bin/cargo" "+3154cc1a3e6424e44f438a95007d043ed5ceaaf6" "check" "--frozen" "--all" "--all-targets" "--message-format=json", kill_on_drop: false }`
[INFO] [stderr]    Compiling proc-macro2 v1.0.107
[INFO] [stderr]    Compiling serde_core v1.0.229
[INFO] [stderr]    Compiling smallvec v1.16.0
[INFO] [stderr]    Compiling serde v1.0.229
[INFO] [stderr]    Compiling icu_normalizer_data v2.1.1
[INFO] [stderr]    Compiling icu_properties_data v2.1.2
[INFO] [stderr]    Compiling phf_shared v0.13.1
[INFO] [stderr]     Checking bitflags v2.13.1
[INFO] [stderr]    Compiling num-conv v0.1.0
[INFO] [stderr]    Compiling time-core v0.1.7
[INFO] [stderr]    Compiling cc v1.4.4
[INFO] [stderr]    Compiling cfg-expr v0.15.8
[INFO] [stderr]    Compiling parking_lot_core v0.9.12
[INFO] [stderr]    Compiling phf_generator v0.13.1
[INFO] [stderr]    Compiling serde_json v1.0.151
[INFO] [stderr]    Compiling phf_codegen v0.13.1
[INFO] [stderr]    Compiling toml_writer v1.1.2+spec-1.1.0
[INFO] [stderr]    Compiling parking_lot v0.12.5
[INFO] [stderr]    Compiling getrandom v0.4.3
[INFO] [stderr]     Checking futures-channel v0.3.34
[INFO] [stderr]    Compiling percent-encoding v2.3.2
[INFO] [stderr]    Compiling string_cache v0.9.0
[INFO] [stderr]    Compiling form_urlencoded v1.2.2
[INFO] [stderr]    Compiling selectors v0.36.1
[INFO] [stderr]    Compiling quote v1.0.47
[INFO] [stderr]    Compiling tendril v0.5.1
[INFO] [stderr]    Compiling aho-corasick v1.1.5
[INFO] [stderr]    Compiling syn v3.0.4
[INFO] [stderr]    Compiling syn v2.0.119
[INFO] [stderr]    Compiling string_cache_codegen v0.6.1
[INFO] [stderr]    Compiling indexmap v1.9.3
[INFO] [stderr]    Compiling camino v1.2.5
[INFO] [stderr]    Compiling regex-syntax v0.8.11
[INFO] [stderr]    Compiling powerfmt v0.2.0
[INFO] [stderr]    Compiling web_atoms v0.2.6
[INFO] [stderr]    Compiling deranged v0.5.8
[INFO] [stderr]    Compiling alloc-stdlib v0.2.4
[INFO] [stderr]    Compiling servo_arc v0.4.3
[INFO] [stderr]    Compiling bit-vec v0.8.0
[INFO] [stderr]    Compiling proc-macro-error-attr v1.0.4
[INFO] [stderr]    Compiling bit-set v0.8.0
[INFO] [stderr]    Compiling brotli-decompressor v5.0.3
[INFO] [stderr]    Compiling syn v1.0.109
[INFO] [stderr]    Compiling time v0.3.45
[INFO] [stderr]    Compiling quick-xml v0.38.4
[INFO] [stderr]    Compiling semver v1.0.28
[INFO] [stderr]    Compiling toml_datetime v1.1.1+spec-1.1.0
[INFO] [stderr]    Compiling serde_spanned v1.1.1
[INFO] [stderr]    Compiling rustc_version v0.4.1
[INFO] [stderr]    Compiling uuid v1.26.0
[INFO] [stderr]    Compiling toml v1.1.5+spec-1.1.0
[INFO] [stderr]    Compiling regex-automata v0.4.18
[INFO] [stderr]    Compiling cfb v0.7.3
[INFO] [stderr]    Compiling erased-serde v0.4.10
[INFO] [stderr]    Compiling foldhash v0.2.0
[INFO] [stderr]    Compiling http v1.5.0
[INFO] [stderr]    Compiling infer v0.19.0
[INFO] [stderr]    Compiling serde-untagged v0.1.9
[INFO] [stderr]    Compiling brotli v8.0.4
[INFO] [stderr]    Compiling synstructure v0.13.2
[INFO] [stderr]    Compiling darling_core v0.21.3
[INFO] [stderr]    Compiling serde_derive_internals v0.29.1
[INFO] [stderr]    Compiling proc-macro-error v1.0.4
[INFO] [stderr]    Compiling ctor v0.8.0
[INFO] [stderr]    Compiling anyhow v1.0.104
[INFO] [stderr]    Compiling glob v0.3.4
[INFO] [stderr]    Compiling time-macros v0.2.25
[INFO] [stderr]    Compiling regex v1.13.1
[INFO] [stderr]    Compiling serde_derive v1.0.229
[INFO] [stderr]    Compiling zerofrom-derive v0.1.7
[INFO] [stderr]    Compiling yoke-derive v0.8.2
[INFO] [stderr]    Compiling zerovec-derive v0.11.6
[INFO] [stderr]    Compiling displaydoc v0.2.7
[INFO] [stderr]    Compiling thiserror-impl v2.0.20
[INFO] [stderr]    Compiling thiserror-impl v1.0.69
[INFO] [stderr]    Compiling zerofrom v0.1.8
[INFO] [stderr]    Compiling yoke v0.8.3
[INFO] [stderr]    Compiling phf_macros v0.13.1
[INFO] [stderr]    Compiling zerotrie v0.2.5
[INFO] [stderr]    Compiling futures-macro v0.3.34
[INFO] [stderr]    Compiling darling_macro v0.21.3
[INFO] [stderr]    Compiling derive_more-impl v2.1.1
[INFO] [stderr]    Compiling darling v0.21.3
[INFO] [stderr]    Compiling serde_with_macros v3.17.0
[INFO] [stderr]    Compiling zerovec v0.11.8
[INFO] [stderr]    Compiling cssparser-macros v0.6.1
[INFO] [stderr]     Checking futures-util v0.3.34
[INFO] [stderr]    Compiling phf v0.13.1
[INFO] [stderr]    Compiling thiserror v1.0.69
[INFO] [stderr]     Checking thiserror v2.0.20
[INFO] [stderr]    Compiling cssparser v0.36.0
[INFO] [stderr]    Compiling schemars_derive v0.8.22
[INFO] [stderr]    Compiling tinystr v0.8.4
[INFO] [stderr]    Compiling potential_utf v0.1.6
[INFO] [stderr]    Compiling derive_more v2.1.1
[INFO] [stderr]    Compiling icu_locale_core v2.1.1
[INFO] [stderr]    Compiling icu_collections v2.1.1
[INFO] [stderr]    Compiling tokio-macros v2.7.2
[INFO] [stderr]    Compiling markup5ever v0.38.0
[INFO] [stderr]    Compiling html5ever v0.38.0
[INFO] [stderr]     Checking tokio v1.53.1
[INFO] [stderr]    Compiling serde_with v3.17.0
[INFO] [stderr]    Compiling toml_datetime v0.6.3
[INFO] [stderr]    Compiling serde_spanned v0.6.9
[INFO] [stderr]    Compiling toml_edit v0.20.2
[INFO] [stderr]    Compiling icu_provider v2.1.1
[INFO] [stderr]    Compiling cargo-platform v0.1.9
[INFO] [stderr]    Compiling jsonptr v0.6.3
[INFO] [stderr]    Compiling icu_normalizer v2.1.1
[INFO] [stderr]    Compiling icu_properties v2.1.2
[INFO] [stderr]    Compiling dom_query v0.27.0
[INFO] [stderr]    Compiling json-patch v3.0.1
[INFO] [stderr]    Compiling cargo_metadata v0.19.2
[INFO] [stderr]    Compiling plist v1.8.0
[INFO] [stderr]    Compiling idna_adapter v1.2.1
[INFO] [stderr]    Compiling idna v1.1.0
[INFO] [stderr]    Compiling url v2.5.8
[INFO] [stderr]     Checking futures-executor v0.3.34
[INFO] [stderr]    Compiling tracing-attributes v0.1.31
[INFO] [stderr]    Compiling toml v0.8.2
[INFO] [stderr]    Compiling proc-macro-crate v2.0.2
[INFO] [stderr]    Compiling system-deps v6.2.2
[INFO] [stderr]    Compiling schemars v0.8.22
[INFO] [stderr]    Compiling urlpattern v0.3.0
[INFO] [stderr]     Checking tracing v0.1.44
[INFO] [stderr]    Compiling toml_datetime v0.7.5+spec-1.1.0
[INFO] [stderr]    Compiling embed-resource v3.0.11
[INFO] [stderr]    Compiling glib-sys v0.18.1
[INFO] [stderr]    Compiling gobject-sys v0.18.0
[INFO] [stderr]    Compiling gio-sys v0.18.1
[INFO] [stderr]    Compiling gdk-sys v0.18.2
[INFO] [stderr]    Compiling cairo-sys-rs v0.18.2
[INFO] [stderr]    Compiling pango-sys v0.18.0
[INFO] [stderr]    Compiling atk-sys v0.18.2
[INFO] [stderr]    Compiling gdk-pixbuf-sys v0.18.0
[INFO] [stderr]    Compiling tauri-utils v2.9.3
[INFO] [stderr]    Compiling glib-macros v0.18.5
[INFO] [stderr]    Compiling gtk-sys v0.18.2
[INFO] [stderr]    Compiling toml v0.9.12+spec-1.1.0
[INFO] [stderr]    Compiling tauri-winres v0.3.6
[INFO] [stderr]    Compiling toml_edit v0.19.15
[INFO] [stderr]    Compiling field-offset v0.3.6
[INFO] [stderr]     Checking memoffset v0.9.1
[INFO] [stderr]     Checking crossbeam-channel v0.5.16
[INFO] [stderr]    Compiling gtk v0.18.2
[INFO] [stderr]    Compiling cargo_toml v0.22.3
[INFO] [stderr]    Compiling javascriptcore-rs-sys v1.1.1
[INFO] [stderr]    Compiling soup3-sys v0.5.0
[INFO] [stderr]    Compiling cmake v0.1.58
[INFO] [stderr]    Compiling fs_extra v1.3.0
[INFO] [stderr]    Compiling aws-lc-sys v0.45.0
[INFO] [stderr]    Compiling webkit2gtk-sys v2.0.2
[INFO] [stderr]    Compiling x11 v2.21.0
[INFO] [stderr]    Compiling rustix v1.1.4
[INFO] [stderr]    Compiling gdkx11-sys v0.18.2
[INFO] [stderr]     Checking solon-core v0.1.13 (/opt/rustwide/workdir/crates/solon-core)
[INFO] [stderr]    Compiling proc-macro-crate v1.3.1
[INFO] [stderr]     Checking dpi v0.1.2
[INFO] [stderr]    Compiling ring v0.17.14
[INFO] [stderr]     Checking unic-char-range v0.9.0
[INFO] [stderr]     Checking unic-common v0.9.0
[INFO] [stderr]     Checking glib v0.18.5
[INFO] [stderr]     Checking unic-ucd-version v0.9.0
[INFO] [stderr]    Compiling gtk3-macros v0.18.2
[INFO] [stderr]     Checking unic-char-property v0.9.0
[INFO] [stderr]    Compiling miniz_oxide v0.9.1
[INFO] [stderr]    Compiling crc32fast v1.5.1
[INFO] [stderr]    Compiling cookie v0.18.2
[INFO] [stderr]    Compiling x11-dl v2.21.0
[INFO] [stderr]    Compiling libdbus-sys v0.2.7
[INFO] [stderr]    Compiling aws-lc-rs v1.18.1
[INFO] [stderr]    Compiling flate2 v1.1.10
[INFO] [stderr]     Checking unic-ucd-ident v0.9.0
[INFO] [stderr]     Checking rustls-pki-types v1.15.1
[INFO] [stderr]    Compiling enumflags2_derive v0.7.12
[INFO] [stderr]    Compiling serde_repr v0.1.21
[INFO] [stderr]    Compiling toml_edit v0.25.13+spec-1.1.0
[INFO] [stderr]    Compiling num-traits v0.2.19
[INFO] [stderr]     Checking getrandom v0.2.17
[INFO] [stderr]     Checking keyboard-types v0.7.0
[INFO] [stderr]    Compiling proc-macro-crate v3.5.0
[INFO] [stderr]    Compiling png v0.17.16
[INFO] [stderr]    Compiling zvariant_utils v3.3.0
[INFO] [stderr]     Checking gio v0.18.4
[INFO] [stderr]    Compiling tauri-plugin v2.6.3
[INFO] [stderr]     Checking cairo-rs v0.18.5
[INFO] [stderr]    Compiling tauri-build v2.6.3
[INFO] [stderr]     Checking atk v0.18.2
[INFO] [stderr]     Checking javascriptcore-rs v1.1.2
[INFO] [stderr]    Compiling dlopen2_derive v0.4.3
[INFO] [stderr]     Checking concurrent-queue v2.5.0
[INFO] [stderr]     Checking libloading v0.7.4
[INFO] [stderr]     Checking thread_local v1.1.10
[INFO] [stderr]     Checking dunce v1.0.5
[INFO] [stderr]    Compiling tauri-runtime v2.11.3
[INFO] [stderr]    Compiling wry v0.55.1
[INFO] [stderr]     Checking tracing-subscriber v0.3.23
[INFO] [stderr]     Checking libappindicator-sys v0.9.0
[INFO] [stderr]     Checking dlopen2 v0.8.2
[INFO] [stderr]    Compiling zvariant_derive v5.9.2
[INFO] [stderr]     Checking dbus v0.9.12
[INFO] [stderr]     Checking png v0.18.1
[INFO] [stderr]    Compiling ico v0.5.0
[INFO] [stderr]     Checking gdkwayland-sys v0.18.2
[INFO] [stderr]     Checking pxfm v0.1.30
[INFO] [stderr]    Compiling tauri-runtime-wry v2.11.4
[INFO] [stderr]    Compiling rustls v0.23.43
[INFO] [stderr]    Compiling tauri-codegen v2.6.3
[INFO] [stderr]    Compiling serialize-to-javascript-impl v0.1.2
[INFO] [stderr]     Checking bytemuck v1.25.2
[INFO] [stderr]     Checking serialize-to-javascript v0.1.2
[INFO] [stderr]     Checking polling v3.11.0
[INFO] [stderr]    Compiling enumflags2 v0.7.12
[INFO] [stderr]    Compiling zerocopy-derive v0.8.56
[INFO] [stderr]     Checking heck v0.5.0
[INFO] [stderr]    Compiling zvariant v5.9.2
[INFO] [stderr]     Checking async-io v2.6.0
[INFO] [stderr]     Checking zerocopy v0.8.56
[INFO] [stderr]     Checking moxcms v0.7.11
[INFO] [stderr]     Checking async-channel v2.5.0
[INFO] [stderr]    Compiling zbus_names v4.3.1
[INFO] [stderr]     Checking async-signal v0.2.14
[INFO] [stderr]     Checking hyper v1.11.1
[INFO] [stderr]    Compiling zbus_macros v5.13.2
[INFO] [stderr]    Compiling tauri v2.11.5
[INFO] [stderr]    Compiling tauri-macros v2.6.3
[INFO] [stderr]    Compiling tauri-plugin-fs v2.5.2
[INFO] [stderr]     Checking blocking v1.7.0
[INFO] [stderr]     Checking async-process v2.5.0
[INFO] [stderr]     Checking async-executor v1.14.0
[INFO] [stderr]     Checking solon-vm-hcs v0.1.13 (/opt/rustwide/workdir/crates/solon-vm-hcs)
[INFO] [stderr]    Compiling windows-interface v0.59.3
[INFO] [stderr]    Compiling windows-implement v0.60.2
[INFO] [stderr]    Compiling async-trait v0.1.92
[INFO] [stderr]     Checking image v0.25.9
[INFO] [stderr]     Checking ipnet v2.12.1
[INFO] [stderr]     Checking windows-core v0.62.2
[INFO] [stderr]     Checking hyper-util v0.1.20
[INFO] [stderr]     Checking solon-hvsock v0.1.13 (/opt/rustwide/workdir/crates/solon-hvsock)
[INFO] [stderr]    Compiling tauri-plugin-dialog v2.7.3
[INFO] [stderr]    Compiling tauri-plugin-opener v2.5.5
[INFO] [stderr]     Checking zbus v5.13.2
[INFO] [stderr]    Compiling tauri-plugin-global-shortcut v2.3.2
[INFO] [stderr]     Checking ppv-lite86 v0.2.21
[INFO] [stderr]    Compiling tauri-plugin-window-state v2.4.1
[INFO] [stderr]    Compiling tauri-plugin-notification v2.4.0
[INFO] [stderr]     Checking gethostname v1.1.0
[INFO] [stderr]     Checking is-docker v0.2.0
[INFO] [stderr]    Compiling rfd v0.16.0
[INFO] [stderr]     Checking x11rb-protocol v0.13.2
[INFO] [stderr]     Checking tower v0.5.3
[INFO] [stderr]     Checking is-wsl v0.4.0
[INFO] [stderr]     Checking tokio-util v0.7.19
[INFO] [stderr]     Checking rustls-native-certs v0.8.4
[INFO] [stderr]     Checking rand_chacha v0.9.0
[INFO] [stderr]    Compiling zip v2.4.2
[INFO] [stderr]     Checking zopfli v0.8.3
[INFO] [stderr]     Checking tower-http v0.6.11
[INFO] [stderr]     Checking serde_urlencoded v0.7.1
[INFO] [stderr]     Checking windows-future v0.3.2
[INFO] [stderr]     Checking digest v0.10.7
[INFO] [stderr]     Checking rand v0.9.5
[INFO] [stderr]     Checking pango v0.18.3
[INFO] [stderr]     Checking gdk-pixbuf v0.18.5
[INFO] [stdout] error[E0425]: cannot find type `IMarshal` in module `windows_core::imp`
[INFO] [stdout]   --> /opt/rustwide/cargo-home/registry/src/index.crates.io-1949cf8c6b5b557f/windows-future-0.3.2/src/bindings.rs:87:51
[INFO] [stdout]    |
[INFO] [stdout] 87 |             } else if *iid == <windows_core::imp::IMarshal as windows_core::Interface>::IID {
[INFO] [stdout]    |                                                   ^^^^^^^^ not found in `windows_core::imp`
[INFO] [stdout] 
[INFO] [stdout] 
[INFO] [stdout] error[E0425]: cannot find function `marshaler` in module `windows_core::imp`
[INFO] [stdout]   --> /opt/rustwide/cargo-home/registry/src/index.crates.io-1949cf8c6b5b557f/windows-future-0.3.2/src/bindings.rs:89:43
[INFO] [stdout]    |
[INFO] [stdout] 89 |                 return windows_core::imp::marshaler(
[INFO] [stdout]    |                                           ^^^^^^^^^ not found in `windows_core::imp`
[INFO] [stdout] 
[INFO] [stdout] 
[INFO] [stdout] error[E0425]: cannot find type `IMarshal` in module `windows_core::imp`
[INFO] [stdout]    --> /opt/rustwide/cargo-home/registry/src/index.crates.io-1949cf8c6b5b557f/windows-future-0.3.2/src/bindings.rs:255:51
[INFO] [stdout]     |
[INFO] [stdout] 255 |             } else if *iid == <windows_core::imp::IMarshal as windows_core::Interface>::IID {
[INFO] [stdout]     |                                                   ^^^^^^^^ not found in `windows_core::imp`
[INFO] [stdout] 
[INFO] [stdout] 
[INFO] [stdout] error[E0425]: cannot find function `marshaler` in module `windows_core::imp`
[INFO] [stdout]    --> /opt/rustwide/cargo-home/registry/src/index.crates.io-1949cf8c6b5b557f/windows-future-0.3.2/src/bindings.rs:257:43
[INFO] [stdout]     |
[INFO] [stdout] 257 |                 return windows_core::imp::marshaler(
[INFO] [stdout]     |                                           ^^^^^^^^^ not found in `windows_core::imp`
[INFO] [stdout] 
[INFO] [stdout] 
[INFO] [stdout] error[E0425]: cannot find type `IMarshal` in module `windows_core::imp`
[INFO] [stdout]    --> /opt/rustwide/cargo-home/registry/src/index.crates.io-1949cf8c6b5b557f/windows-future-0.3.2/src/bindings.rs:422:364
[INFO] [stdout]     |
[INFO] [stdout] 422 | ... _ } else if * iid == < windows_core::imp::IMarshal as windows_core::Interface >::IID { ( * this ) . count . add_ref ( ) ; retur...
[INFO] [stdout]     |                                               ^^^^^^^^ not found in `windows_core::imp`
[INFO] [stdout] 
[INFO] [stdout] 
[INFO] [stdout] error[E0425]: cannot find function `marshaler` in module `windows_core::imp`
[INFO] [stdout]    --> /opt/rustwide/cargo-home/registry/src/index.crates.io-1949cf8c6b5b557f/windows-future-0.3.2/src/bindings.rs:422:470
[INFO] [stdout]     |
[INFO] [stdout] 422 | ... . add_ref ( ) ; return windows_core::imp::marshaler ( core::mem::transmute ( & mut ( * this ) . vtable as * mut _ as * mut core...
[INFO] [stdout]     |                                               ^^^^^^^^^ not found in `windows_core::imp`
[INFO] [stdout] 
[INFO] [stdout] 
[INFO] [stdout] error[E0425]: cannot find type `IMarshal` in module `windows_core::imp`
[INFO] [stdout]    --> /opt/rustwide/cargo-home/registry/src/index.crates.io-1949cf8c6b5b557f/windows-future-0.3.2/src/bindings.rs:572:51
[INFO] [stdout]     |
[INFO] [stdout] 572 |             } else if *iid == <windows_core::imp::IMarshal as windows_core::Interface>::IID {
[INFO] [stdout]     |                                                   ^^^^^^^^ not found in `windows_core::imp`
[INFO] [stdout] 
[INFO] [stdout] 
[INFO] [stdout] error[E0425]: cannot find function `marshaler` in module `windows_core::imp`
[INFO] [stdout]    --> /opt/rustwide/cargo-home/registry/src/index.crates.io-1949cf8c6b5b557f/windows-future-0.3.2/src/bindings.rs:574:43
[INFO] [stdout]     |
[INFO] [stdout] 574 |                 return windows_core::imp::marshaler(
[INFO] [stdout]     |                                           ^^^^^^^^^ not found in `windows_core::imp`
[INFO] [stdout] 
[INFO] [stdout] 
[INFO] [stdout] error[E0425]: cannot find type `IMarshal` in module `windows_core::imp`
[INFO] [stdout]    --> /opt/rustwide/cargo-home/registry/src/index.crates.io-1949cf8c6b5b557f/windows-future-0.3.2/src/bindings.rs:752:364
[INFO] [stdout]     |
[INFO] [stdout] 752 | ... _ } else if * iid == < windows_core::imp::IMarshal as windows_core::Interface >::IID { ( * this ) . count . add_ref ( ) ; retur...
[INFO] [stdout]     |                                               ^^^^^^^^ not found in `windows_core::imp`
[INFO] [stdout] 
[INFO] [stdout] 
[INFO] [stdout] error[E0425]: cannot find function `marshaler` in module `windows_core::imp`
[INFO] [stdout]    --> /opt/rustwide/cargo-home/registry/src/index.crates.io-1949cf8c6b5b557f/windows-future-0.3.2/src/bindings.rs:752:470
[INFO] [stdout]     |
[INFO] [stdout] 752 | ... . add_ref ( ) ; return windows_core::imp::marshaler ( core::mem::transmute ( & mut ( * this ) . vtable as * mut _ as * mut core...
[INFO] [stdout]     |                                               ^^^^^^^^^ not found in `windows_core::imp`
[INFO] [stdout] 
[INFO] [stdout] 
[INFO] [stdout] error[E0425]: cannot find type `IMarshal` in module `windows_core::imp`
[INFO] [stdout]    --> /opt/rustwide/cargo-home/registry/src/index.crates.io-1949cf8c6b5b557f/windows-future-0.3.2/src/bindings.rs:927:377
[INFO] [stdout]     |
[INFO] [stdout] 927 | ... _ } else if * iid == < windows_core::imp::IMarshal as windows_core::Interface >::IID { ( * this ) . count . add_ref ( ) ; retur...
[INFO] [stdout]     |                                               ^^^^^^^^ not found in `windows_core::imp`
[INFO] [stdout] 
[INFO] [stdout] 
[INFO] [stdout] error[E0425]: cannot find function `marshaler` in module `windows_core::imp`
[INFO] [stdout]    --> /opt/rustwide/cargo-home/registry/src/index.crates.io-1949cf8c6b5b557f/windows-future-0.3.2/src/bindings.rs:927:483
[INFO] [stdout]     |
[INFO] [stdout] 927 | ... . add_ref ( ) ; return windows_core::imp::marshaler ( core::mem::transmute ( & mut ( * this ) . vtable as * mut _ as * mut core...
[INFO] [stdout]     |                                               ^^^^^^^^^ not found in `windows_core::imp`
[INFO] [stdout] 
[INFO] [stdout] 
[INFO] [stdout] error[E0425]: cannot find function `submit` in crate `windows_threading`
[INFO] [stdout]    --> /opt/rustwide/cargo-home/registry/src/index.crates.io-1949cf8c6b5b557f/windows-future-0.3.2/src/async_spawn.rs:264:28
[INFO] [stdout]     |
[INFO] [stdout] 264 |         windows_threading::submit(move || {
[INFO] [stdout]     |                            ^^^^^^ not found in `windows_threading`
[INFO] [stdout] 
[INFO] [stdout] 
[INFO] [stdout] error[E0425]: cannot find function `submit` in crate `windows_threading`
[INFO] [stdout]    --> /opt/rustwide/cargo-home/registry/src/index.crates.io-1949cf8c6b5b557f/windows-future-0.3.2/src/async_spawn.rs:281:28
[INFO] [stdout]     |
[INFO] [stdout] 281 |         windows_threading::submit(move || {
[INFO] [stdout]     |                            ^^^^^^ not found in `windows_threading`
[INFO] [stdout] 
[INFO] [stdout] 
[INFO] [stdout] error[E0425]: cannot find function `submit` in crate `windows_threading`
[INFO] [stdout]    --> /opt/rustwide/cargo-home/registry/src/index.crates.io-1949cf8c6b5b557f/windows-future-0.3.2/src/async_spawn.rs:298:28
[INFO] [stdout]     |
[INFO] [stdout] 298 |         windows_threading::submit(move || {
[INFO] [stdout]     |                            ^^^^^^ not found in `windows_threading`
[INFO] [stdout] 
[INFO] [stdout] 
[INFO] [stdout] error[E0425]: cannot find function `submit` in crate `windows_threading`
[INFO] [stdout]    --> /opt/rustwide/cargo-home/registry/src/index.crates.io-1949cf8c6b5b557f/windows-future-0.3.2/src/async_spawn.rs:315:28
[INFO] [stdout]     |
[INFO] [stdout] 315 |         windows_threading::submit(move || {
[INFO] [stdout]     |                            ^^^^^^ not found in `windows_threading`
[INFO] [stdout] 
[INFO] [stdout] 
[INFO] [stderr]     Checking soup3 v0.5.0
[INFO] [stderr]     Checking open v5.4.3
[INFO] [stdout] For more information about this error, try `rustc --explain E0425`.
[INFO] [stdout] 
[INFO] [stderr] error: could not compile `windows-future` (lib) due to 16 previous errors
[INFO] [stderr] warning: build failed, waiting for other jobs to finish...
[INFO] running `Command { std: "docker" "inspect" "c6d826927f9c6a277fa9283bcc0f2aebcbf143723ff4a6b923930e24a10bd91c", kill_on_drop: false }`
[INFO] running `Command { std: "docker" "rm" "-f" "c6d826927f9c6a277fa9283bcc0f2aebcbf143723ff4a6b923930e24a10bd91c", kill_on_drop: false }`
[INFO] [stdout] c6d826927f9c6a277fa9283bcc0f2aebcbf143723ff4a6b923930e24a10bd91c
