[INFO] cloning repository https://github.com/uunw/h1mcp
[INFO] running `Command { std: "git" "-c" "credential.helper=" "-c" "credential.helper=/workspace/cargo-home/bin/git-credential-null" "clone" "--bare" "https://github.com/uunw/h1mcp" "/workspace/cache/git-repos/https%3A%2F%2Fgithub.com%2Fuunw%2Fh1mcp", kill_on_drop: false }`
[INFO] [stderr] Cloning into bare repository '/workspace/cache/git-repos/https%3A%2F%2Fgithub.com%2Fuunw%2Fh1mcp'...
[INFO] running `Command { std: "git" "rev-parse" "HEAD", kill_on_drop: false }`
[INFO] [stdout] 1599c2485ce30197b01910f23904edfb8c567371
[INFO] checking uunw/h1mcp against 3154cc1a3e6424e44f438a95007d043ed5ceaaf6+rustflags=-Znext-solver=coherence for pr-133502-30
[INFO] running `Command { std: "git" "clone" "/workspace/cache/git-repos/https%3A%2F%2Fgithub.com%2Fuunw%2Fh1mcp" "/workspace/builds/worker-2-tc1/source", kill_on_drop: false }`
[INFO] [stderr] Cloning into '/workspace/builds/worker-2-tc1/source'...
[INFO] [stderr] done.
[INFO] started tweaking git repo https://github.com/uunw/h1mcp
[INFO] finished tweaking git repo https://github.com/uunw/h1mcp
[INFO] tweaked toml for git repo https://github.com/uunw/h1mcp written to /workspace/builds/worker-2-tc1/source/Cargo.toml
[INFO] validating manifest of git repo https://github.com/uunw/h1mcp on toolchain 3154cc1a3e6424e44f438a95007d043ed5ceaaf6
[INFO] running `Command { std: CARGO_HOME="/workspace/cargo-home" RUSTUP_HOME="/workspace/rustup-home" "/workspace/cargo-home/bin/cargo" "+3154cc1a3e6424e44f438a95007d043ed5ceaaf6" "metadata" "--manifest-path" "Cargo.toml" "--no-deps", kill_on_drop: false }`
[INFO] crate git repo https://github.com/uunw/h1mcp already has a lockfile, it will not be regenerated
[INFO] running `Command { std: CARGO_HOME="/workspace/cargo-home" RUSTUP_HOME="/workspace/rustup-home" "/workspace/cargo-home/bin/cargo" "+3154cc1a3e6424e44f438a95007d043ed5ceaaf6" "fetch" "--manifest-path" "Cargo.toml", kill_on_drop: false }`
[INFO] [stderr]     Blocking waiting for file lock on package cache
[INFO] [stderr]     Updating crates.io index
[INFO] [stderr]     Blocking waiting for file lock on package cache
[INFO] [stderr]  Downloading crates ...
[INFO] [stderr]   Downloaded sse-stream v0.2.4
[INFO] [stderr]   Downloaded rmcp-macros v1.7.0
[INFO] [stderr]   Downloaded rmcp v1.7.0
[INFO] running `Command { std: "docker" "create" "-v" "/var/lib/crater-agent-workspace/builds/worker-2-tc1/source:/opt/rustwide/workdir:ro,Z" "-v" "/var/lib/crater-agent-workspace/builds/worker-2-tc1/target:/opt/rustwide/target:rw,Z" "-v" "/var/lib/crater-agent-workspace/cargo-home:/opt/rustwide/cargo-home:ro,Z" "-v" "/var/lib/crater-agent-workspace/rustup-home:/opt/rustwide/rustup-home:ro,Z" "-m" "1610612736" "--network" "none" "ghcr.io/rust-lang/crates-build-env/linux@sha256:77db811e55d90add9212f6832c23229e3de5f1c1f9905e8cb07319ea15df73ac" "sleep" "infinity", kill_on_drop: false }`
[INFO] [stdout] b7275aca1f523a7e52d55a11c47ea63c11165866c7bc889ece7c012d2c9f558a
[INFO] running `Command { std: "docker" "start" "b7275aca1f523a7e52d55a11c47ea63c11165866c7bc889ece7c012d2c9f558a", kill_on_drop: false }`
[INFO] running `Command { std: "docker" "inspect" "b7275aca1f523a7e52d55a11c47ea63c11165866c7bc889ece7c012d2c9f558a", kill_on_drop: false }`
[INFO] running `Command { std: "docker" "exec" "-e" "SOURCE_DIR=/opt/rustwide/workdir" "-e" "CARGO_HOME=/opt/rustwide/cargo-home" "-e" "RUSTUP_HOME=/opt/rustwide/rustup-home" "-e" "CARGO_TARGET_DIR=/opt/rustwide/target" "-w" "/opt/rustwide/workdir" "--user" "0:0" "b7275aca1f523a7e52d55a11c47ea63c11165866c7bc889ece7c012d2c9f558a" "/opt/rustwide/cargo-home/bin/cargo" "+3154cc1a3e6424e44f438a95007d043ed5ceaaf6" "metadata" "--no-deps" "--format-version=1", kill_on_drop: false }`
[INFO] running `Command { std: "docker" "inspect" "b7275aca1f523a7e52d55a11c47ea63c11165866c7bc889ece7c012d2c9f558a", kill_on_drop: false }`
[INFO] running `Command { std: "docker" "exec" "-e" "SOURCE_DIR=/opt/rustwide/workdir" "-e" "CARGO_HOME=/opt/rustwide/cargo-home" "-e" "RUSTUP_HOME=/opt/rustwide/rustup-home" "-e" "CARGO_TARGET_DIR=/opt/rustwide/target" "-e" "CARGO_INCREMENTAL=0" "-e" "RUST_BACKTRACE=full" "-e" "RUSTFLAGS=--cap-lints=forbid -Znext-solver=coherence" "-e" "RUSTDOCFLAGS=--cap-lints=forbid" "-w" "/opt/rustwide/workdir" "--user" "0:0" "b7275aca1f523a7e52d55a11c47ea63c11165866c7bc889ece7c012d2c9f558a" "/opt/rustwide/cargo-home/bin/cargo" "+3154cc1a3e6424e44f438a95007d043ed5ceaaf6" "check" "--frozen" "--all" "--all-targets" "--message-format=json", kill_on_drop: false }`
[INFO] [stderr]     Checking tracing-core v0.1.36
[INFO] [stderr]     Checking http v1.4.0
[INFO] [stderr]     Checking log v0.4.29
[INFO] [stderr]     Checking try-lock v0.2.5
[INFO] [stderr]    Compiling syn v2.0.117
[INFO] [stderr]     Checking sync_wrapper v1.0.2
[INFO] [stderr]    Compiling ring v0.17.14
[INFO] [stderr]    Compiling serde_json v1.0.150
[INFO] [stderr]     Checking ipnet v2.12.0
[INFO] [stderr]     Checking rustls-pki-types v1.14.1
[INFO] [stderr]    Compiling serde_core v1.0.228
[INFO] [stderr]    Compiling rustls v0.23.40
[INFO] [stderr]    Compiling ref-cast v1.0.25
[INFO] [stderr]     Checking getrandom v0.4.2
[INFO] [stderr]     Checking chacha20 v0.10.1
[INFO] [stderr]     Checking want v0.3.1
[INFO] [stderr]     Checking regex-automata v0.4.14
[INFO] [stderr]     Checking dyn-clone v1.0.20
[INFO] [stderr]    Compiling rmcp v1.7.0
[INFO] [stderr]     Checking sharded-slab v0.1.7
[INFO] [stderr]     Checking dirs-sys v0.4.1
[INFO] [stderr]     Checking serde_path_to_error v0.1.20
[INFO] [stderr]     Checking uuid v1.23.1
[INFO] [stderr]     Checking rand v0.10.2
[INFO] [stderr]     Checking thread_local v1.1.9
[INFO] [stderr]    Compiling pastey v0.2.3
[INFO] [stderr]     Checking tracing-log v0.2.0
[INFO] [stderr]     Checking nu-ansi-term v0.50.3
[INFO] [stderr]     Checking dirs v5.0.1
[INFO] [stderr]     Checking webpki-roots v1.0.7
[INFO] [stderr]     Checking http-body v1.0.1
[INFO] [stderr]     Checking http-body-util v0.1.3
[INFO] [stderr]     Checking matchers v0.2.0
[INFO] [stderr]    Compiling synstructure v0.13.2
[INFO] [stderr]    Compiling darling_core v0.23.0
[INFO] [stderr]    Compiling serde_derive_internals v0.29.1
[INFO] [stderr]     Checking rustls-webpki v0.103.13
[INFO] [stderr]    Compiling zerofrom-derive v0.1.7
[INFO] [stderr]    Compiling yoke-derive v0.8.2
[INFO] [stderr]    Compiling zerovec-derive v0.11.3
[INFO] [stderr]    Compiling displaydoc v0.2.5
[INFO] [stderr]    Compiling tokio-macros v2.7.0
[INFO] [stderr]    Compiling futures-macro v0.3.32
[INFO] [stderr]    Compiling tracing-attributes v0.1.31
[INFO] [stderr]    Compiling serde_derive v1.0.228
[INFO] [stderr]    Compiling ref-cast-impl v1.0.25
[INFO] [stderr]    Compiling thiserror-impl v2.0.18
[INFO] [stderr]    Compiling async-trait v0.1.89
[INFO] [stderr]    Compiling clap_derive v4.6.1
[INFO] [stderr]     Checking tokio v1.52.3
[INFO] [stderr]     Checking futures-util v0.3.32
[INFO] [stderr]    Compiling schemars_derive v1.2.1
[INFO] [stderr]     Checking thiserror v2.0.18
[INFO] [stderr]     Checking zerofrom v0.1.8
[INFO] [stderr]     Checking yoke v0.8.2
[INFO] [stderr]     Checking zerovec v0.11.6
[INFO] [stderr]     Checking zerotrie v0.2.4
[INFO] [stderr]     Checking tracing v0.1.44
[INFO] [stderr]     Checking axum-core v0.5.6
[INFO] [stderr]     Checking tracing-subscriber v0.3.23
[INFO] [stderr]     Checking tinystr v0.8.3
[INFO] [stderr]     Checking potential_utf v0.1.5
[INFO] [stderr]     Checking icu_locale_core v2.2.0
[INFO] [stderr]     Checking icu_collections v2.2.0
[INFO] [stderr]    Compiling darling_macro v0.23.0
[INFO] [stderr]     Checking clap v4.6.2
[INFO] [stderr]    Compiling darling v0.23.0
[INFO] [stderr]    Compiling rmcp-macros v1.7.0
[INFO] [stderr]     Checking serde v1.0.228
[INFO] [stderr]     Checking icu_provider v2.2.0
[INFO] [stderr]     Checking chrono v0.4.44
[INFO] [stderr]     Checking serde_urlencoded v0.7.1
[INFO] [stderr]     Checking futures-executor v0.3.32
[INFO] [stderr]     Checking sse-stream v0.2.4
[INFO] [stderr]     Checking icu_normalizer v2.2.0
[INFO] [stderr]     Checking icu_properties v2.2.0
[INFO] [stderr]     Checking futures v0.3.32
[INFO] [stderr]     Checking schemars v1.2.1
[INFO] [stderr]     Checking idna_adapter v1.2.2
[INFO] [stderr]     Checking idna v1.1.0
[INFO] [stderr]     Checking hyper v1.9.0
[INFO] [stderr]     Checking tower v0.5.3
[INFO] [stderr]     Checking tokio-rustls v0.26.4
[INFO] [stderr]     Checking tokio-util v0.7.18
[INFO] [stderr]     Checking tokio-stream v0.1.18
[INFO] [stderr]     Checking url v2.5.8
[INFO] [stderr]     Checking tower-http v0.6.11
[INFO] [stderr]     Checking hyper-util v0.1.20
[INFO] [stderr]     Checking reqwest v0.13.4
[INFO] [stderr]     Checking hyper-rustls v0.27.9
[INFO] [stderr]     Checking axum v0.8.9
[INFO] [stderr]     Checking reqwest v0.12.28
[INFO] [stderr]     Checking h1mcp v0.1.6 (/opt/rustwide/workdir)
[INFO] [stdout] error[E0425]: cannot find function `recover_from_dir` in this scope
[INFO] [stdout]    --> src/drafts.rs:470:24
[INFO] [stdout]     |
[INFO] [stdout] 470 |         let recovery = recover_from_dir(&dir.0).unwrap();
[INFO] [stdout]     |                        ^^^^^^^^^^^^^^^^ not found in this scope
[INFO] [stdout]     |
[INFO] [stdout] note: similarly named function `delete_from_dir` defined here
[INFO] [stdout]    --> src/drafts.rs:244:1
[INFO] [stdout]     |
[INFO] [stdout] 244 | fn delete_from_dir(root: &Path, id: &str) -> Result<()> {
[INFO] [stdout]     | ^^^^^^^^^^^^^^^^^^^^^^^^^^^^^^^^^^^^^^^^^^^^^^^^^^^^^^^
[INFO] [stdout] help: a function with a similar name exists
[INFO] [stdout]     |
[INFO] [stdout] 470 -         let recovery = recover_from_dir(&dir.0).unwrap();
[INFO] [stdout] 470 +         let recovery = delete_from_dir(&dir.0).unwrap();
[INFO] [stdout]     |
[INFO] [stdout] 
[INFO] [stdout] 
[INFO] [stdout] error[E0599]: no method named `mark_dispatching` found for struct `ClaimedDraft` in the current scope
[INFO] [stdout]    --> src/drafts.rs:482:15
[INFO] [stdout]     |
[INFO] [stdout]  82 | pub struct ClaimedDraft {
[INFO] [stdout]     | ----------------------- method `mark_dispatching` not found for this struct
[INFO] [stdout] ...
[INFO] [stdout] 482 |         claim.mark_dispatching().unwrap();
[INFO] [stdout]     |               ^^^^^^^^^^^^^^^^ method not found in `ClaimedDraft`
[INFO] [stdout] 
[INFO] [stdout] 
[INFO] [stdout] error[E0599]: no method named `mark_accepted` found for struct `ClaimedDraft` in the current scope
[INFO] [stdout]    --> src/drafts.rs:483:15
[INFO] [stdout]     |
[INFO] [stdout]  82 | pub struct ClaimedDraft {
[INFO] [stdout]     | ----------------------- method `mark_accepted` not found for this struct
[INFO] [stdout] ...
[INFO] [stdout] 483 |         claim.mark_accepted().unwrap();
[INFO] [stdout]     |               ^^^^^^^^^^^^^ method not found in `ClaimedDraft`
[INFO] [stdout] 
[INFO] [stdout] 
[INFO] [stdout] error[E0425]: cannot find function `recover_from_dir` in this scope
[INFO] [stdout]    --> src/drafts.rs:486:24
[INFO] [stdout]     |
[INFO] [stdout] 486 |         let recovery = recover_from_dir(&dir.0).unwrap();
[INFO] [stdout]     |                        ^^^^^^^^^^^^^^^^ not found in this scope
[INFO] [stdout]     |
[INFO] [stdout] note: similarly named function `delete_from_dir` defined here
[INFO] [stdout]    --> src/drafts.rs:244:1
[INFO] [stdout]     |
[INFO] [stdout] 244 | fn delete_from_dir(root: &Path, id: &str) -> Result<()> {
[INFO] [stdout]     | ^^^^^^^^^^^^^^^^^^^^^^^^^^^^^^^^^^^^^^^^^^^^^^^^^^^^^^^
[INFO] [stdout] help: a function with a similar name exists
[INFO] [stdout]     |
[INFO] [stdout] 486 -         let recovery = recover_from_dir(&dir.0).unwrap();
[INFO] [stdout] 486 +         let recovery = delete_from_dir(&dir.0).unwrap();
[INFO] [stdout]     |
[INFO] [stdout] 
[INFO] [stdout] 
[INFO] [stdout] error[E0599]: no method named `mark_dispatching` found for struct `ClaimedDraft` in the current scope
[INFO] [stdout]    --> src/drafts.rs:498:15
[INFO] [stdout]     |
[INFO] [stdout]  82 | pub struct ClaimedDraft {
[INFO] [stdout]     | ----------------------- method `mark_dispatching` not found for this struct
[INFO] [stdout] ...
[INFO] [stdout] 498 |         claim.mark_dispatching().unwrap();
[INFO] [stdout]     |               ^^^^^^^^^^^^^^^^ method not found in `ClaimedDraft`
[INFO] [stdout] 
[INFO] [stdout] 
[INFO] [stdout] error[E0425]: cannot find function `recover_from_dir` in this scope
[INFO] [stdout]    --> src/drafts.rs:501:24
[INFO] [stdout]     |
[INFO] [stdout] 501 |         let recovery = recover_from_dir(&dir.0).unwrap();
[INFO] [stdout]     |                        ^^^^^^^^^^^^^^^^ not found in this scope
[INFO] [stdout]     |
[INFO] [stdout] note: similarly named function `delete_from_dir` defined here
[INFO] [stdout]    --> src/drafts.rs:244:1
[INFO] [stdout]     |
[INFO] [stdout] 244 | fn delete_from_dir(root: &Path, id: &str) -> Result<()> {
[INFO] [stdout]     | ^^^^^^^^^^^^^^^^^^^^^^^^^^^^^^^^^^^^^^^^^^^^^^^^^^^^^^^
[INFO] [stdout] help: a function with a similar name exists
[INFO] [stdout]     |
[INFO] [stdout] 501 -         let recovery = recover_from_dir(&dir.0).unwrap();
[INFO] [stdout] 501 +         let recovery = delete_from_dir(&dir.0).unwrap();
[INFO] [stdout]     |
[INFO] [stdout] 
[INFO] [stdout] 
[INFO] [stdout] error[E0599]: no method named `mark_dispatching` found for struct `ClaimedDraft` in the current scope
[INFO] [stdout]    --> src/drafts.rs:513:15
[INFO] [stdout]     |
[INFO] [stdout]  82 | pub struct ClaimedDraft {
[INFO] [stdout]     | ----------------------- method `mark_dispatching` not found for this struct
[INFO] [stdout] ...
[INFO] [stdout] 513 |         claim.mark_dispatching().unwrap();
[INFO] [stdout]     |               ^^^^^^^^^^^^^^^^ method not found in `ClaimedDraft`
[INFO] [stdout] 
[INFO] [stdout] 
[INFO] [stdout] error[E0433]: cannot find type `ReconciliationDecision` in this scope
[INFO] [stdout]    --> src/drafts.rs:516:47
[INFO] [stdout]     |
[INFO] [stdout] 516 |         reconcile_from_dir(&dir.0, &draft.id, ReconciliationDecision::NotSubmitted).unwrap();
[INFO] [stdout]     |                                               ^^^^^^^^^^^^^^^^^^^^^^ use of undeclared type `ReconciliationDecision`
[INFO] [stdout] 
[INFO] [stdout] 
[INFO] [stdout] error[E0425]: cannot find function `reconcile_from_dir` in this scope
[INFO] [stdout]    --> src/drafts.rs:516:9
[INFO] [stdout]     |
[INFO] [stdout] 516 |         reconcile_from_dir(&dir.0, &draft.id, ReconciliationDecision::NotSubmitted).unwrap();
[INFO] [stdout]     |         ^^^^^^^^^^^^^^^^^^ not found in this scope
[INFO] [stdout] 
[INFO] [stdout] 
[INFO] [stdout] error[E0599]: no method named `mark_dispatching` found for struct `ClaimedDraft` in the current scope
[INFO] [stdout]    --> src/drafts.rs:527:15
[INFO] [stdout]     |
[INFO] [stdout]  82 | pub struct ClaimedDraft {
[INFO] [stdout]     | ----------------------- method `mark_dispatching` not found for this struct
[INFO] [stdout] ...
[INFO] [stdout] 527 |         claim.mark_dispatching().unwrap();
[INFO] [stdout]     |               ^^^^^^^^^^^^^^^^ method not found in `ClaimedDraft`
[INFO] [stdout] 
[INFO] [stdout] 
[INFO] [stdout] error[E0433]: cannot find type `ReconciliationDecision` in this scope
[INFO] [stdout]    --> src/drafts.rs:530:47
[INFO] [stdout]     |
[INFO] [stdout] 530 |         reconcile_from_dir(&dir.0, &draft.id, ReconciliationDecision::Submitted).unwrap();
[INFO] [stdout]     |                                               ^^^^^^^^^^^^^^^^^^^^^^ use of undeclared type `ReconciliationDecision`
[INFO] [stdout] 
[INFO] [stdout] 
[INFO] [stdout] error[E0425]: cannot find function `reconcile_from_dir` in this scope
[INFO] [stdout]    --> src/drafts.rs:530:9
[INFO] [stdout]     |
[INFO] [stdout] 530 |         reconcile_from_dir(&dir.0, &draft.id, ReconciliationDecision::Submitted).unwrap();
[INFO] [stdout]     |         ^^^^^^^^^^^^^^^^^^ not found in this scope
[INFO] [stdout] 
[INFO] [stdout] 
[INFO] [stdout] error[E0425]: cannot find function `list_quarantined_from_dir` in this scope
[INFO] [stdout]    --> src/drafts.rs:533:17
[INFO] [stdout]     |
[INFO] [stdout] 533 |         assert!(list_quarantined_from_dir(&dir.0).unwrap().is_empty());
[INFO] [stdout]     |                 ^^^^^^^^^^^^^^^^^^^^^^^^^ not found in this scope
[INFO] [stdout] 
[INFO] [stdout] 
[INFO] [stdout] warning: function `draft_path` is never used
[INFO] [stdout]   --> src/drafts.rs:52:4
[INFO] [stdout]    |
[INFO] [stdout] 52 | fn draft_path(id: &str) -> Result<PathBuf> {
[INFO] [stdout]    |    ^^^^^^^^^^
[INFO] [stdout]    |
[INFO] [stdout]    = note: `#[warn(dead_code)]` (part of `#[warn(unused)]`) on by default
[INFO] [stdout] 
[INFO] [stdout] 
[INFO] [stdout] warning: function `update_from_dir` is never used
[INFO] [stdout]    --> src/drafts.rs:232:4
[INFO] [stdout]     |
[INFO] [stdout] 232 | fn update_from_dir<F>(root: &Path, id: &str, update: F) -> Result<ReportDraft>
[INFO] [stdout]     |    ^^^^^^^^^^^^^^^
[INFO] [stdout] 
[INFO] [stdout] 
[INFO] [stdout] warning: function `update` is never used
[INFO] [stdout]    --> src/drafts.rs:251:8
[INFO] [stdout]     |
[INFO] [stdout] 251 | pub fn update<F>(id: &str, update: F) -> Result<ReportDraft>
[INFO] [stdout]     |        ^^^^^^
[INFO] [stdout] 
[INFO] [stdout] 
[INFO] [stdout] Some errors have detailed explanations: E0425, E0433, E0599.
[INFO] [stdout] 
[INFO] [stdout] For more information about an error, try `rustc --explain E0425`.
[INFO] [stdout] 
[INFO] [stderr] error: could not compile `h1mcp` (bin "h1mcp" test) due to 13 previous errors
[INFO] running `Command { std: "docker" "inspect" "b7275aca1f523a7e52d55a11c47ea63c11165866c7bc889ece7c012d2c9f558a", kill_on_drop: false }`
[INFO] running `Command { std: "docker" "rm" "-f" "b7275aca1f523a7e52d55a11c47ea63c11165866c7bc889ece7c012d2c9f558a", kill_on_drop: false }`
[INFO] [stdout] b7275aca1f523a7e52d55a11c47ea63c11165866c7bc889ece7c012d2c9f558a
