[INFO] cloning repository https://github.com/uuadsapqqf3dsyww4dh4dp-bot/grasp-crate-kit
[INFO] running `Command { std: "git" "-c" "credential.helper=" "-c" "credential.helper=/workspace/cargo-home/bin/git-credential-null" "clone" "--bare" "https://github.com/uuadsapqqf3dsyww4dh4dp-bot/grasp-crate-kit" "/workspace/cache/git-repos/https%3A%2F%2Fgithub.com%2Fuuadsapqqf3dsyww4dh4dp-bot%2Fgrasp-crate-kit", kill_on_drop: false }`
[INFO] [stderr] Cloning into bare repository '/workspace/cache/git-repos/https%3A%2F%2Fgithub.com%2Fuuadsapqqf3dsyww4dh4dp-bot%2Fgrasp-crate-kit'...
[INFO] running `Command { std: "git" "rev-parse" "HEAD", kill_on_drop: false }`
[INFO] [stdout] a99ce313ca98f4361270831cb8437338483e89a3
[INFO] checking uuadsapqqf3dsyww4dh4dp-bot/grasp-crate-kit against 3154cc1a3e6424e44f438a95007d043ed5ceaaf6 for pr-133502-30
[INFO] running `Command { std: "git" "clone" "/workspace/cache/git-repos/https%3A%2F%2Fgithub.com%2Fuuadsapqqf3dsyww4dh4dp-bot%2Fgrasp-crate-kit" "/workspace/builds/worker-6-tc2/source", kill_on_drop: false }`
[INFO] [stderr] Cloning into '/workspace/builds/worker-6-tc2/source'...
[INFO] [stderr] done.
[INFO] started tweaking git repo https://github.com/uuadsapqqf3dsyww4dh4dp-bot/grasp-crate-kit
[INFO] finished tweaking git repo https://github.com/uuadsapqqf3dsyww4dh4dp-bot/grasp-crate-kit
[INFO] tweaked toml for git repo https://github.com/uuadsapqqf3dsyww4dh4dp-bot/grasp-crate-kit written to /workspace/builds/worker-6-tc2/source/Cargo.toml
[INFO] validating manifest of git repo https://github.com/uuadsapqqf3dsyww4dh4dp-bot/grasp-crate-kit on toolchain 3154cc1a3e6424e44f438a95007d043ed5ceaaf6
[INFO] running `Command { std: CARGO_HOME="/workspace/cargo-home" RUSTUP_HOME="/workspace/rustup-home" "/workspace/cargo-home/bin/cargo" "+3154cc1a3e6424e44f438a95007d043ed5ceaaf6" "metadata" "--manifest-path" "Cargo.toml" "--no-deps", kill_on_drop: false }`
[INFO] crate git repo https://github.com/uuadsapqqf3dsyww4dh4dp-bot/grasp-crate-kit already has a lockfile, it will not be regenerated
[INFO] running `Command { std: CARGO_HOME="/workspace/cargo-home" RUSTUP_HOME="/workspace/rustup-home" "/workspace/cargo-home/bin/cargo" "+3154cc1a3e6424e44f438a95007d043ed5ceaaf6" "fetch" "--manifest-path" "Cargo.toml", kill_on_drop: false }`
[INFO] [stderr]     Blocking waiting for file lock on package cache
[INFO] running `Command { std: "docker" "create" "-v" "/var/lib/crater-agent-workspace/builds/worker-6-tc2/source:/opt/rustwide/workdir:ro,Z" "-v" "/var/lib/crater-agent-workspace/builds/worker-6-tc2/target:/opt/rustwide/target:rw,Z" "-v" "/var/lib/crater-agent-workspace/cargo-home:/opt/rustwide/cargo-home:ro,Z" "-v" "/var/lib/crater-agent-workspace/rustup-home:/opt/rustwide/rustup-home:ro,Z" "-m" "1610612736" "--network" "none" "ghcr.io/rust-lang/crates-build-env/linux@sha256:77db811e55d90add9212f6832c23229e3de5f1c1f9905e8cb07319ea15df73ac" "sleep" "infinity", kill_on_drop: false }`
[INFO] [stdout] 01717227c12837f81f4c8561c0f4b987dfcf7406f28ad03cbc13f390f49b5eb4
[INFO] running `Command { std: "docker" "start" "01717227c12837f81f4c8561c0f4b987dfcf7406f28ad03cbc13f390f49b5eb4", kill_on_drop: false }`
[INFO] running `Command { std: "docker" "inspect" "01717227c12837f81f4c8561c0f4b987dfcf7406f28ad03cbc13f390f49b5eb4", kill_on_drop: false }`
[INFO] running `Command { std: "docker" "exec" "-e" "SOURCE_DIR=/opt/rustwide/workdir" "-e" "CARGO_HOME=/opt/rustwide/cargo-home" "-e" "RUSTUP_HOME=/opt/rustwide/rustup-home" "-e" "CARGO_TARGET_DIR=/opt/rustwide/target" "-w" "/opt/rustwide/workdir" "--user" "0:0" "01717227c12837f81f4c8561c0f4b987dfcf7406f28ad03cbc13f390f49b5eb4" "/opt/rustwide/cargo-home/bin/cargo" "+3154cc1a3e6424e44f438a95007d043ed5ceaaf6" "metadata" "--no-deps" "--format-version=1", kill_on_drop: false }`
[INFO] running `Command { std: "docker" "inspect" "01717227c12837f81f4c8561c0f4b987dfcf7406f28ad03cbc13f390f49b5eb4", kill_on_drop: false }`
[INFO] running `Command { std: "docker" "exec" "-e" "SOURCE_DIR=/opt/rustwide/workdir" "-e" "CARGO_HOME=/opt/rustwide/cargo-home" "-e" "RUSTUP_HOME=/opt/rustwide/rustup-home" "-e" "CARGO_TARGET_DIR=/opt/rustwide/target" "-e" "CARGO_INCREMENTAL=0" "-e" "RUST_BACKTRACE=full" "-e" "RUSTFLAGS=--cap-lints=forbid" "-e" "RUSTDOCFLAGS=--cap-lints=forbid" "-w" "/opt/rustwide/workdir" "--user" "0:0" "01717227c12837f81f4c8561c0f4b987dfcf7406f28ad03cbc13f390f49b5eb4" "/opt/rustwide/cargo-home/bin/cargo" "+3154cc1a3e6424e44f438a95007d043ed5ceaaf6" "check" "--frozen" "--all" "--all-targets" "--message-format=json", kill_on_drop: false }`
[INFO] [stderr]    Compiling autocfg v1.3.0
[INFO] [stderr]    Compiling proc-macro2 v1.0.84
[INFO] [stderr]    Compiling unicode-ident v1.0.12
[INFO] [stderr]     Checking memchr v2.7.2
[INFO] [stderr]     Checking cfg-if v1.0.0
[INFO] [stderr]    Compiling libc v0.2.155
[INFO] [stderr]     Checking pin-project-lite v0.2.14
[INFO] [stderr]     Checking log v0.4.21
[INFO] [stderr]     Checking once_cell v1.19.0
[INFO] [stderr]     Checking regex-syntax v0.8.3
[INFO] [stderr]     Checking utf8parse v0.2.1
[INFO] [stderr]     Checking futures-sink v0.3.30
[INFO] [stderr]     Checking overload v0.1.1
[INFO] [stderr]     Checking colorchoice v1.0.1
[INFO] [stderr]     Checking ppv-lite86 v0.2.17
[INFO] [stderr]     Checking anstyle v1.0.7
[INFO] [stderr]     Checking futures-core v0.3.30
[INFO] [stderr]     Checking anstyle-parse v0.2.4
[INFO] [stderr]     Checking anstyle-query v1.0.3
[INFO] [stderr]     Checking is_terminal_polyfill v1.70.0
[INFO] [stderr]     Checking nu-ansi-term v0.46.0
[INFO] [stderr]     Checking sharded-slab v0.1.7
[INFO] [stderr]     Checking futures-channel v0.3.30
[INFO] [stderr]     Checking smallvec v1.13.2
[INFO] [stderr]     Checking futures-io v0.3.30
[INFO] [stderr]     Checking humantime v2.1.0
[INFO] [stderr]     Checking futures-task v0.3.30
[INFO] [stderr]     Checking iana-time-zone v0.1.60
[INFO] [stderr]     Checking anstream v0.6.14
[INFO] [stderr]     Checking tracing-core v0.1.32
[INFO] [stderr]     Checking thread_local v1.1.8
[INFO] [stderr]    Compiling num-traits v0.2.19
[INFO] [stderr]    Compiling slab v0.4.9
[INFO] [stderr]     Checking aho-corasick v1.1.3
[INFO] [stderr]     Checking tracing-log v0.2.0
[INFO] [stderr]    Compiling quote v1.0.36
[INFO] [stderr]     Checking getrandom v0.2.15
[INFO] [stderr]     Checking tracing-subscriber v0.3.18
[INFO] [stderr]    Compiling syn v2.0.66
[INFO] [stderr]     Checking rand_core v0.6.4
[INFO] [stderr]     Checking chrono v0.4.38
[INFO] [stderr]     Checking rand_chacha v0.3.1
[INFO] [stderr]     Checking rand v0.8.5
[INFO] [stderr]     Checking regex-automata v0.4.6
[INFO] [stderr]     Checking Rand v0.1.0 (/opt/rustwide/workdir/Rand)
[INFO] [stderr]     Checking Chrono v0.1.0 (/opt/rustwide/workdir/Chrono)
[INFO] [stdout] warning: unused imports: `Duration` and `Local`
[INFO] [stdout]  --> Chrono/src/main.rs:1:25
[INFO] [stdout]   |
[INFO] [stdout] 1 | use chrono::{ DateTime, Duration, Local, NaiveDateTime, ParseError, Utc};
[INFO] [stdout]   |                         ^^^^^^^^  ^^^^^
[INFO] [stdout]   |
[INFO] [stdout]   = note: `#[warn(unused_imports)]` (part of `#[warn(unused)]`) on by default
[INFO] [stdout] 
[INFO] [stdout] 
[INFO] [stdout] warning: unused imports: `Duration` and `Local`
[INFO] [stdout]  --> Chrono/src/main.rs:1:25
[INFO] [stdout]   |
[INFO] [stdout] 1 | use chrono::{ DateTime, Duration, Local, NaiveDateTime, ParseError, Utc};
[INFO] [stdout]   |                         ^^^^^^^^  ^^^^^
[INFO] [stdout]   |
[INFO] [stdout]   = note: `#[warn(unused_imports)]` (part of `#[warn(unused)]`) on by default
[INFO] [stdout] 
[INFO] [stdout] 
[INFO] [stdout] warning: use of deprecated associated function `chrono::DateTime::<Tz>::from_utc`: Use TimeZone::from_utc_datetime() or DateTime::from_naive_utc_and_offset instead
[INFO] [stdout]  --> Chrono/src/main.rs:5:18
[INFO] [stdout]   |
[INFO] [stdout] 5 |     Ok(DateTime::from_utc(naive_date_time, Utc))
[INFO] [stdout]   |                  ^^^^^^^^
[INFO] [stdout]   |
[INFO] [stdout]   = note: `#[warn(deprecated)]` on by default
[INFO] [stdout] 
[INFO] [stdout] 
[INFO] [stdout] warning: use of deprecated associated function `chrono::DateTime::<Tz>::from_utc`: Use TimeZone::from_utc_datetime() or DateTime::from_naive_utc_and_offset instead
[INFO] [stdout]  --> Chrono/src/main.rs:5:18
[INFO] [stdout]   |
[INFO] [stdout] 5 |     Ok(DateTime::from_utc(naive_date_time, Utc))
[INFO] [stdout]   |                  ^^^^^^^^
[INFO] [stdout]   |
[INFO] [stdout]   = note: `#[warn(deprecated)]` on by default
[INFO] [stdout] 
[INFO] [stdout] 
[INFO] [stdout] warning: function `parse_date_time_from_str` is never used
[INFO] [stdout]  --> Chrono/src/main.rs:3:4
[INFO] [stdout]   |
[INFO] [stdout] 3 | fn parse_date_time_from_str(date_str: &str, fmt: &str) -> Result<DateTime<Utc>, ParseError> {
[INFO] [stdout]   |    ^^^^^^^^^^^^^^^^^^^^^^^^
[INFO] [stdout]   |
[INFO] [stdout]   = note: `#[warn(dead_code)]` (part of `#[warn(unused)]`) on by default
[INFO] [stdout] 
[INFO] [stdout] 
[INFO] [stdout] warning: function `parse_date_time_from_str` is never used
[INFO] [stdout]  --> Chrono/src/main.rs:3:4
[INFO] [stdout]   |
[INFO] [stdout] 3 | fn parse_date_time_from_str(date_str: &str, fmt: &str) -> Result<DateTime<Utc>, ParseError> {
[INFO] [stdout]   |    ^^^^^^^^^^^^^^^^^^^^^^^^
[INFO] [stdout]   |
[INFO] [stdout]   = note: `#[warn(dead_code)]` (part of `#[warn(unused)]`) on by default
[INFO] [stdout] 
[INFO] [stdout] 
[INFO] [stderr]     Checking regex v1.10.4
[INFO] [stderr]     Checking env_filter v0.1.0
[INFO] [stderr]     Checking env_logger v0.11.3
[INFO] [stderr]     Checking Log v0.1.0 (/opt/rustwide/workdir/Log)
[INFO] [stderr]    Compiling futures-macro v0.3.30
[INFO] [stderr]    Compiling tracing-attributes v0.1.27
[INFO] [stderr]     Checking futures-util v0.3.30
[INFO] [stderr]     Checking tracing v0.1.40
[INFO] [stderr]     Checking grasp-crate v0.1.0 (/opt/rustwide/workdir)
[INFO] [stderr]     Checking Tracing v0.1.0 (/opt/rustwide/workdir/Tracing)
[INFO] [stdout] error[E0432]: unresolved import `tracing::Info`
[INFO] [stdout]  --> Tracing/src/main.rs:4:26
[INFO] [stdout]   |
[INFO] [stdout] 4 | use tracing::{info_span, Info};
[INFO] [stdout]   |                          ^^^^ no `Info` in the root
[INFO] [stdout]   |
[INFO] [stdout] help: a similar name exists in the module (notice the capitalization)
[INFO] [stdout]   |
[INFO] [stdout] 4 - use tracing::{info_span, Info};
[INFO] [stdout] 4 + use tracing::{info_span, info};
[INFO] [stdout]   |
[INFO] [stdout] 
[INFO] [stdout] 
[INFO] [stdout] error[E0425]: cannot find type `Request` in this scope
[INFO] [stdout]   --> Tracing/src/main.rs:34:34
[INFO] [stdout]    |
[INFO] [stdout] 34 | async fn handle_request(request: Request) -> Result<Response, Error> {
[INFO] [stdout]    |                                  ^^^^^^^ not found in this scope
[INFO] [stdout]    |
[INFO] [stdout] help: consider importing this struct
[INFO] [stdout]    |
[INFO] [stdout]  1 + use std::error::Request;
[INFO] [stdout]    |
[INFO] [stdout] 
[INFO] [stdout] 
[INFO] [stdout] error[E0425]: cannot find type `Response` in this scope
[INFO] [stdout]   --> Tracing/src/main.rs:34:53
[INFO] [stdout]    |
[INFO] [stdout] 34 | async fn handle_request(request: Request) -> Result<Response, Error> {
[INFO] [stdout]    |                                                     ^^^^^^^^ not found in this scope
[INFO] [stdout]    |
[INFO] [stdout] help: you might be missing a type parameter
[INFO] [stdout]    |
[INFO] [stdout] 34 | async fn handle_request<Response>(request: Request) -> Result<Response, Error> {
[INFO] [stdout]    |                        ++++++++++
[INFO] [stdout] 
[INFO] [stdout] 
[INFO] [stdout] error[E0425]: cannot find type `Error` in this scope
[INFO] [stdout]   --> Tracing/src/main.rs:34:63
[INFO] [stdout]    |
[INFO] [stdout] 34 | async fn handle_request(request: Request) -> Result<Response, Error> {
[INFO] [stdout]    |                                                               ^^^^^ not found in this scope
[INFO] [stdout]    |
[INFO] [stdout] help: consider importing one of these items
[INFO] [stdout]    |
[INFO] [stdout]  1 + use crate::tracing_subscriber::reload::Error;
[INFO] [stdout]    |
[INFO] [stdout]  1 + use std::error::Error;
[INFO] [stdout]    |
[INFO] [stdout]  1 + use std::fmt::Error;
[INFO] [stdout]    |
[INFO] [stdout]  1 + use std::io::Error;
[INFO] [stdout]    |
[INFO] [stdout]    = and 1 other candidate
[INFO] [stdout] 
[INFO] [stdout] 
[INFO] [stdout] error[E0425]: cannot find value `response` in this scope
[INFO] [stdout]   --> Tracing/src/main.rs:40:8
[INFO] [stdout]    |
[INFO] [stdout] 40 |     Ok(response)
[INFO] [stdout]    |        ^^^^^^^^ not found in this scope
[INFO] [stdout] 
[INFO] [stdout] 
[INFO] [stdout] warning: unused imports: `debug` and `warn`
[INFO] [stdout]  --> Tracing/src/main.rs:2:15
[INFO] [stdout]   |
[INFO] [stdout] 2 | use tracing::{debug, error, info, warn};
[INFO] [stdout]   |               ^^^^^               ^^^^
[INFO] [stdout]   |
[INFO] [stdout]   = note: `#[warn(unused_imports)]` (part of `#[warn(unused)]`) on by default
[INFO] [stdout] 
[INFO] [stdout] 
[INFO] [stdout] error[E0432]: unresolved import `tracing::Info`
[INFO] [stdout]  --> Tracing/src/main.rs:4:26
[INFO] [stdout]   |
[INFO] [stdout] 4 | use tracing::{info_span, Info};
[INFO] [stdout]   |                          ^^^^ no `Info` in the root
[INFO] [stdout]   |
[INFO] [stdout] help: a similar name exists in the module (notice the capitalization)
[INFO] [stdout]   |
[INFO] [stdout] 4 - use tracing::{info_span, Info};
[INFO] [stdout] 4 + use tracing::{info_span, info};
[INFO] [stdout]   |
[INFO] [stdout] 
[INFO] [stdout] 
[INFO] [stdout] Some errors have detailed explanations: E0425, E0432.
[INFO] [stdout] 
[INFO] [stdout] For more information about an error, try `rustc --explain E0425`.
[INFO] [stdout] 
[INFO] [stdout] error[E0425]: cannot find type `Request` in this scope
[INFO] [stdout]   --> Tracing/src/main.rs:34:34
[INFO] [stdout]    |
[INFO] [stdout] 34 | async fn handle_request(request: Request) -> Result<Response, Error> {
[INFO] [stdout]    |                                  ^^^^^^^ not found in this scope
[INFO] [stdout]    |
[INFO] [stdout] help: consider importing this struct
[INFO] [stdout]    |
[INFO] [stdout]  1 + use std::error::Request;
[INFO] [stdout]    |
[INFO] [stdout] 
[INFO] [stdout] 
[INFO] [stdout] error[E0425]: cannot find type `Response` in this scope
[INFO] [stdout]   --> Tracing/src/main.rs:34:53
[INFO] [stdout]    |
[INFO] [stdout] 34 | async fn handle_request(request: Request) -> Result<Response, Error> {
[INFO] [stdout]    |                                                     ^^^^^^^^ not found in this scope
[INFO] [stdout]    |
[INFO] [stdout] help: you might be missing a type parameter
[INFO] [stdout]    |
[INFO] [stdout] 34 | async fn handle_request<Response>(request: Request) -> Result<Response, Error> {
[INFO] [stdout]    |                        ++++++++++
[INFO] [stdout] 
[INFO] [stdout] 
[INFO] [stdout] error[E0425]: cannot find type `Error` in this scope
[INFO] [stdout]   --> Tracing/src/main.rs:34:63
[INFO] [stdout]    |
[INFO] [stdout] 34 | async fn handle_request(request: Request) -> Result<Response, Error> {
[INFO] [stdout]    |                                                               ^^^^^ not found in this scope
[INFO] [stdout]    |
[INFO] [stdout] help: consider importing one of these items
[INFO] [stdout]    |
[INFO] [stdout]  1 + use crate::tracing_subscriber::reload::Error;
[INFO] [stdout]    |
[INFO] [stdout]  1 + use std::error::Error;
[INFO] [stdout]    |
[INFO] [stdout]  1 + use std::fmt::Error;
[INFO] [stdout]    |
[INFO] [stdout]  1 + use std::io::Error;
[INFO] [stdout]    |
[INFO] [stdout]    = and 1 other candidate
[INFO] [stdout] 
[INFO] [stdout] 
[INFO] [stdout] error[E0425]: cannot find value `response` in this scope
[INFO] [stdout]   --> Tracing/src/main.rs:40:8
[INFO] [stdout]    |
[INFO] [stdout] 40 |     Ok(response)
[INFO] [stdout]    |        ^^^^^^^^ not found in this scope
[INFO] [stdout] 
[INFO] [stdout] 
[INFO] [stderr] error: could not compile `Tracing` (bin "Tracing" test) due to 5 previous errors; 1 warning emitted
[INFO] [stdout] warning: unused imports: `debug` and `warn`
[INFO] [stdout]  --> Tracing/src/main.rs:2:15
[INFO] [stdout]   |
[INFO] [stdout] 2 | use tracing::{debug, error, info, warn};
[INFO] [stdout]   |               ^^^^^               ^^^^
[INFO] [stdout]   |
[INFO] [stdout]   = note: `#[warn(unused_imports)]` (part of `#[warn(unused)]`) on by default
[INFO] [stdout] 
[INFO] [stdout] 
[INFO] [stderr] warning: build failed, waiting for other jobs to finish...
[INFO] [stdout] Some errors have detailed explanations: E0425, E0432.
[INFO] [stdout] 
[INFO] [stdout] For more information about an error, try `rustc --explain E0425`.
[INFO] [stdout] 
[INFO] [stderr] error: could not compile `Tracing` (bin "Tracing") due to 5 previous errors; 1 warning emitted
[INFO] [stderr] warning: unused dependency `chrono`
[INFO] [stderr]  --> Cargo.toml:2:1
[INFO] [stderr]   |
[INFO] [stderr] 2 | chrono = "0.4.38"
[INFO] [stderr]   | ^^^^^^^^^^^^^^^^^
[INFO] [stderr]   |
[INFO] [stderr]   = note: `cargo::unused_dependencies` is set to `warn` by default
[INFO] [stderr] help: consider removing the dependency on `chrono`
[INFO] [stderr] warning: unused dependency `env_logger`
[INFO] [stderr]  --> Cargo.toml:3:1
[INFO] [stderr]   |
[INFO] [stderr] 3 | env_logger = "0.11.3"
[INFO] [stderr]   | ^^^^^^^^^^^^^^^^^^^^^
[INFO] [stderr]   |
[INFO] [stderr] help: consider removing the dependency on `env_logger`
[INFO] [stderr] warning: unused dependency `rand`
[INFO] [stderr]  --> Cargo.toml:5:1
[INFO] [stderr]   |
[INFO] [stderr] 5 | rand = "0.8.5"
[INFO] [stderr]   | ^^^^^^^^^^^^^^
[INFO] [stderr]   |
[INFO] [stderr] help: consider removing the dependency on `rand`
[INFO] [stderr] warning: unused dependency `tracing`
[INFO] [stderr]  --> Cargo.toml:6:1
[INFO] [stderr]   |
[INFO] [stderr] 6 | tracing = "0.1.40"
[INFO] [stderr]   | ^^^^^^^^^^^^^^^^^^
[INFO] [stderr]   |
[INFO] [stderr] help: consider removing the dependency on `tracing`
[INFO] [stderr] warning: unused dependency `tracing-subscriber`
[INFO] [stderr]  --> Cargo.toml:7:1
[INFO] [stderr]   |
[INFO] [stderr] 7 | tracing-subscriber = "0.3.18"
[INFO] [stderr]   | ^^^^^^^^^^^^^^^^^^^^^^^^^^^^^
[INFO] [stderr]   |
[INFO] [stderr] help: consider removing the dependency on `tracing-subscriber`
[INFO] [stderr] warning: `grasp-crate` (manifest) generated 5 warnings
[INFO] running `Command { std: "docker" "inspect" "01717227c12837f81f4c8561c0f4b987dfcf7406f28ad03cbc13f390f49b5eb4", kill_on_drop: false }`
[INFO] running `Command { std: "docker" "rm" "-f" "01717227c12837f81f4c8561c0f4b987dfcf7406f28ad03cbc13f390f49b5eb4", kill_on_drop: false }`
[INFO] [stdout] 01717227c12837f81f4c8561c0f4b987dfcf7406f28ad03cbc13f390f49b5eb4
