[INFO] cloning repository https://github.com/uu42xsn87txwpde8-oss/crater-generate-report-lib
[INFO] running `Command { std: "git" "-c" "credential.helper=" "-c" "credential.helper=/workspace/cargo-home/bin/git-credential-null" "clone" "--bare" "https://github.com/uu42xsn87txwpde8-oss/crater-generate-report-lib" "/workspace/cache/git-repos/https%3A%2F%2Fgithub.com%2Fuu42xsn87txwpde8-oss%2Fcrater-generate-report-lib", kill_on_drop: false }`
[INFO] [stderr] Cloning into bare repository '/workspace/cache/git-repos/https%3A%2F%2Fgithub.com%2Fuu42xsn87txwpde8-oss%2Fcrater-generate-report-lib'...
[INFO] running `Command { std: "git" "rev-parse" "HEAD", kill_on_drop: false }`
[INFO] [stdout] aba09203e8ca4b22ad995aa2c82034e9b48badf5
[INFO] checking uu42xsn87txwpde8-oss/crater-generate-report-lib against 3154cc1a3e6424e44f438a95007d043ed5ceaaf6+rustflags=-Znext-solver=coherence for pr-133502-30
[INFO] running `Command { std: "git" "clone" "/workspace/cache/git-repos/https%3A%2F%2Fgithub.com%2Fuu42xsn87txwpde8-oss%2Fcrater-generate-report-lib" "/workspace/builds/worker-4-tc1/source", kill_on_drop: false }`
[INFO] [stderr] Cloning into '/workspace/builds/worker-4-tc1/source'...
[INFO] [stderr] done.
[INFO] started tweaking git repo https://github.com/uu42xsn87txwpde8-oss/crater-generate-report-lib
[INFO] finished tweaking git repo https://github.com/uu42xsn87txwpde8-oss/crater-generate-report-lib
[INFO] tweaked toml for git repo https://github.com/uu42xsn87txwpde8-oss/crater-generate-report-lib written to /workspace/builds/worker-4-tc1/source/Cargo.toml
[INFO] validating manifest of git repo https://github.com/uu42xsn87txwpde8-oss/crater-generate-report-lib on toolchain 3154cc1a3e6424e44f438a95007d043ed5ceaaf6
[INFO] running `Command { std: CARGO_HOME="/workspace/cargo-home" RUSTUP_HOME="/workspace/rustup-home" "/workspace/cargo-home/bin/cargo" "+3154cc1a3e6424e44f438a95007d043ed5ceaaf6" "metadata" "--manifest-path" "Cargo.toml" "--no-deps", kill_on_drop: false }`
[INFO] crate git repo https://github.com/uu42xsn87txwpde8-oss/crater-generate-report-lib already has a lockfile, it will not be regenerated
[INFO] running `Command { std: CARGO_HOME="/workspace/cargo-home" RUSTUP_HOME="/workspace/rustup-home" "/workspace/cargo-home/bin/cargo" "+3154cc1a3e6424e44f438a95007d043ed5ceaaf6" "fetch" "--manifest-path" "Cargo.toml", kill_on_drop: false }`
[INFO] [stderr]     Blocking waiting for file lock on package cache
[INFO] [stderr]  Downloading crates ...
[INFO] [stderr]   Downloaded xattr v0.2.2
[INFO] [stderr]   Downloaded redox_syscall v0.1.56
[INFO] [stderr]   Downloaded tar v0.4.26
[INFO] [stderr]   Downloaded filetime v0.2.9
[INFO] [stderr]   Downloaded wasm-bindgen-shared v0.2.62
[INFO] [stderr]   Downloaded vcpkg v0.2.8
[INFO] [stderr]   Downloaded pkg-config v0.3.17
[INFO] [stderr]   Downloaded itoa v0.4.5
[INFO] [stderr]   Downloaded autocfg v1.0.0
[INFO] [stderr]   Downloaded hyper-tls v0.4.1
[INFO] [stderr]   Downloaded try-lock v0.2.2
[INFO] [stderr]   Downloaded futures-io v0.3.4
[INFO] [stderr]   Downloaded unicode-xid v0.2.0
[INFO] [stderr]   Downloaded dtoa v0.4.5
[INFO] [stderr]   Downloaded fnv v1.0.6
[INFO] [stderr]   Downloaded wasm-bindgen-futures v0.4.12
[INFO] [stderr]   Downloaded adler32 v1.0.4
[INFO] [stderr]   Downloaded wasm-bindgen-macro v0.2.62
[INFO] [stderr]   Downloaded futures-core v0.3.4
[INFO] [stderr]   Downloaded version_check v0.9.1
[INFO] [stderr]   Downloaded hermit-abi v0.1.12
[INFO] [stderr]   Downloaded remove_dir_all v0.5.2
[INFO] [stderr]   Downloaded winreg v0.6.2
[INFO] [stderr]   Downloaded wasm-bindgen-macro-support v0.2.62
[INFO] [stderr]   Downloaded pin-project-internal v0.4.9
[INFO] [stderr]   Downloaded futures-task v0.3.4
[INFO] [stderr]   Downloaded quote v1.0.4
[INFO] [stderr]   Downloaded pin-project-lite v0.1.4
[INFO] [stderr]   Downloaded net2 v0.2.34
[INFO] [stderr]   Downloaded ppv-lite86 v0.2.6
[INFO] [stderr]   Downloaded futures-sink v0.3.4
[INFO] [stderr]   Downloaded wasm-bindgen-backend v0.2.62
[INFO] [stderr]   Downloaded log v0.4.8
[INFO] [stderr]   Downloaded smallvec v1.4.0
[INFO] [stderr]   Downloaded tokio-tls v0.3.0
[INFO] [stderr]   Downloaded time v0.1.43
[INFO] [stderr]   Downloaded pin-project v0.4.9
[INFO] [stderr]   Downloaded futures-channel v0.3.4
[INFO] [stderr]   Downloaded miniz_oxide v0.3.6
[INFO] [stderr]   Downloaded crc32fast v1.2.0
[INFO] [stderr]   Downloaded proc-macro2 v1.0.12
[INFO] [stderr]   Downloaded bytes v0.5.4
[INFO] [stderr]   Downloaded schannel v0.1.18
[INFO] [stderr]   Downloaded openssl-sys v0.9.55
[INFO] [stderr]   Downloaded cc v1.0.52
[INFO] [stderr]   Downloaded base64 v0.11.0
[INFO] [stderr]   Downloaded ryu v1.0.4
[INFO] [stderr]   Downloaded js-sys v0.3.39
[INFO] [stderr]   Downloaded unicode-normalization v0.1.12
[INFO] [stderr]   Downloaded security-framework v0.4.3
[INFO] [stderr]   Downloaded indexmap v1.3.2
[INFO] [stderr]   Downloaded serde_json v1.0.52
[INFO] [stderr]   Downloaded serde v1.0.106
[INFO] [stderr]   Downloaded serde_derive v1.0.106
[INFO] [stderr]   Downloaded flate2 v1.0.14
[INFO] [stderr]   Downloaded aho-corasick v0.7.10
[INFO] [stderr]   Downloaded bumpalo v3.2.1
[INFO] [stderr]   Downloaded reqwest v0.10.4
[INFO] [stderr]   Downloaded hyper v0.13.5
[INFO] [stderr]   Downloaded futures-util v0.3.4
[INFO] [stderr]   Downloaded wasm-bindgen v0.2.62
[INFO] [stderr]   Downloaded h2 v0.2.4
[INFO] [stderr]   Downloaded openssl v0.10.29
[INFO] [stderr]   Downloaded regex v1.3.7
[INFO] [stderr]   Downloaded syn v1.0.18
[INFO] [stderr]   Downloaded regex-syntax v0.6.17
[INFO] [stderr]   Downloaded libc v0.2.69
[INFO] [stderr]   Downloaded tokio v0.2.20
[INFO] [stderr]   Downloaded web-sys v0.3.39
[INFO] [stderr]   Downloaded winapi v0.3.8
[INFO] [stderr]   Downloaded encoding_rs v0.8.22
[INFO] running `Command { std: "docker" "create" "-v" "/var/lib/crater-agent-workspace/builds/worker-4-tc1/source:/opt/rustwide/workdir:ro,Z" "-v" "/var/lib/crater-agent-workspace/builds/worker-4-tc1/target:/opt/rustwide/target:rw,Z" "-v" "/var/lib/crater-agent-workspace/cargo-home:/opt/rustwide/cargo-home:ro,Z" "-v" "/var/lib/crater-agent-workspace/rustup-home:/opt/rustwide/rustup-home:ro,Z" "-m" "1610612736" "--network" "none" "ghcr.io/rust-lang/crates-build-env/linux@sha256:77db811e55d90add9212f6832c23229e3de5f1c1f9905e8cb07319ea15df73ac" "sleep" "infinity", kill_on_drop: false }`
[INFO] [stdout] f6a192fd4efdc529a9f13c1f6e43e1c0476661b2b75e52404437fbbafa2b32d1
[INFO] running `Command { std: "docker" "start" "f6a192fd4efdc529a9f13c1f6e43e1c0476661b2b75e52404437fbbafa2b32d1", kill_on_drop: false }`
[INFO] running `Command { std: "docker" "inspect" "f6a192fd4efdc529a9f13c1f6e43e1c0476661b2b75e52404437fbbafa2b32d1", kill_on_drop: false }`
[INFO] running `Command { std: "docker" "exec" "-e" "SOURCE_DIR=/opt/rustwide/workdir" "-e" "CARGO_HOME=/opt/rustwide/cargo-home" "-e" "RUSTUP_HOME=/opt/rustwide/rustup-home" "-e" "CARGO_TARGET_DIR=/opt/rustwide/target" "-w" "/opt/rustwide/workdir" "--user" "0:0" "f6a192fd4efdc529a9f13c1f6e43e1c0476661b2b75e52404437fbbafa2b32d1" "/opt/rustwide/cargo-home/bin/cargo" "+3154cc1a3e6424e44f438a95007d043ed5ceaaf6" "metadata" "--no-deps" "--format-version=1", kill_on_drop: false }`
[INFO] running `Command { std: "docker" "inspect" "f6a192fd4efdc529a9f13c1f6e43e1c0476661b2b75e52404437fbbafa2b32d1", kill_on_drop: false }`
[INFO] running `Command { std: "docker" "exec" "-e" "SOURCE_DIR=/opt/rustwide/workdir" "-e" "CARGO_HOME=/opt/rustwide/cargo-home" "-e" "RUSTUP_HOME=/opt/rustwide/rustup-home" "-e" "CARGO_TARGET_DIR=/opt/rustwide/target" "-e" "CARGO_INCREMENTAL=0" "-e" "RUST_BACKTRACE=full" "-e" "RUSTFLAGS=--cap-lints=forbid -Znext-solver=coherence" "-e" "RUSTDOCFLAGS=--cap-lints=forbid" "-w" "/opt/rustwide/workdir" "--user" "0:0" "f6a192fd4efdc529a9f13c1f6e43e1c0476661b2b75e52404437fbbafa2b32d1" "/opt/rustwide/cargo-home/bin/cargo" "+3154cc1a3e6424e44f438a95007d043ed5ceaaf6" "check" "--frozen" "--all" "--all-targets" "--message-format=json", kill_on_drop: false }`
[INFO] [stderr]    Compiling libc v0.2.69
[INFO] [stderr]     Checking cfg-if v0.1.10
[INFO] [stderr]    Compiling autocfg v1.0.0
[INFO] [stderr]    Compiling proc-macro2 v1.0.12
[INFO] [stderr]    Compiling memchr v2.3.3
[INFO] [stderr]    Compiling log v0.4.8
[INFO] [stderr]    Compiling unicode-xid v0.2.0
[INFO] [stderr]    Compiling syn v1.0.18
[INFO] [stderr]    Compiling pkg-config v0.3.17
[INFO] [stderr]    Compiling cc v1.0.52
[INFO] [stderr]     Checking bytes v0.5.4
[INFO] [stderr]     Checking futures-core v0.3.4
[INFO] [stderr]     Checking slab v0.4.2
[INFO] [stderr]     Checking fnv v1.0.6
[INFO] [stderr]     Checking itoa v0.4.5
[INFO] [stderr]    Compiling version_check v0.9.1
[INFO] [stderr]    Compiling bitflags v1.2.1
[INFO] [stderr]     Checking pin-project-lite v0.1.4
[INFO] [stderr]    Compiling openssl v0.10.29
[INFO] [stderr]     Checking futures-io v0.3.4
[INFO] [stderr]     Checking futures-sink v0.3.4
[INFO] [stderr]     Checking matches v0.1.8
[INFO] [stderr]    Compiling native-tls v0.2.4
[INFO] [stderr]    Compiling httparse v1.3.4
[INFO] [stderr]    Compiling unicase v2.6.0
[INFO] [stderr]     Checking smallvec v1.4.0
[INFO] [stderr]     Checking futures-task v0.3.4
[INFO] [stderr]    Compiling serde v1.0.106
[INFO] [stderr]    Compiling indexmap v1.3.2
[INFO] [stderr]     Checking unicode-bidi v0.3.4
[INFO] [stderr]     Checking openssl-probe v0.1.2
[INFO] [stderr]    Compiling ryu v1.0.4
[INFO] [stderr]     Checking unicode-normalization v0.1.12
[INFO] [stderr]     Checking try-lock v0.2.2
[INFO] [stderr]     Checking futures-channel v0.3.4
[INFO] [stderr]     Checking futures-util v0.3.4
[INFO] [stderr]     Checking net2 v0.2.34
[INFO] [stderr]     Checking iovec v0.1.4
[INFO] [stderr]     Checking num_cpus v1.13.0
[INFO] [stderr]     Checking want v0.3.0
[INFO] [stderr]     Checking time v0.1.43
[INFO] [stderr]     Checking percent-encoding v2.1.0
[INFO] [stderr]    Compiling crc32fast v1.2.0
[INFO] [stderr]     Checking mio v0.6.22
[INFO] [stderr]     Checking tower-service v0.3.0
[INFO] [stderr]    Compiling encoding_rs v0.8.22
[INFO] [stderr]     Checking adler32 v1.0.4
[INFO] [stderr]     Checking mime v0.3.16
[INFO] [stderr]    Compiling openssl-sys v0.9.55
[INFO] [stderr]     Checking dtoa v0.4.5
[INFO] [stderr]    Compiling quote v1.0.4
[INFO] [stderr]     Checking http v0.2.1
[INFO] [stderr]    Compiling mime_guess v2.0.3
[INFO] [stderr]     Checking filetime v0.2.9
[INFO] [stderr]     Checking xattr v0.2.2
[INFO] [stderr]     Checking miniz_oxide v0.3.6
[INFO] [stderr]     Checking aho-corasick v0.7.10
[INFO] [stderr]     Checking thread_local v1.0.1
[INFO] [stderr]     Checking base64 v0.11.0
[INFO] [stderr]     Checking regex-syntax v0.6.17
[INFO] [stderr]     Checking tar v0.4.26
[INFO] [stderr]     Checking percent-encoding v1.0.1
[INFO] [stderr]     Checking tokio v0.2.20
[INFO] [stderr]     Checking idna v0.2.0
[INFO] [stderr]     Checking flate2 v1.0.14
[INFO] [stderr] warning: openssl-sys@0.9.55: build/expando.c:4:24: error: pasting "RUST_VERSION_OPENSSL_" and "(" does not give a valid preprocessing token
[INFO] [stderr] warning: openssl-sys@0.9.55:     4 | #define VERSION2(n, v) RUST_VERSION_##n##_##v
[INFO] [stderr] warning: openssl-sys@0.9.55:       |                        ^~~~~~~~~~~~~
[INFO] [stderr] warning: openssl-sys@0.9.55: build/expando.c:5:23: note: in expansion of macro 'VERSION2'
[INFO] [stderr] warning: openssl-sys@0.9.55:     5 | #define VERSION(n, v) VERSION2(n, v)
[INFO] [stderr] warning: openssl-sys@0.9.55:       |                       ^~~~~~~~
[INFO] [stderr] warning: openssl-sys@0.9.55: build/expando.c:10:1: note: in expansion of macro 'VERSION'
[INFO] [stderr] warning: openssl-sys@0.9.55:    10 | VERSION(OPENSSL, OPENSSL_VERSION_NUMBER)
[INFO] [stderr] warning: openssl-sys@0.9.55:       | ^~~~~~~
[INFO] [stderr] error: failed to run custom build command for `openssl-sys v0.9.55`
[INFO] [stderr] note: To improve backtraces for build dependencies, set the CARGO_PROFILE_DEV_BUILD_OVERRIDE_DEBUG=true environment variable to enable debug information generation.
[INFO] [stderr] 
[INFO] [stderr] Caused by:
[INFO] [stderr]   process didn't exit successfully: `/opt/rustwide/target/debug/build/openssl-sys/22899b14b1061de1/out/build_script_main` (exit status: 101)
[INFO] [stderr]   --- stdout
[INFO] [stderr]   cargo:rustc-cfg=const_fn
[INFO] [stderr]   cargo:rerun-if-env-changed=X86_64_UNKNOWN_LINUX_GNU_OPENSSL_LIB_DIR
[INFO] [stderr]   X86_64_UNKNOWN_LINUX_GNU_OPENSSL_LIB_DIR unset
[INFO] [stderr]   cargo:rerun-if-env-changed=OPENSSL_LIB_DIR
[INFO] [stderr]   OPENSSL_LIB_DIR unset
[INFO] [stderr]   cargo:rerun-if-env-changed=X86_64_UNKNOWN_LINUX_GNU_OPENSSL_INCLUDE_DIR
[INFO] [stderr]   X86_64_UNKNOWN_LINUX_GNU_OPENSSL_INCLUDE_DIR unset
[INFO] [stderr]   cargo:rerun-if-env-changed=OPENSSL_INCLUDE_DIR
[INFO] [stderr]   OPENSSL_INCLUDE_DIR unset
[INFO] [stderr]   cargo:rerun-if-env-changed=X86_64_UNKNOWN_LINUX_GNU_OPENSSL_DIR
[INFO] [stderr]   X86_64_UNKNOWN_LINUX_GNU_OPENSSL_DIR unset
[INFO] [stderr]   cargo:rerun-if-env-changed=OPENSSL_DIR
[INFO] [stderr]   OPENSSL_DIR unset
[INFO] [stderr]   cargo:rustc-link-lib=ssl
[INFO] [stderr]   cargo:rustc-link-lib=crypto
[INFO] [stderr]   OPT_LEVEL = Some("0")
[INFO] [stderr]   TARGET = Some("x86_64-unknown-linux-gnu")
[INFO] [stderr]   HOST = Some("x86_64-unknown-linux-gnu")
[INFO] [stderr]   CC_x86_64-unknown-linux-gnu = None
[INFO] [stderr]   CC_x86_64_unknown_linux_gnu = None
[INFO] [stderr]   HOST_CC = None
[INFO] [stderr]   CC = None
[INFO] [stderr]   CFLAGS_x86_64-unknown-linux-gnu = None
[INFO] [stderr]   CFLAGS_x86_64_unknown_linux_gnu = None
[INFO] [stderr]   HOST_CFLAGS = None
[INFO] [stderr]   CFLAGS = None
[INFO] [stderr]   CRATE_CC_NO_DEFAULTS = None
[INFO] [stderr]   DEBUG = Some("true")
[INFO] [stderr]   CARGO_CFG_TARGET_FEATURE = Some("fxsr,sse,sse2,x87")
[INFO] [stderr]   running: "cc" "-O0" "-ffunction-sections" "-fdata-sections" "-fPIC" "-g" "-fno-omit-frame-pointer" "-m64" "-I" "/usr/include" "-Wall" "-Wextra" "-E" "build/expando.c"
[INFO] [stderr]   cargo:warning=build/expando.c:4:24: error: pasting "RUST_VERSION_OPENSSL_" and "(" does not give a valid preprocessing token
[INFO] [stderr]   cargo:warning=    4 | #define VERSION2(n, v) RUST_VERSION_##n##_##v
[INFO] [stderr]   cargo:warning=      |                        ^~~~~~~~~~~~~
[INFO] [stderr]   cargo:warning=build/expando.c:5:23: note: in expansion of macro 'VERSION2'
[INFO] [stderr]   cargo:warning=    5 | #define VERSION(n, v) VERSION2(n, v)
[INFO] [stderr]   cargo:warning=      |                       ^~~~~~~~
[INFO] [stderr]   cargo:warning=build/expando.c:10:1: note: in expansion of macro 'VERSION'
[INFO] [stderr]   cargo:warning=   10 | VERSION(OPENSSL, OPENSSL_VERSION_NUMBER)
[INFO] [stderr]   cargo:warning=      | ^~~~~~~
[INFO] [stderr]   exit status: 1
[INFO] [stderr] 
[INFO] [stderr]   --- stderr
[INFO] [stderr] 
[INFO] [stderr]   thread 'main' (846) panicked at /opt/rustwide/cargo-home/registry/src/index.crates.io-1949cf8c6b5b557f/openssl-sys-0.9.55/build/main.rs:138:13:
[INFO] [stderr] 
[INFO] [stderr]   Header expansion error:
[INFO] [stderr]   Error { kind: ToolExecError, message: "Command \"cc\" \"-O0\" \"-ffunction-sections\" \"-fdata-sections\" \"-fPIC\" \"-g\" \"-fno-omit-frame-pointer\" \"-m64\" \"-I\" \"/usr/include\" \"-Wall\" \"-Wextra\" \"-E\" \"build/expando.c\" with args \"cc\" did not execute successfully (status code exit status: 1)." }
[INFO] [stderr] 
[INFO] [stderr]   Failed to find OpenSSL development headers.
[INFO] [stderr] 
[INFO] [stderr]   You can try fixing this setting the `OPENSSL_DIR` environment variable
[INFO] [stderr]   pointing to your OpenSSL installation or installing OpenSSL headers package
[INFO] [stderr]   specific to your distribution:
[INFO] [stderr] 
[INFO] [stderr]       # On Ubuntu
[INFO] [stderr]       sudo apt-get install libssl-dev
[INFO] [stderr]       # On Arch Linux
[INFO] [stderr]       sudo pacman -S openssl
[INFO] [stderr]       # On Fedora
[INFO] [stderr]       sudo dnf install openssl-devel
[INFO] [stderr] 
[INFO] [stderr]   See rust-openssl README for more information:
[INFO] [stderr] 
[INFO] [stderr]       https://github.com/sfackler/rust-openssl#linux
[INFO] [stderr] 
[INFO] [stderr]   stack backtrace:
[INFO] [stderr]      0:     0x6118e590be11 - std[3164a59e47d3bde]::backtrace_rs::backtrace::libunwind::trace
[INFO] [stderr]                                  at /rustc/3154cc1a3e6424e44f438a95007d043ed5ceaaf6/library/std/src/../../backtrace/src/backtrace/libunwind.rs:117:9
[INFO] [stderr]      1:     0x6118e590be11 - std[3164a59e47d3bde]::backtrace_rs::backtrace::trace_unsynchronized::<std[3164a59e47d3bde]::sys::backtrace::_print_fmt::{closure#1}>
[INFO] [stderr]                                  at /rustc/3154cc1a3e6424e44f438a95007d043ed5ceaaf6/library/std/src/../../backtrace/src/backtrace/mod.rs:66:14
[INFO] [stderr]      2:     0x6118e590be11 - std[3164a59e47d3bde]::sys::backtrace::_print_fmt
[INFO] [stderr]                                  at /rustc/3154cc1a3e6424e44f438a95007d043ed5ceaaf6/library/std/src/sys/backtrace.rs:74:9
[INFO] [stderr]      3:     0x6118e590be11 - <<std[3164a59e47d3bde]::sys::backtrace::BacktraceLock>::print::DisplayBacktrace as core[934024a1e6126fb4]::fmt::Display>::fmt
[INFO] [stderr]                                  at /rustc/3154cc1a3e6424e44f438a95007d043ed5ceaaf6/library/std/src/sys/backtrace.rs:44:26
[INFO] [stderr]      4:     0x6118e592069a - <core[934024a1e6126fb4]::fmt::rt::Argument>::fmt
[INFO] [stderr]                                  at /rustc/3154cc1a3e6424e44f438a95007d043ed5ceaaf6/library/core/src/fmt/rt.rs:152:76
[INFO] [stderr]      5:     0x6118e592069a - core[934024a1e6126fb4]::fmt::write
[INFO] [stderr]      6:     0x6118e5911dbc - core[934024a1e6126fb4]::io::write::default_write_fmt::<std[3164a59e47d3bde]::sys::stdio::unix::Stderr>
[INFO] [stderr]                                  at /rustc/3154cc1a3e6424e44f438a95007d043ed5ceaaf6/library/core/src/io/write.rs:402:11
[INFO] [stderr]      7:     0x6118e5911dbc - <std[3164a59e47d3bde]::sys::stdio::unix::Stderr as core[934024a1e6126fb4]::io::write::Write>::write_fmt
[INFO] [stderr]                                  at /rustc/3154cc1a3e6424e44f438a95007d043ed5ceaaf6/library/core/src/io/write.rs:335:13
[INFO] [stderr]      8:     0x6118e58eb386 - <std[3164a59e47d3bde]::sys::backtrace::BacktraceLock>::print
[INFO] [stderr]                                  at /rustc/3154cc1a3e6424e44f438a95007d043ed5ceaaf6/library/std/src/sys/backtrace.rs:47:9
[INFO] [stderr]      9:     0x6118e58eb386 - std[3164a59e47d3bde]::panicking::default_hook::{closure#0}
[INFO] [stderr]                                  at /rustc/3154cc1a3e6424e44f438a95007d043ed5ceaaf6/library/std/src/panicking.rs:289:27
[INFO] [stderr]     10:     0x6118e5906981 - std[3164a59e47d3bde]::panicking::default_hook
[INFO] [stderr]                                  at /rustc/3154cc1a3e6424e44f438a95007d043ed5ceaaf6/library/std/src/panicking.rs:316:9
[INFO] [stderr]     11:     0x6118e5906b3b - std[3164a59e47d3bde]::panicking::panic_with_hook
[INFO] [stderr]                                  at /rustc/3154cc1a3e6424e44f438a95007d043ed5ceaaf6/library/std/src/panicking.rs:811:13
[INFO] [stderr]     12:     0x6118e58eb432 - std[3164a59e47d3bde]::panicking::panic_handler::{closure#0}
[INFO] [stderr]                                  at /rustc/3154cc1a3e6424e44f438a95007d043ed5ceaaf6/library/std/src/panicking.rs:685:13
[INFO] [stderr]     13:     0x6118e58e3e69 - std[3164a59e47d3bde]::sys::backtrace::__rust_end_short_backtrace::<std[3164a59e47d3bde]::panicking::panic_handler::{closure#0}, !>
[INFO] [stderr]                                  at /rustc/3154cc1a3e6424e44f438a95007d043ed5ceaaf6/library/std/src/sys/backtrace.rs:182:18
[INFO] [stderr]     14:     0x6118e58ebd0d - __rustc[2e7b49d4226056d3]::rust_begin_unwind
[INFO] [stderr]                                  at /rustc/3154cc1a3e6424e44f438a95007d043ed5ceaaf6/library/std/src/panicking.rs:676:5
[INFO] [stderr]     15:     0x6118e5920e6c - core[934024a1e6126fb4]::panicking::panic_fmt
[INFO] [stderr]                                  at /rustc/3154cc1a3e6424e44f438a95007d043ed5ceaaf6/library/core/src/panicking.rs:80:14
[INFO] [stderr]     16:     0x6118e587c756 - build_script_main[db76fcd5238f3b64]::validate_headers
[INFO] [stderr]     17:     0x6118e587fe33 - build_script_main[db76fcd5238f3b64]::find_normal::try_pkg_config
[INFO] [stderr]     18:     0x6118e58801f8 - build_script_main[db76fcd5238f3b64]::find_normal::find_openssl_dir
[INFO] [stderr]     19:     0x6118e587ab47 - build_script_main[db76fcd5238f3b64]::find_normal::get_openssl::{closure#0}
[INFO] [stderr]     20:     0x6118e5878fc0 - <core[934024a1e6126fb4]::option::Option<std[3164a59e47d3bde]::ffi::os_str::OsString>>::unwrap_or_else::<build_script_main[db76fcd5238f3b64]::find_normal::get_openssl::{closure#0}>
[INFO] [stderr]     21:     0x6118e587f72f - build_script_main[db76fcd5238f3b64]::find_normal::get_openssl
[INFO] [stderr]     22:     0x6118e587ac1d - build_script_main[db76fcd5238f3b64]::find_openssl
[INFO] [stderr]     23:     0x6118e587cd69 - build_script_main[db76fcd5238f3b64]::main
[INFO] [stderr]     24:     0x6118e5882e33 - <fn() as core[934024a1e6126fb4]::ops::function::FnOnce<()>>::call_once
[INFO] [stderr]     25:     0x6118e587984e - std[3164a59e47d3bde]::sys::backtrace::__rust_begin_short_backtrace::<fn(), ()>
[INFO] [stderr]     26:     0x6118e5879f79 - std[3164a59e47d3bde]::rt::lang_start::<()>::{closure#0}
[INFO] [stderr]     27:     0x6118e5905d88 - <&dyn core[934024a1e6126fb4]::ops::function::Fn<(), Output = i32> + core[934024a1e6126fb4]::marker::Sync + core[934024a1e6126fb4]::panic::unwind_safe::RefUnwindSafe as core[934024a1e6126fb4]::ops::function::FnOnce<()>>::call_once
[INFO] [stderr]                                  at /rustc/3154cc1a3e6424e44f438a95007d043ed5ceaaf6/library/core/src/ops/function.rs:287:21
[INFO] [stderr]     28:     0x6118e5905d88 - std[3164a59e47d3bde]::panicking::catch_unwind::do_call::<&dyn core[934024a1e6126fb4]::ops::function::Fn<(), Output = i32> + core[934024a1e6126fb4]::marker::Sync + core[934024a1e6126fb4]::panic::unwind_safe::RefUnwindSafe, i32>
[INFO] [stderr]                                  at /rustc/3154cc1a3e6424e44f438a95007d043ed5ceaaf6/library/std/src/panicking.rs:573:43
[INFO] [stderr]     29:     0x6118e5905d88 - std[3164a59e47d3bde]::panicking::catch_unwind::<i32, &dyn core[934024a1e6126fb4]::ops::function::Fn<(), Output = i32> + core[934024a1e6126fb4]::marker::Sync + core[934024a1e6126fb4]::panic::unwind_safe::RefUnwindSafe>
[INFO] [stderr]                                  at /rustc/3154cc1a3e6424e44f438a95007d043ed5ceaaf6/library/std/src/panicking.rs:541:19
[INFO] [stderr]     30:     0x6118e5905d88 - std[3164a59e47d3bde]::panic::catch_unwind::<&dyn core[934024a1e6126fb4]::ops::function::Fn<(), Output = i32> + core[934024a1e6126fb4]::marker::Sync + core[934024a1e6126fb4]::panic::unwind_safe::RefUnwindSafe, i32>
[INFO] [stderr]                                  at /rustc/3154cc1a3e6424e44f438a95007d043ed5ceaaf6/library/std/src/panic.rs:359:14
[INFO] [stderr]     31:     0x6118e5905d88 - std[3164a59e47d3bde]::rt::lang_start_internal::{closure#0}
[INFO] [stderr]                                  at /rustc/3154cc1a3e6424e44f438a95007d043ed5ceaaf6/library/std/src/rt.rs:175:24
[INFO] [stderr]     32:     0x6118e5905d88 - std[3164a59e47d3bde]::panicking::catch_unwind::do_call::<std[3164a59e47d3bde]::rt::lang_start_internal::{closure#0}, isize>
[INFO] [stderr]                                  at /rustc/3154cc1a3e6424e44f438a95007d043ed5ceaaf6/library/std/src/panicking.rs:573:43
[INFO] [stderr]     33:     0x6118e5905d88 - std[3164a59e47d3bde]::panicking::catch_unwind::<isize, std[3164a59e47d3bde]::rt::lang_start_internal::{closure#0}>
[INFO] [stderr]                                  at /rustc/3154cc1a3e6424e44f438a95007d043ed5ceaaf6/library/std/src/panicking.rs:541:19
[INFO] [stderr]     34:     0x6118e5905d88 - std[3164a59e47d3bde]::panic::catch_unwind::<std[3164a59e47d3bde]::rt::lang_start_internal::{closure#0}, isize>
[INFO] [stderr]                                  at /rustc/3154cc1a3e6424e44f438a95007d043ed5ceaaf6/library/std/src/panic.rs:359:14
[INFO] [stderr]     35:     0x6118e5905d88 - std[3164a59e47d3bde]::rt::lang_start_internal
[INFO] [stderr]                                  at /rustc/3154cc1a3e6424e44f438a95007d043ed5ceaaf6/library/std/src/rt.rs:171:5
[INFO] [stderr]     36:     0x6118e5879751 - std[3164a59e47d3bde]::rt::lang_start::<()>
[INFO] [stderr]     37:     0x6118e5882fe5 - main
[INFO] [stderr]     38:     0x764135fce601 - <unknown>
[INFO] [stderr]     39:     0x764135fce718 - __libc_start_main
[INFO] [stderr]     40:     0x6118e5878c95 - _start
[INFO] [stderr]     41:                0x0 - <unknown>
[INFO] [stderr] warning: build failed, waiting for other jobs to finish...
[INFO] running `Command { std: "docker" "inspect" "f6a192fd4efdc529a9f13c1f6e43e1c0476661b2b75e52404437fbbafa2b32d1", kill_on_drop: false }`
[INFO] running `Command { std: "docker" "rm" "-f" "f6a192fd4efdc529a9f13c1f6e43e1c0476661b2b75e52404437fbbafa2b32d1", kill_on_drop: false }`
[INFO] [stdout] f6a192fd4efdc529a9f13c1f6e43e1c0476661b2b75e52404437fbbafa2b32d1
