[INFO] cloning repository https://github.com/utkarshbm/virat-rust-microservice
[INFO] running `Command { std: "git" "-c" "credential.helper=" "-c" "credential.helper=/workspace/cargo-home/bin/git-credential-null" "clone" "--bare" "https://github.com/utkarshbm/virat-rust-microservice" "/workspace/cache/git-repos/https%3A%2F%2Fgithub.com%2Futkarshbm%2Fvirat-rust-microservice", kill_on_drop: false }`
[INFO] [stderr] Cloning into bare repository '/workspace/cache/git-repos/https%3A%2F%2Fgithub.com%2Futkarshbm%2Fvirat-rust-microservice'...
[INFO] running `Command { std: "git" "rev-parse" "HEAD", kill_on_drop: false }`
[INFO] [stdout] a69870e847b5a802551e34e720827b720a82ce2f
[INFO] checking utkarshbm/virat-rust-microservice against 3154cc1a3e6424e44f438a95007d043ed5ceaaf6+rustflags=-Znext-solver=coherence for pr-133502-30
[INFO] running `Command { std: "git" "clone" "/workspace/cache/git-repos/https%3A%2F%2Fgithub.com%2Futkarshbm%2Fvirat-rust-microservice" "/workspace/builds/worker-2-tc1/source", kill_on_drop: false }`
[INFO] [stderr] Cloning into '/workspace/builds/worker-2-tc1/source'...
[INFO] [stderr] done.
[INFO] started tweaking git repo https://github.com/utkarshbm/virat-rust-microservice
[INFO] finished tweaking git repo https://github.com/utkarshbm/virat-rust-microservice
[INFO] tweaked toml for git repo https://github.com/utkarshbm/virat-rust-microservice written to /workspace/builds/worker-2-tc1/source/Cargo.toml
[INFO] validating manifest of git repo https://github.com/utkarshbm/virat-rust-microservice on toolchain 3154cc1a3e6424e44f438a95007d043ed5ceaaf6
[INFO] running `Command { std: CARGO_HOME="/workspace/cargo-home" RUSTUP_HOME="/workspace/rustup-home" "/workspace/cargo-home/bin/cargo" "+3154cc1a3e6424e44f438a95007d043ed5ceaaf6" "metadata" "--manifest-path" "Cargo.toml" "--no-deps", kill_on_drop: false }`
[INFO] crate git repo https://github.com/utkarshbm/virat-rust-microservice already has a lockfile, it will not be regenerated
[INFO] running `Command { std: CARGO_HOME="/workspace/cargo-home" RUSTUP_HOME="/workspace/rustup-home" "/workspace/cargo-home/bin/cargo" "+3154cc1a3e6424e44f438a95007d043ed5ceaaf6" "fetch" "--manifest-path" "Cargo.toml", kill_on_drop: false }`
[INFO] [stderr] warning: unused workspace dependency `actix-web`
[INFO] [stderr]  --> Cargo.toml:6:1
[INFO] [stderr]   |
[INFO] [stderr] 6 | actix-web = "4"
[INFO] [stderr]   | ^^^^^^^^^
[INFO] [stderr]   |
[INFO] [stderr]   = note: `cargo::unused_workspace_dependencies` is set to `warn` by default
[INFO] [stderr] help: consider removing the workspace dependency `actix-web`
[INFO] [stderr] warning: unused workspace dependency `reqwest`
[INFO] [stderr]   --> Cargo.toml:13:25
[INFO] [stderr]    |
[INFO] [stderr] 13 | [workspace.dependencies.reqwest]
[INFO] [stderr]    |                         ^^^^^^^
[INFO] [stderr]    |
[INFO] [stderr] help: consider removing the workspace dependency `reqwest`
[INFO] [stderr] warning: unused workspace dependency `sea-orm`
[INFO] [stderr]   --> Cargo.toml:17:25
[INFO] [stderr]    |
[INFO] [stderr] 17 | [workspace.dependencies.sea-orm]
[INFO] [stderr]    |                         ^^^^^^^
[INFO] [stderr]    |
[INFO] [stderr] help: consider removing the workspace dependency `sea-orm`
[INFO] [stderr] warning: unused workspace dependency `serde_json`
[INFO] [stderr]  --> Cargo.toml:7:1
[INFO] [stderr]   |
[INFO] [stderr] 7 | serde_json = "1"
[INFO] [stderr]   | ^^^^^^^^^^
[INFO] [stderr]   |
[INFO] [stderr] help: consider removing the workspace dependency `serde_json`
[INFO] [stderr] warning: unused workspace dependency `uuid`
[INFO] [stderr]   --> Cargo.toml:29:25
[INFO] [stderr]    |
[INFO] [stderr] 29 | [workspace.dependencies.uuid]
[INFO] [stderr]    |                         ^^^^
[INFO] [stderr]    |
[INFO] [stderr] help: consider removing the workspace dependency `uuid`
[INFO] [stderr] warning: workspace (manifest) generated 5 warnings
[INFO] [stderr] warning: missing `[lints]` to inherit `[workspace.lints]`
[INFO] [stderr]  --> shared/database/migration/Cargo.toml
[INFO] [stderr]   = note: `cargo::missing_lints_inheritance` is set to `warn` by default
[INFO] [stderr] help: to inherit `workspace.lints, add:
[INFO] [stderr]   |
[INFO] [stderr] 6 ~ [dependencies]
[INFO] [stderr] 7 + [lints]
[INFO] [stderr] 8 + workspace = true
[INFO] [stderr]   |
[INFO] [stderr] help: to clarify your intent to not inherit, add:
[INFO] [stderr]   |
[INFO] [stderr] 6 ~ [dependencies]
[INFO] [stderr] 7 + [lints]
[INFO] [stderr]   |
[INFO] [stderr] warning: `migration` (manifest) generated 1 warning
[INFO] [stderr] warning: missing `[lints]` to inherit `[workspace.lints]`
[INFO] [stderr]  --> services/payment-service/Cargo.toml
[INFO] [stderr]   = note: `cargo::missing_lints_inheritance` is set to `warn` by default
[INFO] [stderr] help: to inherit `workspace.lints, add:
[INFO] [stderr]   |
[INFO] [stderr] 7 ~ config = { path = "../../shared/config" }
[INFO] [stderr] 8 + [lints]
[INFO] [stderr] 9 + workspace = true
[INFO] [stderr]   |
[INFO] [stderr] help: to clarify your intent to not inherit, add:
[INFO] [stderr]   |
[INFO] [stderr] 7 ~ config = { path = "../../shared/config" }
[INFO] [stderr] 8 + [lints]
[INFO] [stderr]   |
[INFO] [stderr] warning: `payment-service` (manifest) generated 1 warning
[INFO] [stderr] warning: missing `[lints]` to inherit `[workspace.lints]`
[INFO] [stderr]  --> shared/logging/Cargo.toml
[INFO] [stderr]   = note: `cargo::missing_lints_inheritance` is set to `warn` by default
[INFO] [stderr] help: to inherit `workspace.lints, add:
[INFO] [stderr]   |
[INFO] [stderr] 6 ~ [dependencies]
[INFO] [stderr] 7 + [lints]
[INFO] [stderr] 8 + workspace = true
[INFO] [stderr]   |
[INFO] [stderr] help: to clarify your intent to not inherit, add:
[INFO] [stderr]   |
[INFO] [stderr] 6 ~ [dependencies]
[INFO] [stderr] 7 + [lints]
[INFO] [stderr]   |
[INFO] [stderr] warning: `logging` (manifest) generated 1 warning
[INFO] [stderr] warning: missing `[lints]` to inherit `[workspace.lints]`
[INFO] [stderr]  --> shared/config/Cargo.toml
[INFO] [stderr]   = note: `cargo::missing_lints_inheritance` is set to `warn` by default
[INFO] [stderr] help: to inherit `workspace.lints, add:
[INFO] [stderr]   |
[INFO] [stderr] 7 ~ dotenvy = "0.15.7"
[INFO] [stderr] 8 + [lints]
[INFO] [stderr] 9 + workspace = true
[INFO] [stderr]   |
[INFO] [stderr] help: to clarify your intent to not inherit, add:
[INFO] [stderr]   |
[INFO] [stderr] 7 ~ dotenvy = "0.15.7"
[INFO] [stderr] 8 + [lints]
[INFO] [stderr]   |
[INFO] [stderr] warning: `config` (manifest) generated 1 warning
[INFO] [stderr] warning: missing `[lints]` to inherit `[workspace.lints]`
[INFO] [stderr]   --> services/api-gateway/Cargo.toml
[INFO] [stderr]    = note: `cargo::missing_lints_inheritance` is set to `warn` by default
[INFO] [stderr] help: to inherit `workspace.lints, add:
[INFO] [stderr]    |
[INFO] [stderr] 12 ~ tokio = { version = "1.0", features = ["full"] }
[INFO] [stderr] 13 + [lints]
[INFO] [stderr] 14 + workspace = true
[INFO] [stderr]    |
[INFO] [stderr] help: to clarify your intent to not inherit, add:
[INFO] [stderr]    |
[INFO] [stderr] 12 ~ tokio = { version = "1.0", features = ["full"] }
[INFO] [stderr] 13 + [lints]
[INFO] [stderr]    |
[INFO] [stderr] warning: `api-gateway` (manifest) generated 1 warning
[INFO] [stderr] warning: missing `[lints]` to inherit `[workspace.lints]`
[INFO] [stderr]   --> services/identity-service/Cargo.toml
[INFO] [stderr]    = note: `cargo::missing_lints_inheritance` is set to `warn` by default
[INFO] [stderr] help: to inherit `workspace.lints, add:
[INFO] [stderr]    |
[INFO] [stderr] 13 ~ tokio = { workspace = true }
[INFO] [stderr] 14 + [lints]
[INFO] [stderr] 15 + workspace = true
[INFO] [stderr]    |
[INFO] [stderr] help: to clarify your intent to not inherit, add:
[INFO] [stderr]    |
[INFO] [stderr] 13 ~ tokio = { workspace = true }
[INFO] [stderr] 14 + [lints]
[INFO] [stderr]    |
[INFO] [stderr] warning: `identity-service` (manifest) generated 1 warning
[INFO] [stderr] warning: missing `[lints]` to inherit `[workspace.lints]`
[INFO] [stderr]  --> shared/kfintech-client/Cargo.toml
[INFO] [stderr]   = note: `cargo::missing_lints_inheritance` is set to `warn` by default
[INFO] [stderr] help: to inherit `workspace.lints, add:
[INFO] [stderr]   |
[INFO] [stderr] 6 ~ [dependencies]
[INFO] [stderr] 7 + [lints]
[INFO] [stderr] 8 + workspace = true
[INFO] [stderr]   |
[INFO] [stderr] help: to clarify your intent to not inherit, add:
[INFO] [stderr]   |
[INFO] [stderr] 6 ~ [dependencies]
[INFO] [stderr] 7 + [lints]
[INFO] [stderr]   |
[INFO] [stderr] warning: `kfintech-client` (manifest) generated 1 warning
[INFO] [stderr] warning: missing `[lints]` to inherit `[workspace.lints]`
[INFO] [stderr]  --> shared/errors/Cargo.toml
[INFO] [stderr]   = note: `cargo::missing_lints_inheritance` is set to `warn` by default
[INFO] [stderr] help: to inherit `workspace.lints, add:
[INFO] [stderr]   |
[INFO] [stderr] 6 ~ [dependencies]
[INFO] [stderr] 7 + [lints]
[INFO] [stderr] 8 + workspace = true
[INFO] [stderr]   |
[INFO] [stderr] help: to clarify your intent to not inherit, add:
[INFO] [stderr]   |
[INFO] [stderr] 6 ~ [dependencies]
[INFO] [stderr] 7 + [lints]
[INFO] [stderr]   |
[INFO] [stderr] warning: `errors` (manifest) generated 1 warning
[INFO] [stderr] warning: missing `[lints]` to inherit `[workspace.lints]`
[INFO] [stderr]  --> shared/crypto/Cargo.toml
[INFO] [stderr]   = note: `cargo::missing_lints_inheritance` is set to `warn` by default
[INFO] [stderr] help: to inherit `workspace.lints, add:
[INFO] [stderr]   |
[INFO] [stderr] 6 ~ [dependencies]
[INFO] [stderr] 7 + [lints]
[INFO] [stderr] 8 + workspace = true
[INFO] [stderr]   |
[INFO] [stderr] help: to clarify your intent to not inherit, add:
[INFO] [stderr]   |
[INFO] [stderr] 6 ~ [dependencies]
[INFO] [stderr] 7 + [lints]
[INFO] [stderr]   |
[INFO] [stderr] warning: `crypto` (manifest) generated 1 warning
[INFO] [stderr] warning: missing `[lints]` to inherit `[workspace.lints]`
[INFO] [stderr]   --> shared/database/Cargo.toml
[INFO] [stderr]    = note: `cargo::missing_lints_inheritance` is set to `warn` by default
[INFO] [stderr] help: to inherit `workspace.lints, add:
[INFO] [stderr]    |
[INFO] [stderr]  9 ~ sea-orm = { version = "0.12", features = [ "sqlx-postgres", "runtime-tokio-native-tls", "macros" ] }
[INFO] [stderr] 10 + [lints]
[INFO] [stderr] 11 + workspace = true
[INFO] [stderr]    |
[INFO] [stderr] help: to clarify your intent to not inherit, add:
[INFO] [stderr]    |
[INFO] [stderr]  9 ~ sea-orm = { version = "0.12", features = [ "sqlx-postgres", "runtime-tokio-native-tls", "macros" ] }
[INFO] [stderr] 10 + [lints]
[INFO] [stderr]    |
[INFO] [stderr] warning: `database` (manifest) generated 1 warning
[INFO] [stderr] warning: missing `[lints]` to inherit `[workspace.lints]`
[INFO] [stderr]  --> shared/cache/Cargo.toml
[INFO] [stderr]   = note: `cargo::missing_lints_inheritance` is set to `warn` by default
[INFO] [stderr] help: to inherit `workspace.lints, add:
[INFO] [stderr]   |
[INFO] [stderr] 7 ~ redis = { workspace = true, features = ["tokio-comp"] }
[INFO] [stderr] 8 + [lints]
[INFO] [stderr] 9 + workspace = true
[INFO] [stderr]   |
[INFO] [stderr] help: to clarify your intent to not inherit, add:
[INFO] [stderr]   |
[INFO] [stderr] 7 ~ redis = { workspace = true, features = ["tokio-comp"] }
[INFO] [stderr] 8 + [lints]
[INFO] [stderr]   |
[INFO] [stderr] warning: `cache` (manifest) generated 1 warning
[INFO] [stderr] warning: missing `[lints]` to inherit `[workspace.lints]`
[INFO] [stderr]   --> shared/domain/Cargo.toml
[INFO] [stderr]    = note: `cargo::missing_lints_inheritance` is set to `warn` by default
[INFO] [stderr] help: to inherit `workspace.lints, add:
[INFO] [stderr]    |
[INFO] [stderr]  8 ~ serde = { workspace = true, features = ["derive"] }
[INFO] [stderr]  9 + [lints]
[INFO] [stderr] 10 + workspace = true
[INFO] [stderr]    |
[INFO] [stderr] help: to clarify your intent to not inherit, add:
[INFO] [stderr]    |
[INFO] [stderr]  8 ~ serde = { workspace = true, features = ["derive"] }
[INFO] [stderr]  9 + [lints]
[INFO] [stderr]    |
[INFO] [stderr] warning: `domain` (manifest) generated 1 warning
[INFO] [stderr]     Updating crates.io index
[INFO] [stderr]  Downloading crates ...
[INFO] [stderr]   Downloaded borsh-derive v1.8.0
[INFO] [stderr]   Downloaded rust_decimal v1.42.1
[INFO] [stderr]   Downloaded sea-orm v0.12.15
[INFO] [stderr]   Downloaded ordered-float v3.9.2
[INFO] [stderr]   Downloaded sea-query-binder v0.5.0
[INFO] [stderr]   Downloaded sea-orm-macros v0.12.15
[INFO] [stderr]   Downloaded sea-query v0.30.7
[INFO] [stderr]   Downloaded redis v0.27.6
[INFO] [stderr]   Downloaded impl-more v0.3.5
[INFO] [stderr]   Downloaded bytestring v1.5.1
[INFO] running `Command { std: "docker" "create" "-v" "/var/lib/crater-agent-workspace/builds/worker-2-tc1/source:/opt/rustwide/workdir:ro,Z" "-v" "/var/lib/crater-agent-workspace/builds/worker-2-tc1/target:/opt/rustwide/target:rw,Z" "-v" "/var/lib/crater-agent-workspace/cargo-home:/opt/rustwide/cargo-home:ro,Z" "-v" "/var/lib/crater-agent-workspace/rustup-home:/opt/rustwide/rustup-home:ro,Z" "-m" "1610612736" "--network" "none" "ghcr.io/rust-lang/crates-build-env/linux@sha256:77db811e55d90add9212f6832c23229e3de5f1c1f9905e8cb07319ea15df73ac" "sleep" "infinity", kill_on_drop: false }`
[INFO] [stdout] 0191f793eb298575984ca129366ff89095109aa71e46e1cd4ae54777e1669458
[INFO] running `Command { std: "docker" "start" "0191f793eb298575984ca129366ff89095109aa71e46e1cd4ae54777e1669458", kill_on_drop: false }`
[INFO] running `Command { std: "docker" "inspect" "0191f793eb298575984ca129366ff89095109aa71e46e1cd4ae54777e1669458", kill_on_drop: false }`
[INFO] running `Command { std: "docker" "exec" "-e" "SOURCE_DIR=/opt/rustwide/workdir" "-e" "CARGO_HOME=/opt/rustwide/cargo-home" "-e" "RUSTUP_HOME=/opt/rustwide/rustup-home" "-e" "CARGO_TARGET_DIR=/opt/rustwide/target" "-w" "/opt/rustwide/workdir" "--user" "0:0" "0191f793eb298575984ca129366ff89095109aa71e46e1cd4ae54777e1669458" "/opt/rustwide/cargo-home/bin/cargo" "+3154cc1a3e6424e44f438a95007d043ed5ceaaf6" "metadata" "--no-deps" "--format-version=1", kill_on_drop: false }`
[INFO] running `Command { std: "docker" "inspect" "0191f793eb298575984ca129366ff89095109aa71e46e1cd4ae54777e1669458", kill_on_drop: false }`
[INFO] running `Command { std: "docker" "exec" "-e" "SOURCE_DIR=/opt/rustwide/workdir" "-e" "CARGO_HOME=/opt/rustwide/cargo-home" "-e" "RUSTUP_HOME=/opt/rustwide/rustup-home" "-e" "CARGO_TARGET_DIR=/opt/rustwide/target" "-e" "CARGO_INCREMENTAL=0" "-e" "RUST_BACKTRACE=full" "-e" "RUSTFLAGS=--cap-lints=forbid -Znext-solver=coherence" "-e" "RUSTDOCFLAGS=--cap-lints=forbid" "-w" "/opt/rustwide/workdir" "--user" "0:0" "0191f793eb298575984ca129366ff89095109aa71e46e1cd4ae54777e1669458" "/opt/rustwide/cargo-home/bin/cargo" "+3154cc1a3e6424e44f438a95007d043ed5ceaaf6" "check" "--frozen" "--all" "--all-targets" "--message-format=json", kill_on_drop: false }`
[INFO] [stderr] warning: unused workspace dependency `actix-web`
[INFO] [stderr]  --> Cargo.toml:6:1
[INFO] [stderr]   |
[INFO] [stderr] 6 | actix-web = "4"
[INFO] [stderr]   | ^^^^^^^^^
[INFO] [stderr]   |
[INFO] [stderr]   = note: `cargo::unused_workspace_dependencies` is set to `warn` by default
[INFO] [stderr] help: consider removing the workspace dependency `actix-web`
[INFO] [stderr] warning: unused workspace dependency `reqwest`
[INFO] [stderr]   --> Cargo.toml:13:25
[INFO] [stderr]    |
[INFO] [stderr] 13 | [workspace.dependencies.reqwest]
[INFO] [stderr]    |                         ^^^^^^^
[INFO] [stderr]    |
[INFO] [stderr] help: consider removing the workspace dependency `reqwest`
[INFO] [stderr] warning: unused workspace dependency `sea-orm`
[INFO] [stderr]   --> Cargo.toml:17:25
[INFO] [stderr]    |
[INFO] [stderr] 17 | [workspace.dependencies.sea-orm]
[INFO] [stderr]    |                         ^^^^^^^
[INFO] [stderr]    |
[INFO] [stderr] help: consider removing the workspace dependency `sea-orm`
[INFO] [stderr] warning: unused workspace dependency `serde_json`
[INFO] [stderr]  --> Cargo.toml:7:1
[INFO] [stderr]   |
[INFO] [stderr] 7 | serde_json = "1"
[INFO] [stderr]   | ^^^^^^^^^^
[INFO] [stderr]   |
[INFO] [stderr] help: consider removing the workspace dependency `serde_json`
[INFO] [stderr] warning: unused workspace dependency `uuid`
[INFO] [stderr]   --> Cargo.toml:29:25
[INFO] [stderr]    |
[INFO] [stderr] 29 | [workspace.dependencies.uuid]
[INFO] [stderr]    |                         ^^^^
[INFO] [stderr]    |
[INFO] [stderr] help: consider removing the workspace dependency `uuid`
[INFO] [stderr] warning: workspace (manifest) generated 5 warnings
[INFO] [stderr] warning: missing `[lints]` to inherit `[workspace.lints]`
[INFO] [stderr]  --> shared/errors/Cargo.toml
[INFO] [stderr]   = note: `cargo::missing_lints_inheritance` is set to `warn` by default
[INFO] [stderr] help: to inherit `workspace.lints, add:
[INFO] [stderr]   |
[INFO] [stderr] 6 ~ [dependencies]
[INFO] [stderr] 7 + [lints]
[INFO] [stderr] 8 + workspace = true
[INFO] [stderr]   |
[INFO] [stderr] help: to clarify your intent to not inherit, add:
[INFO] [stderr]   |
[INFO] [stderr] 6 ~ [dependencies]
[INFO] [stderr] 7 + [lints]
[INFO] [stderr]   |
[INFO] [stderr] warning: `errors` (manifest) generated 1 warning
[INFO] [stderr] warning: missing `[lints]` to inherit `[workspace.lints]`
[INFO] [stderr]  --> shared/cache/Cargo.toml
[INFO] [stderr]   = note: `cargo::missing_lints_inheritance` is set to `warn` by default
[INFO] [stderr] help: to inherit `workspace.lints, add:
[INFO] [stderr]   |
[INFO] [stderr] 7 ~ redis = { workspace = true, features = ["tokio-comp"] }
[INFO] [stderr] 8 + [lints]
[INFO] [stderr] 9 + workspace = true
[INFO] [stderr]   |
[INFO] [stderr] help: to clarify your intent to not inherit, add:
[INFO] [stderr]   |
[INFO] [stderr] 7 ~ redis = { workspace = true, features = ["tokio-comp"] }
[INFO] [stderr] 8 + [lints]
[INFO] [stderr]   |
[INFO] [stderr] warning: `cache` (manifest) generated 1 warning
[INFO] [stderr] warning: missing `[lints]` to inherit `[workspace.lints]`
[INFO] [stderr]   --> shared/database/Cargo.toml
[INFO] [stderr]    = note: `cargo::missing_lints_inheritance` is set to `warn` by default
[INFO] [stderr] help: to inherit `workspace.lints, add:
[INFO] [stderr]    |
[INFO] [stderr]  9 ~ sea-orm = { version = "0.12", features = [ "sqlx-postgres", "runtime-tokio-native-tls", "macros" ] }
[INFO] [stderr] 10 + [lints]
[INFO] [stderr] 11 + workspace = true
[INFO] [stderr]    |
[INFO] [stderr] help: to clarify your intent to not inherit, add:
[INFO] [stderr]    |
[INFO] [stderr]  9 ~ sea-orm = { version = "0.12", features = [ "sqlx-postgres", "runtime-tokio-native-tls", "macros" ] }
[INFO] [stderr] 10 + [lints]
[INFO] [stderr]    |
[INFO] [stderr] warning: `database` (manifest) generated 1 warning
[INFO] [stderr] warning: missing `[lints]` to inherit `[workspace.lints]`
[INFO] [stderr]   --> shared/domain/Cargo.toml
[INFO] [stderr]    = note: `cargo::missing_lints_inheritance` is set to `warn` by default
[INFO] [stderr] help: to inherit `workspace.lints, add:
[INFO] [stderr]    |
[INFO] [stderr]  8 ~ serde = { workspace = true, features = ["derive"] }
[INFO] [stderr]  9 + [lints]
[INFO] [stderr] 10 + workspace = true
[INFO] [stderr]    |
[INFO] [stderr] help: to clarify your intent to not inherit, add:
[INFO] [stderr]    |
[INFO] [stderr]  8 ~ serde = { workspace = true, features = ["derive"] }
[INFO] [stderr]  9 + [lints]
[INFO] [stderr]    |
[INFO] [stderr] warning: `domain` (manifest) generated 1 warning
[INFO] [stderr] warning: missing `[lints]` to inherit `[workspace.lints]`
[INFO] [stderr]  --> services/payment-service/Cargo.toml
[INFO] [stderr]   = note: `cargo::missing_lints_inheritance` is set to `warn` by default
[INFO] [stderr] help: to inherit `workspace.lints, add:
[INFO] [stderr]   |
[INFO] [stderr] 7 ~ config = { path = "../../shared/config" }
[INFO] [stderr] 8 + [lints]
[INFO] [stderr] 9 + workspace = true
[INFO] [stderr]   |
[INFO] [stderr] help: to clarify your intent to not inherit, add:
[INFO] [stderr]   |
[INFO] [stderr] 7 ~ config = { path = "../../shared/config" }
[INFO] [stderr] 8 + [lints]
[INFO] [stderr]   |
[INFO] [stderr] warning: `payment-service` (manifest) generated 1 warning
[INFO] [stderr] warning: missing `[lints]` to inherit `[workspace.lints]`
[INFO] [stderr]  --> shared/logging/Cargo.toml
[INFO] [stderr]   = note: `cargo::missing_lints_inheritance` is set to `warn` by default
[INFO] [stderr] help: to inherit `workspace.lints, add:
[INFO] [stderr]   |
[INFO] [stderr] 6 ~ [dependencies]
[INFO] [stderr] 7 + [lints]
[INFO] [stderr] 8 + workspace = true
[INFO] [stderr]   |
[INFO] [stderr] help: to clarify your intent to not inherit, add:
[INFO] [stderr]   |
[INFO] [stderr] 6 ~ [dependencies]
[INFO] [stderr] 7 + [lints]
[INFO] [stderr]   |
[INFO] [stderr] warning: `logging` (manifest) generated 1 warning
[INFO] [stderr] warning: missing `[lints]` to inherit `[workspace.lints]`
[INFO] [stderr]  --> shared/config/Cargo.toml
[INFO] [stderr]   = note: `cargo::missing_lints_inheritance` is set to `warn` by default
[INFO] [stderr] help: to inherit `workspace.lints, add:
[INFO] [stderr]   |
[INFO] [stderr] 7 ~ dotenvy = "0.15.7"
[INFO] [stderr] 8 + [lints]
[INFO] [stderr] 9 + workspace = true
[INFO] [stderr]   |
[INFO] [stderr] help: to clarify your intent to not inherit, add:
[INFO] [stderr]   |
[INFO] [stderr] 7 ~ dotenvy = "0.15.7"
[INFO] [stderr] 8 + [lints]
[INFO] [stderr]   |
[INFO] [stderr] warning: `config` (manifest) generated 1 warning
[INFO] [stderr] warning: missing `[lints]` to inherit `[workspace.lints]`
[INFO] [stderr]  --> shared/database/migration/Cargo.toml
[INFO] [stderr]   = note: `cargo::missing_lints_inheritance` is set to `warn` by default
[INFO] [stderr] help: to inherit `workspace.lints, add:
[INFO] [stderr]   |
[INFO] [stderr] 6 ~ [dependencies]
[INFO] [stderr] 7 + [lints]
[INFO] [stderr] 8 + workspace = true
[INFO] [stderr]   |
[INFO] [stderr] help: to clarify your intent to not inherit, add:
[INFO] [stderr]   |
[INFO] [stderr] 6 ~ [dependencies]
[INFO] [stderr] 7 + [lints]
[INFO] [stderr]   |
[INFO] [stderr] warning: `migration` (manifest) generated 1 warning
[INFO] [stderr] warning: missing `[lints]` to inherit `[workspace.lints]`
[INFO] [stderr]   --> services/api-gateway/Cargo.toml
[INFO] [stderr]    = note: `cargo::missing_lints_inheritance` is set to `warn` by default
[INFO] [stderr] help: to inherit `workspace.lints, add:
[INFO] [stderr]    |
[INFO] [stderr] 12 ~ tokio = { version = "1.0", features = ["full"] }
[INFO] [stderr] 13 + [lints]
[INFO] [stderr] 14 + workspace = true
[INFO] [stderr]    |
[INFO] [stderr] help: to clarify your intent to not inherit, add:
[INFO] [stderr]    |
[INFO] [stderr] 12 ~ tokio = { version = "1.0", features = ["full"] }
[INFO] [stderr] 13 + [lints]
[INFO] [stderr]    |
[INFO] [stderr] warning: `api-gateway` (manifest) generated 1 warning
[INFO] [stderr] warning: missing `[lints]` to inherit `[workspace.lints]`
[INFO] [stderr]   --> services/identity-service/Cargo.toml
[INFO] [stderr]    = note: `cargo::missing_lints_inheritance` is set to `warn` by default
[INFO] [stderr] help: to inherit `workspace.lints, add:
[INFO] [stderr]    |
[INFO] [stderr] 13 ~ tokio = { workspace = true }
[INFO] [stderr] 14 + [lints]
[INFO] [stderr] 15 + workspace = true
[INFO] [stderr]    |
[INFO] [stderr] help: to clarify your intent to not inherit, add:
[INFO] [stderr]    |
[INFO] [stderr] 13 ~ tokio = { workspace = true }
[INFO] [stderr] 14 + [lints]
[INFO] [stderr]    |
[INFO] [stderr] warning: `identity-service` (manifest) generated 1 warning
[INFO] [stderr] warning: missing `[lints]` to inherit `[workspace.lints]`
[INFO] [stderr]  --> shared/kfintech-client/Cargo.toml
[INFO] [stderr]   = note: `cargo::missing_lints_inheritance` is set to `warn` by default
[INFO] [stderr] help: to inherit `workspace.lints, add:
[INFO] [stderr]   |
[INFO] [stderr] 6 ~ [dependencies]
[INFO] [stderr] 7 + [lints]
[INFO] [stderr] 8 + workspace = true
[INFO] [stderr]   |
[INFO] [stderr] help: to clarify your intent to not inherit, add:
[INFO] [stderr]   |
[INFO] [stderr] 6 ~ [dependencies]
[INFO] [stderr] 7 + [lints]
[INFO] [stderr]   |
[INFO] [stderr] warning: `kfintech-client` (manifest) generated 1 warning
[INFO] [stderr] warning: missing `[lints]` to inherit `[workspace.lints]`
[INFO] [stderr]  --> shared/crypto/Cargo.toml
[INFO] [stderr]   = note: `cargo::missing_lints_inheritance` is set to `warn` by default
[INFO] [stderr] help: to inherit `workspace.lints, add:
[INFO] [stderr]   |
[INFO] [stderr] 6 ~ [dependencies]
[INFO] [stderr] 7 + [lints]
[INFO] [stderr] 8 + workspace = true
[INFO] [stderr]   |
[INFO] [stderr] help: to clarify your intent to not inherit, add:
[INFO] [stderr]   |
[INFO] [stderr] 6 ~ [dependencies]
[INFO] [stderr] 7 + [lints]
[INFO] [stderr]   |
[INFO] [stderr] warning: `crypto` (manifest) generated 1 warning
[INFO] [stderr]     Checking smallvec v1.15.2
[INFO] [stderr]    Compiling serde_core v1.0.229
[INFO] [stderr]     Checking futures-sink v0.3.33
[INFO] [stderr]    Compiling serde v1.0.229
[INFO] [stderr]     Checking typenum v1.20.1
[INFO] [stderr]     Checking futures-task v0.3.33
[INFO] [stderr]    Compiling syn v3.0.3
[INFO] [stderr]    Compiling jobserver v0.1.35
[INFO] [stderr]     Checking socket2 v0.6.5
[INFO] [stderr]     Checking mio v1.2.2
[INFO] [stderr]    Compiling zerovec-derive v0.11.3
[INFO] [stderr]     Checking futures-channel v0.3.33
[INFO] [stderr]     Checking tracing v0.1.44
[INFO] [stderr]     Checking bitflags v2.13.1
[INFO] [stderr]    Compiling zerocopy v0.8.55
[INFO] [stderr]    Compiling openssl v0.10.81
[INFO] [stderr]    Compiling openssl-macros v0.1.1
[INFO] [stderr]    Compiling time-macros v0.2.32
[INFO] [stderr]     Checking num-bigint v0.4.8
[INFO] [stderr]     Checking dotenvy v0.15.7
[INFO] [stderr]    Compiling syn v1.0.109
[INFO] [stderr]     Checking socket2 v0.5.10
[INFO] [stderr]    Compiling rust_decimal v1.42.1
[INFO] [stderr]     Checking parking_lot_core v0.9.12
[INFO] [stderr]    Compiling cc v1.4.0
[INFO] [stderr]     Checking futures-util v0.3.33
[INFO] [stderr]    Compiling crossbeam-utils v0.8.22
[INFO] [stderr]     Checking getrandom v0.2.17
[INFO] [stderr]     Checking arrayvec v0.7.8
[INFO] [stderr]     Checking parking_lot v0.12.5
[INFO] [stderr]     Checking http v0.2.12
[INFO] [stderr]     Checking rand_core v0.6.4
[INFO] [stderr]     Checking unicode_categories v0.1.1
[INFO] [stderr]     Checking unicode-normalization v0.1.25
[INFO] [stderr]     Checking futures-intrusive v0.5.0
[INFO] [stderr]     Checking atoi v2.0.0
[INFO] [stderr]     Checking sqlformat v0.2.6
[INFO] [stderr]     Checking unicode-properties v0.1.4
[INFO] [stderr]     Checking crossbeam-queue v0.3.13
[INFO] [stderr]    Compiling proc-macro-error-attr v1.0.4
[INFO] [stderr]     Checking home v0.5.12
[INFO] [stderr]     Checking whoami v1.6.1
[INFO] [stderr]     Checking ordered-float v3.9.2
[INFO] [stderr]     Checking cpufeatures v0.3.0
[INFO] [stderr]     Checking local-waker v0.1.4
[INFO] [stderr]    Compiling sea-bae v0.2.2
[INFO] [stderr]     Checking config v0.1.0 (/opt/rustwide/workdir/shared/config)
[INFO] [stderr]     Checking zerovec v0.11.6
[INFO] [stderr]     Checking stringprep v0.1.5
[INFO] [stderr]    Compiling async-stream-impl v0.3.6
[INFO] [stderr]     Checking generic-array v0.14.7
[INFO] [stderr]     Checking hybrid-array v0.4.13
[INFO] [stderr]     Checking aho-corasick v1.1.4
[INFO] [stderr]    Compiling bytes v1.12.1
[INFO] [stderr]    Compiling tracing-core v0.1.36
[INFO] [stderr]     Checking const-oid v0.10.2
[INFO] [stderr]     Checking bigdecimal v0.3.1
[INFO] [stderr]    Compiling pin-project-lite v0.2.17
[INFO] [stderr]     Checking aliasable v0.1.3
[INFO] [stderr]    Compiling derive_more-impl v2.1.1
[INFO] [stderr]     Checking async-stream v0.3.6
[INFO] [stderr]     Checking block-buffer v0.10.4
[INFO] [stderr]     Checking crypto-common v0.1.7
[INFO] [stderr]     Checking potential_utf v0.1.5
[INFO] [stderr]    Compiling sea-orm-macros v0.12.15
[INFO] [stderr]     Checking crypto-common v0.2.2
[INFO] [stderr]     Checking digest v0.10.7
[INFO] [stderr]     Checking block-buffer v0.12.1
[INFO] [stderr]    Compiling bytestring v1.5.1
[INFO] [stderr]     Checking miniz_oxide v0.8.9
[INFO] [stderr]     Checking regex-automata v0.4.16
[INFO] [stderr]     Checking getrandom v0.4.3
[INFO] [stderr]     Checking hmac v0.12.1
[INFO] [stderr]     Checking sha2 v0.10.9
[INFO] [stderr]     Checking hkdf v0.12.4
[INFO] [stderr]     Checking md-5 v0.10.6
[INFO] [stderr]     Checking actix-utils v3.0.1
[INFO] [stderr]    Compiling openssl-sys v0.9.117
[INFO] [stderr]    Compiling zstd-sys v2.0.16+zstd.1.5.7
[INFO] [stderr]     Checking chacha20 v0.10.1
[INFO] [stderr]     Checking http-body v0.4.6
[INFO] [stderr]    Compiling cookie v0.16.2
[INFO] [stderr]     Checking actix-service v2.0.3
[INFO] [stderr]     Checking strum v0.25.0
[INFO] [stderr]    Compiling regex-lite v0.1.9
[INFO] [stderr]     Checking sha1_smol v1.0.1
[INFO] [stderr]     Checking deranged v0.5.8
[INFO] [stderr]     Checking serde_json v1.0.151
[INFO] [stderr]     Checking uuid v1.24.0
[INFO] [stderr]    Compiling native-tls v0.2.18
[INFO] [stderr]    Compiling proc-macro-error v1.0.4
[INFO] [stderr]     Checking digest v0.11.3
[INFO] [stderr]    Compiling actix-router v0.5.4
[INFO] [stderr]     Checking flate2 v1.1.9
[INFO] [stderr]     Checking sha1 v0.11.0
[INFO] [stderr]     Checking rand v0.10.2
[INFO] [stderr]     Checking brotli v8.0.4
[INFO] [stderr]     Checking local-channel v0.1.5
[INFO] [stderr]     Checking language-tags v0.3.2
[INFO] [stderr]    Compiling derivative v2.2.0
[INFO] [stderr]     Checking time v0.3.54
[INFO] [stderr]    Compiling ouroboros_macro v0.17.2
[INFO] [stderr]     Checking regex v1.13.1
[INFO] [stderr]     Checking foldhash v0.2.0
[INFO] [stderr]     Checking futures v0.3.33
[INFO] [stderr]    Compiling actix-web-codegen v4.3.0
[INFO] [stderr]    Compiling actix-macros v0.2.4
[INFO] [stderr]     Checking impl-more v0.3.5
[INFO] [stderr]     Checking crypto v0.1.0 (/opt/rustwide/workdir/shared/crypto)
[INFO] [stderr]     Checking migration v0.1.0 (/opt/rustwide/workdir/shared/database/migration)
[INFO] [stderr]    Compiling tokio-macros v2.7.2
[INFO] [stderr]    Compiling serde_derive v1.0.229
[INFO] [stderr]    Compiling displaydoc v0.2.7
[INFO] [stderr]    Compiling async-trait v0.1.91
[INFO] [stderr]    Compiling inherent v1.0.14
[INFO] [stderr]     Checking payment-service v0.1.0 (/opt/rustwide/workdir/services/payment-service)
[INFO] [stdout] warning: fields `database_url`, `database_max_connections`, `redis_url`, `razorpay_key_id`, `razorpay_key_secret`, and `webhook_secret` are never read
[INFO] [stdout]   --> services/payment-service/src/config.rs:6:9
[INFO] [stdout]    |
[INFO] [stdout]  4 | pub struct PaymentConfig {
[INFO] [stdout]    |            ------------- fields in this struct
[INFO] [stdout]  5 |     pub env: Environment,
[INFO] [stdout]  6 |     pub database_url: String,
[INFO] [stdout]    |         ^^^^^^^^^^^^
[INFO] [stdout]  7 |     pub database_max_connections: u32,
[INFO] [stdout]    |         ^^^^^^^^^^^^^^^^^^^^^^^^
[INFO] [stdout]  8 |     pub redis_url: String,
[INFO] [stdout]    |         ^^^^^^^^^
[INFO] [stdout]  9 |     pub razorpay_key_id: String,
[INFO] [stdout]    |         ^^^^^^^^^^^^^^^
[INFO] [stdout] 10 |     pub razorpay_key_secret: String,
[INFO] [stdout]    |         ^^^^^^^^^^^^^^^^^^^
[INFO] [stdout] 11 |     pub webhook_secret: String,
[INFO] [stdout]    |         ^^^^^^^^^^^^^^
[INFO] [stdout]    |
[INFO] [stdout]    = note: `#[warn(dead_code)]` (part of `#[warn(unused)]`) on by default
[INFO] [stdout] 
[INFO] [stdout] 
[INFO] [stdout] warning: constant `MAX_TRANSACTION_AMOUNT` is never used
[INFO] [stdout]  --> services/payment-service/src/constants.rs:3:11
[INFO] [stdout]   |
[INFO] [stdout] 3 | pub const MAX_TRANSACTION_AMOUNT: u64 = 10_000_000;
[INFO] [stdout]   |           ^^^^^^^^^^^^^^^^^^^^^^
[INFO] [stdout] 
[INFO] [stdout] 
[INFO] [stdout] warning: constant `PAYMENT_SESSION_EXPIRY_MINUTES` is never used
[INFO] [stdout]  --> services/payment-service/src/constants.rs:6:11
[INFO] [stdout]   |
[INFO] [stdout] 6 | pub const PAYMENT_SESSION_EXPIRY_MINUTES: u64 = 15;
[INFO] [stdout]   |           ^^^^^^^^^^^^^^^^^^^^^^^^^^^^^^
[INFO] [stdout] 
[INFO] [stdout] 
[INFO] [stdout] warning: constant `REDIS_IDEMPOTENCY_PREFIX` is never used
[INFO] [stdout]  --> services/payment-service/src/constants.rs:9:11
[INFO] [stdout]   |
[INFO] [stdout] 9 | pub const REDIS_IDEMPOTENCY_PREFIX: &str = "idempotency:payment:";
[INFO] [stdout]   |           ^^^^^^^^^^^^^^^^^^^^^^^^
[INFO] [stdout] 
[INFO] [stdout] 
[INFO] [stdout] warning: struct `AppState` is never constructed
[INFO] [stdout]  --> services/payment-service/src/state.rs:3:12
[INFO] [stdout]   |
[INFO] [stdout] 3 | pub struct AppState {
[INFO] [stdout]   |            ^^^^^^^^
[INFO] [stdout] 
[INFO] [stdout] 
[INFO] [stderr]     Checking tokio v1.53.1
[INFO] [stderr]     Checking logging v0.1.0 (/opt/rustwide/workdir/shared/logging)
[INFO] [stdout] warning: fields `database_url`, `database_max_connections`, `redis_url`, `razorpay_key_id`, `razorpay_key_secret`, and `webhook_secret` are never read
[INFO] [stdout]   --> services/payment-service/src/config.rs:6:9
[INFO] [stdout]    |
[INFO] [stdout]  4 | pub struct PaymentConfig {
[INFO] [stdout]    |            ------------- fields in this struct
[INFO] [stdout]  5 |     pub env: Environment,
[INFO] [stdout]  6 |     pub database_url: String,
[INFO] [stdout]    |         ^^^^^^^^^^^^
[INFO] [stdout]  7 |     pub database_max_connections: u32,
[INFO] [stdout]    |         ^^^^^^^^^^^^^^^^^^^^^^^^
[INFO] [stdout]  8 |     pub redis_url: String,
[INFO] [stdout]    |         ^^^^^^^^^
[INFO] [stdout]  9 |     pub razorpay_key_id: String,
[INFO] [stdout]    |         ^^^^^^^^^^^^^^^
[INFO] [stdout] 10 |     pub razorpay_key_secret: String,
[INFO] [stdout]    |         ^^^^^^^^^^^^^^^^^^^
[INFO] [stdout] 11 |     pub webhook_secret: String,
[INFO] [stdout]    |         ^^^^^^^^^^^^^^
[INFO] [stdout]    |
[INFO] [stdout]    = note: `#[warn(dead_code)]` (part of `#[warn(unused)]`) on by default
[INFO] [stdout] 
[INFO] [stdout] 
[INFO] [stdout] warning: constant `MAX_TRANSACTION_AMOUNT` is never used
[INFO] [stdout]  --> services/payment-service/src/constants.rs:3:11
[INFO] [stdout]   |
[INFO] [stdout] 3 | pub const MAX_TRANSACTION_AMOUNT: u64 = 10_000_000;
[INFO] [stdout]   |           ^^^^^^^^^^^^^^^^^^^^^^
[INFO] [stdout] 
[INFO] [stdout] 
[INFO] [stdout] warning: constant `PAYMENT_SESSION_EXPIRY_MINUTES` is never used
[INFO] [stdout]  --> services/payment-service/src/constants.rs:6:11
[INFO] [stdout]   |
[INFO] [stdout] 6 | pub const PAYMENT_SESSION_EXPIRY_MINUTES: u64 = 15;
[INFO] [stdout]   |           ^^^^^^^^^^^^^^^^^^^^^^^^^^^^^^
[INFO] [stdout] 
[INFO] [stdout] 
[INFO] [stdout] warning: constant `REDIS_IDEMPOTENCY_PREFIX` is never used
[INFO] [stdout]  --> services/payment-service/src/constants.rs:9:11
[INFO] [stdout]   |
[INFO] [stdout] 9 | pub const REDIS_IDEMPOTENCY_PREFIX: &str = "idempotency:payment:";
[INFO] [stdout]   |           ^^^^^^^^^^^^^^^^^^^^^^^^
[INFO] [stdout] 
[INFO] [stdout] 
[INFO] [stdout] warning: struct `AppState` is never constructed
[INFO] [stdout]  --> services/payment-service/src/state.rs:3:12
[INFO] [stdout]   |
[INFO] [stdout] 3 | pub struct AppState {
[INFO] [stdout]   |            ^^^^^^^^
[INFO] [stdout] 
[INFO] [stdout] 
[INFO] [stderr]     Checking errors v0.1.0 (/opt/rustwide/workdir/shared/errors)
[INFO] [stderr]     Checking kfintech-client v0.1.0 (/opt/rustwide/workdir/shared/kfintech-client)
[INFO] [stderr]     Checking ouroboros v0.17.2
[INFO] [stderr]     Checking tinystr v0.8.3
[INFO] [stderr]     Checking zerotrie v0.2.4
[INFO] [stderr]     Checking icu_locale_core v2.2.0
[INFO] [stderr]     Checking icu_collections v2.2.0
[INFO] [stderr]     Checking derive_more v2.1.1
[INFO] [stderr]     Checking ahash v0.8.12
[INFO] [stderr]     Checking ppv-lite86 v0.2.21
[INFO] [stderr]     Checking hashbrown v0.14.5
[INFO] [stderr]     Checking rand_chacha v0.3.1
[INFO] [stderr]     Checking rand v0.8.7
[INFO] [stderr]     Checking icu_provider v2.2.0
[INFO] [stderr]     Checking hashlink v0.8.4
[INFO] [stderr]     Checking icu_properties v2.2.0
[INFO] [stderr]     Checking icu_normalizer v2.2.0
[INFO] [stderr]     Checking idna_adapter v1.2.2
[INFO] [stderr]     Checking idna v1.1.0
[INFO] [stderr]     Checking url v2.5.8
[INFO] [stderr]     Checking either v1.17.0
[INFO] [stderr]     Checking chrono v0.4.45
[INFO] [stderr]     Checking domain v0.1.0 (/opt/rustwide/workdir/shared/domain)
[INFO] [stderr]     Checking serde_urlencoded v0.7.1
[INFO] [stderr]     Checking itertools v0.13.0
[INFO] [stderr]    Compiling zstd-safe v7.2.4
[INFO] [stderr]     Checking zstd v0.13.3
[INFO] [stderr]     Checking sea-query v0.30.7
[INFO] [stderr]     Checking tokio-util v0.7.19
[INFO] [stderr]     Checking tokio-stream v0.1.19
[INFO] [stderr]     Checking actix-rt v2.11.0
[INFO] [stderr]     Checking tokio-native-tls v0.3.1
[INFO] [stderr]     Checking actix-server v2.6.0
[INFO] [stderr]     Checking h2 v0.3.27
[INFO] [stderr]     Checking combine v4.6.7
[INFO] [stderr]     Checking actix-codec v0.5.2
[INFO] [stderr]     Checking sqlx-core v0.7.4
[INFO] [stderr]     Checking sqlx-postgres v0.7.4
[INFO] [stdout] error[E0277]: the trait bound `!: sqlx_core::io::Decode<'_>` is not satisfied
[INFO] [stdout]   --> /opt/rustwide/cargo-home/registry/src/index.crates.io-1949cf8c6b5b557f/sqlx-postgres-0.7.4/src/connection/executor.rs:68:10
[INFO] [stdout]    |
[INFO] [stdout] 68 |         .recv_expect(MessageFormat::ParseComplete)
[INFO] [stdout]    |          ^^^^^^^^^^^ the trait `sqlx_core::io::Decode<'_>` is not implemented for `!`
[INFO] [stdout]    |
[INFO] [stdout]    = help: the following other types implement trait `sqlx_core::io::Decode<'de, Context>`:
[INFO] [stdout]              ()
[INFO] [stdout]              Authentication
[INFO] [stdout]              AuthenticationSaslContinue
[INFO] [stdout]              AuthenticationSaslFinal
[INFO] [stdout]              BackendKeyData
[INFO] [stdout]              CommandComplete
[INFO] [stdout]              CopyData<sqlx_core::bytes::Bytes>
[INFO] [stdout]              CopyDone
[INFO] [stdout]            and 10 others
[INFO] [stdout]    = note: this error might have been caused by changes to Rust's type-inference algorithm (see issue #148922 <https://github.com/rust-lang/rust/issues/148922> for more information)
[INFO] [stdout]    = help: you might have intended to use the type `()` here instead
[INFO] [stdout] note: required by a bound in `PgStream::recv_expect`
[INFO] [stdout]   --> /opt/rustwide/cargo-home/registry/src/index.crates.io-1949cf8c6b5b557f/sqlx-postgres-0.7.4/src/connection/stream.rs:68:45
[INFO] [stdout]    |
[INFO] [stdout] 41 | impl PgStream {
[INFO] [stdout] ...
[INFO] [stdout] 68 |     pub(crate) async fn recv_expect<'de, T: Decode<'de>>(
[INFO] [stdout]    |                                             ^^^^^^^^^^^ required by this bound in `PgStream::recv_expect`
[INFO] [stdout] 
[INFO] [stdout] 
[INFO] [stdout] error[E0277]: the trait bound `!: sqlx_core::io::Decode<'_>` is not satisfied
[INFO] [stdout]   --> /opt/rustwide/cargo-home/registry/src/index.crates.io-1949cf8c6b5b557f/sqlx-postgres-0.7.4/src/connection/executor.rs:69:10
[INFO] [stdout]    |
[INFO] [stdout] 69 |         .await?;
[INFO] [stdout]    |          ^^^^^ the trait `sqlx_core::io::Decode<'_>` is not implemented for `!`
[INFO] [stdout]    |
[INFO] [stdout]    = help: the following other types implement trait `sqlx_core::io::Decode<'de, Context>`:
[INFO] [stdout]              ()
[INFO] [stdout]              Authentication
[INFO] [stdout]              AuthenticationSaslContinue
[INFO] [stdout]              AuthenticationSaslFinal
[INFO] [stdout]              BackendKeyData
[INFO] [stdout]              CommandComplete
[INFO] [stdout]              CopyData<sqlx_core::bytes::Bytes>
[INFO] [stdout]              CopyDone
[INFO] [stdout]            and 10 others
[INFO] [stdout]    = note: this error might have been caused by changes to Rust's type-inference algorithm (see issue #148922 <https://github.com/rust-lang/rust/issues/148922> for more information)
[INFO] [stdout]    = help: you might have intended to use the type `()` here instead
[INFO] [stdout] note: required by a bound in `PgStream::recv_expect`
[INFO] [stdout]   --> /opt/rustwide/cargo-home/registry/src/index.crates.io-1949cf8c6b5b557f/sqlx-postgres-0.7.4/src/connection/stream.rs:68:45
[INFO] [stdout]    |
[INFO] [stdout] 41 | impl PgStream {
[INFO] [stdout] ...
[INFO] [stdout] 68 |     pub(crate) async fn recv_expect<'de, T: Decode<'de>>(
[INFO] [stdout]    |                                             ^^^^^^^^^^^ required by this bound in `PgStream::recv_expect`
[INFO] [stdout] 
[INFO] [stdout] 
[INFO] [stdout] error[E0277]: the trait bound `!: sqlx_core::io::Decode<'_>` is not satisfied
[INFO] [stdout]    --> /opt/rustwide/cargo-home/registry/src/index.crates.io-1949cf8c6b5b557f/sqlx-postgres-0.7.4/src/copy.rs:280:30
[INFO] [stdout]     |
[INFO] [stdout] 280 | ...                   .recv_expect(MessageFormat::ReadyForQuery)
[INFO] [stdout]     |                        ^^^^^^^^^^^ the trait `sqlx_core::io::Decode<'_>` is not implemented for `!`
[INFO] [stdout]     |
[INFO] [stdout]     = help: the following other types implement trait `sqlx_core::io::Decode<'de, Context>`:
[INFO] [stdout]               ()
[INFO] [stdout]               Authentication
[INFO] [stdout]               AuthenticationSaslContinue
[INFO] [stdout]               AuthenticationSaslFinal
[INFO] [stdout]               BackendKeyData
[INFO] [stdout]               CommandComplete
[INFO] [stdout]               CopyData<sqlx_core::bytes::Bytes>
[INFO] [stdout]               CopyDone
[INFO] [stdout]             and 10 others
[INFO] [stdout]     = note: this error might have been caused by changes to Rust's type-inference algorithm (see issue #148922 <https://github.com/rust-lang/rust/issues/148922> for more information)
[INFO] [stdout]     = help: you might have intended to use the type `()` here instead
[INFO] [stdout] note: required by a bound in `PgStream::recv_expect`
[INFO] [stdout]    --> /opt/rustwide/cargo-home/registry/src/index.crates.io-1949cf8c6b5b557f/sqlx-postgres-0.7.4/src/connection/stream.rs:68:45
[INFO] [stdout]     |
[INFO] [stdout]  41 | impl PgStream {
[INFO] [stdout] ...
[INFO] [stdout]  68 |     pub(crate) async fn recv_expect<'de, T: Decode<'de>>(
[INFO] [stdout]     |                                             ^^^^^^^^^^^ required by this bound in `PgStream::recv_expect`
[INFO] [stdout] 
[INFO] [stdout] 
[INFO] [stdout] error[E0277]: the trait bound `!: sqlx_core::io::Decode<'_>` is not satisfied
[INFO] [stdout]    --> /opt/rustwide/cargo-home/registry/src/index.crates.io-1949cf8c6b5b557f/sqlx-postgres-0.7.4/src/copy.rs:281:30
[INFO] [stdout]     |
[INFO] [stdout] 281 | ...                   .await?;
[INFO] [stdout]     |                        ^^^^^ the trait `sqlx_core::io::Decode<'_>` is not implemented for `!`
[INFO] [stdout]     |
[INFO] [stdout]     = help: the following other types implement trait `sqlx_core::io::Decode<'de, Context>`:
[INFO] [stdout]               ()
[INFO] [stdout]               Authentication
[INFO] [stdout]               AuthenticationSaslContinue
[INFO] [stdout]               AuthenticationSaslFinal
[INFO] [stdout]               BackendKeyData
[INFO] [stdout]               CommandComplete
[INFO] [stdout]               CopyData<sqlx_core::bytes::Bytes>
[INFO] [stdout]               CopyDone
[INFO] [stdout]             and 10 others
[INFO] [stdout]     = note: this error might have been caused by changes to Rust's type-inference algorithm (see issue #148922 <https://github.com/rust-lang/rust/issues/148922> for more information)
[INFO] [stdout]     = help: you might have intended to use the type `()` here instead
[INFO] [stdout] note: required by a bound in `PgStream::recv_expect`
[INFO] [stdout]    --> /opt/rustwide/cargo-home/registry/src/index.crates.io-1949cf8c6b5b557f/sqlx-postgres-0.7.4/src/connection/stream.rs:68:45
[INFO] [stdout]     |
[INFO] [stdout]  41 | impl PgStream {
[INFO] [stdout] ...
[INFO] [stdout]  68 |     pub(crate) async fn recv_expect<'de, T: Decode<'de>>(
[INFO] [stdout]     |                                             ^^^^^^^^^^^ required by this bound in `PgStream::recv_expect`
[INFO] [stdout] 
[INFO] [stdout] 
[INFO] [stdout] error[E0277]: the trait bound `!: sqlx_core::io::Decode<'_>` is not satisfied
[INFO] [stdout]    --> /opt/rustwide/cargo-home/registry/src/index.crates.io-1949cf8c6b5b557f/sqlx-postgres-0.7.4/src/copy.rs:314:14
[INFO] [stdout]     |
[INFO] [stdout] 314 |             .recv_expect(MessageFormat::ReadyForQuery)
[INFO] [stdout]     |              ^^^^^^^^^^^ the trait `sqlx_core::io::Decode<'_>` is not implemented for `!`
[INFO] [stdout]     |
[INFO] [stdout]     = help: the following other types implement trait `sqlx_core::io::Decode<'de, Context>`:
[INFO] [stdout]               ()
[INFO] [stdout]               Authentication
[INFO] [stdout]               AuthenticationSaslContinue
[INFO] [stdout]               AuthenticationSaslFinal
[INFO] [stdout]               BackendKeyData
[INFO] [stdout]               CommandComplete
[INFO] [stdout]               CopyData<sqlx_core::bytes::Bytes>
[INFO] [stdout]               CopyDone
[INFO] [stdout]             and 10 others
[INFO] [stdout]     = note: this error might have been caused by changes to Rust's type-inference algorithm (see issue #148922 <https://github.com/rust-lang/rust/issues/148922> for more information)
[INFO] [stdout]     = help: you might have intended to use the type `()` here instead
[INFO] [stdout] note: required by a bound in `PgStream::recv_expect`
[INFO] [stdout]    --> /opt/rustwide/cargo-home/registry/src/index.crates.io-1949cf8c6b5b557f/sqlx-postgres-0.7.4/src/connection/stream.rs:68:45
[INFO] [stdout]     |
[INFO] [stdout]  41 | impl PgStream {
[INFO] [stdout] ...
[INFO] [stdout]  68 |     pub(crate) async fn recv_expect<'de, T: Decode<'de>>(
[INFO] [stdout]     |                                             ^^^^^^^^^^^ required by this bound in `PgStream::recv_expect`
[INFO] [stdout] 
[INFO] [stdout] 
[INFO] [stdout] error[E0277]: the trait bound `!: sqlx_core::io::Decode<'_>` is not satisfied
[INFO] [stdout]    --> /opt/rustwide/cargo-home/registry/src/index.crates.io-1949cf8c6b5b557f/sqlx-postgres-0.7.4/src/copy.rs:315:14
[INFO] [stdout]     |
[INFO] [stdout] 315 |             .await?;
[INFO] [stdout]     |              ^^^^^ the trait `sqlx_core::io::Decode<'_>` is not implemented for `!`
[INFO] [stdout]     |
[INFO] [stdout]     = help: the following other types implement trait `sqlx_core::io::Decode<'de, Context>`:
[INFO] [stdout]               ()
[INFO] [stdout]               Authentication
[INFO] [stdout]               AuthenticationSaslContinue
[INFO] [stdout]               AuthenticationSaslFinal
[INFO] [stdout]               BackendKeyData
[INFO] [stdout]               CommandComplete
[INFO] [stdout]               CopyData<sqlx_core::bytes::Bytes>
[INFO] [stdout]               CopyDone
[INFO] [stdout]             and 10 others
[INFO] [stdout]     = note: this error might have been caused by changes to Rust's type-inference algorithm (see issue #148922 <https://github.com/rust-lang/rust/issues/148922> for more information)
[INFO] [stdout]     = help: you might have intended to use the type `()` here instead
[INFO] [stdout] note: required by a bound in `PgStream::recv_expect`
[INFO] [stdout]    --> /opt/rustwide/cargo-home/registry/src/index.crates.io-1949cf8c6b5b557f/sqlx-postgres-0.7.4/src/connection/stream.rs:68:45
[INFO] [stdout]     |
[INFO] [stdout]  41 | impl PgStream {
[INFO] [stdout] ...
[INFO] [stdout]  68 |     pub(crate) async fn recv_expect<'de, T: Decode<'de>>(
[INFO] [stdout]     |                                             ^^^^^^^^^^^ required by this bound in `PgStream::recv_expect`
[INFO] [stdout] 
[INFO] [stdout] 
[INFO] [stdout] error[E0277]: the trait bound `!: sqlx_core::io::Decode<'_>` is not satisfied
[INFO] [stdout]    --> /opt/rustwide/cargo-home/registry/src/index.crates.io-1949cf8c6b5b557f/sqlx-postgres-0.7.4/src/copy.rs:350:33
[INFO] [stdout]     |
[INFO] [stdout] 350 |                     conn.stream.recv_expect(MessageFormat::CommandComplete).await?;
[INFO] [stdout]     |                                 ^^^^^^^^^^^ the trait `sqlx_core::io::Decode<'_>` is not implemented for `!`
[INFO] [stdout]     |
[INFO] [stdout]     = help: the following other types implement trait `sqlx_core::io::Decode<'de, Context>`:
[INFO] [stdout]               ()
[INFO] [stdout]               Authentication
[INFO] [stdout]               AuthenticationSaslContinue
[INFO] [stdout]               AuthenticationSaslFinal
[INFO] [stdout]               BackendKeyData
[INFO] [stdout]               CommandComplete
[INFO] [stdout]               CopyData<sqlx_core::bytes::Bytes>
[INFO] [stdout]               CopyDone
[INFO] [stdout]             and 10 others
[INFO] [stdout]     = note: this error might have been caused by changes to Rust's type-inference algorithm (see issue #148922 <https://github.com/rust-lang/rust/issues/148922> for more information)
[INFO] [stdout]     = help: you might have intended to use the type `()` here instead
[INFO] [stdout] note: required by a bound in `PgStream::recv_expect`
[INFO] [stdout]    --> /opt/rustwide/cargo-home/registry/src/index.crates.io-1949cf8c6b5b557f/sqlx-postgres-0.7.4/src/connection/stream.rs:68:45
[INFO] [stdout]     |
[INFO] [stdout]  41 | impl PgStream {
[INFO] [stdout] ...
[INFO] [stdout]  68 |     pub(crate) async fn recv_expect<'de, T: Decode<'de>>(
[INFO] [stdout]     |                                             ^^^^^^^^^^^ required by this bound in `PgStream::recv_expect`
[INFO] [stdout] 
[INFO] [stdout] 
[INFO] [stdout] error[E0277]: the trait bound `!: sqlx_core::io::Decode<'_>` is not satisfied
[INFO] [stdout]    --> /opt/rustwide/cargo-home/registry/src/index.crates.io-1949cf8c6b5b557f/sqlx-postgres-0.7.4/src/copy.rs:351:33
[INFO] [stdout]     |
[INFO] [stdout] 351 |                     conn.stream.recv_expect(MessageFormat::ReadyForQuery).await?;
[INFO] [stdout]     |                                 ^^^^^^^^^^^ the trait `sqlx_core::io::Decode<'_>` is not implemented for `!`
[INFO] [stdout]     |
[INFO] [stdout]     = help: the following other types implement trait `sqlx_core::io::Decode<'de, Context>`:
[INFO] [stdout]               ()
[INFO] [stdout]               Authentication
[INFO] [stdout]               AuthenticationSaslContinue
[INFO] [stdout]               AuthenticationSaslFinal
[INFO] [stdout]               BackendKeyData
[INFO] [stdout]               CommandComplete
[INFO] [stdout]               CopyData<sqlx_core::bytes::Bytes>
[INFO] [stdout]               CopyDone
[INFO] [stdout]             and 10 others
[INFO] [stdout]     = note: this error might have been caused by changes to Rust's type-inference algorithm (see issue #148922 <https://github.com/rust-lang/rust/issues/148922> for more information)
[INFO] [stdout]     = help: you might have intended to use the type `()` here instead
[INFO] [stdout] note: required by a bound in `PgStream::recv_expect`
[INFO] [stdout]    --> /opt/rustwide/cargo-home/registry/src/index.crates.io-1949cf8c6b5b557f/sqlx-postgres-0.7.4/src/connection/stream.rs:68:45
[INFO] [stdout]     |
[INFO] [stdout]  41 | impl PgStream {
[INFO] [stdout] ...
[INFO] [stdout]  68 |     pub(crate) async fn recv_expect<'de, T: Decode<'de>>(
[INFO] [stdout]     |                                             ^^^^^^^^^^^ required by this bound in `PgStream::recv_expect`
[INFO] [stdout] 
[INFO] [stdout] 
[INFO] [stdout] error[E0277]: the trait bound `!: sqlx_core::io::Decode<'_>` is not satisfied
[INFO] [stdout]    --> /opt/rustwide/cargo-home/registry/src/index.crates.io-1949cf8c6b5b557f/sqlx-postgres-0.7.4/src/copy.rs:350:77
[INFO] [stdout]     |
[INFO] [stdout] 350 |                     conn.stream.recv_expect(MessageFormat::CommandComplete).await?;
[INFO] [stdout]     |                                                                             ^^^^^ the trait `sqlx_core::io::Decode<'_>` is not implemented for `!`
[INFO] [stdout]     |
[INFO] [stdout]     = help: the following other types implement trait `sqlx_core::io::Decode<'de, Context>`:
[INFO] [stdout]               ()
[INFO] [stdout]               Authentication
[INFO] [stdout]               AuthenticationSaslContinue
[INFO] [stdout]               AuthenticationSaslFinal
[INFO] [stdout]               BackendKeyData
[INFO] [stdout]               CommandComplete
[INFO] [stdout]               CopyData<sqlx_core::bytes::Bytes>
[INFO] [stdout]               CopyDone
[INFO] [stdout]             and 10 others
[INFO] [stdout]     = note: this error might have been caused by changes to Rust's type-inference algorithm (see issue #148922 <https://github.com/rust-lang/rust/issues/148922> for more information)
[INFO] [stdout]     = help: you might have intended to use the type `()` here instead
[INFO] [stdout] note: required by a bound in `PgStream::recv_expect`
[INFO] [stdout]    --> /opt/rustwide/cargo-home/registry/src/index.crates.io-1949cf8c6b5b557f/sqlx-postgres-0.7.4/src/connection/stream.rs:68:45
[INFO] [stdout]     |
[INFO] [stdout]  41 | impl PgStream {
[INFO] [stdout] ...
[INFO] [stdout]  68 |     pub(crate) async fn recv_expect<'de, T: Decode<'de>>(
[INFO] [stdout]     |                                             ^^^^^^^^^^^ required by this bound in `PgStream::recv_expect`
[INFO] [stdout] 
[INFO] [stdout] 
[INFO] [stdout] error[E0277]: the trait bound `!: sqlx_core::io::Decode<'_>` is not satisfied
[INFO] [stdout]    --> /opt/rustwide/cargo-home/registry/src/index.crates.io-1949cf8c6b5b557f/sqlx-postgres-0.7.4/src/copy.rs:351:75
[INFO] [stdout]     |
[INFO] [stdout] 351 |                     conn.stream.recv_expect(MessageFormat::ReadyForQuery).await?;
[INFO] [stdout]     |                                                                           ^^^^^ the trait `sqlx_core::io::Decode<'_>` is not implemented for `!`
[INFO] [stdout]     |
[INFO] [stdout]     = help: the following other types implement trait `sqlx_core::io::Decode<'de, Context>`:
[INFO] [stdout]               ()
[INFO] [stdout]               Authentication
[INFO] [stdout]               AuthenticationSaslContinue
[INFO] [stdout]               AuthenticationSaslFinal
[INFO] [stdout]               BackendKeyData
[INFO] [stdout]               CommandComplete
[INFO] [stdout]               CopyData<sqlx_core::bytes::Bytes>
[INFO] [stdout]               CopyDone
[INFO] [stdout]             and 10 others
[INFO] [stdout]     = note: this error might have been caused by changes to Rust's type-inference algorithm (see issue #148922 <https://github.com/rust-lang/rust/issues/148922> for more information)
[INFO] [stdout]     = help: you might have intended to use the type `()` here instead
[INFO] [stdout] note: required by a bound in `PgStream::recv_expect`
[INFO] [stdout]    --> /opt/rustwide/cargo-home/registry/src/index.crates.io-1949cf8c6b5b557f/sqlx-postgres-0.7.4/src/connection/stream.rs:68:45
[INFO] [stdout]     |
[INFO] [stdout]  41 | impl PgStream {
[INFO] [stdout] ...
[INFO] [stdout]  68 |     pub(crate) async fn recv_expect<'de, T: Decode<'de>>(
[INFO] [stdout]     |                                             ^^^^^^^^^^^ required by this bound in `PgStream::recv_expect`
[INFO] [stdout] 
[INFO] [stdout] 
[INFO] [stderr]     Checking hyper v0.14.32
[INFO] [stderr]     Checking actix-http v3.13.1
[INFO] [stdout] For more information about this error, try `rustc --explain E0277`.
[INFO] [stdout] 
[INFO] [stderr] error: could not compile `sqlx-postgres` (lib) due to 10 previous errors
[INFO] [stderr] warning: build failed, waiting for other jobs to finish...
[INFO] running `Command { std: "docker" "inspect" "0191f793eb298575984ca129366ff89095109aa71e46e1cd4ae54777e1669458", kill_on_drop: false }`
[INFO] running `Command { std: "docker" "rm" "-f" "0191f793eb298575984ca129366ff89095109aa71e46e1cd4ae54777e1669458", kill_on_drop: false }`
[INFO] [stdout] 0191f793eb298575984ca129366ff89095109aa71e46e1cd4ae54777e1669458
